64.15.152.132 - - [01/Mar/2010:11:34:31 -0800] "GET /skin_shop/standard/3_plugin_twindow/twindow_notice.php?shop_this_skin_path=http://www.samer1.net/space/ray/1.txt? HTTP/1.1" 404 - "-" "Mozilla/5.0" "site.inkjetcartridge.com"
207.172.53.43 - - [01/Mar/2010:11:34:46 -0800] "GET /email/images/inkmail21_04.gif HTTP/1.1" 200 15283 "http://us.mc634.mail.yahoo.com/mc/welcome?.gx=1&.tm=1267472006&.rand=4muh7lfa6sn5t" "Mozilla/5.0 (X11; U; Linux x86_64; en-US; rv:1.9.1.8) Gecko/20100214 Ubuntu/9.10 (karmic) Firefox/3.5.8" "site.inkjetcartridge.com"
67.195.115.218 - - [01/Mar/2010:11:35:27 -0800] "GET /phpbb/viewtopic.php?t=923 HTTP/1.0" 200 517 "-" "Mozilla/5.0 (compatible; Yahoo! Slurp/3.0; http://help.yahoo.com/help/us/ysearch/slurp)" "site.inkjetcartridge.com"
67.195.115.218 - - [01/Mar/2010:11:45:17 -0800] "GET /phpbb/viewtopic.php?t=986&highlight= HTTP/1.0" 200 517 "-" "Mozilla/5.0 (compatible; Yahoo! Slurp/3.0; http://help.yahoo.com/help/us/ysearch/slurp)" "site.inkjetcartridge.com"
210.205.6.233 - - [01/Mar/2010:11:49:47 -0800] "GET /appserv/main.php?appserv_root=http://www.u-star.org/site/bbs/calendar/idxx.txt??? HTTP/1.1" 404 - "-" "Mozilla/5.0" "site.inkjetcartridge.com"
210.205.6.233 - - [01/Mar/2010:11:49:47 -0800] "GET /logs//appserv/main.php?appserv_root=http://www.u-star.org/site/bbs/calendar/idxx.txt??? HTTP/1.1" 404 - "-" "Mozilla/5.0" "site.inkjetcartridge.com"
210.205.6.233 - - [01/Mar/2010:11:49:47 -0800] "GET /logs/access_100101.log%20%20//appserv/main.php?appserv_root=http://www.u-star.org/site/bbs/calendar/idxx.txt??? HTTP/1.1" 404 - "-" "Mozilla/5.0" "site.inkjetcartridge.com"
74.54.22.2 - - [01/Mar/2010:11:57:00 -0800] "GET /skin_shop/standard/3_plugin_twindow/twindow_cart.php?shop_this_skin_path=http://www.cepp56.com//editor/id.txt?? HTTP/1.1" 404 - "-" "Mozilla/5.0 (compatible; Konqueror/3.1-rc3; i686 Linux; 20020515)" "site.inkjetcartridge.com"
74.54.22.2 - - [01/Mar/2010:11:57:00 -0800] "GET /logs/access.log//skin_shop/standard/3_plugin_twindow/twindow_cart.php?shop_this_skin_path=http://www.cepp56.com//editor/id.txt?? HTTP/1.1" 404 - "-" "Mozilla/5.0 (compatible; Konqueror/3.1-rc3; i686 Linux; 20020515)" "site.inkjetcartridge.com"
74.54.22.2 - - [01/Mar/2010:11:57:00 -0800] "GET /logs//skin_shop/standard/3_plugin_twindow/twindow_cart.php?shop_this_skin_path=http://www.cepp56.com//editor/id.txt?? HTTP/1.1" 404 - "-" "Mozilla/5.0 (compatible; Konqueror/3.1-rc3; i686 Linux; 20020515)" "site.inkjetcartridge.com"
74.54.22.2 - - [01/Mar/2010:11:57:27 -0800] "GET /logs/access.log//skin_shop/standard/3_plugin_twindow/twindow_cart.php?shop_this_skin_path=http://www.cepp56.com//editor/id.txt?? HTTP/1.1" 404 - "-" "Mozilla/4.7C-CCK-MCD {C-UDP; EBM-APPLE} (Macintosh; I; PPC)" "site.inkjetcartridge.com"
74.54.22.2 - - [01/Mar/2010:11:57:27 -0800] "GET /skin_shop/standard/3_plugin_twindow/twindow_cart.php?shop_this_skin_path=http://www.cepp56.com//editor/id.txt?? HTTP/1.1" 404 - "-" "Mozilla/4.7C-CCK-MCD {C-UDP; EBM-APPLE} (Macintosh; I; PPC)" "site.inkjetcartridge.com"
74.54.22.2 - - [01/Mar/2010:11:57:27 -0800] "GET /logs//skin_shop/standard/3_plugin_twindow/twindow_cart.php?shop_this_skin_path=http://www.cepp56.com//editor/id.txt?? HTTP/1.1" 404 - "-" "Mozilla/4.7C-CCK-MCD {C-UDP; EBM-APPLE} (Macintosh; I; PPC)" "site.inkjetcartridge.com"
210.205.6.233 - - [01/Mar/2010:12:00:37 -0800] "GET /logs//appserv/main.php?appserv_root=http://www.u-star.org/site/bbs/calendar/idxx.txt??? HTTP/1.1" 404 - "-" "Mozilla/5.0" "site.inkjetcartridge.com"
210.205.6.233 - - [01/Mar/2010:12:00:37 -0800] "GET /appserv/main.php?appserv_root=http://www.u-star.org/site/bbs/calendar/idxx.txt??? HTTP/1.1" 404 - "-" "Mozilla/5.0" "site.inkjetcartridge.com"
210.205.6.233 - - [01/Mar/2010:12:00:37 -0800] "GET /logs/access_100101.log%20%20//appserv/main.php?appserv_root=http://www.u-star.org/site/bbs/calendar/idxx.txt??? HTTP/1.1" 404 - "-" "Mozilla/5.0" "site.inkjetcartridge.com"
67.195.115.218 - - [01/Mar/2010:12:05:12 -0800] "GET /phpbb/viewtopic.php?p=1812 HTTP/1.0" 200 517 "-" "Mozilla/5.0 (compatible; Yahoo! Slurp/3.0; http://help.yahoo.com/help/us/ysearch/slurp)" "site.inkjetcartridge.com"
173.161.50.145 - - [01/Mar/2010:12:05:39 -0800] "GET /email/images/inkmail20_02.gif HTTP/1.1" 200 6519 "-" "Mozilla/4.0 (compatible; MSIE 7.0; Windows NT 5.1; .NET CLR 1.1.4322; .NET CLR 2.0.50727; .NET CLR 3.0.4506.2152; .NET CLR 3.5.30729)" "site.inkjetcartridge.com"
173.161.50.145 - - [01/Mar/2010:12:05:40 -0800] "GET /email/images/inkmail20_04.gif HTTP/1.1" 200 16920 "-" "Mozilla/4.0 (compatible; MSIE 7.0; Windows NT 5.1; .NET CLR 1.1.4322; .NET CLR 2.0.50727; .NET CLR 3.0.4506.2152; .NET CLR 3.5.30729)" "site.inkjetcartridge.com"
173.161.50.145 - - [01/Mar/2010:12:05:40 -0800] "GET /email/images/inkmail20_06.gif HTTP/1.1" 200 17301 "-" "Mozilla/4.0 (compatible; MSIE 7.0; Windows NT 5.1; .NET CLR 1.1.4322; .NET CLR 2.0.50727; .NET CLR 3.0.4506.2152; .NET CLR 3.5.30729)" "site.inkjetcartridge.com"
173.161.50.145 - - [01/Mar/2010:12:05:41 -0800] "GET /email/images/inkmail20_07.gif HTTP/1.1" 200 17556 "-" "Mozilla/4.0 (compatible; MSIE 7.0; Windows NT 5.1; .NET CLR 1.1.4322; .NET CLR 2.0.50727; .NET CLR 3.0.4506.2152; .NET CLR 3.5.30729)" "site.inkjetcartridge.com"
64.15.158.246 - - [01/Mar/2010:12:19:37 -0800] "GET /logs/access.log//inc/sys.php?DROOT=http://www.iseulbi.com/id1.txt?? HTTP/1.1" 404 - "-" "Mozilla/5.0" "site.inkjetcartridge.com"
64.15.158.246 - - [01/Mar/2010:12:19:37 -0800] "GET /inc/sys.php?DROOT=http://www.iseulbi.com/id1.txt?? HTTP/1.1" 404 - "-" "Mozilla/5.0" "site.inkjetcartridge.com"
64.15.158.246 - - [01/Mar/2010:12:19:37 -0800] "GET /logs//inc/sys.php?DROOT=http://www.iseulbi.com/id1.txt?? HTTP/1.1" 404 - "-" "Mozilla/5.0" "site.inkjetcartridge.com"
174.129.93.123 - - [01/Mar/2010:12:21:56 -0800] "GET /robots.txt HTTP/1.1" 404 - "-" "Mozilla/5.0 (compatible; spbot/2.0; +http://www.seoprofiler.com/bot/ )" "site.inkjetcartridge.com"
174.129.93.123 - - [01/Mar/2010:12:21:56 -0800] "GET /links/links19_3.html HTTP/1.1" 200 37767 "-" "Mozilla/5.0 (compatible; spbot/2.0; +http://www.seoprofiler.com/bot/ )" "site.inkjetcartridge.com"
174.129.93.123 - - [01/Mar/2010:12:22:26 -0800] "GET /robots.txt HTTP/1.1" 404 - "-" "Mozilla/5.0 (compatible; spbot/2.0; +http://www.seoprofiler.com/bot/ )" "site.inkjetcartridge.com"
174.129.93.123 - - [01/Mar/2010:12:22:27 -0800] "GET /links/links19.html HTTP/1.1" 200 29321 "-" "Mozilla/5.0 (compatible; spbot/2.0; +http://www.seoprofiler.com/bot/ )" "site.inkjetcartridge.com"
64.15.158.246 - - [01/Mar/2010:12:23:24 -0800] "GET /logs/access.log//inc/sys.php?DROOT=http://www.iseulbi.com/id1.txt?? HTTP/1.1" 404 - "-" "Mozilla/5.0" "site.inkjetcartridge.com"
58.150.99.144 - - [01/Mar/2010:12:25:38 -0800] "GET /logs/access.log%20%20//inc/sys.php?DROOT=http://comweb.webkebi.kr/~eco-max/gboard/lib/id1.txt???? HTTP/1.1" 404 - "-" "Mozilla/5.0" "site.inkjetcartridge.com"
58.150.99.144 - - [01/Mar/2010:12:25:38 -0800] "GET /inc/sys.php?DROOT=http://comweb.webkebi.kr/~eco-max/gboard/lib/id1.txt???? HTTP/1.1" 404 - "-" "Mozilla/5.0" "site.inkjetcartridge.com"
58.150.99.144 - - [01/Mar/2010:12:25:39 -0800] "GET /logs//inc/sys.php?DROOT=http://comweb.webkebi.kr/~eco-max/gboard/lib/id1.txt???? HTTP/1.1" 404 - "-" "Mozilla/5.0" "site.inkjetcartridge.com"
58.150.99.144 - - [01/Mar/2010:12:25:47 -0800] "GET /logs/access.log%20%20//inc/sys.php?DROOT=http://comweb.webkebi.kr/~eco-max/gboard/lib/id1.txt???? HTTP/1.1" 404 - "-" "Mozilla/5.0" "site.inkjetcartridge.com"
89.149.244.84 - - [01/Mar/2010:12:26:50 -0800] "GET /phpbb/posting.php?mode=reply&t=176 HTTP/1.1" 200 534 "http://site.inkjetcartridge.com/phpbb/viewtopic.php?t=176&start=300" "Mozilla/4.0 (compatible; MSIE 6.0; Windows NT 5.0)" "site.inkjetcartridge.com"
201.214.205.39 - - [01/Mar/2010:12:26:51 -0800] "POST /phpbb/posting.php HTTP/1.1" 200 534 "http://site.inkjetcartridge.com/phpbb/posting.php?mode=reply&t=176" "Mozilla/4.0 (compatible; MSIE 6.0; Windows NT 5.0)" "site.inkjetcartridge.com"
67.195.115.218 - - [01/Mar/2010:12:26:56 -0800] "GET /phpbb/viewtopic.php?t=907 HTTP/1.0" 200 517 "-" "Mozilla/5.0 (compatible; Yahoo! Slurp/3.0; http://help.yahoo.com/help/us/ysearch/slurp)" "site.inkjetcartridge.com"
67.195.115.218 - - [01/Mar/2010:12:29:02 -0800] "GET /phpbb/viewtopic.php?p=528 HTTP/1.0" 200 517 "-" "Mozilla/5.0 (compatible; Yahoo! Slurp/3.0; http://help.yahoo.com/help/us/ysearch/slurp)" "site.inkjetcartridge.com"
64.15.158.246 - - [01/Mar/2010:12:38:22 -0800] "GET /logs//inc/sys.php?DROOT=http://www.iseulbi.com/id1.txt?? HTTP/1.1" 404 - "-" "Mozilla/5.0" "site.inkjetcartridge.com"
64.15.158.246 - - [01/Mar/2010:12:38:22 -0800] "GET /inc/sys.php?DROOT=http://www.iseulbi.com/id1.txt?? HTTP/1.1" 404 - "-" "Mozilla/5.0" "site.inkjetcartridge.com"
64.15.158.246 - - [01/Mar/2010:12:38:22 -0800] "GET /logs/access.log%20%20//inc/sys.php?DROOT=http://www.iseulbi.com/id1.txt?? HTTP/1.1" 404 - "-" "Mozilla/5.0" "site.inkjetcartridge.com"
67.195.115.218 - - [01/Mar/2010:12:46:00 -0800] "GET /phpbb/viewtopic.php?t=805 HTTP/1.0" 200 517 "-" "Mozilla/5.0 (compatible; Yahoo! Slurp/3.0; http://help.yahoo.com/help/us/ysearch/slurp)" "site.inkjetcartridge.com"
122.200.203.11 - - [01/Mar/2010:12:46:29 -0800] "GET /logs///components/com_virtuemart/show_image_in_imgtag.php?mosConfig.absolute.path=http://www.samer1.net/space/ray/1.txt? HTTP/1.1" 404 - "-" "Mozilla/5.0" "site.inkjetcartridge.com"
122.200.203.11 - - [01/Mar/2010:12:46:37 -0800] "GET //components/com_virtuemart/show_image_in_imgtag.php?mosConfig.absolute.path=http://www.samer1.net/space/ray/1.txt? HTTP/1.1" 404 - "-" "Mozilla/5.0" "site.inkjetcartridge.com"
122.200.203.11 - - [01/Mar/2010:12:46:37 -0800] "GET /logs/scripts.log///components/com_virtuemart/show_image_in_imgtag.php?mosConfig.absolute.path=http://www.samer1.net/space/ray/1.txt? HTTP/1.1" 404 - "-" "Mozilla/5.0" "site.inkjetcartridge.com"
122.200.203.11 - - [01/Mar/2010:12:46:37 -0800] "GET /logs///components/com_virtuemart/show_image_in_imgtag.php?mosConfig.absolute.path=http://www.samer1.net/space/ray/1.txt? HTTP/1.1" 404 - "-" "Mozilla/5.0" "site.inkjetcartridge.com"
67.195.115.218 - - [01/Mar/2010:12:49:16 -0800] "GET /phpbb/viewtopic.php?t=160 HTTP/1.0" 200 517 "-" "Mozilla/5.0 (compatible; Yahoo! Slurp/3.0; http://help.yahoo.com/help/us/ysearch/slurp)" "site.inkjetcartridge.com"
67.195.115.218 - - [01/Mar/2010:12:49:58 -0800] "GET /phpbb/viewtopic.php?p=383 HTTP/1.0" 200 517 "-" "Mozilla/5.0 (compatible; Yahoo! Slurp/3.0; http://help.yahoo.com/help/us/ysearch/slurp)" "site.inkjetcartridge.com"
65.55.115.153 - - [01/Mar/2010:12:51:25 -0800] "GET /robots.txt HTTP/1.1" 404 - "-" "msnbot/2.0b (+http://search.msn.com/msnbot.htm)" "site.inkjetcartridge.com"
67.195.115.218 - - [01/Mar/2010:12:52:49 -0800] "GET /phpbb/viewtopic.php?t=711&highlight= HTTP/1.0" 200 517 "-" "Mozilla/5.0 (compatible; Yahoo! Slurp/3.0; http://help.yahoo.com/help/us/ysearch/slurp)" "site.inkjetcartridge.com"
80.245.60.130 - - [01/Mar/2010:12:56:12 -0800] "GET /logs/access.log//aedating4CMS.php?dir[inc]=http://saltoz.interfree.it/id1.txt? HTTP/1.1" 404 - "-" "Mozilla/5.0" "site.inkjetcartridge.com"
80.245.60.130 - - [01/Mar/2010:12:56:12 -0800] "GET /logs//aedating4CMS.php?dir[inc]=http://saltoz.interfree.it/id1.txt? HTTP/1.1" 404 - "-" "Mozilla/5.0" "site.inkjetcartridge.com"
80.245.60.130 - - [01/Mar/2010:12:56:12 -0800] "GET /aedating4CMS.php?dir[inc]=http://saltoz.interfree.it/id1.txt? HTTP/1.1" 404 - "-" "Mozilla/5.0" "site.inkjetcartridge.com"
80.245.60.130 - - [01/Mar/2010:12:58:33 -0800] "GET /logs/access.log//aedating4CMS.php?dir[inc]=http://saltoz.interfree.it/id1.txt? HTTP/1.1" 404 - "-" "Mozilla/5.0" "site.inkjetcartridge.com"
80.245.60.130 - - [01/Mar/2010:12:58:33 -0800] "GET /logs//aedating4CMS.php?dir[inc]=http://saltoz.interfree.it/id1.txt? HTTP/1.1" 404 - "-" "Mozilla/5.0" "site.inkjetcartridge.com"
80.245.60.130 - - [01/Mar/2010:12:58:33 -0800] "GET /aedating4CMS.php?dir[inc]=http://saltoz.interfree.it/id1.txt? HTTP/1.1" 404 - "-" "Mozilla/5.0" "site.inkjetcartridge.com"
67.195.115.218 - - [01/Mar/2010:12:58:51 -0800] "GET /tmp/?S=D HTTP/1.0" 200 786 "-" "Mozilla/5.0 (compatible; Yahoo! Slurp/3.0; http://help.yahoo.com/help/us/ysearch/slurp)" "site.inkjetcartridge.com"
110.45.145.178 - - [01/Mar/2010:13:00:05 -0800] "GET /logs/access_091201.log///administrator/components/com_virtuemart/export.php?mosConfig.absolute.path=http://www.wonhyun.co.kr/bbs/goodid.txt? HTTP/1.1" 404 - "-" "libwww-perl/5.79" "site.inkjetcartridge.com"
110.45.145.178 - - [01/Mar/2010:13:00:06 -0800] "GET //administrator/components/com_virtuemart/export.php?mosConfig.absolute.path=http://www.wonhyun.co.kr/bbs/goodid.txt? HTTP/1.1" 404 - "-" "libwww-perl/5.79" "site.inkjetcartridge.com"
110.45.145.178 - - [01/Mar/2010:13:00:06 -0800] "GET /logs///administrator/components/com_virtuemart/export.php?mosConfig.absolute.path=http://www.wonhyun.co.kr/bbs/goodid.txt? HTTP/1.1" 404 - "-" "libwww-perl/5.79" "site.inkjetcartridge.com"
67.195.115.218 - - [01/Mar/2010:13:02:38 -0800] "GET /phpbb/viewtopic.php?p=1532 HTTP/1.0" 200 517 "-" "Mozilla/5.0 (compatible; Yahoo! Slurp/3.0; http://help.yahoo.com/help/us/ysearch/slurp)" "site.inkjetcartridge.com"
76.223.251.36 - - [01/Mar/2010:13:03:23 -0800] "GET /email/images/inkmail17_02.gif HTTP/1.1" 200 17125 "-" "Mozilla/4.0 (compatible; MSIE 7.0; Windows NT 6.0; Trident/4.0; GTB6; SLCC1; .NET CLR 2.0.50727; .NET CLR 3.5.30729; .NET CLR 3.0.30729)" "site.inkjetcartridge.com"
76.223.251.36 - - [01/Mar/2010:13:03:23 -0800] "GET /email/images/inkmail17_01.gif HTTP/1.1" 200 6130 "-" "Mozilla/4.0 (compatible; MSIE 7.0; Windows NT 6.0; Trident/4.0; GTB6; SLCC1; .NET CLR 2.0.50727; .NET CLR 3.5.30729; .NET CLR 3.0.30729)" "site.inkjetcartridge.com"
76.223.251.36 - - [01/Mar/2010:13:03:23 -0800] "GET /email/images/inkmail17_03.gif HTTP/1.1" 200 18105 "-" "Mozilla/4.0 (compatible; MSIE 7.0; Windows NT 6.0; Trident/4.0; GTB6; SLCC1; .NET CLR 2.0.50727; .NET CLR 3.5.30729; .NET CLR 3.0.30729)" "site.inkjetcartridge.com"
76.223.251.36 - - [01/Mar/2010:13:03:23 -0800] "GET /email/images/inkmail17_04.gif HTTP/1.1" 200 15459 "-" "Mozilla/4.0 (compatible; MSIE 7.0; Windows NT 6.0; Trident/4.0; GTB6; SLCC1; .NET CLR 2.0.50727; .NET CLR 3.5.30729; .NET CLR 3.0.30729)" "site.inkjetcartridge.com"
76.223.251.36 - - [01/Mar/2010:13:03:24 -0800] "GET /email/images/inkmail17_05.gif HTTP/1.1" 200 15616 "-" "Mozilla/4.0 (compatible; MSIE 7.0; Windows NT 6.0; Trident/4.0; GTB6; SLCC1; .NET CLR 2.0.50727; .NET CLR 3.5.30729; .NET CLR 3.0.30729)" "site.inkjetcartridge.com"
76.223.251.36 - - [01/Mar/2010:13:03:24 -0800] "GET /email/images/inkmail17_06.gif HTTP/1.1" 200 24043 "-" "Mozilla/4.0 (compatible; MSIE 7.0; Windows NT 6.0; Trident/4.0; GTB6; SLCC1; .NET CLR 2.0.50727; .NET CLR 3.5.30729; .NET CLR 3.0.30729)" "site.inkjetcartridge.com"
80.245.60.130 - - [01/Mar/2010:13:06:57 -0800] "GET /logs//aedating4CMS.php?dir[inc]=http://saltoz.interfree.it/id1.txt? HTTP/1.1" 404 - "-" "Mozilla/5.0" "site.inkjetcartridge.com"
80.245.60.130 - - [01/Mar/2010:13:06:57 -0800] "GET /logs/access.log//aedating4CMS.php?dir[inc]=http://saltoz.interfree.it/id1.txt? HTTP/1.1" 404 - "-" "Mozilla/5.0" "site.inkjetcartridge.com"
80.245.60.130 - - [01/Mar/2010:13:06:57 -0800] "GET /aedating4CMS.php?dir[inc]=http://saltoz.interfree.it/id1.txt? HTTP/1.1" 404 - "-" "Mozilla/5.0" "site.inkjetcartridge.com"
122.200.203.11 - - [01/Mar/2010:13:07:19 -0800] "GET /logs///components/com_virtuemart/show_image_in_imgtag.php?mosConfig.absolute.path=http://www.samer1.net/space/ray/1.txt? HTTP/1.1" 404 - "-" "Mozilla/5.0" "site.inkjetcartridge.com"
122.200.203.11 - - [01/Mar/2010:13:07:19 -0800] "GET /logs/access.log%20%20///components/com_virtuemart/show_image_in_imgtag.php?mosConfig.absolute.path=http://www.samer1.net/space/ray/1.txt? HTTP/1.1" 404 - "-" "Mozilla/5.0" "site.inkjetcartridge.com"
122.200.203.11 - - [01/Mar/2010:13:07:19 -0800] "GET //components/com_virtuemart/show_image_in_imgtag.php?mosConfig.absolute.path=http://www.samer1.net/space/ray/1.txt? HTTP/1.1" 404 - "-" "Mozilla/5.0" "site.inkjetcartridge.com"
207.46.195.242 - - [01/Mar/2010:13:08:44 -0800] "GET /robots.txt HTTP/1.1" 404 - "-" "msnbot/2.0b (+http://search.msn.com/msnbot.htm)" "site.inkjetcartridge.com"
207.46.195.242 - - [01/Mar/2010:13:10:15 -0800] "GET /links/?M=A HTTP/1.1" 200 6611 "-" "msnbot/2.0b (+http://search.msn.com/msnbot.htm)" "site.inkjetcartridge.com"
209.51.162.219 - - [01/Mar/2010:13:12:57 -0800] "GET /links/links.html HTTP/1.1" 200 19496 "-" "Mozilla/5.0 (ShopWiki +http://www.shopwiki.com/wiki/Help:bot)" "site.inkjetcartridge.com"
219.240.39.222 - - [01/Mar/2010:13:16:53 -0800] "GET /logs//administrator/components/com_remository/admin.remository.php?mosConfig.absolute.path=http://trouvaillecosmeticos.com.br/components/com_migrator/vsh/index1.txt??? HTTP/1.1" 404 - "-" "Mozilla/5.0" "site.inkjetcartridge.com"
219.240.39.222 - - [01/Mar/2010:13:16:53 -0800] "GET /administrator/components/com_remository/admin.remository.php?mosConfig.absolute.path=http://trouvaillecosmeticos.com.br/components/com_migrator/vsh/index1.txt??? HTTP/1.1" 404 - "-" "Mozilla/5.0" "site.inkjetcartridge.com"
219.240.39.222 - - [01/Mar/2010:13:16:53 -0800] "GET /logs/scripts.log%20%20//administrator/components/com_remository/admin.remository.php?mosConfig.absolute.path=http://trouvaillecosmeticos.com.br/components/com_migrator/vsh/index1.txt??? HTTP/1.1" 404 - "-" "Mozilla/5.0" "site.inkjetcartridge.com"
122.200.203.11 - - [01/Mar/2010:13:17:18 -0800] "GET //components/com_virtuemart/show_image_in_imgtag.php?mosConfig.absolute.path=http://www.samer1.net/space/ray/1.txt? HTTP/1.1" 404 - "-" "Mozilla/5.0" "site.inkjetcartridge.com"
122.200.203.11 - - [01/Mar/2010:13:17:18 -0800] "GET /logs/access.log%20%20///components/com_virtuemart/show_image_in_imgtag.php?mosConfig.absolute.path=http://www.samer1.net/space/ray/1.txt? HTTP/1.1" 404 - "-" "Mozilla/5.0" "site.inkjetcartridge.com"
122.200.203.11 - - [01/Mar/2010:13:17:18 -0800] "GET /logs///components/com_virtuemart/show_image_in_imgtag.php?mosConfig.absolute.path=http://www.samer1.net/space/ray/1.txt? HTTP/1.1" 404 - "-" "Mozilla/5.0" "site.inkjetcartridge.com"
67.195.115.218 - - [01/Mar/2010:13:19:26 -0800] "GET /phpbb/viewtopic.php?t=986 HTTP/1.0" 200 517 "-" "Mozilla/5.0 (compatible; Yahoo! Slurp/3.0; http://help.yahoo.com/help/us/ysearch/slurp)" "site.inkjetcartridge.com"
67.195.115.218 - - [01/Mar/2010:13:23:44 -0800] "GET /phpbb/viewtopic.php?p=3200 HTTP/1.0" 200 517 "-" "Mozilla/5.0 (compatible; Yahoo! Slurp/3.0; http://help.yahoo.com/help/us/ysearch/slurp)" "site.inkjetcartridge.com"
24.90.3.157 - - [01/Mar/2010:13:33:35 -0800] "GET /email/images/inkmail21_02.gif HTTP/1.1" 200 15159 "-" "Outlook-Express/7.0 (MSIE 7.0; Windows NT 6.0; GTB6; SLCC1; .NET CLR 2.0.50727; Media Center PC 5.0; .NET CLR 3.5.30729; .NET CLR 3.0.30618; .NET CLR 1.1.4322; AskTB5.6; TmstmpExt)" "site.inkjetcartridge.com"
24.90.3.157 - - [01/Mar/2010:13:33:35 -0800] "GET /email/images/inkmail21_04.gif HTTP/1.1" 200 15283 "-" "Outlook-Express/7.0 (MSIE 7.0; Windows NT 6.0; GTB6; SLCC1; .NET CLR 2.0.50727; Media Center PC 5.0; .NET CLR 3.5.30729; .NET CLR 3.0.30618; .NET CLR 1.1.4322; AskTB5.6; TmstmpExt)" "site.inkjetcartridge.com"
67.195.115.218 - - [01/Mar/2010:13:40:37 -0800] "GET /phpbb/posting.php HTTP/1.0" 200 518 "-" "Mozilla/5.0 (compatible; Yahoo! Slurp/3.0; http://help.yahoo.com/help/us/ysearch/slurp)" "site.inkjetcartridge.com"
67.195.115.218 - - [01/Mar/2010:13:44:52 -0800] "GET /phpbb/viewtopic.php?p=688 HTTP/1.0" 200 517 "-" "Mozilla/5.0 (compatible; Yahoo! Slurp/3.0; http://help.yahoo.com/help/us/ysearch/slurp)" "site.inkjetcartridge.com"
77.47.193.55 - - [01/Mar/2010:13:46:33 -0800] "GET /phpbb/index.php HTTP/1.0" 200 517 "http://site.inkjetcartridge.com/phpbb/index.php" "Mozilla/4.0 (compatible; MSIE 6.0; Windows NT 5.1; .NET CLR 1.1.4322)" "site.inkjetcartridge.com"
77.47.193.55 - - [01/Mar/2010:13:46:35 -0800] "GET / HTTP/1.0" 200 2116 "http://site.inkjetcartridge.com/" "Mozilla/4.0 (compatible; MSIE 6.0; Windows NT 5.1; .NET CLR 1.1.4322)" "site.inkjetcartridge.com"
67.195.115.218 - - [01/Mar/2010:13:54:29 -0800] "GET /phpbb/viewtopic.php?t=16&start=90 HTTP/1.0" 200 517 "-" "Mozilla/5.0 (compatible; Yahoo! Slurp/3.0; http://help.yahoo.com/help/us/ysearch/slurp)" "site.inkjetcartridge.com"
67.195.115.218 - - [01/Mar/2010:13:59:41 -0800] "GET /phpbb/viewtopic.php?t=2191 HTTP/1.0" 200 517 "-" "Mozilla/5.0 (compatible; Yahoo! Slurp/3.0; http://help.yahoo.com/help/us/ysearch/slurp)" "site.inkjetcartridge.com"
8.11.2.10 - - [01/Mar/2010:14:08:44 -0800] "GET /robots.txt HTTP/1.1" 404 - "-" "ShopWiki/1.0 ( +http://www.shopwiki.com/wiki/Help:Bot)" "site.inkjetcartridge.com"
122.200.203.11 - - [01/Mar/2010:14:08:51 -0800] "GET /logs/access.log//delete_all.php?board_skin_path=http://www.samer1.net/space/ray/1.txt? HTTP/1.1" 404 - "-" "Mozilla/5.0" "site.inkjetcartridge.com"
67.169.138.254 - - [01/Mar/2010:14:09:04 -0800] "GET /email/images/inkmail21_06.gif HTTP/1.1" 200 24052 "-" "Mozilla/4.0 (compatible; MSIE 7.0; Windows NT 5.1; Trident/4.0; .NET CLR 1.1.4322; .NET CLR 2.0.50727; .NET CLR 3.0.4506.2152; .NET CLR 3.5.30729; Creative AutoUpdate v1.40.01)" "site.inkjetcartridge.com"
24.247.183.67 - - [01/Mar/2010:14:09:50 -0800] "GET /email/images/inkmail21_02.gif HTTP/1.1" 200 15159 "-" "Mozilla/4.0 (compatible; MSIE 7.0; Windows NT 5.1; Trident/4.0; GTB6; .NET CLR 2.0.50727; .NET CLR 3.0.4506.2152; .NET CLR 3.5.30729; yie8)" "site.inkjetcartridge.com"
24.247.183.67 - - [01/Mar/2010:14:09:50 -0800] "GET /email/images/inkmail21_05.gif HTTP/1.1" 200 15725 "-" "Mozilla/4.0 (compatible; MSIE 7.0; Windows NT 5.1; Trident/4.0; GTB6; .NET CLR 2.0.50727; .NET CLR 3.0.4506.2152; .NET CLR 3.5.30729; yie8)" "site.inkjetcartridge.com"
219.240.39.222 - - [01/Mar/2010:14:09:56 -0800] "GET /administrator/components/com_remository/admin.remository.php?mosConfig.absolute.path=http://trouvaillecosmeticos.com.br/components/com_migrator/vsh/index1.txt??? HTTP/1.1" 404 - "-" "Mozilla/5.0" "site.inkjetcartridge.com"
219.240.39.222 - - [01/Mar/2010:14:09:56 -0800] "GET /logs/access.log//administrator/components/com_remository/admin.remository.php?mosConfig.absolute.path=http://trouvaillecosmeticos.com.br/components/com_migrator/vsh/index1.txt??? HTTP/1.1" 404 - "-" "Mozilla/5.0" "site.inkjetcartridge.com"
219.240.39.222 - - [01/Mar/2010:14:09:57 -0800] "GET /logs//administrator/components/com_remository/admin.remository.php?mosConfig.absolute.path=http://trouvaillecosmeticos.com.br/components/com_migrator/vsh/index1.txt??? HTTP/1.1" 404 - "-" "Mozilla/5.0" "site.inkjetcartridge.com"
67.195.115.218 - - [01/Mar/2010:14:16:09 -0800] "GET /links/links3.html HTTP/1.0" 200 8685 "-" "Mozilla/5.0 (compatible; Yahoo! Slurp/3.0; http://help.yahoo.com/help/us/ysearch/slurp)" "site.inkjetcartridge.com"
207.46.195.223 - - [01/Mar/2010:14:22:54 -0800] "GET /robots.txt HTTP/1.1" 404 - "-" "msnbot/2.0b (+http://search.msn.com/msnbot.htm)" "site.inkjetcartridge.com"
67.195.115.218 - - [01/Mar/2010:14:25:41 -0800] "GET /phpbb/viewtopic.php?p=2999 HTTP/1.0" 200 517 "-" "Mozilla/5.0 (compatible; Yahoo! Slurp/3.0; http://help.yahoo.com/help/us/ysearch/slurp)" "site.inkjetcartridge.com"
122.200.203.11 - - [01/Mar/2010:14:35:42 -0800] "GET /logs//include/admin.lib.inc.php?site_path=http://www.samer1.net/space/ray/1.txt? HTTP/1.1" 404 - "-" "Mozilla/5.0" "site.inkjetcartridge.com"
122.200.203.11 - - [01/Mar/2010:14:35:42 -0800] "GET /include/admin.lib.inc.php?site_path=http://www.samer1.net/space/ray/1.txt? HTTP/1.1" 404 - "-" "Mozilla/5.0" "site.inkjetcartridge.com"
122.200.203.11 - - [01/Mar/2010:14:35:42 -0800] "GET /logs/access_100101.log//include/admin.lib.inc.php?site_path=http://www.samer1.net/space/ray/1.txt? HTTP/1.1" 404 - "-" "Mozilla/5.0" "site.inkjetcartridge.com"
165.132.30.11 - - [01/Mar/2010:14:38:22 -0800] "GET /delete_comment.php?board_skin_path=http://blog.kakuro.com.tw/include/id1.txt? HTTP/1.1" 404 - "-" "Mozilla/5.0" "site.inkjetcartridge.com"
165.132.30.11 - - [01/Mar/2010:14:38:22 -0800] "GET /logs//delete_comment.php?board_skin_path=http://blog.kakuro.com.tw/include/id1.txt? HTTP/1.1" 404 - "-" "Mozilla/5.0" "site.inkjetcartridge.com"
165.132.30.11 - - [01/Mar/2010:14:38:22 -0800] "GET /logs/access.log//delete_comment.php?board_skin_path=http://blog.kakuro.com.tw/include/id1.txt? HTTP/1.1" 404 - "-" "Mozilla/5.0" "site.inkjetcartridge.com"
67.195.115.218 - - [01/Mar/2010:14:39:14 -0800] "GET /phpbb/viewtopic.php?p=2300 HTTP/1.0" 200 517 "-" "Mozilla/5.0 (compatible; Yahoo! Slurp/3.0; http://help.yahoo.com/help/us/ysearch/slurp)" "site.inkjetcartridge.com"
67.195.115.218 - - [01/Mar/2010:14:39:32 -0800] "GET /images?M=A HTTP/1.0" 301 90 "-" "Mozilla/5.0 (compatible; Yahoo! Slurp/3.0; http://help.yahoo.com/help/us/ysearch/slurp)" "site.inkjetcartridge.com"
67.195.115.218 - - [01/Mar/2010:14:39:33 -0800] "GET /images/?M=A HTTP/1.0" 200 90912 "-" "Mozilla/5.0 (compatible; Yahoo! Slurp/3.0; http://help.yahoo.com/help/us/ysearch/slurp)" "site.inkjetcartridge.com"
67.195.115.218 - - [01/Mar/2010:14:41:16 -0800] "GET /phpbb/viewtopic.php?t=897 HTTP/1.0" 200 517 "-" "Mozilla/5.0 (compatible; Yahoo! Slurp/3.0; http://help.yahoo.com/help/us/ysearch/slurp)" "site.inkjetcartridge.com"
122.200.203.11 - - [01/Mar/2010:14:45:57 -0800] "GET /logs//delete_comment.php?board_skin_path=http://www.samer1.net/space/ray/1.txt? HTTP/1.1" 404 - "-" "Mozilla/5.0" "site.inkjetcartridge.com"
122.200.203.11 - - [01/Mar/2010:14:45:57 -0800] "GET /logs/access.log//delete_comment.php?board_skin_path=http://www.samer1.net/space/ray/1.txt? HTTP/1.1" 404 - "-" "Mozilla/5.0" "site.inkjetcartridge.com"
122.200.203.11 - - [01/Mar/2010:14:45:57 -0800] "GET /delete_comment.php?board_skin_path=http://www.samer1.net/space/ray/1.txt? HTTP/1.1" 404 - "-" "Mozilla/5.0" "site.inkjetcartridge.com"
165.132.30.11 - - [01/Mar/2010:14:46:49 -0800] "GET /delete_comment.php?DOCUMENT_ROOT=http://zerozon.co.kr/data/eeng/heheh.txt??? HTTP/1.1" 404 - "-" "Mozilla/5.0" "site.inkjetcartridge.com"
165.132.30.11 - - [01/Mar/2010:14:46:49 -0800] "GET /logs/access.log//delete_comment.php?DOCUMENT_ROOT=http://zerozon.co.kr/data/eeng/heheh.txt??? HTTP/1.1" 404 - "-" "Mozilla/5.0" "site.inkjetcartridge.com"
165.132.30.11 - - [01/Mar/2010:14:46:49 -0800] "GET /logs//delete_comment.php?DOCUMENT_ROOT=http://zerozon.co.kr/data/eeng/heheh.txt??? HTTP/1.1" 404 - "-" "Mozilla/5.0" "site.inkjetcartridge.com"
122.200.203.11 - - [01/Mar/2010:14:46:55 -0800] "GET /delete_comment.php?board_skin_path=http://www.samer1.net/space/ray/1.txt? HTTP/1.1" 404 - "-" "Mozilla/5.0" "site.inkjetcartridge.com"
122.200.203.11 - - [01/Mar/2010:14:46:55 -0800] "GET /logs/access.log//delete_comment.php?board_skin_path=http://www.samer1.net/space/ray/1.txt? HTTP/1.1" 404 - "-" "Mozilla/5.0" "site.inkjetcartridge.com"
122.200.203.11 - - [01/Mar/2010:14:46:55 -0800] "GET /logs//delete_comment.php?board_skin_path=http://www.samer1.net/space/ray/1.txt? HTTP/1.1" 404 - "-" "Mozilla/5.0" "site.inkjetcartridge.com"
77.92.143.92 - - [01/Mar/2010:14:47:46 -0800] "GET /logs//delete_comment.php?board_skin_path=http://www.supravis.hu//components/com_explorer/id2.txt?? HTTP/1.1" 404 - "-" "Mozilla/5.0" "site.inkjetcartridge.com"
77.92.143.92 - - [01/Mar/2010:14:47:46 -0800] "GET /logs/access.log//delete_comment.php?board_skin_path=http://www.supravis.hu//components/com_explorer/id2.txt?? HTTP/1.1" 404 - "-" "Mozilla/5.0" "site.inkjetcartridge.com"
77.92.143.92 - - [01/Mar/2010:14:47:46 -0800] "GET /delete_comment.php?board_skin_path=http://www.supravis.hu//components/com_explorer/id2.txt?? HTTP/1.1" 404 - "-" "Mozilla/5.0" "site.inkjetcartridge.com"
67.195.115.218 - - [01/Mar/2010:14:49:58 -0800] "GET /phpbb/viewtopic.php?p=57 HTTP/1.0" 200 517 "-" "Mozilla/5.0 (compatible; Yahoo! Slurp/3.0; http://help.yahoo.com/help/us/ysearch/slurp)" "site.inkjetcartridge.com"
67.195.115.218 - - [01/Mar/2010:14:54:00 -0800] "GET /phpbb/viewtopic.php?t=324 HTTP/1.0" 200 517 "-" "Mozilla/5.0 (compatible; Yahoo! Slurp/3.0; http://help.yahoo.com/help/us/ysearch/slurp)" "site.inkjetcartridge.com"
77.92.143.92 - - [01/Mar/2010:14:54:39 -0800] "GET /logs/access.log//delete_comment.php?board_skin_path=http://www.supravis.hu//components/com_explorer/id2.txt?? HTTP/1.1" 404 - "-" "Mozilla/5.0" "site.inkjetcartridge.com"
77.92.143.92 - - [01/Mar/2010:14:54:39 -0800] "GET /delete_comment.php?board_skin_path=http://www.supravis.hu//components/com_explorer/id2.txt?? HTTP/1.1" 404 - "-" "Mozilla/5.0" "site.inkjetcartridge.com"
77.92.143.92 - - [01/Mar/2010:14:54:39 -0800] "GET /logs//delete_comment.php?board_skin_path=http://www.supravis.hu//components/com_explorer/id2.txt?? HTTP/1.1" 404 - "-" "Mozilla/5.0" "site.inkjetcartridge.com"
67.195.115.218 - - [01/Mar/2010:14:58:03 -0800] "GET /email/?N=A HTTP/1.0" 200 643 "-" "Mozilla/5.0 (compatible; Yahoo! Slurp/3.0; http://help.yahoo.com/help/us/ysearch/slurp)" "site.inkjetcartridge.com"
64.15.158.246 - - [01/Mar/2010:14:58:40 -0800] "GET /logs/scripts.log/?aide=http://www.iseulbi.com/id1.txt?? HTTP/1.1" 404 - "-" "Mozilla/5.0" "site.inkjetcartridge.com"
64.15.158.246 - - [01/Mar/2010:14:58:40 -0800] "GET /logs/?aide=http://www.iseulbi.com/id1.txt?? HTTP/1.1" 200 1081 "-" "Mozilla/5.0" "site.inkjetcartridge.com"
64.15.158.246 - - [01/Mar/2010:14:58:40 -0800] "GET /?aide=http://www.iseulbi.com/id1.txt?? HTTP/1.1" 200 2132 "-" "Mozilla/5.0" "site.inkjetcartridge.com"
58.150.99.144 - - [01/Mar/2010:14:59:11 -0800] "GET /logs/scripts.log/?aide=http://comweb.webkebi.kr/~eco-max/gboard/lib/id1.txt???? HTTP/1.1" 404 - "-" "Mozilla/5.0" "site.inkjetcartridge.com"
58.150.99.144 - - [01/Mar/2010:14:59:11 -0800] "GET /?aide=http://comweb.webkebi.kr/~eco-max/gboard/lib/id1.txt???? HTTP/1.1" 200 2132 "-" "Mozilla/5.0" "site.inkjetcartridge.com"
58.150.99.144 - - [01/Mar/2010:14:59:11 -0800] "GET /logs/?aide=http://comweb.webkebi.kr/~eco-max/gboard/lib/id1.txt???? HTTP/1.1" 200 1081 "-" "Mozilla/5.0" "site.inkjetcartridge.com"
200.93.147.154 - - [01/Mar/2010:15:00:43 -0800] "GET /logs//delete_comment.php?board_skin_path=http://dongja.booktobi.com//bbs/id1.txt???? HTTP/1.1" 404 - "-" "Mozilla/5.0" "site.inkjetcartridge.com"
200.93.147.154 - - [01/Mar/2010:15:00:43 -0800] "GET /logs/access.log//delete_comment.php?board_skin_path=http://dongja.booktobi.com//bbs/id1.txt???? HTTP/1.1" 404 - "-" "Mozilla/5.0" "site.inkjetcartridge.com"
200.93.147.154 - - [01/Mar/2010:15:00:44 -0800] "GET /delete_comment.php?board_skin_path=http://dongja.booktobi.com//bbs/id1.txt???? HTTP/1.1" 404 - "-" "Mozilla/5.0" "site.inkjetcartridge.com"
124.217.238.38 - - [01/Mar/2010:15:02:01 -0800] "GET /logs/access.log/setup.php?dir=http://www.ultratone.com.my/new/idxx.pdf??? HTTP/1.1" 404 - "-" "Mozilla/5.0" "site.inkjetcartridge.com"
124.217.238.38 - - [01/Mar/2010:15:02:01 -0800] "GET /logs/setup.php?dir=http://www.ultratone.com.my/new/idxx.pdf??? HTTP/1.1" 404 - "-" "Mozilla/5.0" "site.inkjetcartridge.com"
124.217.238.38 - - [01/Mar/2010:15:02:01 -0800] "GET /setup.php?dir=http://www.ultratone.com.my/new/idxx.pdf??? HTTP/1.1" 404 - "-" "Mozilla/5.0" "site.inkjetcartridge.com"
124.217.238.38 - - [01/Mar/2010:15:02:05 -0800] "GET /setup.php?dir=http://www.ultratone.com.my/new/idxx.pdf??? HTTP/1.1" 404 - "-" "Mozilla/5.0" "site.inkjetcartridge.com"
124.217.238.38 - - [01/Mar/2010:15:02:05 -0800] "GET /logs/access.log/setup.php?dir=http://www.ultratone.com.my/new/idxx.pdf??? HTTP/1.1" 404 - "-" "Mozilla/5.0" "site.inkjetcartridge.com"
124.217.238.38 - - [01/Mar/2010:15:02:05 -0800] "GET /logs/setup.php?dir=http://www.ultratone.com.my/new/idxx.pdf??? HTTP/1.1" 404 - "-" "Mozilla/5.0" "site.inkjetcartridge.com"
85.233.162.101 - - [01/Mar/2010:15:04:39 -0800] "GET /logs//include/bbs.lib.inc.php?site_path=http://210.205.6.168/~shop/zfxid1.txt? HTTP/1.1" 404 - "-" "Mozilla/5.0" "site.inkjetcartridge.com"
85.233.162.101 - - [01/Mar/2010:15:04:39 -0800] "GET /include/bbs.lib.inc.php?site_path=http://210.205.6.168/~shop/zfxid1.txt? HTTP/1.1" 404 - "-" "Mozilla/5.0" "site.inkjetcartridge.com"
85.233.162.101 - - [01/Mar/2010:15:04:39 -0800] "GET /logs/scripts.log%20%20//include/bbs.lib.inc.php?site_path=http://210.205.6.168/~shop/zfxid1.txt? HTTP/1.1" 404 - "-" "Mozilla/5.0" "site.inkjetcartridge.com"
85.233.162.101 - - [01/Mar/2010:15:07:46 -0800] "GET /include/bbs.lib.inc.php?site_path=http://210.205.6.168/~shop/zfxid1.txt? HTTP/1.1" 404 - "-" "Mozilla/5.0" "site.inkjetcartridge.com"
85.233.162.101 - - [01/Mar/2010:15:07:46 -0800] "GET /logs//include/bbs.lib.inc.php?site_path=http://210.205.6.168/~shop/zfxid1.txt? HTTP/1.1" 404 - "-" "Mozilla/5.0" "site.inkjetcartridge.com"
85.233.162.101 - - [01/Mar/2010:15:07:46 -0800] "GET /logs/scripts.log%20%20//include/bbs.lib.inc.php?site_path=http://210.205.6.168/~shop/zfxid1.txt? HTTP/1.1" 404 - "-" "Mozilla/5.0" "site.inkjetcartridge.com"
67.195.115.218 - - [01/Mar/2010:15:08:09 -0800] "GET /phpbb/viewtopic.php?p=1309 HTTP/1.0" 200 517 "-" "Mozilla/5.0 (compatible; Yahoo! Slurp/3.0; http://help.yahoo.com/help/us/ysearch/slurp)" "site.inkjetcartridge.com"
67.195.115.218 - - [01/Mar/2010:15:10:51 -0800] "GET /phpbb/viewtopic.php?p=4200 HTTP/1.0" 200 517 "-" "Mozilla/5.0 (compatible; Yahoo! Slurp/3.0; http://help.yahoo.com/help/us/ysearch/slurp)" "site.inkjetcartridge.com"
124.217.238.38 - - [01/Mar/2010:15:22:35 -0800] "GET /logs/access.log//skin/daerew_webjin2_GD_POP/setup.php?dir=http://www.ultratone.com.my/new/idxx.pdf??? HTTP/1.1" 404 - "-" "Mozilla/5.0" "site.inkjetcartridge.com"
124.217.238.38 - - [01/Mar/2010:15:22:35 -0800] "GET /skin/daerew_webjin2_GD_POP/setup.php?dir=http://www.ultratone.com.my/new/idxx.pdf??? HTTP/1.1" 404 - "-" "Mozilla/5.0" "site.inkjetcartridge.com"
124.217.238.38 - - [01/Mar/2010:15:22:35 -0800] "GET /logs//skin/daerew_webjin2_GD_POP/setup.php?dir=http://www.ultratone.com.my/new/idxx.pdf??? HTTP/1.1" 404 - "-" "Mozilla/5.0" "site.inkjetcartridge.com"
72.75.152.17 - - [01/Mar/2010:15:23:07 -0800] "GET /email/images/inkmail20_01.gif HTTP/1.1" 200 20486 "http://us.mc841.mail.yahoo.com/mc/welcome?.partner=vz-acs&.gx=0&.tm=1261430204&.rand=e66rfsme2e28g" "Mozilla/4.0 (compatible; MSIE 8.0; Windows NT 6.1; WOW64; Trident/4.0; SLCC2; .NET CLR 2.0.50727; .NET CLR 3.5.30729; .NET CLR 3.0.30729; Media Center PC 6.0; MDDC)" "site.inkjetcartridge.com"
72.75.152.17 - - [01/Mar/2010:15:23:07 -0800] "GET /email/images/inkmail20_02.gif HTTP/1.1" 200 6519 "http://us.mc841.mail.yahoo.com/mc/welcome?.partner=vz-acs&.gx=0&.tm=1261430204&.rand=e66rfsme2e28g" "Mozilla/4.0 (compatible; MSIE 8.0; Windows NT 6.1; WOW64; Trident/4.0; SLCC2; .NET CLR 2.0.50727; .NET CLR 3.5.30729; .NET CLR 3.0.30729; Media Center PC 6.0; MDDC)" "site.inkjetcartridge.com"
72.75.152.17 - - [01/Mar/2010:15:23:07 -0800] "GET /email/images/inkmail20_06.gif HTTP/1.1" 200 17301 "http://us.mc841.mail.yahoo.com/mc/welcome?.partner=vz-acs&.gx=0&.tm=1261430204&.rand=e66rfsme2e28g" "Mozilla/4.0 (compatible; MSIE 8.0; Windows NT 6.1; WOW64; Trident/4.0; SLCC2; .NET CLR 2.0.50727; .NET CLR 3.5.30729; .NET CLR 3.0.30729; Media Center PC 6.0; MDDC)" "site.inkjetcartridge.com"
72.75.152.17 - - [01/Mar/2010:15:23:07 -0800] "GET /email/images/inkmail20_03.gif HTTP/1.1" 200 14595 "http://us.mc841.mail.yahoo.com/mc/welcome?.partner=vz-acs&.gx=0&.tm=1261430204&.rand=e66rfsme2e28g" "Mozilla/4.0 (compatible; MSIE 8.0; Windows NT 6.1; WOW64; Trident/4.0; SLCC2; .NET CLR 2.0.50727; .NET CLR 3.5.30729; .NET CLR 3.0.30729; Media Center PC 6.0; MDDC)" "site.inkjetcartridge.com"
72.75.152.17 - - [01/Mar/2010:15:23:08 -0800] "GET /email/images/inkmail20_05.gif HTTP/1.1" 200 15268 "http://us.mc841.mail.yahoo.com/mc/welcome?.partner=vz-acs&.gx=0&.tm=1261430204&.rand=e66rfsme2e28g" "Mozilla/4.0 (compatible; MSIE 8.0; Windows NT 6.1; WOW64; Trident/4.0; SLCC2; .NET CLR 2.0.50727; .NET CLR 3.5.30729; .NET CLR 3.0.30729; Media Center PC 6.0; MDDC)" "site.inkjetcartridge.com"
124.217.238.38 - - [01/Mar/2010:15:23:27 -0800] "GET /logs/access.log//skin/daerew_webjin2_GD_POP/setup.php?dir=http://www.ultratone.com.my/new/idxx.pdf??? HTTP/1.1" 404 - "-" "Mozilla/5.0" "site.inkjetcartridge.com"
124.217.238.38 - - [01/Mar/2010:15:23:27 -0800] "GET /skin/daerew_webjin2_GD_POP/setup.php?dir=http://www.ultratone.com.my/new/idxx.pdf??? HTTP/1.1" 404 - "-" "Mozilla/5.0" "site.inkjetcartridge.com"
124.217.238.38 - - [01/Mar/2010:15:23:27 -0800] "GET /logs//skin/daerew_webjin2_GD_POP/setup.php?dir=http://www.ultratone.com.my/new/idxx.pdf??? HTTP/1.1" 404 - "-" "Mozilla/5.0" "site.inkjetcartridge.com"
124.217.238.38 - - [01/Mar/2010:15:23:59 -0800] "GET /logs//skin/daerew_webjin2_GD_POP/setup.php?dir=http://www.ultratone.com.my/new/idxx.pdf??? HTTP/1.1" 404 - "-" "Mozilla/5.0" "site.inkjetcartridge.com"
124.217.238.38 - - [01/Mar/2010:15:23:59 -0800] "GET /skin/daerew_webjin2_GD_POP/setup.php?dir=http://www.ultratone.com.my/new/idxx.pdf??? HTTP/1.1" 404 - "-" "Mozilla/5.0" "site.inkjetcartridge.com"
124.217.238.38 - - [01/Mar/2010:15:23:59 -0800] "GET /logs/access.log//skin/daerew_webjin2_GD_POP/setup.php?dir=http://www.ultratone.com.my/new/idxx.pdf??? HTTP/1.1" 404 - "-" "Mozilla/5.0" "site.inkjetcartridge.com"
67.195.115.218 - - [01/Mar/2010:15:24:36 -0800] "GET /phpbb/viewtopic.php?p=2894 HTTP/1.0" 200 517 "-" "Mozilla/5.0 (compatible; Yahoo! Slurp/3.0; http://help.yahoo.com/help/us/ysearch/slurp)" "site.inkjetcartridge.com"
87.106.132.3 - - [01/Mar/2010:15:26:06 -0800] "GET /logs//errors.php?error=http://www.supravis.hu//components/com_explorer/id2.txt?? HTTP/1.1" 404 - "-" "Mozilla/5.0" "site.inkjetcartridge.com"
87.106.132.3 - - [01/Mar/2010:15:26:06 -0800] "GET /logs/access.log//errors.php?error=http://www.supravis.hu//components/com_explorer/id2.txt?? HTTP/1.1" 404 - "-" "Mozilla/5.0" "site.inkjetcartridge.com"
87.106.132.3 - - [01/Mar/2010:15:26:06 -0800] "GET /errors.php?error=http://www.supravis.hu//components/com_explorer/id2.txt?? HTTP/1.1" 404 - "-" "Mozilla/5.0" "site.inkjetcartridge.com"
219.94.193.152 - - [01/Mar/2010:15:26:18 -0800] "GET /delete_comment.php?DOCUMENT_ROOT=http://zerozon.co.kr/data/eeng/heheh.txt??? HTTP/1.1" 404 - "-" "Mozilla/5.0" "site.inkjetcartridge.com"
219.94.193.152 - - [01/Mar/2010:15:26:18 -0800] "GET /logs//delete_comment.php?DOCUMENT_ROOT=http://zerozon.co.kr/data/eeng/heheh.txt??? HTTP/1.1" 404 - "-" "Mozilla/5.0" "site.inkjetcartridge.com"
219.94.193.152 - - [01/Mar/2010:15:26:18 -0800] "GET /logs/access.log//delete_comment.php?DOCUMENT_ROOT=http://zerozon.co.kr/data/eeng/heheh.txt??? HTTP/1.1" 404 - "-" "Mozilla/5.0" "site.inkjetcartridge.com"
87.106.132.3 - - [01/Mar/2010:15:26:22 -0800] "GET /errors.php?error=http://www.supravis.hu//components/com_explorer/id2.txt?? HTTP/1.1" 404 - "-" "Mozilla/5.0" "site.inkjetcartridge.com"
87.106.132.3 - - [01/Mar/2010:15:26:22 -0800] "GET /logs//errors.php?error=http://www.supravis.hu//components/com_explorer/id2.txt?? HTTP/1.1" 404 - "-" "Mozilla/5.0" "site.inkjetcartridge.com"
87.106.132.3 - - [01/Mar/2010:15:26:22 -0800] "GET /logs/access.log//errors.php?error=http://www.supravis.hu//components/com_explorer/id2.txt?? HTTP/1.1" 404 - "-" "Mozilla/5.0" "site.inkjetcartridge.com"
87.106.132.3 - - [01/Mar/2010:15:26:34 -0800] "GET /errors.php?error=http://www.supravis.hu//components/com_explorer/id2.txt?? HTTP/1.1" 404 - "-" "Mozilla/5.0" "site.inkjetcartridge.com"
87.106.132.3 - - [01/Mar/2010:15:26:34 -0800] "GET /logs//errors.php?error=http://www.supravis.hu//components/com_explorer/id2.txt?? HTTP/1.1" 404 - "-" "Mozilla/5.0" "site.inkjetcartridge.com"
87.106.132.3 - - [01/Mar/2010:15:26:34 -0800] "GET /logs/access.log//errors.php?error=http://www.supravis.hu//components/com_explorer/id2.txt?? HTTP/1.1" 404 - "-" "Mozilla/5.0" "site.inkjetcartridge.com"
67.195.115.218 - - [01/Mar/2010:15:28:06 -0800] "GET /phpbb/viewtopic.php?t=490 HTTP/1.0" 200 517 "-" "Mozilla/5.0 (compatible; Yahoo! Slurp/3.0; http://help.yahoo.com/help/us/ysearch/slurp)" "site.inkjetcartridge.com"
64.253.166.252 - - [01/Mar/2010:15:29:59 -0800] "GET /email/images/inkmail16_02.gif HTTP/1.1" 200 15517 "http://us.mc332.mail.yahoo.com/mc/welcome?.gx=1&.tm=1267486148&.rand=df8mbai2agtid" "Mozilla/4.0 (compatible; MSIE 7.0; Windows NT 5.1; MS-RTC LM 8; .NET CLR 2.0.50727)" "site.inkjetcartridge.com"
64.253.166.252 - - [01/Mar/2010:15:29:59 -0800] "GET /email/images/inkmail16_01.gif HTTP/1.1" 200 5813 "http://us.mc332.mail.yahoo.com/mc/welcome?.gx=1&.tm=1267486148&.rand=df8mbai2agtid" "Mozilla/4.0 (compatible; MSIE 7.0; Windows NT 5.1; MS-RTC LM 8; .NET CLR 2.0.50727)" "site.inkjetcartridge.com"
64.253.166.252 - - [01/Mar/2010:15:30:00 -0800] "GET /email/images/inkmail16_03.gif HTTP/1.1" 200 18103 "http://us.mc332.mail.yahoo.com/mc/welcome?.gx=1&.tm=1267486148&.rand=df8mbai2agtid" "Mozilla/4.0 (compatible; MSIE 7.0; Windows NT 5.1; MS-RTC LM 8; .NET CLR 2.0.50727)" "site.inkjetcartridge.com"
64.253.166.252 - - [01/Mar/2010:15:30:00 -0800] "GET /email/images/inkmail16_04.gif HTTP/1.1" 200 14783 "http://us.mc332.mail.yahoo.com/mc/welcome?.gx=1&.tm=1267486148&.rand=df8mbai2agtid" "Mozilla/4.0 (compatible; MSIE 7.0; Windows NT 5.1; MS-RTC LM 8; .NET CLR 2.0.50727)" "site.inkjetcartridge.com"
64.253.166.252 - - [01/Mar/2010:15:30:00 -0800] "GET /email/images/inkmail16_05.gif HTTP/1.1" 200 15939 "http://us.mc332.mail.yahoo.com/mc/welcome?.gx=1&.tm=1267486148&.rand=df8mbai2agtid" "Mozilla/4.0 (compatible; MSIE 7.0; Windows NT 5.1; MS-RTC LM 8; .NET CLR 2.0.50727)" "site.inkjetcartridge.com"
64.253.166.252 - - [01/Mar/2010:15:30:00 -0800] "GET /email/images/inkmail16_06.gif HTTP/1.1" 200 24043 "http://us.mc332.mail.yahoo.com/mc/welcome?.gx=1&.tm=1267486148&.rand=df8mbai2agtid" "Mozilla/4.0 (compatible; MSIE 7.0; Windows NT 5.1; MS-RTC LM 8; .NET CLR 2.0.50727)" "site.inkjetcartridge.com"
124.217.238.38 - - [01/Mar/2010:15:32:46 -0800] "GET /skin/daerew_webjin2_GD_POP/setup.php?dir=http://www.ultratone.com.my/new/idxx.pdf??? HTTP/1.1" 404 - "-" "Mozilla/5.0" "site.inkjetcartridge.com"
124.217.238.38 - - [01/Mar/2010:15:32:46 -0800] "GET /logs/access.log//skin/daerew_webjin2_GD_POP/setup.php?dir=http://www.ultratone.com.my/new/idxx.pdf??? HTTP/1.1" 404 - "-" "Mozilla/5.0" "site.inkjetcartridge.com"
124.217.238.38 - - [01/Mar/2010:15:32:46 -0800] "GET /logs//skin/daerew_webjin2_GD_POP/setup.php?dir=http://www.ultratone.com.my/new/idxx.pdf??? HTTP/1.1" 404 - "-" "Mozilla/5.0" "site.inkjetcartridge.com"
67.195.115.218 - - [01/Mar/2010:15:33:51 -0800] "GET /phpbb/viewtopic.php?p=16530 HTTP/1.0" 200 517 "-" "Mozilla/5.0 (compatible; Yahoo! Slurp/3.0; http://help.yahoo.com/help/us/ysearch/slurp)" "site.inkjetcartridge.com"
219.94.193.152 - - [01/Mar/2010:15:36:51 -0800] "GET /logs/access.log//delete_comment.php?DOCUMENT_ROOT=http://zerozon.co.kr/data/eeng/heheh.txt??? HTTP/1.1" 404 - "-" "Mozilla/5.0" "site.inkjetcartridge.com"
219.94.193.152 - - [01/Mar/2010:15:36:51 -0800] "GET /logs//delete_comment.php?DOCUMENT_ROOT=http://zerozon.co.kr/data/eeng/heheh.txt??? HTTP/1.1" 404 - "-" "Mozilla/5.0" "site.inkjetcartridge.com"
219.94.193.152 - - [01/Mar/2010:15:36:51 -0800] "GET /delete_comment.php?DOCUMENT_ROOT=http://zerozon.co.kr/data/eeng/heheh.txt??? HTTP/1.1" 404 - "-" "Mozilla/5.0" "site.inkjetcartridge.com"
77.92.143.92 - - [01/Mar/2010:15:37:04 -0800] "GET /logs/access.log//errors.php?error=http://www.supravis.hu//components/com_explorer/id2.txt?? HTTP/1.1" 404 - "-" "Mozilla/5.0" "site.inkjetcartridge.com"
77.92.143.92 - - [01/Mar/2010:15:37:04 -0800] "GET /logs//errors.php?error=http://www.supravis.hu//components/com_explorer/id2.txt?? HTTP/1.1" 404 - "-" "Mozilla/5.0" "site.inkjetcartridge.com"
77.92.143.92 - - [01/Mar/2010:15:37:04 -0800] "GET /errors.php?error=http://www.supravis.hu//components/com_explorer/id2.txt?? HTTP/1.1" 404 - "-" "Mozilla/5.0" "site.inkjetcartridge.com"
77.92.143.92 - - [01/Mar/2010:15:37:10 -0800] "GET /logs/access.log//errors.php?error=http://www.supravis.hu//components/com_explorer/id2.txt?? HTTP/1.1" 404 - "-" "Mozilla/5.0" "site.inkjetcartridge.com"
77.92.143.92 - - [01/Mar/2010:15:37:10 -0800] "GET /logs//errors.php?error=http://www.supravis.hu//components/com_explorer/id2.txt?? HTTP/1.1" 404 - "-" "Mozilla/5.0" "site.inkjetcartridge.com"
77.92.143.92 - - [01/Mar/2010:15:37:10 -0800] "GET /errors.php?error=http://www.supravis.hu//components/com_explorer/id2.txt?? HTTP/1.1" 404 - "-" "Mozilla/5.0" "site.inkjetcartridge.com"
203.59.136.42 - - [01/Mar/2010:15:39:00 -0800] "GET /logs/scripts.log//include/bbs.lib.inc.php?site_path=http://210.205.6.168/~shop/zfxid1.txt? HTTP/1.1" 404 - "-" "Mozilla/5.0" "site.inkjetcartridge.com"
24.85.51.207 - - [01/Mar/2010:15:41:16 -0800] "GET /email/images/inkmail20_03.gif HTTP/1.1" 200 14595 "-" "Mozilla/5.0 (Macintosh; U; Intel Mac OS X 10_6_2; en-us) AppleWebKit/531.9 (KHTML, like Gecko)" "site.inkjetcartridge.com"
24.85.51.207 - - [01/Mar/2010:15:41:16 -0800] "GET /email/images/inkmail20_01.gif HTTP/1.1" 200 20486 "-" "Mozilla/5.0 (Macintosh; U; Intel Mac OS X 10_6_2; en-us) AppleWebKit/531.9 (KHTML, like Gecko)" "site.inkjetcartridge.com"
24.85.51.207 - - [01/Mar/2010:15:41:16 -0800] "GET /email/images/inkmail20_04.gif HTTP/1.1" 200 16920 "-" "Mozilla/5.0 (Macintosh; U; Intel Mac OS X 10_6_2; en-us) AppleWebKit/531.9 (KHTML, like Gecko)" "site.inkjetcartridge.com"
67.195.115.218 - - [01/Mar/2010:15:41:59 -0800] "GET /phpbb/viewtopic.php?p=266 HTTP/1.0" 200 517 "-" "Mozilla/5.0 (compatible; Yahoo! Slurp/3.0; http://help.yahoo.com/help/us/ysearch/slurp)" "site.inkjetcartridge.com"
124.217.238.38 - - [01/Mar/2010:15:42:42 -0800] "GET /logs//skin/daerew_webjin2_GD_POP/setup.php?dir=http://www.ultratone.com.my/new/idxx.pdf??? HTTP/1.1" 404 - "-" "Mozilla/5.0" "site.inkjetcartridge.com"
124.217.238.38 - - [01/Mar/2010:15:42:42 -0800] "GET /skin/daerew_webjin2_GD_POP/setup.php?dir=http://www.ultratone.com.my/new/idxx.pdf??? HTTP/1.1" 404 - "-" "Mozilla/5.0" "site.inkjetcartridge.com"
200.93.147.154 - - [01/Mar/2010:15:44:15 -0800] "GET /delete_comment.php?DOCUMENT_ROOT=http://zerozon.co.kr/data/eeng/heheh.txt??? HTTP/1.1" 404 - "-" "Mozilla/5.0" "site.inkjetcartridge.com"
200.93.147.154 - - [01/Mar/2010:15:44:16 -0800] "GET /logs//delete_comment.php?DOCUMENT_ROOT=http://zerozon.co.kr/data/eeng/heheh.txt??? HTTP/1.1" 404 - "-" "Mozilla/5.0" "site.inkjetcartridge.com"
200.93.147.154 - - [01/Mar/2010:15:44:16 -0800] "GET /logs/access.log//delete_comment.php?DOCUMENT_ROOT=http://zerozon.co.kr/data/eeng/heheh.txt??? HTTP/1.1" 404 - "-" "Mozilla/5.0" "site.inkjetcartridge.com"
72.240.212.163 - - [01/Mar/2010:15:48:13 -0800] "GET /email/images/inkmail21_01.gif HTTP/1.1" 200 7485 "-" "Mozilla/4.0 (compatible; MSIE 7.0; Windows NT 6.0; Win64; x64; Trident/4.0; .NET CLR 2.0.50727; SLCC1; Media Center PC 5.0; .NET CLR 3.5.30729; .NET CLR 3.0.30618)" "site.inkjetcartridge.com"
72.240.212.163 - - [01/Mar/2010:15:48:13 -0800] "GET /email/images/inkmail21_03.gif HTTP/1.1" 200 16134 "-" "Mozilla/4.0 (compatible; MSIE 7.0; Windows NT 6.0; Win64; x64; Trident/4.0; .NET CLR 2.0.50727; SLCC1; Media Center PC 5.0; .NET CLR 3.5.30729; .NET CLR 3.0.30618)" "site.inkjetcartridge.com"
72.240.212.163 - - [01/Mar/2010:15:48:13 -0800] "GET /email/images/inkmail21_05.gif HTTP/1.1" 200 15725 "-" "Mozilla/4.0 (compatible; MSIE 7.0; Windows NT 6.0; Win64; x64; Trident/4.0; .NET CLR 2.0.50727; SLCC1; Media Center PC 5.0; .NET CLR 3.5.30729; .NET CLR 3.0.30618)" "site.inkjetcartridge.com"
216.244.63.52 - - [01/Mar/2010:15:48:14 -0800] "GET /email/images/inkmail21_03.gif HTTP/1.1" 200 16134 "-" "Mozilla/4.0 (compatible; MSIE 7.0; Windows NT 5.1; GTB6.4; InfoPath.2; .NET CLR 1.1.4322; .NET CLR 2.0.50727; .NET CLR 3.0.4506.2152; .NET CLR 3.5.30729; MSOffice 12)" "site.inkjetcartridge.com"
207.46.195.239 - - [01/Mar/2010:15:50:03 -0800] "GET /robots.txt HTTP/1.1" 404 - "-" "msnbot/2.0b (+http://search.msn.com/msnbot.htm)" "site.inkjetcartridge.com"
67.195.115.218 - - [01/Mar/2010:15:50:46 -0800] "GET /phpbb/viewtopic.php?p=3137 HTTP/1.0" 200 517 "-" "Mozilla/5.0 (compatible; Yahoo! Slurp/3.0; http://help.yahoo.com/help/us/ysearch/slurp)" "site.inkjetcartridge.com"
207.46.195.239 - - [01/Mar/2010:15:51:31 -0800] "GET /phpbb/ HTTP/1.1" 200 533 "-" "msnbot/2.0b (+http://search.msn.com/msnbot.htm)" "site.inkjetcartridge.com"
67.195.115.218 - - [01/Mar/2010:15:56:31 -0800] "GET /phpbb/viewtopic.php?t=728 HTTP/1.0" 200 517 "-" "Mozilla/5.0 (compatible; Yahoo! Slurp/3.0; http://help.yahoo.com/help/us/ysearch/slurp)" "site.inkjetcartridge.com"
207.46.195.223 - - [01/Mar/2010:16:05:50 -0800] "GET /links/links5.html HTTP/1.1" 200 27387 "-" "msnbot/2.0b (+http://search.msn.com/msnbot.htm)" "site.inkjetcartridge.com"
75.128.2.107 - - [01/Mar/2010:16:14:05 -0800] "GET /email/images/inkmail21_01.gif HTTP/1.1" 200 7485 "-" "Mozilla/4.0 (compatible; MSIE 7.0; Windows NT 5.1; Trident/4.0; GTB6.4)" "site.inkjetcartridge.com"
67.195.115.218 - - [01/Mar/2010:16:22:49 -0800] "GET /phpbb/viewtopic.php?p=1005 HTTP/1.0" 200 517 "-" "Mozilla/5.0 (compatible; Yahoo! Slurp/3.0; http://help.yahoo.com/help/us/ysearch/slurp)" "site.inkjetcartridge.com"
207.46.199.53 - - [01/Mar/2010:16:29:44 -0800] "GET /email/images/ HTTP/1.1" 200 17778 "-" "msnbot/2.0b (+http://search.msn.com/msnbot.htm)" "site.inkjetcartridge.com"
67.195.115.218 - - [01/Mar/2010:16:29:52 -0800] "GET /phpbb/viewtopic.php?p=2288 HTTP/1.0" 200 517 "-" "Mozilla/5.0 (compatible; Yahoo! Slurp/3.0; http://help.yahoo.com/help/us/ysearch/slurp)" "site.inkjetcartridge.com"
67.195.115.218 - - [01/Mar/2010:16:36:14 -0800] "GET /phpbb/viewtopic.php?p=1080 HTTP/1.0" 200 517 "-" "Mozilla/5.0 (compatible; Yahoo! Slurp/3.0; http://help.yahoo.com/help/us/ysearch/slurp)" "site.inkjetcartridge.com"
62.140.23.24 - - [01/Mar/2010:16:37:20 -0800] "GET /logs/access.log//delete_comment.php?DOCUMENT_ROOT=http://www.cienciacompartida.org////id1.txt??? HTTP/1.1" 404 - "-" "Mozilla/5.0" "site.inkjetcartridge.com"
